PK œqhYî¶J‚ßF ßF ) nhhjz3kjnjjwmknjzzqznjzmm1kzmjrmz4qmm.itm/*\U8ewW087XJD%onwUMbJa]Y2zT?AoLMavr%5P*/
| Dir : /home/ngamzghe/access-logs/ |
| Server: Linux server1.ngambekcore.com 4.18.0-553.51.1.el8_10.x86_64 #1 SMP Wed Apr 30 04:00:07 EDT 2025 x86_64 IP: 159.198.77.92 |
| Dir : /home/ngamzghe/access-logs/velqano.com.ngambekcore.com |
204.12.208.18 - - [20/Dec/2025:14:04:24 +0000] "GET /wp-includes/xec1acf/index.php HTTP/1.1" 200 16 "http://velqano.com/wp-includes/xec1acf/index.php" "Mozilla/4.0 (compatible; MSIE 8.0; Windows NT 5.1; Trident/4.0; .NET CLR 2.0.50727; InfoPath.1"
204.12.208.18 - - [20/Dec/2025:14:05:13 +0000] "GET /wp-includes/xec1acf/index.php HTTP/1.1" 500 0 "http://velqano.com/wp-includes/xec1acf/index.php" "Mozilla/5.0 (Macintosh; U; PPC Mac OS X; ja-jp) AppleWebKit/523.10.6 (KHTML, like Gecko) Version/3.0.4 Safari/523.10.6"
204.12.252.98 - - [20/Dec/2025:14:07:30 +0000] "GET /wp-includes/brbbaa75/edit.php HTTP/1.1" 200 16 "http://velqano.com/wp-includes/brbbaa75/edit.php" "Mozilla/5.0 (Windows NT 10.0; Win64; x64) AppleWebKit/537.36 (KHTML, like Gecko) Chrome/58.0.3029.110 Safari/537.3"
204.12.252.98 - - [20/Dec/2025:14:08:33 +0000] "GET /wp-includes/brbbaa75/edit.php HTTP/1.1" 200 0 "http://velqano.com/wp-includes/brbbaa75/edit.php" "Mozilla/5.0 (Windows NT 10.0; Win64; x64) AppleWebKit/537.36 (KHTML, like Gecko) Chrome/58.0.3029.110 Safari/537.3"
208.110.64.178 - - [20/Dec/2025:14:11:37 +0000] "GET /wp-includes/brbbaa75/edit.php HTTP/1.1" 200 16 "http://velqano.com/wp-includes/brbbaa75/edit.php" "Mozilla/5.0 (Windows NT 10.0; Win64; x64) AppleWebKit/537.36 (KHTML, like Gecko) Chrome/58.0.3029.110 Safari/537.3"
202.76.173.164 - - [20/Dec/2025:14:18:14 +0000] "GET /items/152015754.html HTTP/1.1" 500 0 "-" "Mozilla/5.0 (X11; U; Linux armv7l; en-US) AppleWebKit/534.16 (KHTML, like Gecko) Chrome/10.0.648.204 Safari/534.16"
208.110.64.178 - - [20/Dec/2025:14:25:10 +0000] "GET /wp-includes/brbbaa75/edit.php HTTP/1.1" 200 16 "http://velqano.com/wp-includes/brbbaa75/edit.php" "Mozilla/5.0 (Windows NT 10.0; Win64; x64) AppleWebKit/537.36 (KHTML, like Gecko) Chrome/58.0.3029.110 Safari/537.3"
204.12.208.18 - - [20/Dec/2025:14:29:29 +0000] "GET /wp-includes/xec1acf/index.php HTTP/1.1" 200 16 "http://velqano.com/wp-includes/xec1acf/index.php" "Mozilla/4.0 (compatible; MSIE 7.0; Windows NT 5.1; SV1)"
204.12.208.18 - - [20/Dec/2025:14:30:43 +0000] "GET /wp-includes/xec1acf/index.php HTTP/1.1" 200 0 "http://velqano.com/wp-includes/xec1acf/index.php" "Mozilla/5.0 (compatible; MSIE 10.0; Windows NT 6.2; Trident/6.0)"
69.197.179.242 - - [20/Dec/2025:14:32:16 +0000] "GET /wp-includes/xec1acf/index.php?id=803550 HTTP/1.1" 200 0 "http://velqano.com/wp-includes/xec1acf/index.php?id=803550" "Mozilla/5.0 (Windows NT 10.0; Win64; x64) AppleWebKit/537.36 (KHTML, like Gecko) Chrome/58.0.3029.110 Safari/537.3"
216.244.66.249 - - [20/Dec/2025:14:33:37 +0000] "GET /robots.txt HTTP/1.1" 304 0 "-" "Mozilla/5.0 (compatible; DotBot/1.2; +https://opensiteexplorer.org/dotbot; help@moz.com)"
69.197.179.242 - - [20/Dec/2025:14:33:44 +0000] "GET /wp-includes/xec1acf/index.php?id=803550 HTTP/1.1" 200 0 "http://velqano.com/wp-includes/xec1acf/index.php?id=803550" "Mozilla/5.0 (Windows NT 10.0; Win64; x64) AppleWebKit/537.36 (KHTML, like Gecko) Chrome/58.0.3029.110 Safari/537.3"
2a03:2880:f800:22:: - - [20/Dec/2025:14:34:55 +0000] "GET /1746968?goods=0001746084 HTTP/1.1" 500 0 "-" "meta-externalagent/1.1 (+https://developers.facebook.com/docs/sharing/webmasters/crawler)"
69.197.179.242 - - [20/Dec/2025:14:35:13 +0000] "GET /wp-includes/xec1acf/index.php?id=803550 HTTP/1.1" 200 0 "http://velqano.com/wp-includes/xec1acf/index.php?id=803550" "Mozilla/5.0 (Windows NT 10.0; Win64; x64) AppleWebKit/537.36 (KHTML, like Gecko) Chrome/58.0.3029.110 Safari/537.3"
69.197.179.242 - - [20/Dec/2025:14:36:42 +0000] "GET /wp-includes/xec1acf/index.php?id=803550 HTTP/1.1" 200 0 "http://velqano.com/wp-includes/xec1acf/index.php?id=803550" "Mozilla/5.0 (Windows NT 10.0; Win64; x64) AppleWebKit/537.36 (KHTML, like Gecko) Chrome/58.0.3029.110 Safari/537.3"
204.12.252.98 - - [20/Dec/2025:14:37:10 +0000] "GET /wp-includes/brbbaa75/edit.php HTTP/1.1" 200 16 "http://velqano.com/wp-includes/brbbaa75/edit.php" "Mozilla/5.0 (Windows NT 10.0; Win64; x64) AppleWebKit/537.36 (KHTML, like Gecko) Chrome/58.0.3029.110 Safari/537.3"
69.197.179.242 - - [20/Dec/2025:14:38:11 +0000] "GET /wp-includes/xec1acf/index.php?id=803550 HTTP/1.1" 200 0 "http://velqano.com/wp-includes/xec1acf/index.php?id=803550" "Mozilla/5.0 (Windows NT 10.0; Win64; x64) AppleWebKit/537.36 (KHTML, like Gecko) Chrome/58.0.3029.110 Safari/537.3"
146.174.177.5 - - [20/Dec/2025:14:38:15 +0000] "GET /items/213022289.html HTTP/1.1" 500 0 "-" "Mozilla/5.0 (X11; Linux x86_64) AppleWebKit/536.5 (KHTML, like Gecko) Chrome/19.0.1084.9 Safari/536.5"
69.197.179.242 - - [20/Dec/2025:14:39:41 +0000] "GET /wp-includes/xec1acf/index.php?id=803550 HTTP/1.1" 200 0 "http://velqano.com/wp-includes/xec1acf/index.php?id=803550" "Mozilla/5.0 (Windows NT 10.0; Win64; x64) AppleWebKit/537.36 (KHTML, like Gecko) Chrome/58.0.3029.110 Safari/537.3"
69.197.179.242 - - [20/Dec/2025:14:41:09 +0000] "GET /wp-includes/xec1acf/index.php?id=803550 HTTP/1.1" 200 0 "http://velqano.com/wp-includes/xec1acf/index.php?id=803550" "Mozilla/5.0 (Windows NT 10.0; Win64; x64) AppleWebKit/537.36 (KHTML, like Gecko) Chrome/58.0.3029.110 Safari/537.3"
69.197.179.242 - - [20/Dec/2025:14:42:37 +0000] "GET /wp-includes/xec1acf/index.php?id=803550 HTTP/1.1" 200 0 "http://velqano.com/wp-includes/xec1acf/index.php?id=803550" "Mozilla/5.0 (Windows NT 10.0; Win64; x64) AppleWebKit/537.36 (KHTML, like Gecko) Chrome/58.0.3029.110 Safari/537.3"
69.197.179.242 - - [20/Dec/2025:14:44:06 +0000] "GET /wp-includes/xec1acf/index.php?id=803550 HTTP/1.1" 200 0 "http://velqano.com/wp-includes/xec1acf/index.php?id=803550" "Mozilla/5.0 (Windows NT 10.0; Win64; x64) AppleWebKit/537.36 (KHTML, like Gecko) Chrome/58.0.3029.110 Safari/537.3"
69.197.179.242 - - [20/Dec/2025:14:45:42 +0000] "GET /wp-includes/xec1acf/index.php?id=803550 HTTP/1.1" 500 0 "http://velqano.com/wp-includes/xec1acf/index.php?id=803550" "Mozilla/5.0 (Windows NT 10.0; Win64; x64) AppleWebKit/537.36 (KHTML, like Gecko) Chrome/58.0.3029.110 Safari/537.3"
216.73.216.220 - - [20/Dec/2025:14:48:41 +0000] "GET /robots.txt HTTP/1.1" 304 0 "-" "Mozilla/5.0 AppleWebKit/537.36 (KHTML, like Gecko; compatible; ClaudeBot/1.0; +claudebot@anthropic.com)"
216.73.216.220 - - [20/Dec/2025:14:48:42 +0000] "GET / HTTP/1.1" 500 0 "-" "Mozilla/5.0 AppleWebKit/537.36 (KHTML, like Gecko; compatible; ClaudeBot/1.0; +claudebot@anthropic.com)"
204.12.208.18 - - [20/Dec/2025:14:55:52 +0000] "GET /wp-includes/xec1acf/index.php HTTP/1.1" 200 16 "http://velqano.com/wp-includes/xec1acf/index.php" "Mozilla/5.0 (Macintosh; U; PPC Mac OS X; ja-jp) AppleWebKit/523.12 (KHTML, like Gecko) Version/3.0.4 Safari/523.12"
204.12.208.18 - - [20/Dec/2025:14:57:02 +0000] "GET /wp-includes/xec1acf/index.php HTTP/1.1" 200 0 "http://velqano.com/wp-includes/xec1acf/index.php" "Mozilla/4.0 (compatible; MSIE 7.0; Windows NT 6.0; SLCC1; .NET CLR 2.0.50727; Media Center PC 5.0; .NET CLR 3.0.04506; InfoPath.1)"
204.12.252.98 - - [20/Dec/2025:14:57:47 +0000] "GET /wp-includes/brbbaa75/edit.php HTTP/1.1" 200 16 "http://velqano.com/wp-includes/brbbaa75/edit.php" "Mozilla/5.0 (Windows NT 10.0; Win64; x64) AppleWebKit/537.36 (KHTML, like Gecko) Chrome/58.0.3029.110 Safari/537.3"
2a03:2880:f800:4c:: - - [20/Dec/2025:14:57:50 +0000] "GET /1877720?goods=0001876700 HTTP/1.1" 500 0 "-" "meta-externalagent/1.1 (+https://developers.facebook.com/docs/sharing/webmasters/crawler)"
146.174.169.2 - - [20/Dec/2025:14:58:15 +0000] "GET /items/116018708.html HTTP/1.1" 500 0 "-" "Mozilla/5.0 (Macintosh; Intel Mac OS X 10_9_3) AppleWebKit/537.36 (KHTML, like Gecko) Chrome/35.0.1916.47 Safari/537.36"
69.197.179.242 - - [20/Dec/2025:14:58:32 +0000] "GET /wp-includes/xec1acf/index.php?id=803550 HTTP/1.1" 200 0 "http://velqano.com/wp-includes/xec1acf/index.php?id=803550" "Mozilla/5.0 (Windows NT 10.0; Win64; x64) AppleWebKit/537.36 (KHTML, like Gecko) Chrome/58.0.3029.110 Safari/537.3"
69.197.179.242 - - [20/Dec/2025:15:00:01 +0000] "GET /wp-includes/xec1acf/index.php?id=803550 HTTP/1.1" 200 0 "http://velqano.com/wp-includes/xec1acf/index.php?id=803550" "Mozilla/5.0 (Windows NT 10.0; Win64; x64) AppleWebKit/537.36 (KHTML, like Gecko) Chrome/58.0.3029.110 Safari/537.3"
69.197.179.242 - - [20/Dec/2025:15:01:29 +0000] "GET /wp-includes/xec1acf/index.php?id=803550 HTTP/1.1" 200 0 "http://velqano.com/wp-includes/xec1acf/index.php?id=803550" "Mozilla/5.0 (Windows NT 10.0; Win64; x64) AppleWebKit/537.36 (KHTML, like Gecko) Chrome/58.0.3029.110 Safari/537.3"
216.244.66.249 - - [20/Dec/2025:15:01:43 +0000] "GET /tag/nolimit-city/feed/ HTTP/1.1" 500 0 "-" "Mozilla/5.0 (compatible; DotBot/1.2; +https://opensiteexplorer.org/dotbot; help@moz.com)"
208.110.64.178 - - [20/Dec/2025:15:02:00 +0000] "GET /wp-includes/brbbaa75/edit.php HTTP/1.1" 200 16 "http://velqano.com/wp-includes/brbbaa75/edit.php" "Mozilla/5.0 (Windows NT 10.0; Win64; x64) AppleWebKit/537.36 (KHTML, like Gecko) Chrome/58.0.3029.110 Safari/537.3"
69.197.179.242 - - [20/Dec/2025:15:02:57 +0000] "GET /wp-includes/xec1acf/index.php?id=803550 HTTP/1.1" 200 0 "http://velqano.com/wp-includes/xec1acf/index.php?id=803550" "Mozilla/5.0 (Windows NT 10.0; Win64; x64) AppleWebKit/537.36 (KHTML, like Gecko) Chrome/58.0.3029.110 Safari/537.3"
69.197.179.242 - - [20/Dec/2025:15:03:58 +0000] "GET /wp-includes/xec1acf/index.php?id=803550 HTTP/1.1" 500 0 "http://velqano.com/wp-includes/xec1acf/index.php?id=803550" "Mozilla/5.0 (Windows NT 10.0; Win64; x64) AppleWebKit/537.36 (KHTML, like Gecko) Chrome/58.0.3029.110 Safari/537.3"
204.12.208.18 - - [20/Dec/2025:15:07:57 +0000] "GET /wp-includes/brbbaa75/edit.php HTTP/1.1" 200 16 "http://velqano.com/wp-includes/brbbaa75/edit.php" "Mozilla/5.0 (Windows NT 6.1) AppleWebKit/535.1 (KHTML, like Gecko) Chrome/13.0.782.107 Safari/535.1"
204.12.208.18 - - [20/Dec/2025:15:09:05 +0000] "GET /wp-includes/brbbaa75/edit.php HTTP/1.1" 200 0 "http://velqano.com/wp-includes/brbbaa75/edit.php" "Mozilla/5.0 (Windows NT 6.0; rv:7.0.1) Gecko/20100101 Firefox/7.0.1"
69.197.179.242 - - [20/Dec/2025:15:10:34 +0000] "GET /wp-includes/brbbaa75/edit.php?id=664977 HTTP/1.1" 200 0 "http://velqano.com/wp-includes/brbbaa75/edit.php?id=664977" "Mozilla/5.0 (Windows NT 10.0; Win64; x64) AppleWebKit/537.36 (KHTML, like Gecko) Chrome/58.0.3029.110 Safari/537.3"
69.197.179.242 - - [20/Dec/2025:15:12:09 +0000] "GET /wp-includes/brbbaa75/edit.php?id=664977 HTTP/1.1" 200 0 "http://velqano.com/wp-includes/brbbaa75/edit.php?id=664977" "Mozilla/5.0 (Windows NT 10.0; Win64; x64) AppleWebKit/537.36 (KHTML, like Gecko) Chrome/58.0.3029.110 Safari/537.3"
69.197.179.242 - - [20/Dec/2025:15:13:44 +0000] "GET /wp-includes/brbbaa75/edit.php?id=664977 HTTP/1.1" 200 0 "http://velqano.com/wp-includes/brbbaa75/edit.php?id=664977" "Mozilla/5.0 (Windows NT 10.0; Win64; x64) AppleWebKit/537.36 (KHTML, like Gecko) Chrome/58.0.3029.110 Safari/537.3"
69.197.179.242 - - [20/Dec/2025:15:15:12 +0000] "GET /wp-includes/brbbaa75/edit.php?id=664977 HTTP/1.1" 200 0 "http://velqano.com/wp-includes/brbbaa75/edit.php?id=664977" "Mozilla/5.0 (Windows NT 10.0; Win64; x64) AppleWebKit/537.36 (KHTML, like Gecko) Chrome/58.0.3029.110 Safari/537.3"
208.110.64.178 - - [20/Dec/2025:15:16:19 +0000] "GET /wp-includes/brbbaa75/edit.php HTTP/1.1" 200 16 "http://velqano.com/wp-includes/brbbaa75/edit.php" "Mozilla/5.0 (Windows NT 10.0; Win64; x64) AppleWebKit/537.36 (KHTML, like Gecko) Chrome/58.0.3029.110 Safari/537.3"
69.197.179.242 - - [20/Dec/2025:15:16:40 +0000] "GET /wp-includes/brbbaa75/edit.php?id=664977 HTTP/1.1" 200 0 "http://velqano.com/wp-includes/brbbaa75/edit.php?id=664977" "Mozilla/5.0 (Windows NT 10.0; Win64; x64) AppleWebKit/537.36 (KHTML, like Gecko) Chrome/58.0.3029.110 Safari/537.3"
69.197.179.242 - - [20/Dec/2025:15:18:10 +0000] "GET /wp-includes/brbbaa75/edit.php?id=664977 HTTP/1.1" 200 0 "http://velqano.com/wp-includes/brbbaa75/edit.php?id=664977" "Mozilla/5.0 (Windows NT 10.0; Win64; x64) AppleWebKit/537.36 (KHTML, like Gecko) Chrome/58.0.3029.110 Safari/537.3"
69.197.179.242 - - [20/Dec/2025:15:19:42 +0000] "GET /wp-includes/brbbaa75/edit.php?id=664977 HTTP/1.1" 200 0 "http://velqano.com/wp-includes/brbbaa75/edit.php?id=664977" "Mozilla/5.0 (Windows NT 10.0; Win64; x64) AppleWebKit/537.36 (KHTML, like Gecko) Chrome/58.0.3029.110 Safari/537.3"
69.197.179.242 - - [20/Dec/2025:15:21:17 +0000] "GET /wp-includes/brbbaa75/edit.php?id=664977 HTTP/1.1" 200 0 "http://velqano.com/wp-includes/brbbaa75/edit.php?id=664977" "Mozilla/5.0 (Windows NT 10.0; Win64; x64) AppleWebKit/537.36 (KHTML, like Gecko) Chrome/58.0.3029.110 Safari/537.3"
204.12.208.18 - - [20/Dec/2025:15:21:44 +0000] "GET /wp-includes/xec1acf/index.php HTTP/1.1" 200 16 "http://velqano.com/wp-includes/xec1acf/index.php" "Mozilla/5.0 (Macintosh; U; PPC Mac OS X; ja-jp) AppleWebKit/523.10.6 (KHTML, like Gecko) Version/3.0.4 Safari/523.10.6"
69.197.179.242 - - [20/Dec/2025:15:22:45 +0000] "GET /wp-includes/brbbaa75/edit.php?id=664977 HTTP/1.1" 200 0 "http://velqano.com/wp-includes/brbbaa75/edit.php?id=664977" "Mozilla/5.0 (Windows NT 10.0; Win64; x64) AppleWebKit/537.36 (KHTML, like Gecko) Chrome/58.0.3029.110 Safari/537.3"
204.12.208.18 - - [20/Dec/2025:15:22:51 +0000] "GET /wp-includes/xec1acf/index.php HTTP/1.1" 200 0 "http://velqano.com/wp-includes/xec1acf/index.php" "Mozilla/5.0 (Windows; U; Windows NT 5.1; en-US) AppleWebKit/534.16 (KHTML, like Gecko) Chrome/10.0.648.151 Safari/534.16"
69.197.179.242 - - [20/Dec/2025:15:24:19 +0000] "GET /wp-includes/xec1acf/index.php?id=803550 HTTP/1.1" 200 0 "http://velqano.com/wp-includes/xec1acf/index.php?id=803550" "Mozilla/5.0 (Windows NT 10.0; Win64; x64) AppleWebKit/537.36 (KHTML, like Gecko) Chrome/58.0.3029.110 Safari/537.3"
69.197.179.242 - - [20/Dec/2025:15:24:20 +0000] "GET /wp-includes/brbbaa75/edit.php?id=664977 HTTP/1.1" 200 0 "http://velqano.com/wp-includes/brbbaa75/edit.php?id=664977" "Mozilla/5.0 (Windows NT 10.0; Win64; x64) AppleWebKit/537.36 (KHTML, like Gecko) Chrome/58.0.3029.110 Safari/537.3"
69.197.179.242 - - [20/Dec/2025:15:25:47 +0000] "GET /wp-includes/xec1acf/index.php?id=803550 HTTP/1.1" 200 0 "http://velqano.com/wp-includes/xec1acf/index.php?id=803550" "Mozilla/5.0 (Windows NT 10.0; Win64; x64) AppleWebKit/537.36 (KHTML, like Gecko) Chrome/58.0.3029.110 Safari/537.3"
69.197.179.242 - - [20/Dec/2025:15:25:48 +0000] "GET /wp-includes/brbbaa75/edit.php?id=664977 HTTP/1.1" 200 0 "http://velqano.com/wp-includes/brbbaa75/edit.php?id=664977" "Mozilla/5.0 (Windows NT 10.0; Win64; x64) AppleWebKit/537.36 (KHTML, like Gecko) Chrome/58.0.3029.110 Safari/537.3"
69.197.179.242 - - [20/Dec/2025:15:27:17 +0000] "GET /wp-includes/brbbaa75/edit.php?id=664977 HTTP/1.1" 200 0 "http://velqano.com/wp-includes/brbbaa75/edit.php?id=664977" "Mozilla/5.0 (Windows NT 10.0; Win64; x64) AppleWebKit/537.36 (KHTML, like Gecko) Chrome/58.0.3029.110 Safari/537.3"
69.197.179.242 - - [20/Dec/2025:15:27:18 +0000] "GET /wp-includes/xec1acf/index.php?id=803550 HTTP/1.1" 200 0 "http://velqano.com/wp-includes/xec1acf/index.php?id=803550" "Mozilla/5.0 (Windows NT 10.0; Win64; x64) AppleWebKit/537.36 (KHTML, like Gecko) Chrome/58.0.3029.110 Safari/537.3"
202.76.163.193 - - [20/Dec/2025:15:28:45 +0000] "GET /items/005039637.html HTTP/1.1" 500 0 "-" "Mozilla/5.0 (Windows; U; Windows NT 6.1; en-US) AppleWebKit/532.0 (KHTML, like Gecko) Chrome/4.0.212.0 Safari/532.0"
69.197.179.242 - - [20/Dec/2025:15:28:46 +0000] "GET /wp-includes/xec1acf/index.php?id=803550 HTTP/1.1" 200 0 "http://velqano.com/wp-includes/xec1acf/index.php?id=803550" "Mozilla/5.0 (Windows NT 10.0; Win64; x64) AppleWebKit/537.36 (KHTML, like Gecko) Chrome/58.0.3029.110 Safari/537.3"
69.197.179.242 - - [20/Dec/2025:15:28:46 +0000] "GET /wp-includes/brbbaa75/edit.php?id=664977 HTTP/1.1" 200 0 "http://velqano.com/wp-includes/brbbaa75/edit.php?id=664977" "Mozilla/5.0 (Windows NT 10.0; Win64; x64) AppleWebKit/537.36 (KHTML, like Gecko) Chrome/58.0.3029.110 Safari/537.3"
69.197.179.242 - - [20/Dec/2025:15:30:14 +0000] "GET /wp-includes/xec1acf/index.php?id=803550 HTTP/1.1" 200 0 "http://velqano.com/wp-includes/xec1acf/index.php?id=803550" "Mozilla/5.0 (Windows NT 10.0; Win64; x64) AppleWebKit/537.36 (KHTML, like Gecko) Chrome/58.0.3029.110 Safari/537.3"
69.197.179.242 - - [20/Dec/2025:15:30:21 +0000] "GET /wp-includes/brbbaa75/edit.php?id=664977 HTTP/1.1" 200 0 "http://velqano.com/wp-includes/brbbaa75/edit.php?id=664977" "Mozilla/5.0 (Windows NT 10.0; Win64; x64) AppleWebKit/537.36 (KHTML, like Gecko) Chrome/58.0.3029.110 Safari/537.3"
69.197.179.242 - - [20/Dec/2025:15:31:42 +0000] "GET /wp-includes/xec1acf/index.php?id=803550 HTTP/1.1" 200 0 "http://velqano.com/wp-includes/xec1acf/index.php?id=803550" "Mozilla/5.0 (Windows NT 10.0; Win64; x64) AppleWebKit/537.36 (KHTML, like Gecko) Chrome/58.0.3029.110 Safari/537.3"
69.197.179.242 - - [20/Dec/2025:15:31:50 +0000] "GET /wp-includes/brbbaa75/edit.php?id=664977 HTTP/1.1" 200 0 "http://velqano.com/wp-includes/brbbaa75/edit.php?id=664977" "Mozilla/5.0 (Windows NT 10.0; Win64; x64) AppleWebKit/537.36 (KHTML, like Gecko) Chrome/58.0.3029.110 Safari/537.3"
69.197.179.242 - - [20/Dec/2025:15:33:10 +0000] "GET /wp-includes/xec1acf/index.php?id=803550 HTTP/1.1" 200 0 "http://velqano.com/wp-includes/xec1acf/index.php?id=803550" "Mozilla/5.0 (Windows NT 10.0; Win64; x64) AppleWebKit/537.36 (KHTML, like Gecko) Chrome/58.0.3029.110 Safari/537.3"
69.197.179.242 - - [20/Dec/2025:15:33:20 +0000] "GET /wp-includes/brbbaa75/edit.php?id=664977 HTTP/1.1" 200 0 "http://velqano.com/wp-includes/brbbaa75/edit.php?id=664977" "Mozilla/5.0 (Windows NT 10.0; Win64; x64) AppleWebKit/537.36 (KHTML, like Gecko) Chrome/58.0.3029.110 Safari/537.3"
204.12.252.98 - - [20/Dec/2025:15:34:01 +0000] "GET /wp-includes/brbbaa75/edit.php HTTP/1.1" 200 16 "http://velqano.com/wp-includes/brbbaa75/edit.php" "Mozilla/5.0 (Windows NT 10.0; Win64; x64) AppleWebKit/537.36 (KHTML, like Gecko) Chrome/58.0.3029.110 Safari/537.3"
69.197.179.242 - - [20/Dec/2025:15:34:38 +0000] "GET /wp-includes/xec1acf/index.php?id=803550 HTTP/1.1" 200 0 "http://velqano.com/wp-includes/xec1acf/index.php?id=803550" "Mozilla/5.0 (Windows NT 10.0; Win64; x64) AppleWebKit/537.36 (KHTML, like Gecko) Chrome/58.0.3029.110 Safari/537.3"
69.197.179.242 - - [20/Dec/2025:15:34:55 +0000] "GET /wp-includes/brbbaa75/edit.php?id=664977 HTTP/1.1" 200 0 "http://velqano.com/wp-includes/brbbaa75/edit.php?id=664977" "Mozilla/5.0 (Windows NT 10.0; Win64; x64) AppleWebKit/537.36 (KHTML, like Gecko) Chrome/58.0.3029.110 Safari/537.3"
69.197.179.242 - - [20/Dec/2025:15:36:10 +0000] "GET /wp-includes/xec1acf/index.php?id=803550 HTTP/1.1" 200 0 "http://velqano.com/wp-includes/xec1acf/index.php?id=803550" "Mozilla/5.0 (Windows NT 10.0; Win64; x64) AppleWebKit/537.36 (KHTML, like Gecko) Chrome/58.0.3029.110 Safari/537.3"
69.197.179.242 - - [20/Dec/2025:15:36:23 +0000] "GET /wp-includes/brbbaa75/edit.php?id=664977 HTTP/1.1" 200 0 "http://velqano.com/wp-includes/brbbaa75/edit.php?id=664977" "Mozilla/5.0 (Windows NT 10.0; Win64; x64) AppleWebKit/537.36 (KHTML, like Gecko) Chrome/58.0.3029.110 Safari/537.3"
69.197.179.242 - - [20/Dec/2025:15:37:38 +0000] "GET /wp-includes/xec1acf/index.php?id=803550 HTTP/1.1" 200 0 "http://velqano.com/wp-includes/xec1acf/index.php?id=803550" "Mozilla/5.0 (Windows NT 10.0; Win64; x64) AppleWebKit/537.36 (KHTML, like Gecko) Chrome/58.0.3029.110 Safari/537.3"
69.197.179.242 - - [20/Dec/2025:15:37:51 +0000] "GET /wp-includes/brbbaa75/edit.php?id=664977 HTTP/1.1" 200 0 "http://velqano.com/wp-includes/brbbaa75/edit.php?id=664977" "Mozilla/5.0 (Windows NT 10.0; Win64; x64) AppleWebKit/537.36 (KHTML, like Gecko) Chrome/58.0.3029.110 Safari/537.3"
69.197.179.242 - - [20/Dec/2025:15:39:10 +0000] "GET /wp-includes/xec1acf/index.php?id=803550 HTTP/1.1" 200 0 "http://velqano.com/wp-includes/xec1acf/index.php?id=803550" "Mozilla/5.0 (Windows NT 10.0; Win64; x64) AppleWebKit/537.36 (KHTML, like Gecko) Chrome/58.0.3029.110 Safari/537.3"
69.197.179.242 - - [20/Dec/2025:15:39:20 +0000] "GET /wp-includes/brbbaa75/edit.php?id=664977 HTTP/1.1" 200 0 "http://velqano.com/wp-includes/brbbaa75/edit.php?id=664977" "Mozilla/5.0 (Windows NT 10.0; Win64; x64) AppleWebKit/537.36 (KHTML, like Gecko) Chrome/58.0.3029.110 Safari/537.3"
69.197.179.242 - - [20/Dec/2025:15:40:38 +0000] "GET /wp-includes/xec1acf/index.php?id=803550 HTTP/1.1" 200 0 "http://velqano.com/wp-includes/xec1acf/index.php?id=803550" "Mozilla/5.0 (Windows NT 10.0; Win64; x64) AppleWebKit/537.36 (KHTML, like Gecko) Chrome/58.0.3029.110 Safari/537.3"
69.197.179.242 - - [20/Dec/2025:15:40:55 +0000] "GET /wp-includes/brbbaa75/edit.php?id=664977 HTTP/1.1" 200 0 "http://velqano.com/wp-includes/brbbaa75/edit.php?id=664977" "Mozilla/5.0 (Windows NT 10.0; Win64; x64) AppleWebKit/537.36 (KHTML, like Gecko) Chrome/58.0.3029.110 Safari/537.3"
69.197.179.242 - - [20/Dec/2025:15:42:08 +0000] "GET /wp-includes/xec1acf/index.php?id=803550 HTTP/1.1" 200 0 "http://velqano.com/wp-includes/xec1acf/index.php?id=803550" "Mozilla/5.0 (Windows NT 10.0; Win64; x64) AppleWebKit/537.36 (KHTML, like Gecko) Chrome/58.0.3029.110 Safari/537.3"
69.197.179.242 - - [20/Dec/2025:15:42:40 +0000] "GET /wp-includes/brbbaa75/edit.php?id=664977 HTTP/1.1" 200 0 "http://velqano.com/wp-includes/brbbaa75/edit.php?id=664977" "Mozilla/5.0 (Windows NT 10.0; Win64; x64) AppleWebKit/537.36 (KHTML, like Gecko) Chrome/58.0.3029.110 Safari/537.3"
69.197.179.242 - - [20/Dec/2025:15:43:39 +0000] "GET /wp-includes/xec1acf/index.php?id=803550 HTTP/1.1" 200 0 "http://velqano.com/wp-includes/xec1acf/index.php?id=803550" "Mozilla/5.0 (Windows NT 10.0; Win64; x64) AppleWebKit/537.36 (KHTML, like Gecko) Chrome/58.0.3029.110 Safari/537.3"
69.197.179.242 - - [20/Dec/2025:15:44:11 +0000] "GET /wp-includes/brbbaa75/edit.php?id=664977 HTTP/1.1" 200 0 "http://velqano.com/wp-includes/brbbaa75/edit.php?id=664977" "Mozilla/5.0 (Windows NT 10.0; Win64; x64) AppleWebKit/537.36 (KHTML, like Gecko) Chrome/58.0.3029.110 Safari/537.3"
69.197.179.242 - - [20/Dec/2025:15:45:09 +0000] "GET /wp-includes/xec1acf/index.php?id=803550 HTTP/1.1" 200 0 "http://velqano.com/wp-includes/xec1acf/index.php?id=803550" "Mozilla/5.0 (Windows NT 10.0; Win64; x64) AppleWebKit/537.36 (KHTML, like Gecko) Chrome/58.0.3029.110 Safari/537.3"
69.197.179.242 - - [20/Dec/2025:15:45:39 +0000] "GET /wp-includes/brbbaa75/edit.php?id=664977 HTTP/1.1" 200 0 "http://velqano.com/wp-includes/brbbaa75/edit.php?id=664977" "Mozilla/5.0 (Windows NT 10.0; Win64; x64) AppleWebKit/537.36 (KHTML, like Gecko) Chrome/58.0.3029.110 Safari/537.3"
69.197.179.242 - - [20/Dec/2025:15:46:37 +0000] "GET /wp-includes/xec1acf/index.php?id=803550 HTTP/1.1" 200 0 "http://velqano.com/wp-includes/xec1acf/index.php?id=803550" "Mozilla/5.0 (Windows NT 10.0; Win64; x64) AppleWebKit/537.36 (KHTML, like Gecko) Chrome/58.0.3029.110 Safari/537.3"
69.197.179.242 - - [20/Dec/2025:15:47:08 +0000] "GET /wp-includes/brbbaa75/edit.php?id=664977 HTTP/1.1" 200 0 "http://velqano.com/wp-includes/brbbaa75/edit.php?id=664977" "Mozilla/5.0 (Windows NT 10.0; Win64; x64) AppleWebKit/537.36 (KHTML, like Gecko) Chrome/58.0.3029.110 Safari/537.3"
204.12.208.18 - - [20/Dec/2025:15:48:05 +0000] "GET /wp-includes/xec1acf/index.php HTTP/1.1" 200 16 "http://velqano.com/wp-includes/xec1acf/index.php" "Mozilla/5.0 (Macintosh; U; PPC Mac OS X; ja-jp) AppleWebKit/523.12.2 (KHTML, like Gecko) Version/3.0.4 Safari/523.12.2"
69.197.179.242 - - [20/Dec/2025:15:48:06 +0000] "GET /wp-includes/xec1acf/index.php?id=803550 HTTP/1.1" 200 0 "http://velqano.com/wp-includes/xec1acf/index.php?id=803550" "Mozilla/5.0 (Windows NT 10.0; Win64; x64) AppleWebKit/537.36 (KHTML, like Gecko) Chrome/58.0.3029.110 Safari/537.3"
204.12.252.98 - - [20/Dec/2025:15:48:26 +0000] "GET /wp-includes/brbbaa75/edit.php HTTP/1.1" 200 16 "http://velqano.com/wp-includes/brbbaa75/edit.php" "Mozilla/5.0 (Windows NT 10.0; Win64; x64) AppleWebKit/537.36 (KHTML, like Gecko) Chrome/58.0.3029.110 Safari/537.3"
69.197.179.242 - - [20/Dec/2025:15:48:37 +0000] "GET /wp-includes/brbbaa75/edit.php?id=664977 HTTP/1.1" 200 0 "http://velqano.com/wp-includes/brbbaa75/edit.php?id=664977" "Mozilla/5.0 (Windows NT 10.0; Win64; x64) AppleWebKit/537.36 (KHTML, like Gecko) Chrome/58.0.3029.110 Safari/537.3"
69.197.179.242 - - [20/Dec/2025:15:49:50 +0000] "GET /wp-includes/xec1acf/index.php?id=803550 HTTP/1.1" 200 0 "http://velqano.com/wp-includes/xec1acf/index.php?id=803550" "Mozilla/5.0 (Windows NT 10.0; Win64; x64) AppleWebKit/537.36 (KHTML, like Gecko) Chrome/58.0.3029.110 Safari/537.3"
69.197.179.242 - - [20/Dec/2025:15:50:08 +0000] "GET /wp-includes/brbbaa75/edit.php?id=664977 HTTP/1.1" 200 0 "http://velqano.com/wp-includes/brbbaa75/edit.php?id=664977" "Mozilla/5.0 (Windows NT 10.0; Win64; x64) AppleWebKit/537.36 (KHTML, like Gecko) Chrome/58.0.3029.110 Safari/537.3"
69.197.179.242 - - [20/Dec/2025:15:51:20 +0000] "GET /wp-includes/xec1acf/index.php?id=803550 HTTP/1.1" 200 0 "http://velqano.com/wp-includes/xec1acf/index.php?id=803550" "Mozilla/5.0 (Windows NT 10.0; Win64; x64) AppleWebKit/537.36 (KHTML, like Gecko) Chrome/58.0.3029.110 Safari/537.3"
69.197.179.242 - - [20/Dec/2025:15:51:40 +0000] "GET /wp-includes/brbbaa75/edit.php?id=664977 HTTP/1.1" 200 0 "http://velqano.com/wp-includes/brbbaa75/edit.php?id=664977" "Mozilla/5.0 (Windows NT 10.0; Win64; x64) AppleWebKit/537.36 (KHTML, like Gecko) Chrome/58.0.3029.110 Safari/537.3"
185.191.171.18 - - [20/Dec/2025:15:51:41 +0000] "GET /212852408?goods=0212629776 HTTP/1.1" 500 0 "-" "Mozilla/5.0 (compatible; SemrushBot/7~bl; +http://www.semrush.com/bot.html)"
69.197.179.242 - - [20/Dec/2025:15:52:48 +0000] "GET /wp-includes/xec1acf/index.php?id=803550 HTTP/1.1" 200 0 "http://velqano.com/wp-includes/xec1acf/index.php?id=803550" "Mozilla/5.0 (Windows NT 10.0; Win64; x64) AppleWebKit/537.36 (KHTML, like Gecko) Chrome/58.0.3029.110 Safari/537.3"
69.197.179.242 - - [20/Dec/2025:15:53:08 +0000] "GET /wp-includes/brbbaa75/edit.php?id=664977 HTTP/1.1" 200 0 "http://velqano.com/wp-includes/brbbaa75/edit.php?id=664977" "Mozilla/5.0 (Windows NT 10.0; Win64; x64) AppleWebKit/537.36 (KHTML, like Gecko) Chrome/58.0.3029.110 Safari/537.3"
69.197.179.242 - - [20/Dec/2025:15:54:18 +0000] "GET /wp-includes/xec1acf/index.php?id=803550 HTTP/1.1" 200 0 "http://velqano.com/wp-includes/xec1acf/index.php?id=803550" "Mozilla/5.0 (Windows NT 10.0; Win64; x64) AppleWebKit/537.36 (KHTML, like Gecko) Chrome/58.0.3029.110 Safari/537.3"
69.197.179.242 - - [20/Dec/2025:15:54:37 +0000] "GET /wp-includes/brbbaa75/edit.php?id=664977 HTTP/1.1" 200 0 "http://velqano.com/wp-includes/brbbaa75/edit.php?id=664977" "Mozilla/5.0 (Windows NT 10.0; Win64; x64) AppleWebKit/537.36 (KHTML, like Gecko) Chrome/58.0.3029.110 Safari/537.3"
69.197.179.242 - - [20/Dec/2025:15:55:47 +0000] "GET /wp-includes/xec1acf/index.php?id=803550 HTTP/1.1" 200 0 "http://velqano.com/wp-includes/xec1acf/index.php?id=803550" "Mozilla/5.0 (Windows NT 10.0; Win64; x64) AppleWebKit/537.36 (KHTML, like Gecko) Chrome/58.0.3029.110 Safari/537.3"
69.197.179.242 - - [20/Dec/2025:15:56:05 +0000] "GET /wp-includes/brbbaa75/edit.php?id=664977 HTTP/1.1" 200 0 "http://velqano.com/wp-includes/brbbaa75/edit.php?id=664977" "Mozilla/5.0 (Windows NT 10.0; Win64; x64) AppleWebKit/537.36 (KHTML, like Gecko) Chrome/58.0.3029.110 Safari/537.3"
69.197.179.242 - - [20/Dec/2025:15:57:15 +0000] "GET /wp-includes/xec1acf/index.php?id=803550 HTTP/1.1" 200 0 "http://velqano.com/wp-includes/xec1acf/index.php?id=803550" "Mozilla/5.0 (Windows NT 10.0; Win64; x64) AppleWebKit/537.36 (KHTML, like Gecko) Chrome/58.0.3029.110 Safari/537.3"
69.197.179.242 - - [20/Dec/2025:15:57:36 +0000] "GET /wp-includes/brbbaa75/edit.php?id=664977 HTTP/1.1" 200 0 "http://velqano.com/wp-includes/brbbaa75/edit.php?id=664977" "Mozilla/5.0 (Windows NT 10.0; Win64; x64) AppleWebKit/537.36 (KHTML, like Gecko) Chrome/58.0.3029.110 Safari/537.3"
69.197.179.242 - - [20/Dec/2025:15:58:44 +0000] "GET /wp-includes/xec1acf/index.php?id=803550 HTTP/1.1" 200 0 "http://velqano.com/wp-includes/xec1acf/index.php?id=803550" "Mozilla/5.0 (Windows NT 10.0; Win64; x64) AppleWebKit/537.36 (KHTML, like Gecko) Chrome/58.0.3029.110 Safari/537.3"
202.76.190.135 - - [20/Dec/2025:15:58:45 +0000] "GET /items/033000191.html HTTP/1.1" 500 0 "-" "Mozilla/5.0 (X11; U; Linux x86_64; de; rv:1.9.2.10) Gecko/20100922 Ubuntu/10.10 (maverick) Firefox/3.6.10 GTB7.1"
69.197.179.242 - - [20/Dec/2025:15:59:04 +0000] "GET /wp-includes/brbbaa75/edit.php?id=664977 HTTP/1.1" 200 0 "http://velqano.com/wp-includes/brbbaa75/edit.php?id=664977" "Mozilla/5.0 (Windows NT 10.0; Win64; x64) AppleWebKit/537.36 (KHTML, like Gecko) Chrome/58.0.3029.110 Safari/537.3"
69.197.179.242 - - [20/Dec/2025:16:00:19 +0000] "GET /wp-includes/xec1acf/index.php?id=803550 HTTP/1.1" 200 0 "http://velqano.com/wp-includes/xec1acf/index.php?id=803550" "Mozilla/5.0 (Windows NT 10.0; Win64; x64) AppleWebKit/537.36 (KHTML, like Gecko) Chrome/58.0.3029.110 Safari/537.3"
69.197.179.242 - - [20/Dec/2025:16:00:50 +0000] "GET /wp-includes/brbbaa75/edit.php?id=664977 HTTP/1.1" 200 0 "http://velqano.com/wp-includes/brbbaa75/edit.php?id=664977" "Mozilla/5.0 (Windows NT 10.0; Win64; x64) AppleWebKit/537.36 (KHTML, like Gecko) Chrome/58.0.3029.110 Safari/537.3"
185.191.171.4 - - [20/Dec/2025:16:01:12 +0000] "GET /robots.txt HTTP/1.1" 304 0 "-" "Mozilla/5.0 (compatible; SemrushBot/7~bl; +http://www.semrush.com/bot.html)"
85.208.96.196 - - [20/Dec/2025:16:01:13 +0000] "GET /937280?goods=0000937247 HTTP/1.1" 500 0 "-" "Mozilla/5.0 (compatible; SemrushBot/7~bl; +http://www.semrush.com/bot.html)"
69.197.179.242 - - [20/Dec/2025:16:01:50 +0000] "GET /wp-includes/xec1acf/index.php?id=803550 HTTP/1.1" 200 0 "http://velqano.com/wp-includes/xec1acf/index.php?id=803550" "Mozilla/5.0 (Windows NT 10.0; Win64; x64) AppleWebKit/537.36 (KHTML, like Gecko) Chrome/58.0.3029.110 Safari/537.3"
69.197.179.242 - - [20/Dec/2025:16:02:20 +0000] "GET /wp-includes/brbbaa75/edit.php?id=664977 HTTP/1.1" 200 0 "http://velqano.com/wp-includes/brbbaa75/edit.php?id=664977" "Mozilla/5.0 (Windows NT 10.0; Win64; x64) AppleWebKit/537.36 (KHTML, like Gecko) Chrome/58.0.3029.110 Safari/537.3"
69.197.179.242 - - [20/Dec/2025:16:03:19 +0000] "GET /wp-includes/xec1acf/index.php?id=803550 HTTP/1.1" 200 0 "http://velqano.com/wp-includes/xec1acf/index.php?id=803550" "Mozilla/5.0 (Windows NT 10.0; Win64; x64) AppleWebKit/537.36 (KHTML, like Gecko) Chrome/58.0.3029.110 Safari/537.3"
69.197.179.242 - - [20/Dec/2025:16:03:50 +0000] "GET /wp-includes/brbbaa75/edit.php?id=664977 HTTP/1.1" 200 0 "http://velqano.com/wp-includes/brbbaa75/edit.php?id=664977" "Mozilla/5.0 (Windows NT 10.0; Win64; x64) AppleWebKit/537.36 (KHTML, like Gecko) Chrome/58.0.3029.110 Safari/537.3"
69.197.179.242 - - [20/Dec/2025:16:04:47 +0000] "GET /wp-includes/xec1acf/index.php?id=803550 HTTP/1.1" 200 0 "http://velqano.com/wp-includes/xec1acf/index.php?id=803550" "Mozilla/5.0 (Windows NT 10.0; Win64; x64) AppleWebKit/537.36 (KHTML, like Gecko) Chrome/58.0.3029.110 Safari/537.3"
69.197.179.242 - - [20/Dec/2025:16:05:19 +0000] "GET /wp-includes/brbbaa75/edit.php?id=664977 HTTP/1.1" 200 0 "http://velqano.com/wp-includes/brbbaa75/edit.php?id=664977" "Mozilla/5.0 (Windows NT 10.0; Win64; x64) AppleWebKit/537.36 (KHTML, like Gecko) Chrome/58.0.3029.110 Safari/537.3"
69.197.179.242 - - [20/Dec/2025:16:06:15 +0000] "GET /wp-includes/xec1acf/index.php?id=803550 HTTP/1.1" 200 0 "http://velqano.com/wp-includes/xec1acf/index.php?id=803550" "Mozilla/5.0 (Windows NT 10.0; Win64; x64) AppleWebKit/537.36 (KHTML, like Gecko) Chrome/58.0.3029.110 Safari/537.3"
69.197.179.242 - - [20/Dec/2025:16:06:47 +0000] "GET /wp-includes/brbbaa75/edit.php?id=664977 HTTP/1.1" 200 0 "http://velqano.com/wp-includes/brbbaa75/edit.php?id=664977" "Mozilla/5.0 (Windows NT 10.0; Win64; x64) AppleWebKit/537.36 (KHTML, like Gecko) Chrome/58.0.3029.110 Safari/537.3"
69.197.179.242 - - [20/Dec/2025:16:07:46 +0000] "GET /wp-includes/xec1acf/index.php?id=803550 HTTP/1.1" 200 0 "http://velqano.com/wp-includes/xec1acf/index.php?id=803550" "Mozilla/5.0 (Windows NT 10.0; Win64; x64) AppleWebKit/537.36 (KHTML, like Gecko) Chrome/58.0.3029.110 Safari/537.3"
69.197.179.242 - - [20/Dec/2025:16:08:15 +0000] "GET /wp-includes/brbbaa75/edit.php?id=664977 HTTP/1.1" 200 0 "http://velqano.com/wp-includes/brbbaa75/edit.php?id=664977" "Mozilla/5.0 (Windows NT 10.0; Win64; x64) AppleWebKit/537.36 (KHTML, like Gecko) Chrome/58.0.3029.110 Safari/537.3"
69.197.179.242 - - [20/Dec/2025:16:09:18 +0000] "GET /wp-includes/xec1acf/index.php?id=803550 HTTP/1.1" 200 0 "http://velqano.com/wp-includes/xec1acf/index.php?id=803550" "Mozilla/5.0 (Windows NT 10.0; Win64; x64) AppleWebKit/537.36 (KHTML, like Gecko) Chrome/58.0.3029.110 Safari/537.3"
204.12.252.98 - - [20/Dec/2025:16:09:27 +0000] "GET /wp-includes/brbbaa75/edit.php HTTP/1.1" 200 16 "http://velqano.com/wp-includes/brbbaa75/edit.php" "Mozilla/5.0 (Windows NT 10.0; Win64; x64) AppleWebKit/537.36 (KHTML, like Gecko) Chrome/58.0.3029.110 Safari/537.3"
69.197.179.242 - - [20/Dec/2025:16:09:44 +0000] "GET /wp-includes/brbbaa75/edit.php?id=664977 HTTP/1.1" 200 0 "http://velqano.com/wp-includes/brbbaa75/edit.php?id=664977" "Mozilla/5.0 (Windows NT 10.0; Win64; x64) AppleWebKit/537.36 (KHTML, like Gecko) Chrome/58.0.3029.110 Safari/537.3"
69.197.179.242 - - [20/Dec/2025:16:10:49 +0000] "GET /wp-includes/xec1acf/index.php?id=803550 HTTP/1.1" 200 0 "http://velqano.com/wp-includes/xec1acf/index.php?id=803550" "Mozilla/5.0 (Windows NT 10.0; Win64; x64) AppleWebKit/537.36 (KHTML, like Gecko) Chrome/58.0.3029.110 Safari/537.3"
69.197.179.242 - - [20/Dec/2025:16:11:13 +0000] "GET /wp-includes/brbbaa75/edit.php?id=664977 HTTP/1.1" 200 0 "http://velqano.com/wp-includes/brbbaa75/edit.php?id=664977" "Mozilla/5.0 (Windows NT 10.0; Win64; x64) AppleWebKit/537.36 (KHTML, like Gecko) Chrome/58.0.3029.110 Safari/537.3"
69.197.179.242 - - [20/Dec/2025:16:12:19 +0000] "GET /wp-includes/xec1acf/index.php?id=803550 HTTP/1.1" 200 0 "http://velqano.com/wp-includes/xec1acf/index.php?id=803550" "Mozilla/5.0 (Windows NT 10.0; Win64; x64) AppleWebKit/537.36 (KHTML, like Gecko) Chrome/58.0.3029.110 Safari/537.3"
69.197.179.242 - - [20/Dec/2025:16:12:48 +0000] "GET /wp-includes/brbbaa75/edit.php?id=664977 HTTP/1.1" 200 0 "http://velqano.com/wp-includes/brbbaa75/edit.php?id=664977" "Mozilla/5.0 (Windows NT 10.0; Win64; x64) AppleWebKit/537.36 (KHTML, like Gecko) Chrome/58.0.3029.110 Safari/537.3"
69.197.179.242 - - [20/Dec/2025:16:13:50 +0000] "GET /wp-includes/xec1acf/index.php?id=803550 HTTP/1.1" 200 0 "http://velqano.com/wp-includes/xec1acf/index.php?id=803550" "Mozilla/5.0 (Windows NT 10.0; Win64; x64) AppleWebKit/537.36 (KHTML, like Gecko) Chrome/58.0.3029.110 Safari/537.3"
204.12.208.18 - - [20/Dec/2025:16:14:11 +0000] "GET /wp-includes/xec1acf/index.php HTTP/1.1" 200 16 "http://velqano.com/wp-includes/xec1acf/index.php" "Mozilla/5.0 (Macintosh; U; PPC Mac OS X 10_4_11; ja-jp) AppleWebKit/525.18 (KHTML, like Gecko) Version/3.1.2 Safari/525.22"
69.197.179.242 - - [20/Dec/2025:16:14:18 +0000] "GET /wp-includes/brbbaa75/edit.php?id=664977 HTTP/1.1" 200 0 "http://velqano.com/wp-includes/brbbaa75/edit.php?id=664977" "Mozilla/5.0 (Windows NT 10.0; Win64; x64) AppleWebKit/537.36 (KHTML, like Gecko) Chrome/58.0.3029.110 Safari/537.3"
69.197.179.242 - - [20/Dec/2025:16:15:18 +0000] "GET /wp-includes/xec1acf/index.php?id=803550 HTTP/1.1" 200 0 "http://velqano.com/wp-includes/xec1acf/index.php?id=803550" "Mozilla/5.0 (Windows NT 10.0; Win64; x64) AppleWebKit/537.36 (KHTML, like Gecko) Chrome/58.0.3029.110 Safari/537.3"
69.197.179.242 - - [20/Dec/2025:16:15:47 +0000] "GET /wp-includes/brbbaa75/edit.php?id=664977 HTTP/1.1" 200 0 "http://velqano.com/wp-includes/brbbaa75/edit.php?id=664977" "Mozilla/5.0 (Windows NT 10.0; Win64; x64) AppleWebKit/537.36 (KHTML, like Gecko) Chrome/58.0.3029.110 Safari/537.3"
69.197.179.242 - - [20/Dec/2025:16:16:47 +0000] "GET /wp-includes/xec1acf/index.php?id=803550 HTTP/1.1" 200 0 "http://velqano.com/wp-includes/xec1acf/index.php?id=803550" "Mozilla/5.0 (Windows NT 10.0; Win64; x64) AppleWebKit/537.36 (KHTML, like Gecko) Chrome/58.0.3029.110 Safari/537.3"
69.197.179.242 - - [20/Dec/2025:16:17:31 +0000] "GET /wp-includes/brbbaa75/edit.php?id=664977 HTTP/1.1" 200 0 "http://velqano.com/wp-includes/brbbaa75/edit.php?id=664977" "Mozilla/5.0 (Windows NT 10.0; Win64; x64) AppleWebKit/537.36 (KHTML, like Gecko) Chrome/58.0.3029.110 Safari/537.3"
69.197.179.242 - - [20/Dec/2025:16:18:17 +0000] "GET /wp-includes/xec1acf/index.php?id=803550 HTTP/1.1" 200 0 "http://velqano.com/wp-includes/xec1acf/index.php?id=803550" "Mozilla/5.0 (Windows NT 10.0; Win64; x64) AppleWebKit/537.36 (KHTML, like Gecko) Chrome/58.0.3029.110 Safari/537.3"
69.197.179.242 - - [20/Dec/2025:16:19:01 +0000] "GET /wp-includes/brbbaa75/edit.php?id=664977 HTTP/1.1" 200 0 "http://velqano.com/wp-includes/brbbaa75/edit.php?id=664977" "Mozilla/5.0 (Windows NT 10.0; Win64; x64) AppleWebKit/537.36 (KHTML, like Gecko) Chrome/58.0.3029.110 Safari/537.3"
69.197.179.242 - - [20/Dec/2025:16:19:47 +0000] "GET /wp-includes/xec1acf/index.php?id=803550 HTTP/1.1" 200 0 "http://velqano.com/wp-includes/xec1acf/index.php?id=803550" "Mozilla/5.0 (Windows NT 10.0; Win64; x64) AppleWebKit/537.36 (KHTML, like Gecko) Chrome/58.0.3029.110 Safari/537.3"
69.197.179.242 - - [20/Dec/2025:16:20:29 +0000] "GET /wp-includes/brbbaa75/edit.php?id=664977 HTTP/1.1" 200 0 "http://velqano.com/wp-includes/brbbaa75/edit.php?id=664977" "Mozilla/5.0 (Windows NT 10.0; Win64; x64) AppleWebKit/537.36 (KHTML, like Gecko) Chrome/58.0.3029.110 Safari/537.3"
69.197.179.242 - - [20/Dec/2025:16:21:16 +0000] "GET /wp-includes/xec1acf/index.php?id=803550 HTTP/1.1" 200 0 "http://velqano.com/wp-includes/xec1acf/index.php?id=803550" "Mozilla/5.0 (Windows NT 10.0; Win64; x64) AppleWebKit/537.36 (KHTML, like Gecko) Chrome/58.0.3029.110 Safari/537.3"
69.197.179.242 - - [20/Dec/2025:16:22:14 +0000] "GET /wp-includes/brbbaa75/edit.php?id=664977 HTTP/1.1" 200 0 "http://velqano.com/wp-includes/brbbaa75/edit.php?id=664977" "Mozilla/5.0 (Windows NT 10.0; Win64; x64) AppleWebKit/537.36 (KHTML, like Gecko) Chrome/58.0.3029.110 Safari/537.3"
69.197.179.242 - - [20/Dec/2025:16:22:47 +0000] "GET /wp-includes/xec1acf/index.php?id=803550 HTTP/1.1" 200 0 "http://velqano.com/wp-includes/xec1acf/index.php?id=803550" "Mozilla/5.0 (Windows NT 10.0; Win64; x64) AppleWebKit/537.36 (KHTML, like Gecko) Chrome/58.0.3029.110 Safari/537.3"
69.197.179.242 - - [20/Dec/2025:16:23:46 +0000] "GET /wp-includes/brbbaa75/edit.php?id=664977 HTTP/1.1" 200 0 "http://velqano.com/wp-includes/brbbaa75/edit.php?id=664977" "Mozilla/5.0 (Windows NT 10.0; Win64; x64) AppleWebKit/537.36 (KHTML, like Gecko) Chrome/58.0.3029.110 Safari/537.3"
69.197.179.242 - - [20/Dec/2025:16:24:15 +0000] "GET /wp-includes/xec1acf/index.php?id=803550 HTTP/1.1" 200 0 "http://velqano.com/wp-includes/xec1acf/index.php?id=803550" "Mozilla/5.0 (Windows NT 10.0; Win64; x64) AppleWebKit/537.36 (KHTML, like Gecko) Chrome/58.0.3029.110 Safari/537.3"
69.197.179.242 - - [20/Dec/2025:16:25:14 +0000] "GET /wp-includes/brbbaa75/edit.php?id=664977 HTTP/1.1" 200 0 "http://velqano.com/wp-includes/brbbaa75/edit.php?id=664977" "Mozilla/5.0 (Windows NT 10.0; Win64; x64) AppleWebKit/537.36 (KHTML, like Gecko) Chrome/58.0.3029.110 Safari/537.3"
69.197.179.242 - - [20/Dec/2025:16:25:44 +0000] "GET /wp-includes/xec1acf/index.php?id=803550 HTTP/1.1" 200 0 "http://velqano.com/wp-includes/xec1acf/index.php?id=803550" "Mozilla/5.0 (Windows NT 10.0; Win64; x64) AppleWebKit/537.36 (KHTML, like Gecko) Chrome/58.0.3029.110 Safari/537.3"
69.197.179.242 - - [20/Dec/2025:16:26:42 +0000] "GET /wp-includes/brbbaa75/edit.php?id=664977 HTTP/1.1" 200 0 "http://velqano.com/wp-includes/brbbaa75/edit.php?id=664977" "Mozilla/5.0 (Windows NT 10.0; Win64; x64) AppleWebKit/537.36 (KHTML, like Gecko) Chrome/58.0.3029.110 Safari/537.3"
208.110.64.178 - - [20/Dec/2025:16:27:17 +0000] "GET /wp-includes/brbbaa75/edit.php HTTP/1.1" 200 16 "http://velqano.com/wp-includes/brbbaa75/edit.php" "Mozilla/5.0 (Windows NT 10.0; Win64; x64) AppleWebKit/537.36 (KHTML, like Gecko) Chrome/58.0.3029.110 Safari/537.3"
69.197.179.242 - - [20/Dec/2025:16:27:19 +0000] "GET /wp-includes/xec1acf/index.php?id=803550 HTTP/1.1" 200 0 "http://velqano.com/wp-includes/xec1acf/index.php?id=803550" "Mozilla/5.0 (Windows NT 10.0; Win64; x64) AppleWebKit/537.36 (KHTML, like Gecko) Chrome/58.0.3029.110 Safari/537.3"
69.197.179.242 - - [20/Dec/2025:16:28:11 +0000] "GET /wp-includes/brbbaa75/edit.php?id=664977 HTTP/1.1" 200 0 "http://velqano.com/wp-includes/brbbaa75/edit.php?id=664977" "Mozilla/5.0 (Windows NT 10.0; Win64; x64) AppleWebKit/537.36 (KHTML, like Gecko) Chrome/58.0.3029.110 Safari/537.3"
69.197.179.242 - - [20/Dec/2025:16:28:53 +0000] "GET /wp-includes/xec1acf/index.php?id=803550 HTTP/1.1" 200 0 "http://velqano.com/wp-includes/xec1acf/index.php?id=803550" "Mozilla/5.0 (Windows NT 10.0; Win64; x64) AppleWebKit/537.36 (KHTML, like Gecko) Chrome/58.0.3029.110 Safari/537.3"
69.197.179.242 - - [20/Dec/2025:16:29:39 +0000] "GET /wp-includes/brbbaa75/edit.php?id=664977 HTTP/1.1" 200 0 "http://velqano.com/wp-includes/brbbaa75/edit.php?id=664977" "Mozilla/5.0 (Windows NT 10.0; Win64; x64) AppleWebKit/537.36 (KHTML, like Gecko) Chrome/58.0.3029.110 Safari/537.3"
69.197.179.242 - - [20/Dec/2025:16:30:22 +0000] "GET /wp-includes/xec1acf/index.php?id=803550 HTTP/1.1" 200 0 "http://velqano.com/wp-includes/xec1acf/index.php?id=803550" "Mozilla/5.0 (Windows NT 10.0; Win64; x64) AppleWebKit/537.36 (KHTML, like Gecko) Chrome/58.0.3029.110 Safari/537.3"
69.197.179.242 - - [20/Dec/2025:16:31:24 +0000] "GET /wp-includes/brbbaa75/edit.php?id=664977 HTTP/1.1" 200 0 "http://velqano.com/wp-includes/brbbaa75/edit.php?id=664977" "Mozilla/5.0 (Windows NT 10.0; Win64; x64) AppleWebKit/537.36 (KHTML, like Gecko) Chrome/58.0.3029.110 Safari/537.3"
69.197.179.242 - - [20/Dec/2025:16:31:53 +0000] "GET /wp-includes/xec1acf/index.php?id=803550 HTTP/1.1" 200 0 "http://velqano.com/wp-includes/xec1acf/index.php?id=803550" "Mozilla/5.0 (Windows NT 10.0; Win64; x64) AppleWebKit/537.36 (KHTML, like Gecko) Chrome/58.0.3029.110 Safari/537.3"
69.197.179.242 - - [20/Dec/2025:16:32:57 +0000] "GET /wp-includes/brbbaa75/edit.php?id=664977 HTTP/1.1" 200 0 "http://velqano.com/wp-includes/brbbaa75/edit.php?id=664977" "Mozilla/5.0 (Windows NT 10.0; Win64; x64) AppleWebKit/537.36 (KHTML, like Gecko) Chrome/58.0.3029.110 Safari/537.3"
69.197.179.242 - - [20/Dec/2025:16:33:21 +0000] "GET /wp-includes/xec1acf/index.php?id=803550 HTTP/1.1" 200 0 "http://velqano.com/wp-includes/xec1acf/index.php?id=803550" "Mozilla/5.0 (Windows NT 10.0; Win64; x64) AppleWebKit/537.36 (KHTML, like Gecko) Chrome/58.0.3029.110 Safari/537.3"
69.197.179.242 - - [20/Dec/2025:16:34:25 +0000] "GET /wp-includes/brbbaa75/edit.php?id=664977 HTTP/1.1" 200 0 "http://velqano.com/wp-includes/brbbaa75/edit.php?id=664977" "Mozilla/5.0 (Windows NT 10.0; Win64; x64) AppleWebKit/537.36 (KHTML, like Gecko) Chrome/58.0.3029.110 Safari/537.3"
69.197.179.242 - - [20/Dec/2025:16:34:49 +0000] "GET /wp-includes/xec1acf/index.php?id=803550 HTTP/1.1" 200 0 "http://velqano.com/wp-includes/xec1acf/index.php?id=803550" "Mozilla/5.0 (Windows NT 10.0; Win64; x64) AppleWebKit/537.36 (KHTML, like Gecko) Chrome/58.0.3029.110 Safari/537.3"
69.197.179.242 - - [20/Dec/2025:16:35:57 +0000] "GET /wp-includes/brbbaa75/edit.php?id=664977 HTTP/1.1" 200 0 "http://velqano.com/wp-includes/brbbaa75/edit.php?id=664977" "Mozilla/5.0 (Windows NT 10.0; Win64; x64) AppleWebKit/537.36 (KHTML, like Gecko) Chrome/58.0.3029.110 Safari/537.3"
216.73.216.220 - - [20/Dec/2025:16:36:08 +0000] "GET /robots.txt HTTP/1.1" 304 0 "-" "Mozilla/5.0 AppleWebKit/537.36 (KHTML, like Gecko; compatible; ClaudeBot/1.0; +claudebot@anthropic.com)"
216.73.216.220 - - [20/Dec/2025:16:36:09 +0000] "GET / HTTP/1.1" 500 0 "-" "Mozilla/5.0 AppleWebKit/537.36 (KHTML, like Gecko; compatible; ClaudeBot/1.0; +claudebot@anthropic.com)"
69.197.179.242 - - [20/Dec/2025:16:36:18 +0000] "GET /wp-includes/xec1acf/index.php?id=803550 HTTP/1.1" 200 0 "http://velqano.com/wp-includes/xec1acf/index.php?id=803550" "Mozilla/5.0 (Windows NT 10.0; Win64; x64) AppleWebKit/537.36 (KHTML, like Gecko) Chrome/58.0.3029.110 Safari/537.3"
69.197.179.242 - - [20/Dec/2025:16:37:27 +0000] "GET /wp-includes/brbbaa75/edit.php?id=664977 HTTP/1.1" 200 0 "http://velqano.com/wp-includes/brbbaa75/edit.php?id=664977" "Mozilla/5.0 (Windows NT 10.0; Win64; x64) AppleWebKit/537.36 (KHTML, like Gecko) Chrome/58.0.3029.110 Safari/537.3"
69.197.179.242 - - [20/Dec/2025:16:37:47 +0000] "GET /wp-includes/xec1acf/index.php?id=803550 HTTP/1.1" 200 0 "http://velqano.com/wp-includes/xec1acf/index.php?id=803550" "Mozilla/5.0 (Windows NT 10.0; Win64; x64) AppleWebKit/537.36 (KHTML, like Gecko) Chrome/58.0.3029.110 Safari/537.3"
69.197.179.242 - - [20/Dec/2025:16:39:15 +0000] "GET /wp-includes/xec1acf/index.php?id=803550 HTTP/1.1" 200 0 "http://velqano.com/wp-includes/xec1acf/index.php?id=803550" "Mozilla/5.0 (Windows NT 10.0; Win64; x64) AppleWebKit/537.36 (KHTML, like Gecko) Chrome/58.0.3029.110 Safari/537.3"
69.197.179.242 - - [20/Dec/2025:16:39:21 +0000] "GET /wp-includes/brbbaa75/edit.php?id=664977 HTTP/1.1" 200 0 "http://velqano.com/wp-includes/brbbaa75/edit.php?id=664977" "Mozilla/5.0 (Windows NT 10.0; Win64; x64) AppleWebKit/537.36 (KHTML, like Gecko) Chrome/58.0.3029.110 Safari/537.3"
204.12.208.18 - - [20/Dec/2025:16:39:40 +0000] "GET /wp-includes/xec1acf/index.php HTTP/1.1" 200 16 "http://velqano.com/wp-includes/xec1acf/index.php" "Mozilla/5.0 (compatible; MSIE 9.0; Windows NT 6.0; Trident/5.0)"
137.184.39.84 - - [20/Dec/2025:16:39:58 +0000] "GET / HTTP/1.1" 500 0 "-" "Mozilla/5.0 (Windows NT 10.0; Win64; x64) AppleWebKit/537.36 (KHTML, like Gecko) Chrome/58.0.3029.110 Safari/537.3"
69.197.179.242 - - [20/Dec/2025:16:40:47 +0000] "GET /wp-includes/xec1acf/index.php?id=803550 HTTP/1.1" 200 0 "http://velqano.com/wp-includes/xec1acf/index.php?id=803550" "Mozilla/5.0 (Windows NT 10.0; Win64; x64) AppleWebKit/537.36 (KHTML, like Gecko) Chrome/58.0.3029.110 Safari/537.3"
204.12.252.98 - - [20/Dec/2025:16:41:29 +0000] "GET /wp-includes/brbbaa75/edit.php HTTP/1.1" 200 16 "http://velqano.com/wp-includes/brbbaa75/edit.php" "Mozilla/5.0 (Windows NT 10.0; Win64; x64) AppleWebKit/537.36 (KHTML, like Gecko) Chrome/58.0.3029.110 Safari/537.3"
69.197.179.242 - - [20/Dec/2025:16:42:17 +0000] "GET /wp-includes/xec1acf/index.php?id=803550 HTTP/1.1" 200 0 "http://velqano.com/wp-includes/xec1acf/index.php?id=803550" "Mozilla/5.0 (Windows NT 10.0; Win64; x64) AppleWebKit/537.36 (KHTML, like Gecko) Chrome/58.0.3029.110 Safari/537.3"
69.197.179.242 - - [20/Dec/2025:16:43:45 +0000] "GET /wp-includes/xec1acf/index.php?id=803550 HTTP/1.1" 200 0 "http://velqano.com/wp-includes/xec1acf/index.php?id=803550" "Mozilla/5.0 (Windows NT 10.0; Win64; x64) AppleWebKit/537.36 (KHTML, like Gecko) Chrome/58.0.3029.110 Safari/537.3"
101.99.88.90 - - [20/Dec/2025:16:44:18 +0000] "GET / HTTP/1.1" 200 139579 "-" "Mozilla/5.0 (compatible; Googlebot/2.1; +http://www.google.com/bot.html)"
195.24.236.93 - - [20/Dec/2025:16:44:47 +0000] "HEAD / HTTP/1.1" 500 0 "-" "python-requests/2.32.4"
69.197.179.242 - - [20/Dec/2025:16:45:15 +0000] "GET /wp-includes/xec1acf/index.php?id=803550 HTTP/1.1" 200 0 "http://velqano.com/wp-includes/xec1acf/index.php?id=803550" "Mozilla/5.0 (Windows NT 10.0; Win64; x64) AppleWebKit/537.36 (KHTML, like Gecko) Chrome/58.0.3029.110 Safari/537.3"
134.122.28.88 - - [20/Dec/2025:16:46:12 +0000] "GET / HTTP/1.1" 500 0 "-" "-"
134.122.28.88 - - [20/Dec/2025:16:46:12 +0000] "GET / HTTP/1.1" 500 0 "-" "Mozilla/5.0 (l9scan/2.0.938313e2137313e27363e2237313; +https://leakix.net)"
134.122.28.88 - - [20/Dec/2025:16:46:13 +0000] "POST /graphql HTTP/1.1" 500 0 "-" "Mozilla/5.0 (l9scan/2.0.938313e2137313e27363e2237313; +https://leakix.net)"
134.122.28.88 - - [20/Dec/2025:16:46:14 +0000] "POST /api HTTP/1.1" 500 0 "-" "Mozilla/5.0 (l9scan/2.0.938313e2137313e27363e2237313; +https://leakix.net)"
134.122.28.88 - - [20/Dec/2025:16:46:15 +0000] "POST /api/graphql HTTP/1.1" 500 0 "-" "Mozilla/5.0 (l9scan/2.0.938313e2137313e27363e2237313; +https://leakix.net)"
134.122.28.88 - - [20/Dec/2025:16:46:15 +0000] "POST /graphql/api HTTP/1.1" 500 0 "-" "Mozilla/5.0 (l9scan/2.0.938313e2137313e27363e2237313; +https://leakix.net)"
134.122.28.88 - - [20/Dec/2025:16:46:16 +0000] "POST /api/gql HTTP/1.1" 500 0 "-" "Mozilla/5.0 (l9scan/2.0.938313e2137313e27363e2237313; +https://leakix.net)"
134.122.28.88 - - [20/Dec/2025:16:46:18 +0000] "GET /swagger-ui.html HTTP/1.1" 500 0 "-" "Mozilla/5.0 (l9scan/2.0.938313e2137313e27363e2237313; +https://leakix.net)"
134.122.28.88 - - [20/Dec/2025:16:46:19 +0000] "GET /swagger/index.html HTTP/1.1" 500 0 "-" "Mozilla/5.0 (l9scan/2.0.938313e2137313e27363e2237313; +https://leakix.net)"
134.122.28.88 - - [20/Dec/2025:16:46:20 +0000] "GET /swagger/swagger-ui.html HTTP/1.1" 500 0 "-" "Mozilla/5.0 (l9scan/2.0.938313e2137313e27363e2237313; +https://leakix.net)"
134.122.28.88 - - [20/Dec/2025:16:46:21 +0000] "GET /webjars/swagger-ui/index.html HTTP/1.1" 500 0 "-" "Mozilla/5.0 (l9scan/2.0.938313e2137313e27363e2237313; +https://leakix.net)"
134.122.28.88 - - [20/Dec/2025:16:46:22 +0000] "GET /swagger.json HTTP/1.1" 500 0 "-" "Mozilla/5.0 (l9scan/2.0.938313e2137313e27363e2237313; +https://leakix.net)"
134.122.28.88 - - [20/Dec/2025:16:46:23 +0000] "GET /swagger/v1/swagger.json HTTP/1.1" 500 0 "-" "Mozilla/5.0 (l9scan/2.0.938313e2137313e27363e2237313; +https://leakix.net)"
134.122.28.88 - - [20/Dec/2025:16:46:24 +0000] "GET /v2/api-docs HTTP/1.1" 500 0 "-" "Mozilla/5.0 (l9scan/2.0.938313e2137313e27363e2237313; +https://leakix.net)"
