134.122.28.88 - - [20/Dec/2025:16:46:25 +0000] "GET /v3/api-docs HTTP/1.1" 500 0 "-" "Mozilla/5.0 (l9scan/2.0.938313e2137313e27363e2237313; +https://leakix.net)"
134.122.28.88 - - [20/Dec/2025:16:46:26 +0000] "GET /api-docs/swagger.json HTTP/1.1" 500 0 "-" "Mozilla/5.0 (l9scan/2.0.938313e2137313e27363e2237313; +https://leakix.net)"
134.122.28.88 - - [20/Dec/2025:16:46:27 +0000] "GET /api/swagger.json HTTP/1.1" 500 0 "-" "Mozilla/5.0 (l9scan/2.0.938313e2137313e27363e2237313; +https://leakix.net)"
134.122.28.88 - - [20/Dec/2025:16:46:28 +0000] "GET /@vite/env HTTP/1.1" 500 0 "-" "Mozilla/5.0 (l9scan/2.0.938313e2137313e27363e2237313; +https://leakix.net)"
134.122.28.88 - - [20/Dec/2025:16:46:29 +0000] "GET /actuator/env HTTP/1.1" 500 0 "-" "Mozilla/5.0 (l9scan/2.0.938313e2137313e27363e2237313; +https://leakix.net)"
134.122.28.88 - - [20/Dec/2025:16:46:30 +0000] "GET /server HTTP/1.1" 500 0 "-" "Mozilla/5.0 (l9scan/2.0.938313e2137313e27363e2237313; +https://leakix.net)"
134.122.28.88 - - [20/Dec/2025:16:46:31 +0000] "GET /.vscode/sftp.json HTTP/1.1" 500 0 "-" "Mozilla/5.0 (l9scan/2.0.938313e2137313e27363e2237313; +https://leakix.net)"
134.122.28.88 - - [20/Dec/2025:16:46:33 +0000] "GET /about HTTP/1.1" 500 0 "-" "Mozilla/5.0 (l9scan/2.0.938313e2137313e27363e2237313; +https://leakix.net)"
134.122.28.88 - - [20/Dec/2025:16:46:34 +0000] "GET /debug/default/view?panel=config HTTP/1.1" 500 0 "-" "Mozilla/5.0 (l9scan/2.0.938313e2137313e27363e2237313; +https://leakix.net)"
134.122.28.88 - - [20/Dec/2025:16:46:35 +0000] "GET /v2/_catalog HTTP/1.1" 500 0 "-" "Mozilla/5.0 (l9scan/2.0.938313e2137313e27363e2237313; +https://leakix.net)"
134.122.28.88 - - [20/Dec/2025:16:46:36 +0000] "GET /ecp/Current/exporttool/microsoft.exchange.ediscovery.exporttool.application HTTP/1.1" 500 0 "-" "Mozilla/5.0 (l9scan/2.0.938313e2137313e27363e2237313; +https://leakix.net)"
134.122.28.88 - - [20/Dec/2025:16:46:36 +0000] "GET /server-status HTTP/1.1" 500 0 "-" "Mozilla/5.0 (l9scan/2.0.938313e2137313e27363e2237313; +https://leakix.net)"
134.122.28.88 - - [20/Dec/2025:16:46:38 +0000] "GET /login.action HTTP/1.1" 500 0 "-" "Mozilla/5.0 (l9scan/2.0.938313e2137313e27363e2237313; +https://leakix.net)"
134.122.28.88 - - [20/Dec/2025:16:46:38 +0000] "GET /_all_dbs HTTP/1.1" 500 0 "-" "Mozilla/5.0 (l9scan/2.0.938313e2137313e27363e2237313; +https://leakix.net)"
134.122.28.88 - - [20/Dec/2025:16:46:39 +0000] "GET /.DS_Store HTTP/1.1" 500 0 "-" "Mozilla/5.0 (l9scan/2.0.938313e2137313e27363e2237313; +https://leakix.net)"
134.122.28.88 - - [20/Dec/2025:16:46:41 +0000] "GET /.env HTTP/1.1" 500 0 "-" "Mozilla/5.0 (l9scan/2.0.938313e2137313e27363e2237313; +https://leakix.net)"
134.122.28.88 - - [20/Dec/2025:16:46:43 +0000] "GET /.git/config HTTP/1.1" 500 0 "-" "Mozilla/5.0 (l9scan/2.0.938313e2137313e27363e2237313; +https://leakix.net)"
69.197.179.242 - - [20/Dec/2025:16:46:44 +0000] "GET /wp-includes/xec1acf/index.php?id=803550 HTTP/1.1" 200 0 "http://velqano.com/wp-includes/xec1acf/index.php?id=803550" "Mozilla/5.0 (Windows NT 10.0; Win64; x64) AppleWebKit/537.36 (KHTML, like Gecko) Chrome/58.0.3029.110 Safari/537.3"
134.122.28.88 - - [20/Dec/2025:16:46:44 +0000] "GET /s/938313e2137313e27363e2237313/_/;/META-INF/maven/com.atlassian.jira/jira-webapp-dist/pom.properties HTTP/1.1" 500 0 "-" "Mozilla/5.0 (l9scan/2.0.938313e2137313e27363e2237313; +https://leakix.net)"
134.122.28.88 - - [20/Dec/2025:16:46:45 +0000] "GET /config.json HTTP/1.1" 500 0 "-" "Mozilla/5.0 (l9scan/2.0.938313e2137313e27363e2237313; +https://leakix.net)"
134.122.28.88 - - [20/Dec/2025:16:46:46 +0000] "GET /telescope/requests HTTP/1.1" 500 0 "-" "Mozilla/5.0 (l9scan/2.0.938313e2137313e27363e2237313; +https://leakix.net)"
134.122.28.88 - - [20/Dec/2025:16:46:47 +0000] "GET /info.php HTTP/1.1" 500 0 "-" "Mozilla/5.0 (l9scan/2.0.938313e2137313e27363e2237313; +https://leakix.net)"
134.122.28.88 - - [20/Dec/2025:16:46:48 +0000] "GET /?rest_route=/wp/v2/users/ HTTP/1.1" 500 0 "-" "Mozilla/5.0 (l9scan/2.0.938313e2137313e27363e2237313; +https://leakix.net)"
69.197.179.242 - - [20/Dec/2025:16:48:16 +0000] "GET /wp-includes/xec1acf/index.php?id=803550 HTTP/1.1" 200 0 "http://velqano.com/wp-includes/xec1acf/index.php?id=803550" "Mozilla/5.0 (Windows NT 10.0; Win64; x64) AppleWebKit/537.36 (KHTML, like Gecko) Chrome/58.0.3029.110 Safari/537.3"
146.174.185.32 - - [20/Dec/2025:16:48:27 +0000] "GET /items/080046030.html HTTP/1.1" 500 0 "-" "Mozilla/5.0 (X11; U; Linux i686; en-US; rv:1.9.2.3) Gecko/20100404 Ubuntu/10.04 (lucid) Firefox/3.6.3"
185.241.208.178 - - [20/Dec/2025:16:49:06 +0000] "GET / HTTP/1.1" 500 0 "-" "-"
69.197.179.242 - - [20/Dec/2025:16:49:45 +0000] "GET /wp-includes/xec1acf/index.php?id=803550 HTTP/1.1" 200 0 "http://velqano.com/wp-includes/xec1acf/index.php?id=803550" "Mozilla/5.0 (Windows NT 10.0; Win64; x64) AppleWebKit/537.36 (KHTML, like Gecko) Chrome/58.0.3029.110 Safari/537.3"
69.197.179.242 - - [20/Dec/2025:16:51:17 +0000] "GET /wp-includes/xec1acf/index.php?id=803550 HTTP/1.1" 200 0 "http://velqano.com/wp-includes/xec1acf/index.php?id=803550" "Mozilla/5.0 (Windows NT 10.0; Win64; x64) AppleWebKit/537.36 (KHTML, like Gecko) Chrome/58.0.3029.110 Safari/537.3"
69.197.179.242 - - [20/Dec/2025:16:52:46 +0000] "GET /wp-includes/xec1acf/index.php?id=803550 HTTP/1.1" 200 0 "http://velqano.com/wp-includes/xec1acf/index.php?id=803550" "Mozilla/5.0 (Windows NT 10.0; Win64; x64) AppleWebKit/537.36 (KHTML, like Gecko) Chrome/58.0.3029.110 Safari/537.3"
69.197.179.242 - - [20/Dec/2025:16:54:18 +0000] "GET /wp-includes/xec1acf/index.php?id=803550 HTTP/1.1" 200 0 "http://velqano.com/wp-includes/xec1acf/index.php?id=803550" "Mozilla/5.0 (Windows NT 10.0; Win64; x64) AppleWebKit/537.36 (KHTML, like Gecko) Chrome/58.0.3029.110 Safari/537.3"
69.197.179.242 - - [20/Dec/2025:16:55:46 +0000] "GET /wp-includes/xec1acf/index.php?id=803550 HTTP/1.1" 200 0 "http://velqano.com/wp-includes/xec1acf/index.php?id=803550" "Mozilla/5.0 (Windows NT 10.0; Win64; x64) AppleWebKit/537.36 (KHTML, like Gecko) Chrome/58.0.3029.110 Safari/537.3"
69.197.179.242 - - [20/Dec/2025:16:57:18 +0000] "GET /wp-includes/xec1acf/index.php?id=803550 HTTP/1.1" 200 0 "http://velqano.com/wp-includes/xec1acf/index.php?id=803550" "Mozilla/5.0 (Windows NT 10.0; Win64; x64) AppleWebKit/537.36 (KHTML, like Gecko) Chrome/58.0.3029.110 Safari/537.3"
185.241.208.136 - - [20/Dec/2025:16:58:12 +0000] "GET / HTTP/1.1" 500 0 "-" "Mozlila/5.0 (Linux; Android 7.0; SM-G892A Bulid/NRD90M; wv) AppleWebKit/537.36 (KHTML, like Gecko) Version/4.0 Chrome/60.0.3112.107 Moblie Safari/537.36"
185.241.208.136 - - [20/Dec/2025:16:58:12 +0000] "GET /wp-content/plugins/fix/up.php HTTP/1.1" 500 0 "-" "Mozilla/5.0 (Windows NT 10.0; Win64; x64) AppleWebKit/537.36 (KHTML, like Gecko) Chrome/85.0.4183.102 Safari/537.36"
185.241.208.136 - - [20/Dec/2025:16:58:12 +0000] "POST /wp-plain.php HTTP/1.1" 403 313 "www.google.com" "Mozilla/5.0 (Linux; Android 7.0; SM-G892A Bulid/NRD90M; wv) AppleWebKit/537.36 (KHTML, like Gecko) Version/4.0 Chrome/60.0.3112.107 Moblie Safari/537.36"
185.241.208.136 - - [20/Dec/2025:16:58:13 +0000] "GET /wp-content/themes/seotheme/db.php?u HTTP/1.1" 200 313 "www.google.com" "Mozlila/5.0 (Linux; Android 7.0; SM-G892A Bulid/NRD90M; wv) AppleWebKit/537.36 (KHTML, like Gecko) Version/4.0 Chrome/60.0.3112.107 Moblie Safari/537.36"
185.241.208.136 - - [20/Dec/2025:16:58:13 +0000] "GET /uwvteiqb.php?Fox=d3wL7 HTTP/1.1" 200 313 "www.google.com" "Mozilla/5.0 (Linux; Android 7.0; SM-G892A Bulid/NRD90M; wv) AppleWebKit/537.36 (KHTML, like Gecko) Version/4.0 Chrome/60.0.3112.107 Moblie Safari/537.36"
185.241.208.136 - - [20/Dec/2025:16:58:14 +0000] "POST /ALFA_DATA/alfacgiapi/perl.alfa HTTP/1.1" 200 315 "www.google.com" "Mozlila/5.0 (Linux; Android 7.0; SM-G892A Bulid/NRD90M; wv) AppleWebKit/537.36 (KHTML, like Gecko) Version/4.0 Chrome/60.0.3112.107 Moblie Safari/537.36"
185.241.208.136 - - [20/Dec/2025:16:58:14 +0000] "POST /alfacgiapi/perl.alfa HTTP/1.1" 200 313 "www.google.com" "Mozlila/5.0 (Linux; Android 7.0; SM-G892A Bulid/NRD90M; wv) AppleWebKit/537.36 (KHTML, like Gecko) Version/4.0 Chrome/60.0.3112.107 Moblie Safari/537.36"
69.197.179.242 - - [20/Dec/2025:16:58:47 +0000] "GET /wp-includes/xec1acf/index.php?id=803550 HTTP/1.1" 200 0 "http://velqano.com/wp-includes/xec1acf/index.php?id=803550" "Mozilla/5.0 (Windows NT 10.0; Win64; x64) AppleWebKit/537.36 (KHTML, like Gecko) Chrome/58.0.3029.110 Safari/537.3"
69.197.179.242 - - [20/Dec/2025:17:00:16 +0000] "GET /wp-includes/xec1acf/index.php?id=803550 HTTP/1.1" 200 0 "http://velqano.com/wp-includes/xec1acf/index.php?id=803550" "Mozilla/5.0 (Windows NT 10.0; Win64; x64) AppleWebKit/537.36 (KHTML, like Gecko) Chrome/58.0.3029.110 Safari/537.3"
69.197.179.242 - - [20/Dec/2025:17:01:45 +0000] "GET /wp-includes/xec1acf/index.php?id=803550 HTTP/1.1" 200 0 "http://velqano.com/wp-includes/xec1acf/index.php?id=803550" "Mozilla/5.0 (Windows NT 10.0; Win64; x64) AppleWebKit/537.36 (KHTML, like Gecko) Chrome/58.0.3029.110 Safari/537.3"
69.197.179.242 - - [20/Dec/2025:17:03:14 +0000] "GET /wp-includes/xec1acf/index.php?id=803550 HTTP/1.1" 200 0 "http://velqano.com/wp-includes/xec1acf/index.php?id=803550" "Mozilla/5.0 (Windows NT 10.0; Win64; x64) AppleWebKit/537.36 (KHTML, like Gecko) Chrome/58.0.3029.110 Safari/537.3"
69.197.179.242 - - [20/Dec/2025:17:04:58 +0000] "GET /wp-includes/xec1acf/index.php?id=803550 HTTP/1.1" 200 0 "http://velqano.com/wp-includes/xec1acf/index.php?id=803550" "Mozilla/5.0 (Windows NT 10.0; Win64; x64) AppleWebKit/537.36 (KHTML, like Gecko) Chrome/58.0.3029.110 Safari/537.3"
204.12.208.18 - - [20/Dec/2025:17:05:10 +0000] "GET /wp-includes/xec1acf/index.php HTTP/1.1" 200 16 "http://velqano.com/wp-includes/xec1acf/index.php" "Mozilla/5.0 (Windows NT 6.1; WOW64; rv:9.0.1) Gecko/20100101 Firefox/9.0.1"
69.197.179.242 - - [20/Dec/2025:17:06:30 +0000] "GET /wp-includes/xec1acf/index.php?id=803550 HTTP/1.1" 200 0 "http://velqano.com/wp-includes/xec1acf/index.php?id=803550" "Mozilla/5.0 (Windows NT 10.0; Win64; x64) AppleWebKit/537.36 (KHTML, like Gecko) Chrome/58.0.3029.110 Safari/537.3"
69.197.179.242 - - [20/Dec/2025:17:07:58 +0000] "GET /wp-includes/xec1acf/index.php?id=803550 HTTP/1.1" 200 0 "http://velqano.com/wp-includes/xec1acf/index.php?id=803550" "Mozilla/5.0 (Windows NT 10.0; Win64; x64) AppleWebKit/537.36 (KHTML, like Gecko) Chrome/58.0.3029.110 Safari/537.3"
69.197.179.242 - - [20/Dec/2025:17:09:29 +0000] "GET /wp-includes/xec1acf/index.php?id=803550 HTTP/1.1" 200 0 "http://velqano.com/wp-includes/xec1acf/index.php?id=803550" "Mozilla/5.0 (Windows NT 10.0; Win64; x64) AppleWebKit/537.36 (KHTML, like Gecko) Chrome/58.0.3029.110 Safari/537.3"
69.197.179.242 - - [20/Dec/2025:17:10:57 +0000] "GET /wp-includes/xec1acf/index.php?id=803550 HTTP/1.1" 200 0 "http://velqano.com/wp-includes/xec1acf/index.php?id=803550" "Mozilla/5.0 (Windows NT 10.0; Win64; x64) AppleWebKit/537.36 (KHTML, like Gecko) Chrome/58.0.3029.110 Safari/537.3"
69.197.179.242 - - [20/Dec/2025:17:12:29 +0000] "GET /wp-includes/xec1acf/index.php?id=803550 HTTP/1.1" 200 0 "http://velqano.com/wp-includes/xec1acf/index.php?id=803550" "Mozilla/5.0 (Windows NT 10.0; Win64; x64) AppleWebKit/537.36 (KHTML, like Gecko) Chrome/58.0.3029.110 Safari/537.3"
43.166.136.202 - - [20/Dec/2025:17:12:46 +0000] "GET / HTTP/1.1" 500 0 "-" "Mozilla/5.0 (iPhone; CPU iPhone OS 13_2_3 like Mac OS X) AppleWebKit/605.1.15 (KHTML, like Gecko) Version/13.0.3 Mobile/15E148 Safari/604.1"
69.197.179.242 - - [20/Dec/2025:17:13:57 +0000] "GET /wp-includes/xec1acf/index.php?id=803550 HTTP/1.1" 200 0 "http://velqano.com/wp-includes/xec1acf/index.php?id=803550" "Mozilla/5.0 (Windows NT 10.0; Win64; x64) AppleWebKit/537.36 (KHTML, like Gecko) Chrome/58.0.3029.110 Safari/537.3"
69.197.179.242 - - [20/Dec/2025:17:15:26 +0000] "GET /wp-includes/xec1acf/index.php?id=803550 HTTP/1.1" 200 0 "http://velqano.com/wp-includes/xec1acf/index.php?id=803550" "Mozilla/5.0 (Windows NT 10.0; Win64; x64) AppleWebKit/537.36 (KHTML, like Gecko) Chrome/58.0.3029.110 Safari/537.3"
202.76.142.197 - - [20/Dec/2025:17:16:26 +0000] "GET /items/009048233.html HTTP/1.1" 500 0 "-" "Mozilla/5.0 (X11; U; Linux x86_64; en-US; rv:1.9.2.20) Gecko/20110804 Red Hat/3.6-2.el5 Firefox/3.6.20"
69.197.179.242 - - [20/Dec/2025:17:16:55 +0000] "GET /wp-includes/xec1acf/index.php?id=803550 HTTP/1.1" 200 0 "http://velqano.com/wp-includes/xec1acf/index.php?id=803550" "Mozilla/5.0 (Windows NT 10.0; Win64; x64) AppleWebKit/537.36 (KHTML, like Gecko) Chrome/58.0.3029.110 Safari/537.3"
208.110.64.178 - - [20/Dec/2025:17:17:17 +0000] "GET /wp-includes/brbbaa75/edit.php HTTP/1.1" 200 16 "http://velqano.com/wp-includes/brbbaa75/edit.php" "Mozilla/5.0 (Windows NT 10.0; Win64; x64) AppleWebKit/537.36 (KHTML, like Gecko) Chrome/58.0.3029.110 Safari/537.3"
69.197.179.242 - - [20/Dec/2025:17:18:27 +0000] "GET /wp-includes/xec1acf/index.php?id=803550 HTTP/1.1" 200 0 "http://velqano.com/wp-includes/xec1acf/index.php?id=803550" "Mozilla/5.0 (Windows NT 10.0; Win64; x64) AppleWebKit/537.36 (KHTML, like Gecko) Chrome/58.0.3029.110 Safari/537.3"
69.197.179.242 - - [20/Dec/2025:17:19:56 +0000] "GET /wp-includes/xec1acf/index.php?id=803550 HTTP/1.1" 200 0 "http://velqano.com/wp-includes/xec1acf/index.php?id=803550" "Mozilla/5.0 (Windows NT 10.0; Win64; x64) AppleWebKit/537.36 (KHTML, like Gecko) Chrome/58.0.3029.110 Safari/537.3"
69.197.179.242 - - [20/Dec/2025:17:21:25 +0000] "GET /wp-includes/xec1acf/index.php?id=803550 HTTP/1.1" 200 0 "http://velqano.com/wp-includes/xec1acf/index.php?id=803550" "Mozilla/5.0 (Windows NT 10.0; Win64; x64) AppleWebKit/537.36 (KHTML, like Gecko) Chrome/58.0.3029.110 Safari/537.3"
69.197.179.242 - - [20/Dec/2025:17:22:53 +0000] "GET /wp-includes/xec1acf/index.php?id=803550 HTTP/1.1" 200 0 "http://velqano.com/wp-includes/xec1acf/index.php?id=803550" "Mozilla/5.0 (Windows NT 10.0; Win64; x64) AppleWebKit/537.36 (KHTML, like Gecko) Chrome/58.0.3029.110 Safari/537.3"
69.197.179.242 - - [20/Dec/2025:17:24:25 +0000] "GET /wp-includes/xec1acf/index.php?id=803550 HTTP/1.1" 200 0 "http://velqano.com/wp-includes/xec1acf/index.php?id=803550" "Mozilla/5.0 (Windows NT 10.0; Win64; x64) AppleWebKit/537.36 (KHTML, like Gecko) Chrome/58.0.3029.110 Safari/537.3"
69.197.179.242 - - [20/Dec/2025:17:25:57 +0000] "GET /wp-includes/xec1acf/index.php?id=803550 HTTP/1.1" 200 0 "http://velqano.com/wp-includes/xec1acf/index.php?id=803550" "Mozilla/5.0 (Windows NT 10.0; Win64; x64) AppleWebKit/537.36 (KHTML, like Gecko) Chrome/58.0.3029.110 Safari/537.3"
208.110.64.178 - - [20/Dec/2025:17:26:20 +0000] "GET /wp-includes/brbbaa75/edit.php HTTP/1.1" 200 16 "http://velqano.com/wp-includes/brbbaa75/edit.php" "Mozilla/5.0 (Windows NT 10.0; Win64; x64) AppleWebKit/537.36 (KHTML, like Gecko) Chrome/58.0.3029.110 Safari/537.3"
69.197.179.242 - - [20/Dec/2025:17:27:25 +0000] "GET /wp-includes/xec1acf/index.php?id=803550 HTTP/1.1" 200 0 "http://velqano.com/wp-includes/xec1acf/index.php?id=803550" "Mozilla/5.0 (Windows NT 10.0; Win64; x64) AppleWebKit/537.36 (KHTML, like Gecko) Chrome/58.0.3029.110 Safari/537.3"
69.197.179.242 - - [20/Dec/2025:17:29:15 +0000] "GET /wp-includes/xec1acf/index.php?id=803550 HTTP/1.1" 200 0 "http://velqano.com/wp-includes/xec1acf/index.php?id=803550" "Mozilla/5.0 (Windows NT 10.0; Win64; x64) AppleWebKit/537.36 (KHTML, like Gecko) Chrome/58.0.3029.110 Safari/537.3"
204.12.208.18 - - [20/Dec/2025:17:29:59 +0000] "GET /wp-includes/xec1acf/index.php HTTP/1.1" 200 16 "http://velqano.com/wp-includes/xec1acf/index.php" "Mozilla/5.0 (Windows NT 10.0; WOW64) AppleWebKit/537.36 (KHTML, like Gecko) Chrome/74.0.3729.131 Safari/537.36"
69.197.179.242 - - [20/Dec/2025:17:30:48 +0000] "GET /wp-includes/xec1acf/index.php?id=803550 HTTP/1.1" 200 0 "http://velqano.com/wp-includes/xec1acf/index.php?id=803550" "Mozilla/5.0 (Windows NT 10.0; Win64; x64) AppleWebKit/537.36 (KHTML, like Gecko) Chrome/58.0.3029.110 Safari/537.3"
69.197.179.242 - - [20/Dec/2025:17:32:17 +0000] "GET /wp-includes/xec1acf/index.php?id=803550 HTTP/1.1" 200 0 "http://velqano.com/wp-includes/xec1acf/index.php?id=803550" "Mozilla/5.0 (Windows NT 10.0; Win64; x64) AppleWebKit/537.36 (KHTML, like Gecko) Chrome/58.0.3029.110 Safari/537.3"
69.197.179.242 - - [20/Dec/2025:17:33:48 +0000] "GET /wp-includes/xec1acf/index.php?id=803550 HTTP/1.1" 200 0 "http://velqano.com/wp-includes/xec1acf/index.php?id=803550" "Mozilla/5.0 (Windows NT 10.0; Win64; x64) AppleWebKit/537.36 (KHTML, like Gecko) Chrome/58.0.3029.110 Safari/537.3"
69.197.179.242 - - [20/Dec/2025:17:35:16 +0000] "GET /wp-includes/xec1acf/index.php?id=803550 HTTP/1.1" 200 0 "http://velqano.com/wp-includes/xec1acf/index.php?id=803550" "Mozilla/5.0 (Windows NT 10.0; Win64; x64) AppleWebKit/537.36 (KHTML, like Gecko) Chrome/58.0.3029.110 Safari/537.3"
69.197.179.242 - - [20/Dec/2025:17:36:47 +0000] "GET /wp-includes/xec1acf/index.php?id=803550 HTTP/1.1" 200 0 "http://velqano.com/wp-includes/xec1acf/index.php?id=803550" "Mozilla/5.0 (Windows NT 10.0; Win64; x64) AppleWebKit/537.36 (KHTML, like Gecko) Chrome/58.0.3029.110 Safari/537.3"
2a03:2880:f800:1e:: - - [20/Dec/2025:17:37:41 +0000] "GET /1817960?goods=0001817002 HTTP/1.1" 500 0 "-" "meta-externalagent/1.1 (+https://developers.facebook.com/docs/sharing/webmasters/crawler)"
69.197.179.242 - - [20/Dec/2025:17:38:19 +0000] "GET /wp-includes/xec1acf/index.php?id=803550 HTTP/1.1" 200 0 "http://velqano.com/wp-includes/xec1acf/index.php?id=803550" "Mozilla/5.0 (Windows NT 10.0; Win64; x64) AppleWebKit/537.36 (KHTML, like Gecko) Chrome/58.0.3029.110 Safari/537.3"
69.197.179.242 - - [20/Dec/2025:17:39:48 +0000] "GET /wp-includes/xec1acf/index.php?id=803550 HTTP/1.1" 200 0 "http://velqano.com/wp-includes/xec1acf/index.php?id=803550" "Mozilla/5.0 (Windows NT 10.0; Win64; x64) AppleWebKit/537.36 (KHTML, like Gecko) Chrome/58.0.3029.110 Safari/537.3"
69.197.179.242 - - [20/Dec/2025:17:41:16 +0000] "GET /wp-includes/xec1acf/index.php?id=803550 HTTP/1.1" 200 0 "http://velqano.com/wp-includes/xec1acf/index.php?id=803550" "Mozilla/5.0 (Windows NT 10.0; Win64; x64) AppleWebKit/537.36 (KHTML, like Gecko) Chrome/58.0.3029.110 Safari/537.3"
69.197.179.242 - - [20/Dec/2025:17:42:45 +0000] "GET /wp-includes/xec1acf/index.php?id=803550 HTTP/1.1" 200 0 "http://velqano.com/wp-includes/xec1acf/index.php?id=803550" "Mozilla/5.0 (Windows NT 10.0; Win64; x64) AppleWebKit/537.36 (KHTML, like Gecko) Chrome/58.0.3029.110 Safari/537.3"
69.197.179.242 - - [20/Dec/2025:17:44:15 +0000] "GET /wp-includes/xec1acf/index.php?id=803550 HTTP/1.1" 200 0 "http://velqano.com/wp-includes/xec1acf/index.php?id=803550" "Mozilla/5.0 (Windows NT 10.0; Win64; x64) AppleWebKit/537.36 (KHTML, like Gecko) Chrome/58.0.3029.110 Safari/537.3"
69.197.179.242 - - [20/Dec/2025:17:45:43 +0000] "GET /wp-includes/xec1acf/index.php?id=803550 HTTP/1.1" 200 0 "http://velqano.com/wp-includes/xec1acf/index.php?id=803550" "Mozilla/5.0 (Windows NT 10.0; Win64; x64) AppleWebKit/537.36 (KHTML, like Gecko) Chrome/58.0.3029.110 Safari/537.3"
69.197.179.242 - - [20/Dec/2025:17:47:15 +0000] "GET /wp-includes/xec1acf/index.php?id=803550 HTTP/1.1" 200 0 "http://velqano.com/wp-includes/xec1acf/index.php?id=803550" "Mozilla/5.0 (Windows NT 10.0; Win64; x64) AppleWebKit/537.36 (KHTML, like Gecko) Chrome/58.0.3029.110 Safari/537.3"
69.197.179.242 - - [20/Dec/2025:17:48:43 +0000] "GET /wp-includes/xec1acf/index.php?id=803550 HTTP/1.1" 200 0 "http://velqano.com/wp-includes/xec1acf/index.php?id=803550" "Mozilla/5.0 (Windows NT 10.0; Win64; x64) AppleWebKit/537.36 (KHTML, like Gecko) Chrome/58.0.3029.110 Safari/537.3"
69.197.179.242 - - [20/Dec/2025:17:50:11 +0000] "GET /wp-includes/xec1acf/index.php?id=803550 HTTP/1.1" 200 0 "http://velqano.com/wp-includes/xec1acf/index.php?id=803550" "Mozilla/5.0 (Windows NT 10.0; Win64; x64) AppleWebKit/537.36 (KHTML, like Gecko) Chrome/58.0.3029.110 Safari/537.3"
104.197.69.115 - - [20/Dec/2025:17:50:46 +0000] "GET / HTTP/1.1" 500 0 "-" "Mozilla/5.0 (X11; Linux x86_64) AppleWebKit/537.36 (KHTML, like Gecko) HeadlessChrome/125.0.6422.60 Safari/537.36"
208.110.64.178 - - [20/Dec/2025:17:51:32 +0000] "GET /wp-includes/brbbaa75/edit.php HTTP/1.1" 200 16 "http://velqano.com/wp-includes/brbbaa75/edit.php" "Mozilla/5.0 (Windows NT 10.0; Win64; x64) AppleWebKit/537.36 (KHTML, like Gecko) Chrome/58.0.3029.110 Safari/537.3"
69.197.179.242 - - [20/Dec/2025:17:51:39 +0000] "GET /wp-includes/xec1acf/index.php?id=803550 HTTP/1.1" 200 0 "http://velqano.com/wp-includes/xec1acf/index.php?id=803550" "Mozilla/5.0 (Windows NT 10.0; Win64; x64) AppleWebKit/537.36 (KHTML, like Gecko) Chrome/58.0.3029.110 Safari/537.3"
208.110.64.178 - - [20/Dec/2025:17:52:57 +0000] "GET /wp-includes/brbbaa75/edit.php HTTP/1.1" 200 0 "http://velqano.com/wp-includes/brbbaa75/edit.php" "Mozilla/5.0 (Windows NT 10.0; Win64; x64) AppleWebKit/537.36 (KHTML, like Gecko) Chrome/58.0.3029.110 Safari/537.3"
69.197.179.242 - - [20/Dec/2025:17:53:11 +0000] "GET /wp-includes/xec1acf/index.php?id=803550 HTTP/1.1" 200 0 "http://velqano.com/wp-includes/xec1acf/index.php?id=803550" "Mozilla/5.0 (Windows NT 10.0; Win64; x64) AppleWebKit/537.36 (KHTML, like Gecko) Chrome/58.0.3029.110 Safari/537.3"
204.12.208.18 - - [20/Dec/2025:17:54:17 +0000] "GET /wp-includes/xec1acf/index.php HTTP/1.1" 200 16 "http://velqano.com/wp-includes/xec1acf/index.php" "Mozilla/4.0 (compatible; MSIE 6.0; X11; Linux i686; ja) Opera 10.10"
69.197.179.242 - - [20/Dec/2025:17:54:29 +0000] "GET /wp-includes/brbbaa75/edit.php?id=664977 HTTP/1.1" 200 0 "http://velqano.com/wp-includes/brbbaa75/edit.php?id=664977" "Mozilla/5.0 (Windows NT 10.0; Win64; x64) AppleWebKit/537.36 (KHTML, like Gecko) Chrome/58.0.3029.110 Safari/537.3"
69.197.179.242 - - [20/Dec/2025:17:54:39 +0000] "GET /wp-includes/xec1acf/index.php?id=803550 HTTP/1.1" 200 0 "http://velqano.com/wp-includes/xec1acf/index.php?id=803550" "Mozilla/5.0 (Windows NT 10.0; Win64; x64) AppleWebKit/537.36 (KHTML, like Gecko) Chrome/58.0.3029.110 Safari/537.3"
192.178.4.104 - - [20/Dec/2025:17:55:22 +0000] "GET /robots.txt HTTP/1.1" 304 0 "-" "Mozilla/5.0 (compatible; Googlebot/2.1; +http://www.google.com/bot.html)"
192.178.4.102 - - [20/Dec/2025:17:55:23 +0000] "GET /3035296?goods=0003033059 HTTP/1.1" 200 148050 "-" "Mozilla/5.0 (Linux; Android 6.0.1; Nexus 5X Build/MMB29P) AppleWebKit/537.36 (KHTML, like Gecko) Chrome/141.0.7390.122 Mobile Safari/537.36 (compatible; Googlebot/2.1; +http://www.google.com/bot.html)"
69.197.179.242 - - [20/Dec/2025:17:56:01 +0000] "GET /wp-includes/brbbaa75/edit.php?id=664977 HTTP/1.1" 200 0 "http://velqano.com/wp-includes/brbbaa75/edit.php?id=664977" "Mozilla/5.0 (Windows NT 10.0; Win64; x64) AppleWebKit/537.36 (KHTML, like Gecko) Chrome/58.0.3029.110 Safari/537.3"
216.73.216.220 - - [20/Dec/2025:17:56:14 +0000] "GET /robots.txt HTTP/1.1" 304 0 "-" "Mozilla/5.0 AppleWebKit/537.36 (KHTML, like Gecko; compatible; ClaudeBot/1.0; +claudebot@anthropic.com)"
216.73.216.220 - - [20/Dec/2025:17:56:15 +0000] "GET / HTTP/1.1" 500 0 "-" "Mozilla/5.0 AppleWebKit/537.36 (KHTML, like Gecko; compatible; ClaudeBot/1.0; +claudebot@anthropic.com)"
69.197.179.242 - - [20/Dec/2025:17:56:25 +0000] "GET /wp-includes/xec1acf/index.php?id=803550 HTTP/1.1" 200 0 "http://velqano.com/wp-includes/xec1acf/index.php?id=803550" "Mozilla/5.0 (Windows NT 10.0; Win64; x64) AppleWebKit/537.36 (KHTML, like Gecko) Chrome/58.0.3029.110 Safari/537.3"
69.197.179.242 - - [20/Dec/2025:17:57:31 +0000] "GET /wp-includes/brbbaa75/edit.php?id=664977 HTTP/1.1" 200 0 "http://velqano.com/wp-includes/brbbaa75/edit.php?id=664977" "Mozilla/5.0 (Windows NT 10.0; Win64; x64) AppleWebKit/537.36 (KHTML, like Gecko) Chrome/58.0.3029.110 Safari/537.3"
69.197.179.242 - - [20/Dec/2025:17:57:54 +0000] "GET /wp-includes/xec1acf/index.php?id=803550 HTTP/1.1" 200 0 "http://velqano.com/wp-includes/xec1acf/index.php?id=803550" "Mozilla/5.0 (Windows NT 10.0; Win64; x64) AppleWebKit/537.36 (KHTML, like Gecko) Chrome/58.0.3029.110 Safari/537.3"
69.197.179.242 - - [20/Dec/2025:17:59:16 +0000] "GET /wp-includes/brbbaa75/edit.php?id=664977 HTTP/1.1" 200 0 "http://velqano.com/wp-includes/brbbaa75/edit.php?id=664977" "Mozilla/5.0 (Windows NT 10.0; Win64; x64) AppleWebKit/537.36 (KHTML, like Gecko) Chrome/58.0.3029.110 Safari/537.3"
69.197.179.242 - - [20/Dec/2025:17:59:22 +0000] "GET /wp-includes/xec1acf/index.php?id=803550 HTTP/1.1" 200 0 "http://velqano.com/wp-includes/xec1acf/index.php?id=803550" "Mozilla/5.0 (Windows NT 10.0; Win64; x64) AppleWebKit/537.36 (KHTML, like Gecko) Chrome/58.0.3029.110 Safari/537.3"
69.197.179.242 - - [20/Dec/2025:18:00:45 +0000] "GET /wp-includes/brbbaa75/edit.php?id=664977 HTTP/1.1" 200 0 "http://velqano.com/wp-includes/brbbaa75/edit.php?id=664977" "Mozilla/5.0 (Windows NT 10.0; Win64; x64) AppleWebKit/537.36 (KHTML, like Gecko) Chrome/58.0.3029.110 Safari/537.3"
69.197.179.242 - - [20/Dec/2025:18:00:51 +0000] "GET /wp-includes/xec1acf/index.php?id=803550 HTTP/1.1" 200 0 "http://velqano.com/wp-includes/xec1acf/index.php?id=803550" "Mozilla/5.0 (Windows NT 10.0; Win64; x64) AppleWebKit/537.36 (KHTML, like Gecko) Chrome/58.0.3029.110 Safari/537.3"
69.197.179.242 - - [20/Dec/2025:18:02:20 +0000] "GET /wp-includes/brbbaa75/edit.php?id=664977 HTTP/1.1" 200 0 "http://velqano.com/wp-includes/brbbaa75/edit.php?id=664977" "Mozilla/5.0 (Windows NT 10.0; Win64; x64) AppleWebKit/537.36 (KHTML, like Gecko) Chrome/58.0.3029.110 Safari/537.3"
69.197.179.242 - - [20/Dec/2025:18:02:22 +0000] "GET /wp-includes/xec1acf/index.php?id=803550 HTTP/1.1" 200 0 "http://velqano.com/wp-includes/xec1acf/index.php?id=803550" "Mozilla/5.0 (Windows NT 10.0; Win64; x64) AppleWebKit/537.36 (KHTML, like Gecko) Chrome/58.0.3029.110 Safari/537.3"
69.197.179.242 - - [20/Dec/2025:18:03:48 +0000] "GET /wp-includes/brbbaa75/edit.php?id=664977 HTTP/1.1" 200 0 "http://velqano.com/wp-includes/brbbaa75/edit.php?id=664977" "Mozilla/5.0 (Windows NT 10.0; Win64; x64) AppleWebKit/537.36 (KHTML, like Gecko) Chrome/58.0.3029.110 Safari/537.3"
69.197.179.242 - - [20/Dec/2025:18:03:50 +0000] "GET /wp-includes/xec1acf/index.php?id=803550 HTTP/1.1" 200 0 "http://velqano.com/wp-includes/xec1acf/index.php?id=803550" "Mozilla/5.0 (Windows NT 10.0; Win64; x64) AppleWebKit/537.36 (KHTML, like Gecko) Chrome/58.0.3029.110 Safari/537.3"
2a03:2880:f800:26:: - - [20/Dec/2025:18:04:43 +0000] "GET /?sitemap159.xml HTTP/1.1" 200 23 "-" "meta-externalagent/1.1 (+https://developers.facebook.com/docs/sharing/webmasters/crawler)"
69.197.179.242 - - [20/Dec/2025:18:05:27 +0000] "GET /wp-includes/brbbaa75/edit.php?id=664977 HTTP/1.1" 200 0 "http://velqano.com/wp-includes/brbbaa75/edit.php?id=664977" "Mozilla/5.0 (Windows NT 10.0; Win64; x64) AppleWebKit/537.36 (KHTML, like Gecko) Chrome/58.0.3029.110 Safari/537.3"
69.197.179.242 - - [20/Dec/2025:18:05:28 +0000] "GET /wp-includes/xec1acf/index.php?id=803550 HTTP/1.1" 200 0 "http://velqano.com/wp-includes/xec1acf/index.php?id=803550" "Mozilla/5.0 (Windows NT 10.0; Win64; x64) AppleWebKit/537.36 (KHTML, like Gecko) Chrome/58.0.3029.110 Safari/537.3"
143.92.32.166 - - [20/Dec/2025:18:06:38 +0000] "GET /?rest_route=/wp/v2/users/ HTTP/1.1" 500 0 "http://velqano.com" "AppleWebKit/534.46 (KHTML,like Gecko) Version/5.1 Mobile Safari/10600.6.3"
69.197.179.242 - - [20/Dec/2025:18:06:56 +0000] "GET /wp-includes/brbbaa75/edit.php?id=664977 HTTP/1.1" 200 0 "http://velqano.com/wp-includes/brbbaa75/edit.php?id=664977" "Mozilla/5.0 (Windows NT 10.0; Win64; x64) AppleWebKit/537.36 (KHTML, like Gecko) Chrome/58.0.3029.110 Safari/537.3"
69.197.179.242 - - [20/Dec/2025:18:06:58 +0000] "GET /wp-includes/xec1acf/index.php?id=803550 HTTP/1.1" 200 0 "http://velqano.com/wp-includes/xec1acf/index.php?id=803550" "Mozilla/5.0 (Windows NT 10.0; Win64; x64) AppleWebKit/537.36 (KHTML, like Gecko) Chrome/58.0.3029.110 Safari/537.3"
69.197.179.242 - - [20/Dec/2025:18:08:27 +0000] "GET /wp-includes/xec1acf/index.php?id=803550 HTTP/1.1" 200 0 "http://velqano.com/wp-includes/xec1acf/index.php?id=803550" "Mozilla/5.0 (Windows NT 10.0; Win64; x64) AppleWebKit/537.36 (KHTML, like Gecko) Chrome/58.0.3029.110 Safari/537.3"
69.197.179.242 - - [20/Dec/2025:18:08:32 +0000] "GET /wp-includes/brbbaa75/edit.php?id=664977 HTTP/1.1" 200 0 "http://velqano.com/wp-includes/brbbaa75/edit.php?id=664977" "Mozilla/5.0 (Windows NT 10.0; Win64; x64) AppleWebKit/537.36 (KHTML, like Gecko) Chrome/58.0.3029.110 Safari/537.3"
204.12.252.98 - - [20/Dec/2025:18:09:12 +0000] "GET /wp-includes/brbbaa75/edit.php HTTP/1.1" 200 16 "http://velqano.com/wp-includes/brbbaa75/edit.php" "Mozilla/5.0 (Windows NT 10.0; Win64; x64) AppleWebKit/537.36 (KHTML, like Gecko) Chrome/58.0.3029.110 Safari/537.3"
69.197.179.242 - - [20/Dec/2025:18:09:57 +0000] "GET /wp-includes/xec1acf/index.php?id=803550 HTTP/1.1" 200 0 "http://velqano.com/wp-includes/xec1acf/index.php?id=803550" "Mozilla/5.0 (Windows NT 10.0; Win64; x64) AppleWebKit/537.36 (KHTML, like Gecko) Chrome/58.0.3029.110 Safari/537.3"
69.197.179.242 - - [20/Dec/2025:18:10:02 +0000] "GET /wp-includes/brbbaa75/edit.php?id=664977 HTTP/1.1" 200 0 "http://velqano.com/wp-includes/brbbaa75/edit.php?id=664977" "Mozilla/5.0 (Windows NT 10.0; Win64; x64) AppleWebKit/537.36 (KHTML, like Gecko) Chrome/58.0.3029.110 Safari/537.3"
69.197.179.242 - - [20/Dec/2025:18:11:27 +0000] "GET /wp-includes/xec1acf/index.php?id=803550 HTTP/1.1" 200 0 "http://velqano.com/wp-includes/xec1acf/index.php?id=803550" "Mozilla/5.0 (Windows NT 10.0; Win64; x64) AppleWebKit/537.36 (KHTML, like Gecko) Chrome/58.0.3029.110 Safari/537.3"
69.197.179.242 - - [20/Dec/2025:18:11:30 +0000] "GET /wp-includes/brbbaa75/edit.php?id=664977 HTTP/1.1" 200 0 "http://velqano.com/wp-includes/brbbaa75/edit.php?id=664977" "Mozilla/5.0 (Windows NT 10.0; Win64; x64) AppleWebKit/537.36 (KHTML, like Gecko) Chrome/58.0.3029.110 Safari/537.3"
69.197.179.242 - - [20/Dec/2025:18:12:56 +0000] "GET /wp-includes/xec1acf/index.php?id=803550 HTTP/1.1" 200 0 "http://velqano.com/wp-includes/xec1acf/index.php?id=803550" "Mozilla/5.0 (Windows NT 10.0; Win64; x64) AppleWebKit/537.36 (KHTML, like Gecko) Chrome/58.0.3029.110 Safari/537.3"
69.197.179.242 - - [20/Dec/2025:18:12:59 +0000] "GET /wp-includes/brbbaa75/edit.php?id=664977 HTTP/1.1" 200 0 "http://velqano.com/wp-includes/brbbaa75/edit.php?id=664977" "Mozilla/5.0 (Windows NT 10.0; Win64; x64) AppleWebKit/537.36 (KHTML, like Gecko) Chrome/58.0.3029.110 Safari/537.3"
69.197.179.242 - - [20/Dec/2025:18:14:27 +0000] "GET /wp-includes/xec1acf/index.php?id=803550 HTTP/1.1" 200 0 "http://velqano.com/wp-includes/xec1acf/index.php?id=803550" "Mozilla/5.0 (Windows NT 10.0; Win64; x64) AppleWebKit/537.36 (KHTML, like Gecko) Chrome/58.0.3029.110 Safari/537.3"
69.197.179.242 - - [20/Dec/2025:18:14:46 +0000] "GET /wp-includes/brbbaa75/edit.php?id=664977 HTTP/1.1" 200 0 "http://velqano.com/wp-includes/brbbaa75/edit.php?id=664977" "Mozilla/5.0 (Windows NT 10.0; Win64; x64) AppleWebKit/537.36 (KHTML, like Gecko) Chrome/58.0.3029.110 Safari/537.3"
69.197.179.242 - - [20/Dec/2025:18:15:55 +0000] "GET /wp-includes/xec1acf/index.php?id=803550 HTTP/1.1" 200 0 "http://velqano.com/wp-includes/xec1acf/index.php?id=803550" "Mozilla/5.0 (Windows NT 10.0; Win64; x64) AppleWebKit/537.36 (KHTML, like Gecko) Chrome/58.0.3029.110 Safari/537.3"
69.197.179.242 - - [20/Dec/2025:18:16:22 +0000] "GET /wp-includes/brbbaa75/edit.php?id=664977 HTTP/1.1" 200 0 "http://velqano.com/wp-includes/brbbaa75/edit.php?id=664977" "Mozilla/5.0 (Windows NT 10.0; Win64; x64) AppleWebKit/537.36 (KHTML, like Gecko) Chrome/58.0.3029.110 Safari/537.3"
69.197.179.242 - - [20/Dec/2025:18:17:25 +0000] "GET /wp-includes/xec1acf/index.php?id=803550 HTTP/1.1" 200 0 "http://velqano.com/wp-includes/xec1acf/index.php?id=803550" "Mozilla/5.0 (Windows NT 10.0; Win64; x64) AppleWebKit/537.36 (KHTML, like Gecko) Chrome/58.0.3029.110 Safari/537.3"
69.197.179.242 - - [20/Dec/2025:18:17:51 +0000] "GET /wp-includes/brbbaa75/edit.php?id=664977 HTTP/1.1" 200 0 "http://velqano.com/wp-includes/brbbaa75/edit.php?id=664977" "Mozilla/5.0 (Windows NT 10.0; Win64; x64) AppleWebKit/537.36 (KHTML, like Gecko) Chrome/58.0.3029.110 Safari/537.3"
69.197.179.242 - - [20/Dec/2025:18:18:54 +0000] "GET /wp-includes/xec1acf/index.php?id=803550 HTTP/1.1" 200 0 "http://velqano.com/wp-includes/xec1acf/index.php?id=803550" "Mozilla/5.0 (Windows NT 10.0; Win64; x64) AppleWebKit/537.36 (KHTML, like Gecko) Chrome/58.0.3029.110 Safari/537.3"
204.12.208.18 - - [20/Dec/2025:18:19:11 +0000] "GET /wp-includes/xec1acf/index.php HTTP/1.1" 200 16 "http://velqano.com/wp-includes/xec1acf/index.php" "Mozilla/4.0 (compatible; MSIE 6.0; X11; Linux i686; ja) Opera 10.10"
69.197.179.242 - - [20/Dec/2025:18:19:21 +0000] "GET /wp-includes/brbbaa75/edit.php?id=664977 HTTP/1.1" 200 0 "http://velqano.com/wp-includes/brbbaa75/edit.php?id=664977" "Mozilla/5.0 (Windows NT 10.0; Win64; x64) AppleWebKit/537.36 (KHTML, like Gecko) Chrome/58.0.3029.110 Safari/537.3"
216.73.216.220 - - [20/Dec/2025:18:20:09 +0000] "GET / HTTP/1.1" 500 0 "-" "Mozilla/5.0 AppleWebKit/537.36 (KHTML, like Gecko; compatible; ClaudeBot/1.0; +claudebot@anthropic.com)"
69.197.179.242 - - [20/Dec/2025:18:20:25 +0000] "GET /wp-includes/xec1acf/index.php?id=803550 HTTP/1.1" 200 0 "http://velqano.com/wp-includes/xec1acf/index.php?id=803550" "Mozilla/5.0 (Windows NT 10.0; Win64; x64) AppleWebKit/537.36 (KHTML, like Gecko) Chrome/58.0.3029.110 Safari/537.3"
69.197.179.242 - - [20/Dec/2025:18:20:52 +0000] "GET /wp-includes/brbbaa75/edit.php?id=664977 HTTP/1.1" 200 0 "http://velqano.com/wp-includes/brbbaa75/edit.php?id=664977" "Mozilla/5.0 (Windows NT 10.0; Win64; x64) AppleWebKit/537.36 (KHTML, like Gecko) Chrome/58.0.3029.110 Safari/537.3"
69.197.179.242 - - [20/Dec/2025:18:21:54 +0000] "GET /wp-includes/xec1acf/index.php?id=803550 HTTP/1.1" 200 0 "http://velqano.com/wp-includes/xec1acf/index.php?id=803550" "Mozilla/5.0 (Windows NT 10.0; Win64; x64) AppleWebKit/537.36 (KHTML, like Gecko) Chrome/58.0.3029.110 Safari/537.3"
69.197.179.242 - - [20/Dec/2025:18:22:21 +0000] "GET /wp-includes/brbbaa75/edit.php?id=664977 HTTP/1.1" 200 0 "http://velqano.com/wp-includes/brbbaa75/edit.php?id=664977" "Mozilla/5.0 (Windows NT 10.0; Win64; x64) AppleWebKit/537.36 (KHTML, like Gecko) Chrome/58.0.3029.110 Safari/537.3"
2a03:2880:f800:3b:: - - [20/Dec/2025:18:22:56 +0000] "GET /?sitemap376.xml HTTP/1.1" 200 23 "-" "meta-externalagent/1.1 (+https://developers.facebook.com/docs/sharing/webmasters/crawler)"
69.197.179.242 - - [20/Dec/2025:18:23:26 +0000] "GET /wp-includes/xec1acf/index.php?id=803550 HTTP/1.1" 200 0 "http://velqano.com/wp-includes/xec1acf/index.php?id=803550" "Mozilla/5.0 (Windows NT 10.0; Win64; x64) AppleWebKit/537.36 (KHTML, like Gecko) Chrome/58.0.3029.110 Safari/537.3"
69.197.179.242 - - [20/Dec/2025:18:23:57 +0000] "GET /wp-includes/brbbaa75/edit.php?id=664977 HTTP/1.1" 200 0 "http://velqano.com/wp-includes/brbbaa75/edit.php?id=664977" "Mozilla/5.0 (Windows NT 10.0; Win64; x64) AppleWebKit/537.36 (KHTML, like Gecko) Chrome/58.0.3029.110 Safari/537.3"
69.197.179.242 - - [20/Dec/2025:18:24:57 +0000] "GET /wp-includes/xec1acf/index.php?id=803550 HTTP/1.1" 200 0 "http://velqano.com/wp-includes/xec1acf/index.php?id=803550" "Mozilla/5.0 (Windows NT 10.0; Win64; x64) AppleWebKit/537.36 (KHTML, like Gecko) Chrome/58.0.3029.110 Safari/537.3"
69.197.179.242 - - [20/Dec/2025:18:25:27 +0000] "GET /wp-includes/brbbaa75/edit.php?id=664977 HTTP/1.1" 200 0 "http://velqano.com/wp-includes/brbbaa75/edit.php?id=664977" "Mozilla/5.0 (Windows NT 10.0; Win64; x64) AppleWebKit/537.36 (KHTML, like Gecko) Chrome/58.0.3029.110 Safari/537.3"
69.197.179.242 - - [20/Dec/2025:18:26:25 +0000] "GET /wp-includes/xec1acf/index.php?id=803550 HTTP/1.1" 200 0 "http://velqano.com/wp-includes/xec1acf/index.php?id=803550" "Mozilla/5.0 (Windows NT 10.0; Win64; x64) AppleWebKit/537.36 (KHTML, like Gecko) Chrome/58.0.3029.110 Safari/537.3"
69.197.179.242 - - [20/Dec/2025:18:26:55 +0000] "GET /wp-includes/brbbaa75/edit.php?id=664977 HTTP/1.1" 200 0 "http://velqano.com/wp-includes/brbbaa75/edit.php?id=664977" "Mozilla/5.0 (Windows NT 10.0; Win64; x64) AppleWebKit/537.36 (KHTML, like Gecko) Chrome/58.0.3029.110 Safari/537.3"
69.197.179.242 - - [20/Dec/2025:18:27:57 +0000] "GET /wp-includes/xec1acf/index.php?id=803550 HTTP/1.1" 200 0 "http://velqano.com/wp-includes/xec1acf/index.php?id=803550" "Mozilla/5.0 (Windows NT 10.0; Win64; x64) AppleWebKit/537.36 (KHTML, like Gecko) Chrome/58.0.3029.110 Safari/537.3"
69.197.179.242 - - [20/Dec/2025:18:28:23 +0000] "GET /wp-includes/brbbaa75/edit.php?id=664977 HTTP/1.1" 200 0 "http://velqano.com/wp-includes/brbbaa75/edit.php?id=664977" "Mozilla/5.0 (Windows NT 10.0; Win64; x64) AppleWebKit/537.36 (KHTML, like Gecko) Chrome/58.0.3029.110 Safari/537.3"
69.197.179.242 - - [20/Dec/2025:18:29:25 +0000] "GET /wp-includes/xec1acf/index.php?id=803550 HTTP/1.1" 200 0 "http://velqano.com/wp-includes/xec1acf/index.php?id=803550" "Mozilla/5.0 (Windows NT 10.0; Win64; x64) AppleWebKit/537.36 (KHTML, like Gecko) Chrome/58.0.3029.110 Safari/537.3"
69.197.179.242 - - [20/Dec/2025:18:29:51 +0000] "GET /wp-includes/brbbaa75/edit.php?id=664977 HTTP/1.1" 200 0 "http://velqano.com/wp-includes/brbbaa75/edit.php?id=664977" "Mozilla/5.0 (Windows NT 10.0; Win64; x64) AppleWebKit/537.36 (KHTML, like Gecko) Chrome/58.0.3029.110 Safari/537.3"
69.197.179.242 - - [20/Dec/2025:18:30:55 +0000] "GET /wp-includes/xec1acf/index.php?id=803550 HTTP/1.1" 200 0 "http://velqano.com/wp-includes/xec1acf/index.php?id=803550" "Mozilla/5.0 (Windows NT 10.0; Win64; x64) AppleWebKit/537.36 (KHTML, like Gecko) Chrome/58.0.3029.110 Safari/537.3"
2a03:2880:f800:39:: - - [20/Dec/2025:18:31:10 +0000] "GET /1648272?goods=0001647493 HTTP/1.1" 500 0 "-" "meta-externalagent/1.1 (+https://developers.facebook.com/docs/sharing/webmasters/crawler)"
69.197.179.242 - - [20/Dec/2025:18:31:19 +0000] "GET /wp-includes/brbbaa75/edit.php?id=664977 HTTP/1.1" 200 0 "http://velqano.com/wp-includes/brbbaa75/edit.php?id=664977" "Mozilla/5.0 (Windows NT 10.0; Win64; x64) AppleWebKit/537.36 (KHTML, like Gecko) Chrome/58.0.3029.110 Safari/537.3"
69.197.179.242 - - [20/Dec/2025:18:32:23 +0000] "GET /wp-includes/xec1acf/index.php?id=803550 HTTP/1.1" 200 0 "http://velqano.com/wp-includes/xec1acf/index.php?id=803550" "Mozilla/5.0 (Windows NT 10.0; Win64; x64) AppleWebKit/537.36 (KHTML, like Gecko) Chrome/58.0.3029.110 Safari/537.3"
69.197.179.242 - - [20/Dec/2025:18:32:55 +0000] "GET /wp-includes/brbbaa75/edit.php?id=664977 HTTP/1.1" 200 0 "http://velqano.com/wp-includes/brbbaa75/edit.php?id=664977" "Mozilla/5.0 (Windows NT 10.0; Win64; x64) AppleWebKit/537.36 (KHTML, like Gecko) Chrome/58.0.3029.110 Safari/537.3"
69.197.179.242 - - [20/Dec/2025:18:34:08 +0000] "GET /wp-includes/xec1acf/index.php?id=803550 HTTP/1.1" 200 0 "http://velqano.com/wp-includes/xec1acf/index.php?id=803550" "Mozilla/5.0 (Windows NT 10.0; Win64; x64) AppleWebKit/537.36 (KHTML, like Gecko) Chrome/58.0.3029.110 Safari/537.3"
69.197.179.242 - - [20/Dec/2025:18:34:40 +0000] "GET /wp-includes/brbbaa75/edit.php?id=664977 HTTP/1.1" 200 0 "http://velqano.com/wp-includes/brbbaa75/edit.php?id=664977" "Mozilla/5.0 (Windows NT 10.0; Win64; x64) AppleWebKit/537.36 (KHTML, like Gecko) Chrome/58.0.3029.110 Safari/537.3"
69.197.179.242 - - [20/Dec/2025:18:35:39 +0000] "GET /wp-includes/xec1acf/index.php?id=803550 HTTP/1.1" 200 0 "http://velqano.com/wp-includes/xec1acf/index.php?id=803550" "Mozilla/5.0 (Windows NT 10.0; Win64; x64) AppleWebKit/537.36 (KHTML, like Gecko) Chrome/58.0.3029.110 Safari/537.3"
69.197.179.242 - - [20/Dec/2025:18:36:09 +0000] "GET /wp-includes/brbbaa75/edit.php?id=664977 HTTP/1.1" 200 0 "http://velqano.com/wp-includes/brbbaa75/edit.php?id=664977" "Mozilla/5.0 (Windows NT 10.0; Win64; x64) AppleWebKit/537.36 (KHTML, like Gecko) Chrome/58.0.3029.110 Safari/537.3"
69.197.179.242 - - [20/Dec/2025:18:37:08 +0000] "GET /wp-includes/xec1acf/index.php?id=803550 HTTP/1.1" 200 0 "http://velqano.com/wp-includes/xec1acf/index.php?id=803550" "Mozilla/5.0 (Windows NT 10.0; Win64; x64) AppleWebKit/537.36 (KHTML, like Gecko) Chrome/58.0.3029.110 Safari/537.3"
2a03:2880:f800:2:: - - [20/Dec/2025:18:37:39 +0000] "GET /?sitemapindex.xml HTTP/1.1" 200 23 "-" "meta-externalagent/1.1 (+https://developers.facebook.com/docs/sharing/webmasters/crawler)"
69.197.179.242 - - [20/Dec/2025:18:37:41 +0000] "GET /wp-includes/brbbaa75/edit.php?id=664977 HTTP/1.1" 200 0 "http://velqano.com/wp-includes/brbbaa75/edit.php?id=664977" "Mozilla/5.0 (Windows NT 10.0; Win64; x64) AppleWebKit/537.36 (KHTML, like Gecko) Chrome/58.0.3029.110 Safari/537.3"
69.197.179.242 - - [20/Dec/2025:18:38:37 +0000] "GET /wp-includes/xec1acf/index.php?id=803550 HTTP/1.1" 200 0 "http://velqano.com/wp-includes/xec1acf/index.php?id=803550" "Mozilla/5.0 (Windows NT 10.0; Win64; x64) AppleWebKit/537.36 (KHTML, like Gecko) Chrome/58.0.3029.110 Safari/537.3"
69.197.179.242 - - [20/Dec/2025:18:39:10 +0000] "GET /wp-includes/brbbaa75/edit.php?id=664977 HTTP/1.1" 200 0 "http://velqano.com/wp-includes/brbbaa75/edit.php?id=664977" "Mozilla/5.0 (Windows NT 10.0; Win64; x64) AppleWebKit/537.36 (KHTML, like Gecko) Chrome/58.0.3029.110 Safari/537.3"
69.197.179.242 - - [20/Dec/2025:18:40:05 +0000] "GET /wp-includes/xec1acf/index.php?id=803550 HTTP/1.1" 200 0 "http://velqano.com/wp-includes/xec1acf/index.php?id=803550" "Mozilla/5.0 (Windows NT 10.0; Win64; x64) AppleWebKit/537.36 (KHTML, like Gecko) Chrome/58.0.3029.110 Safari/537.3"
2a03:2880:f800:2b:: - - [20/Dec/2025:18:40:13 +0000] "GET /search.php?sitemap735.xml HTTP/1.1" 200 23 "-" "meta-externalagent/1.1 (+https://developers.facebook.com/docs/sharing/webmasters/crawler)"
69.197.179.242 - - [20/Dec/2025:18:40:45 +0000] "GET /wp-includes/brbbaa75/edit.php?id=664977 HTTP/1.1" 200 0 "http://velqano.com/wp-includes/brbbaa75/edit.php?id=664977" "Mozilla/5.0 (Windows NT 10.0; Win64; x64) AppleWebKit/537.36 (KHTML, like Gecko) Chrome/58.0.3029.110 Safari/537.3"
69.197.179.242 - - [20/Dec/2025:18:41:34 +0000] "GET /wp-includes/xec1acf/index.php?id=803550 HTTP/1.1" 200 0 "http://velqano.com/wp-includes/xec1acf/index.php?id=803550" "Mozilla/5.0 (Windows NT 10.0; Win64; x64) AppleWebKit/537.36 (KHTML, like Gecko) Chrome/58.0.3029.110 Safari/537.3"
69.197.179.242 - - [20/Dec/2025:18:42:13 +0000] "GET /wp-includes/brbbaa75/edit.php?id=664977 HTTP/1.1" 200 0 "http://velqano.com/wp-includes/brbbaa75/edit.php?id=664977" "Mozilla/5.0 (Windows NT 10.0; Win64; x64) AppleWebKit/537.36 (KHTML, like Gecko) Chrome/58.0.3029.110 Safari/537.3"
69.197.179.242 - - [20/Dec/2025:18:43:19 +0000] "GET /wp-includes/xec1acf/index.php?id=803550 HTTP/1.1" 200 0 "http://velqano.com/wp-includes/xec1acf/index.php?id=803550" "Mozilla/5.0 (Windows NT 10.0; Win64; x64) AppleWebKit/537.36 (KHTML, like Gecko) Chrome/58.0.3029.110 Safari/537.3"
69.197.179.242 - - [20/Dec/2025:18:43:44 +0000] "GET /wp-includes/brbbaa75/edit.php?id=664977 HTTP/1.1" 200 0 "http://velqano.com/wp-includes/brbbaa75/edit.php?id=664977" "Mozilla/5.0 (Windows NT 10.0; Win64; x64) AppleWebKit/537.36 (KHTML, like Gecko) Chrome/58.0.3029.110 Safari/537.3"
69.197.179.242 - - [20/Dec/2025:18:44:49 +0000] "GET /wp-includes/xec1acf/index.php?id=803550 HTTP/1.1" 200 0 "http://velqano.com/wp-includes/xec1acf/index.php?id=803550" "Mozilla/5.0 (Windows NT 10.0; Win64; x64) AppleWebKit/537.36 (KHTML, like Gecko) Chrome/58.0.3029.110 Safari/537.3"
69.197.179.242 - - [20/Dec/2025:18:44:51 +0000] "GET /wp-includes/xec1acf/index.php?id=803550 HTTP/1.1" 200 16 "http://velqano.com/wp-includes/xec1acf/index.php?id=803550" "Mozilla/5.0 (Windows NT 10.0; Win64; x64) AppleWebKit/537.36 (KHTML, like Gecko) Chrome/58.0.3029.110 Safari/537.3"
204.12.208.18 - - [20/Dec/2025:18:45:09 +0000] "GET /wp-includes/xec1acf/index.php HTTP/1.1" 200 16 "http://velqano.com/wp-includes/xec1acf/index.php" "Mozilla/4.0 (compatible; MSIE 7.0; Windows NT 5.1; SV1; .NET CLR 1.1.4322; .NET CLR 2.0.50727; InfoPath.1)"
69.197.179.242 - - [20/Dec/2025:18:45:13 +0000] "GET /wp-includes/brbbaa75/edit.php?id=664977 HTTP/1.1" 200 0 "http://velqano.com/wp-includes/brbbaa75/edit.php?id=664977" "Mozilla/5.0 (Windows NT 10.0; Win64; x64) AppleWebKit/537.36 (KHTML, like Gecko) Chrome/58.0.3029.110 Safari/537.3"
69.197.179.242 - - [20/Dec/2025:18:45:51 +0000] "GET /wp-includes/brbbaa75/edit.php?id=664977 HTTP/1.1" 500 0 "http://velqano.com/wp-includes/brbbaa75/edit.php?id=664977" "Mozilla/5.0 (Windows NT 10.0; Win64; x64) AppleWebKit/537.36 (KHTML, like Gecko) Chrome/58.0.3029.110 Safari/537.3"
204.12.208.18 - - [20/Dec/2025:18:45:51 +0000] "GET /wp-includes/xec1acf/index.php HTTP/1.1" 500 0 "http://velqano.com/wp-includes/xec1acf/index.php" "Mozilla/4.0 (compatible; MSIE 7.0; Windows NT 6.0; SLCC1; .NET CLR 2.0.50727; Media Center PC 5.0; .NET CLR 3.0.04506)"
204.12.252.98 - - [20/Dec/2025:18:55:09 +0000] "GET /wp-includes/brbbaa75/edit.php HTTP/1.1" 200 16 "http://velqano.com/wp-includes/brbbaa75/edit.php" "Mozilla/5.0 (Windows NT 10.0; Win64; x64) AppleWebKit/537.36 (KHTML, like Gecko) Chrome/58.0.3029.110 Safari/537.3"
204.12.252.98 - - [20/Dec/2025:18:56:35 +0000] "GET /wp-includes/brbbaa75/edit.php HTTP/1.1" 200 0 "http://velqano.com/wp-includes/brbbaa75/edit.php" "Mozilla/5.0 (Windows NT 10.0; Win64; x64) AppleWebKit/537.36 (KHTML, like Gecko) Chrome/58.0.3029.110 Safari/537.3"
69.197.179.242 - - [20/Dec/2025:18:58:10 +0000] "GET /wp-includes/brbbaa75/edit.php?id=664977 HTTP/1.1" 200 0 "http://velqano.com/wp-includes/brbbaa75/edit.php?id=664977" "Mozilla/5.0 (Windows NT 10.0; Win64; x64) AppleWebKit/537.36 (KHTML, like Gecko) Chrome/58.0.3029.110 Safari/537.3"
69.197.179.242 - - [20/Dec/2025:18:59:42 +0000] "GET /wp-includes/brbbaa75/edit.php?id=664977 HTTP/1.1" 200 0 "http://velqano.com/wp-includes/brbbaa75/edit.php?id=664977" "Mozilla/5.0 (Windows NT 10.0; Win64; x64) AppleWebKit/537.36 (KHTML, like Gecko) Chrome/58.0.3029.110 Safari/537.3"
69.197.179.242 - - [20/Dec/2025:19:01:26 +0000] "GET /wp-includes/brbbaa75/edit.php?id=664977 HTTP/1.1" 200 0 "http://velqano.com/wp-includes/brbbaa75/edit.php?id=664977" "Mozilla/5.0 (Windows NT 10.0; Win64; x64) AppleWebKit/537.36 (KHTML, like Gecko) Chrome/58.0.3029.110 Safari/537.3"
69.197.179.242 - - [20/Dec/2025:19:02:55 +0000] "GET /wp-includes/brbbaa75/edit.php?id=664977 HTTP/1.1" 200 0 "http://velqano.com/wp-includes/brbbaa75/edit.php?id=664977" "Mozilla/5.0 (Windows NT 10.0; Win64; x64) AppleWebKit/537.36 (KHTML, like Gecko) Chrome/58.0.3029.110 Safari/537.3"
69.197.179.242 - - [20/Dec/2025:19:04:23 +0000] "GET /wp-includes/brbbaa75/edit.php?id=664977 HTTP/1.1" 200 0 "http://velqano.com/wp-includes/brbbaa75/edit.php?id=664977" "Mozilla/5.0 (Windows NT 10.0; Win64; x64) AppleWebKit/537.36 (KHTML, like Gecko) Chrome/58.0.3029.110 Safari/537.3"
69.197.179.242 - - [20/Dec/2025:19:05:53 +0000] "GET /wp-includes/brbbaa75/edit.php?id=664977 HTTP/1.1" 200 0 "http://velqano.com/wp-includes/brbbaa75/edit.php?id=664977" "Mozilla/5.0 (Windows NT 10.0; Win64; x64) AppleWebKit/537.36 (KHTML, like Gecko) Chrome/58.0.3029.110 Safari/537.3"
202.76.169.166 - - [20/Dec/2025:19:06:25 +0000] "GET /items/279040321.html HTTP/1.1" 500 0 "-" "Mozilla/5.0 (Windows NT 6.1) AppleWebKit/536.3 (KHTML, like Gecko) Chrome/19.0.1061.1 Safari/536.3"
69.197.179.242 - - [20/Dec/2025:19:07:25 +0000] "GET /wp-includes/brbbaa75/edit.php?id=664977 HTTP/1.1" 200 0 "http://velqano.com/wp-includes/brbbaa75/edit.php?id=664977" "Mozilla/5.0 (Windows NT 10.0; Win64; x64) AppleWebKit/537.36 (KHTML, like Gecko) Chrome/58.0.3029.110 Safari/537.3"
69.197.179.242 - - [20/Dec/2025:19:08:55 +0000] "GET /wp-includes/brbbaa75/edit.php?id=664977 HTTP/1.1" 200 0 "http://velqano.com/wp-includes/brbbaa75/edit.php?id=664977" "Mozilla/5.0 (Windows NT 10.0; Win64; x64) AppleWebKit/537.36 (KHTML, like Gecko) Chrome/58.0.3029.110 Safari/537.3"
204.12.252.98 - - [20/Dec/2025:19:10:02 +0000] "GET /wp-includes/brbbaa75/edit.php HTTP/1.1" 200 16 "http://velqano.com/wp-includes/brbbaa75/edit.php" "Mozilla/5.0 (Windows NT 10.0; Win64; x64) AppleWebKit/537.36 (KHTML, like Gecko) Chrome/58.0.3029.110 Safari/537.3"
204.12.208.18 - - [20/Dec/2025:19:10:22 +0000] "GET /wp-includes/xec1acf/index.php HTTP/1.1" 200 16 "http://velqano.com/wp-includes/xec1acf/index.php" "Mozilla/4.0 (compatible; MSIE 7.0; Windows NT 6.0; SLCC1; .NET CLR 2.0.50727; Media Center PC 5.0; .NET CLR 3.0.04506; InfoPath.1)"
69.197.179.242 - - [20/Dec/2025:19:10:23 +0000] "GET /wp-includes/brbbaa75/edit.php?id=664977 HTTP/1.1" 200 0 "http://velqano.com/wp-includes/brbbaa75/edit.php?id=664977" "Mozilla/5.0 (Windows NT 10.0; Win64; x64) AppleWebKit/537.36 (KHTML, like Gecko) Chrome/58.0.3029.110 Safari/537.3"
216.73.216.220 - - [20/Dec/2025:19:11:27 +0000] "GET / HTTP/1.1" 500 0 "-" "Mozilla/5.0 AppleWebKit/537.36 (KHTML, like Gecko; compatible; ClaudeBot/1.0; +claudebot@anthropic.com)"
204.12.208.18 - - [20/Dec/2025:19:11:44 +0000] "GET /wp-includes/xec1acf/index.php HTTP/1.1" 200 0 "http://velqano.com/wp-includes/xec1acf/index.php" "Mozilla/5.0 (Windows NT 5.1) AppleWebKit/534.30 (KHTML, like Gecko) Chrome/12.0.742.122 Safari/534.30 ChromePlus/1.6.3.1"
69.197.179.242 - - [20/Dec/2025:19:11:48 +0000] "GET /wp-includes/xec1acf/index.php?id=803550 HTTP/1.1" 200 16 "http://velqano.com/wp-includes/xec1acf/index.php?id=803550" "Mozilla/5.0 (Windows NT 10.0; Win64; x64) AppleWebKit/537.36 (KHTML, like Gecko) Chrome/58.0.3029.110 Safari/537.3"
69.197.179.242 - - [20/Dec/2025:19:11:52 +0000] "GET /wp-includes/brbbaa75/edit.php?id=664977 HTTP/1.1" 200 0 "http://velqano.com/wp-includes/brbbaa75/edit.php?id=664977" "Mozilla/5.0 (Windows NT 10.0; Win64; x64) AppleWebKit/537.36 (KHTML, like Gecko) Chrome/58.0.3029.110 Safari/537.3"
69.197.179.242 - - [20/Dec/2025:19:13:21 +0000] "GET /wp-includes/brbbaa75/edit.php?id=664977 HTTP/1.1" 200 0 "http://velqano.com/wp-includes/brbbaa75/edit.php?id=664977" "Mozilla/5.0 (Windows NT 10.0; Win64; x64) AppleWebKit/537.36 (KHTML, like Gecko) Chrome/58.0.3029.110 Safari/537.3"
