103.197.242.113 - - [24/Jun/2025:09:34:53 +0000] "POST /wp-admin/admin-ajax.php HTTP/1.1" 200 31 "https://stimmegabuana.ac.id/wp-admin/admin.php?page=theme_landing" "Mozilla/5.0 (Windows NT 10.0; Win64; x64) AppleWebKit/537.36 (KHTML, like Gecko) Chrome/137.0.0.0 Safari/537.36"
103.197.242.113 - - [24/Jun/2025:09:34:53 +0000] "POST /wp-admin/admin-ajax.php HTTP/1.1" 200 31 "https://stimmegabuana.ac.id/wp-admin/admin.php?page=theme_landing" "Mozilla/5.0 (Windows NT 10.0; Win64; x64) AppleWebKit/537.36 (KHTML, like Gecko) Chrome/137.0.0.0 Safari/537.36"
103.197.242.113 - - [24/Jun/2025:09:34:55 +0000] "POST /wp-admin/admin-ajax.php HTTP/1.1" 200 31 "https://stimmegabuana.ac.id/wp-admin/admin.php?page=theme_landing" "Mozilla/5.0 (Windows NT 10.0; Win64; x64) AppleWebKit/537.36 (KHTML, like Gecko) Chrome/137.0.0.0 Safari/537.36"
103.197.242.113 - - [24/Jun/2025:09:34:55 +0000] "POST /wp-admin/admin-ajax.php HTTP/1.1" 200 31 "https://stimmegabuana.ac.id/wp-admin/admin.php?page=theme_landing" "Mozilla/5.0 (Windows NT 10.0; Win64; x64) AppleWebKit/537.36 (KHTML, like Gecko) Chrome/137.0.0.0 Safari/537.36"
103.197.242.113 - - [24/Jun/2025:09:34:55 +0000] "POST /wp-admin/admin-ajax.php HTTP/1.1" 200 31 "https://stimmegabuana.ac.id/wp-admin/admin.php?page=theme_landing" "Mozilla/5.0 (Windows NT 10.0; Win64; x64) AppleWebKit/537.36 (KHTML, like Gecko) Chrome/137.0.0.0 Safari/537.36"
103.197.242.113 - - [24/Jun/2025:09:34:55 +0000] "POST /wp-admin/admin-ajax.php HTTP/1.1" 200 31 "https://stimmegabuana.ac.id/wp-admin/admin.php?page=theme_landing" "Mozilla/5.0 (Windows NT 10.0; Win64; x64) AppleWebKit/537.36 (KHTML, like Gecko) Chrome/137.0.0.0 Safari/537.36"
103.197.242.113 - - [24/Jun/2025:09:34:55 +0000] "POST /wp-admin/admin-ajax.php HTTP/1.1" 200 31 "https://stimmegabuana.ac.id/wp-admin/admin.php?page=theme_landing" "Mozilla/5.0 (Windows NT 10.0; Win64; x64) AppleWebKit/537.36 (KHTML, like Gecko) Chrome/137.0.0.0 Safari/537.36"
103.197.242.113 - - [24/Jun/2025:09:34:55 +0000] "POST /wp-admin/admin-ajax.php HTTP/1.1" 200 31 "https://stimmegabuana.ac.id/wp-admin/admin.php?page=theme_landing" "Mozilla/5.0 (Windows NT 10.0; Win64; x64) AppleWebKit/537.36 (KHTML, like Gecko) Chrome/137.0.0.0 Safari/537.36"
103.197.242.113 - - [24/Jun/2025:09:34:55 +0000] "POST /wp-admin/admin-ajax.php HTTP/1.1" 200 31 "https://stimmegabuana.ac.id/wp-admin/admin.php?page=theme_landing" "Mozilla/5.0 (Windows NT 10.0; Win64; x64) AppleWebKit/537.36 (KHTML, like Gecko) Chrome/137.0.0.0 Safari/537.36"
103.197.242.113 - - [24/Jun/2025:09:34:55 +0000] "POST /wp-admin/admin-ajax.php HTTP/1.1" 200 31 "https://stimmegabuana.ac.id/wp-admin/admin.php?page=theme_landing" "Mozilla/5.0 (Windows NT 10.0; Win64; x64) AppleWebKit/537.36 (KHTML, like Gecko) Chrome/137.0.0.0 Safari/537.36"
103.197.242.113 - - [24/Jun/2025:09:34:55 +0000] "POST /wp-admin/admin-ajax.php HTTP/1.1" 200 31 "https://stimmegabuana.ac.id/wp-admin/admin.php?page=theme_landing" "Mozilla/5.0 (Windows NT 10.0; Win64; x64) AppleWebKit/537.36 (KHTML, like Gecko) Chrome/137.0.0.0 Safari/537.36"
103.197.242.113 - - [24/Jun/2025:09:34:55 +0000] "POST /wp-admin/admin-ajax.php HTTP/1.1" 200 31 "https://stimmegabuana.ac.id/wp-admin/admin.php?page=theme_landing" "Mozilla/5.0 (Windows NT 10.0; Win64; x64) AppleWebKit/537.36 (KHTML, like Gecko) Chrome/137.0.0.0 Safari/537.36"
103.197.242.113 - - [24/Jun/2025:09:34:55 +0000] "POST /wp-admin/admin-ajax.php HTTP/1.1" 200 31 "https://stimmegabuana.ac.id/wp-admin/admin.php?page=theme_landing" "Mozilla/5.0 (Windows NT 10.0; Win64; x64) AppleWebKit/537.36 (KHTML, like Gecko) Chrome/137.0.0.0 Safari/537.36"
103.197.242.113 - - [24/Jun/2025:09:34:55 +0000] "POST /wp-admin/admin-ajax.php HTTP/1.1" 200 31 "https://stimmegabuana.ac.id/wp-admin/admin.php?page=theme_landing" "Mozilla/5.0 (Windows NT 10.0; Win64; x64) AppleWebKit/537.36 (KHTML, like Gecko) Chrome/137.0.0.0 Safari/537.36"
103.197.242.113 - - [24/Jun/2025:09:34:55 +0000] "POST /wp-admin/admin-ajax.php HTTP/1.1" 200 31 "https://stimmegabuana.ac.id/wp-admin/admin.php?page=theme_landing" "Mozilla/5.0 (Windows NT 10.0; Win64; x64) AppleWebKit/537.36 (KHTML, like Gecko) Chrome/137.0.0.0 Safari/537.36"
103.197.242.113 - - [24/Jun/2025:09:34:55 +0000] "POST /wp-admin/admin-ajax.php HTTP/1.1" 200 31 "https://stimmegabuana.ac.id/wp-admin/admin.php?page=theme_landing" "Mozilla/5.0 (Windows NT 10.0; Win64; x64) AppleWebKit/537.36 (KHTML, like Gecko) Chrome/137.0.0.0 Safari/537.36"
103.197.242.113 - - [24/Jun/2025:09:34:55 +0000] "POST /wp-admin/admin-ajax.php HTTP/1.1" 200 31 "https://stimmegabuana.ac.id/wp-admin/admin.php?page=theme_landing" "Mozilla/5.0 (Windows NT 10.0; Win64; x64) AppleWebKit/537.36 (KHTML, like Gecko) Chrome/137.0.0.0 Safari/537.36"
103.197.242.113 - - [24/Jun/2025:09:34:55 +0000] "POST /wp-admin/admin-ajax.php HTTP/1.1" 200 31 "https://stimmegabuana.ac.id/wp-admin/admin.php?page=theme_landing" "Mozilla/5.0 (Windows NT 10.0; Win64; x64) AppleWebKit/537.36 (KHTML, like Gecko) Chrome/137.0.0.0 Safari/537.36"
103.197.242.113 - - [24/Jun/2025:09:34:55 +0000] "POST /wp-admin/admin-ajax.php HTTP/1.1" 200 31 "https://stimmegabuana.ac.id/wp-admin/admin.php?page=theme_landing" "Mozilla/5.0 (Windows NT 10.0; Win64; x64) AppleWebKit/537.36 (KHTML, like Gecko) Chrome/137.0.0.0 Safari/537.36"
103.197.242.113 - - [24/Jun/2025:09:34:55 +0000] "POST /wp-admin/admin-ajax.php HTTP/1.1" 200 31 "https://stimmegabuana.ac.id/wp-admin/admin.php?page=theme_landing" "Mozilla/5.0 (Windows NT 10.0; Win64; x64) AppleWebKit/537.36 (KHTML, like Gecko) Chrome/137.0.0.0 Safari/537.36"
103.197.242.113 - - [24/Jun/2025:09:34:57 +0000] "POST /wp-admin/admin-ajax.php HTTP/1.1" 200 31 "https://stimmegabuana.ac.id/wp-admin/admin.php?page=theme_landing" "Mozilla/5.0 (Windows NT 10.0; Win64; x64) AppleWebKit/537.36 (KHTML, like Gecko) Chrome/137.0.0.0 Safari/537.36"
103.197.242.113 - - [24/Jun/2025:09:34:58 +0000] "POST /wp-admin/admin-ajax.php HTTP/1.1" 200 31 "https://stimmegabuana.ac.id/wp-admin/admin.php?page=theme_landing" "Mozilla/5.0 (Windows NT 10.0; Win64; x64) AppleWebKit/537.36 (KHTML, like Gecko) Chrome/137.0.0.0 Safari/537.36"
103.197.242.113 - - [24/Jun/2025:09:34:58 +0000] "POST /wp-admin/admin-ajax.php HTTP/1.1" 200 31 "https://stimmegabuana.ac.id/wp-admin/admin.php?page=theme_landing" "Mozilla/5.0 (Windows NT 10.0; Win64; x64) AppleWebKit/537.36 (KHTML, like Gecko) Chrome/137.0.0.0 Safari/537.36"
103.197.242.113 - - [24/Jun/2025:09:34:58 +0000] "POST /wp-admin/admin-ajax.php HTTP/1.1" 200 31 "https://stimmegabuana.ac.id/wp-admin/admin.php?page=theme_landing" "Mozilla/5.0 (Windows NT 10.0; Win64; x64) AppleWebKit/537.36 (KHTML, like Gecko) Chrome/137.0.0.0 Safari/537.36"
103.197.242.113 - - [24/Jun/2025:09:34:58 +0000] "POST /wp-admin/admin-ajax.php HTTP/1.1" 200 31 "https://stimmegabuana.ac.id/wp-admin/admin.php?page=theme_landing" "Mozilla/5.0 (Windows NT 10.0; Win64; x64) AppleWebKit/537.36 (KHTML, like Gecko) Chrome/137.0.0.0 Safari/537.36"
103.197.242.113 - - [24/Jun/2025:09:34:59 +0000] "POST /wp-admin/admin-ajax.php HTTP/1.1" 200 31 "https://stimmegabuana.ac.id/wp-admin/admin.php?page=theme_landing" "Mozilla/5.0 (Windows NT 10.0; Win64; x64) AppleWebKit/537.36 (KHTML, like Gecko) Chrome/137.0.0.0 Safari/537.36"
103.197.242.113 - - [24/Jun/2025:09:35:00 +0000] "POST /wp-admin/admin-ajax.php HTTP/1.1" 200 31 "https://stimmegabuana.ac.id/wp-admin/admin.php?page=theme_landing" "Mozilla/5.0 (Windows NT 10.0; Win64; x64) AppleWebKit/537.36 (KHTML, like Gecko) Chrome/137.0.0.0 Safari/537.36"
103.197.242.113 - - [24/Jun/2025:09:35:01 +0000] "POST /wp-admin/admin-ajax.php HTTP/1.1" 200 31 "https://stimmegabuana.ac.id/wp-admin/admin.php?page=theme_landing" "Mozilla/5.0 (Windows NT 10.0; Win64; x64) AppleWebKit/537.36 (KHTML, like Gecko) Chrome/137.0.0.0 Safari/537.36"
103.197.242.113 - - [24/Jun/2025:09:35:01 +0000] "POST /wp-admin/admin-ajax.php HTTP/1.1" 200 31 "https://stimmegabuana.ac.id/wp-admin/admin.php?page=theme_landing" "Mozilla/5.0 (Windows NT 10.0; Win64; x64) AppleWebKit/537.36 (KHTML, like Gecko) Chrome/137.0.0.0 Safari/537.36"
103.197.242.113 - - [24/Jun/2025:09:35:01 +0000] "POST /wp-admin/admin-ajax.php HTTP/1.1" 200 31 "https://stimmegabuana.ac.id/wp-admin/admin.php?page=theme_landing" "Mozilla/5.0 (Windows NT 10.0; Win64; x64) AppleWebKit/537.36 (KHTML, like Gecko) Chrome/137.0.0.0 Safari/537.36"
103.197.242.113 - - [24/Jun/2025:09:35:02 +0000] "POST /wp-admin/admin-ajax.php HTTP/1.1" 200 31 "https://stimmegabuana.ac.id/wp-admin/admin.php?page=theme_landing" "Mozilla/5.0 (Windows NT 10.0; Win64; x64) AppleWebKit/537.36 (KHTML, like Gecko) Chrome/137.0.0.0 Safari/537.36"
103.197.242.113 - - [24/Jun/2025:09:35:02 +0000] "POST /wp-admin/admin-ajax.php HTTP/1.1" 200 31 "https://stimmegabuana.ac.id/wp-admin/admin.php?page=theme_landing" "Mozilla/5.0 (Windows NT 10.0; Win64; x64) AppleWebKit/537.36 (KHTML, like Gecko) Chrome/137.0.0.0 Safari/537.36"
103.197.242.113 - - [24/Jun/2025:09:35:06 +0000] "POST /wp-admin/admin-ajax.php HTTP/1.1" 200 31 "https://stimmegabuana.ac.id/wp-admin/admin.php?page=theme_landing" "Mozilla/5.0 (Windows NT 10.0; Win64; x64) AppleWebKit/537.36 (KHTML, like Gecko) Chrome/137.0.0.0 Safari/537.36"
103.197.242.113 - - [24/Jun/2025:09:35:06 +0000] "POST /wp-admin/admin-ajax.php HTTP/1.1" 200 58 "https://stimmegabuana.ac.id/wp-admin/admin.php?page=theme_landing" "Mozilla/5.0 (Windows NT 10.0; Win64; x64) AppleWebKit/537.36 (KHTML, like Gecko) Chrome/137.0.0.0 Safari/537.36"
103.197.242.113 - - [24/Jun/2025:09:35:06 +0000] "POST /wp-admin/admin-ajax.php HTTP/1.1" 200 31 "https://stimmegabuana.ac.id/wp-admin/admin.php?page=theme_landing" "Mozilla/5.0 (Windows NT 10.0; Win64; x64) AppleWebKit/537.36 (KHTML, like Gecko) Chrome/137.0.0.0 Safari/537.36"
103.197.242.113 - - [24/Jun/2025:09:35:07 +0000] "POST /wp-admin/admin-ajax.php HTTP/1.1" 200 31 "https://stimmegabuana.ac.id/wp-admin/admin.php?page=theme_landing" "Mozilla/5.0 (Windows NT 10.0; Win64; x64) AppleWebKit/537.36 (KHTML, like Gecko) Chrome/137.0.0.0 Safari/537.36"
103.197.242.113 - - [24/Jun/2025:09:35:09 +0000] "POST /wp-admin/admin-ajax.php HTTP/1.1" 200 31 "https://stimmegabuana.ac.id/wp-admin/admin.php?page=theme_landing" "Mozilla/5.0 (Windows NT 10.0; Win64; x64) AppleWebKit/537.36 (KHTML, like Gecko) Chrome/137.0.0.0 Safari/537.36"
103.197.242.113 - - [24/Jun/2025:09:35:10 +0000] "POST /wp-admin/admin-ajax.php HTTP/1.1" 200 31 "https://stimmegabuana.ac.id/wp-admin/admin.php?page=theme_landing" "Mozilla/5.0 (Windows NT 10.0; Win64; x64) AppleWebKit/537.36 (KHTML, like Gecko) Chrome/137.0.0.0 Safari/537.36"
103.197.242.113 - - [24/Jun/2025:09:35:12 +0000] "POST /wp-admin/admin-ajax.php HTTP/1.1" 200 31 "https://stimmegabuana.ac.id/wp-admin/admin.php?page=theme_landing" "Mozilla/5.0 (Windows NT 10.0; Win64; x64) AppleWebKit/537.36 (KHTML, like Gecko) Chrome/137.0.0.0 Safari/537.36"
103.197.242.113 - - [24/Jun/2025:09:35:12 +0000] "POST /wp-admin/admin-ajax.php HTTP/1.1" 200 31 "https://stimmegabuana.ac.id/wp-admin/admin.php?page=theme_landing" "Mozilla/5.0 (Windows NT 10.0; Win64; x64) AppleWebKit/537.36 (KHTML, like Gecko) Chrome/137.0.0.0 Safari/537.36"
103.197.242.113 - - [24/Jun/2025:09:35:13 +0000] "POST /wp-admin/admin-ajax.php HTTP/1.1" 200 31 "https://stimmegabuana.ac.id/wp-admin/admin.php?page=theme_landing" "Mozilla/5.0 (Windows NT 10.0; Win64; x64) AppleWebKit/537.36 (KHTML, like Gecko) Chrome/137.0.0.0 Safari/537.36"
159.198.77.92 - - [24/Jun/2025:09:35:54 +0000] "POST /wp-cron.php?doing_wp_cron=1750757754.5467400550842285156250 HTTP/1.1" 200 0 "-" "WordPress/6.8.1; https://stimmegabuana.ac.id"
103.197.242.113 - - [24/Jun/2025:09:35:54 +0000] "GET /wp-admin/admin-ajax.php?action=wpfc_delete_cache&path=%2Fwp-admin%2Fadmin.php&nonce=8730aad9f8&_=1750756919576 HTTP/1.1" 200 12 "https://stimmegabuana.ac.id/wp-admin/admin.php?page=theme_landing" "Mozilla/5.0 (Windows NT 10.0; Win64; x64) AppleWebKit/537.36 (KHTML, like Gecko) Chrome/137.0.0.0 Safari/537.36"
103.197.242.113 - - [24/Jun/2025:09:35:55 +0000] "GET /wp-admin/admin-ajax.php?action=wpfc_delete_cache_and_minified&path=%2Fwp-admin%2Fadmin.php&nonce=8730aad9f8&_=1750756919577 HTTP/1.1" 200 12 "https://stimmegabuana.ac.id/wp-admin/admin.php?page=theme_landing" "Mozilla/5.0 (Windows NT 10.0; Win64; x64) AppleWebKit/537.36 (KHTML, like Gecko) Chrome/137.0.0.0 Safari/537.36"
103.197.242.113 - - [24/Jun/2025:09:35:59 +0000] "GET / HTTP/1.1" 200 142478 "-" "Mozilla/5.0 (Windows NT 10.0; Win64; x64) AppleWebKit/537.36 (KHTML, like Gecko) Chrome/137.0.0.0 Safari/537.36"
159.198.77.92 - - [24/Jun/2025:09:36:04 +0000] "POST /wp-cron.php?doing_wp_cron=1750757764.1575241088867187500000 HTTP/1.1" 200 0 "-" "WordPress/6.8.1; https://stimmegabuana.ac.id"
103.197.242.113 - - [24/Jun/2025:09:36:05 +0000] "GET /standard-post-type/ HTTP/1.1" 200 86162 "https://stimmegabuana.ac.id/" "Mozilla/5.0 (Windows NT 10.0; Win64; x64) AppleWebKit/537.36 (KHTML, like Gecko) Chrome/137.0.0.0 Safari/537.36"
103.197.242.113 - - [24/Jun/2025:09:36:05 +0000] "GET /wp-content/plugins/goodlayers-core/plugins/ionicons/ionicons.css?ver=6.8.1 HTTP/1.1" 200 50759 "https://stimmegabuana.ac.id/standard-post-type/" "Mozilla/5.0 (Windows NT 10.0; Win64; x64) AppleWebKit/537.36 (KHTML, like Gecko) Chrome/137.0.0.0 Safari/537.36"
103.197.242.113 - - [24/Jun/2025:09:36:05 +0000] "GET /wp-content/plugins/goodlayers-core/plugins/fa5/fa5.css?ver=6.8.1 HTTP/1.1" 200 60671 "https://stimmegabuana.ac.id/standard-post-type/" "Mozilla/5.0 (Windows NT 10.0; Win64; x64) AppleWebKit/537.36 (KHTML, like Gecko) Chrome/137.0.0.0 Safari/537.36"
103.197.242.113 - - [24/Jun/2025:09:36:05 +0000] "GET /wp-content/uploads/kingster-style-custom.css?1750757690&ver=6.8.1 HTTP/1.1" 200 119365 "https://stimmegabuana.ac.id/standard-post-type/" "Mozilla/5.0 (Windows NT 10.0; Win64; x64) AppleWebKit/537.36 (KHTML, like Gecko) Chrome/137.0.0.0 Safari/537.36"
103.197.242.113 - - [24/Jun/2025:09:36:05 +0000] "GET /wp-content/plugins/learnpress-import-export/assets/dist/css/frontend/learnpress-import-export-global.css?ver=685a7184218f3 HTTP/1.1" 200 0 "https://stimmegabuana.ac.id/standard-post-type/" "Mozilla/5.0 (Windows NT 10.0; Win64; x64) AppleWebKit/537.36 (KHTML, like Gecko) Chrome/137.0.0.0 Safari/537.36"
103.197.242.113 - - [24/Jun/2025:09:36:05 +0000] "GET /wp-content/plugins/goodlayers-core/plugins/style.css?ver=1750757690 HTTP/1.1" 200 29382 "https://stimmegabuana.ac.id/standard-post-type/" "Mozilla/5.0 (Windows NT 10.0; Win64; x64) AppleWebKit/537.36 (KHTML, like Gecko) Chrome/137.0.0.0 Safari/537.36"
103.197.242.113 - - [24/Jun/2025:09:36:05 +0000] "GET /wp-content/plugins/goodlayers-core/plugins/simpleline/simpleline.css?ver=6.8.1 HTTP/1.1" 200 10889 "https://stimmegabuana.ac.id/standard-post-type/" "Mozilla/5.0 (Windows NT 10.0; Win64; x64) AppleWebKit/537.36 (KHTML, like Gecko) Chrome/137.0.0.0 Safari/537.36"
103.197.242.113 - - [24/Jun/2025:09:36:06 +0000] "GET /wp-content/uploads/2020/06/Img-3.jpg HTTP/1.1" 200 193466 "https://stimmegabuana.ac.id/standard-post-type/" "Mozilla/5.0 (Windows NT 10.0; Win64; x64) AppleWebKit/537.36 (KHTML, like Gecko) Chrome/137.0.0.0 Safari/537.36"
103.197.242.113 - - [24/Jun/2025:09:36:06 +0000] "GET /wp-content/plugins/goodlayers-core/plugins/script.js?ver=1750757690 HTTP/1.1" 200 399791 "https://stimmegabuana.ac.id/standard-post-type/" "Mozilla/5.0 (Windows NT 10.0; Win64; x64) AppleWebKit/537.36 (KHTML, like Gecko) Chrome/137.0.0.0 Safari/537.36"
103.197.242.113 - - [24/Jun/2025:09:36:06 +0000] "POST /wp-admin/admin-ajax.php HTTP/1.1" 200 58 "https://stimmegabuana.ac.id/wp-admin/admin.php?page=theme_landing" "Mozilla/5.0 (Windows NT 10.0; Win64; x64) AppleWebKit/537.36 (KHTML, like Gecko) Chrome/137.0.0.0 Safari/537.36"
103.197.242.113 - - [24/Jun/2025:09:36:06 +0000] "GET /wp-content/plugins/learnpress-import-export/assets/dist/js/frontend/learnpress-import-export-global.js?ver=685a7184218f3 HTTP/1.1" 200 394 "https://stimmegabuana.ac.id/standard-post-type/" "Mozilla/5.0 (Windows NT 10.0; Win64; x64) AppleWebKit/537.36 (KHTML, like Gecko) Chrome/137.0.0.0 Safari/537.36"
103.197.242.113 - - [24/Jun/2025:09:36:09 +0000] "GET /video-post-format/ HTTP/1.1" 200 82821 "https://stimmegabuana.ac.id/standard-post-type/" "Mozilla/5.0 (Windows NT 10.0; Win64; x64) AppleWebKit/537.36 (KHTML, like Gecko) Chrome/137.0.0.0 Safari/537.36"
103.197.242.113 - - [24/Jun/2025:09:36:10 +0000] "GET /wp-content/plugins/learnpress-import-export/assets/dist/css/frontend/learnpress-import-export-global.css?ver=685a71890f12a HTTP/1.1" 200 0 "https://stimmegabuana.ac.id/video-post-format/" "Mozilla/5.0 (Windows NT 10.0; Win64; x64) AppleWebKit/537.36 (KHTML, like Gecko) Chrome/137.0.0.0 Safari/537.36"
103.197.242.113 - - [24/Jun/2025:09:36:10 +0000] "GET /wp-content/plugins/learnpress-import-export/assets/dist/js/frontend/learnpress-import-export-global.js?ver=685a71890f12a HTTP/1.1" 200 394 "https://stimmegabuana.ac.id/video-post-format/" "Mozilla/5.0 (Windows NT 10.0; Win64; x64) AppleWebKit/537.36 (KHTML, like Gecko) Chrome/137.0.0.0 Safari/537.36"
159.198.77.92 - - [24/Jun/2025:09:37:08 +0000] "POST /wp-cron.php?doing_wp_cron=1750757828.0681540966033935546875 HTTP/1.1" 200 0 "-" "WordPress/6.8.1; https://stimmegabuana.ac.id"
103.197.242.113 - - [24/Jun/2025:09:37:08 +0000] "POST /wp-admin/admin-ajax.php HTTP/1.1" 200 58 "https://stimmegabuana.ac.id/wp-admin/admin.php?page=theme_landing" "Mozilla/5.0 (Windows NT 10.0; Win64; x64) AppleWebKit/537.36 (KHTML, like Gecko) Chrome/137.0.0.0 Safari/537.36"
103.197.242.113 - - [24/Jun/2025:09:37:38 +0000] "GET / HTTP/1.1" 200 142478 "https://stimmegabuana.ac.id/wp-admin/admin.php?page=goodlayers_main_menu" "Mozilla/5.0 (Windows NT 10.0; Win64; x64) AppleWebKit/537.36 (KHTML, like Gecko) Chrome/137.0.0.0 Safari/537.36"
159.198.77.92 - - [24/Jun/2025:09:38:09 +0000] "POST /wp-cron.php?doing_wp_cron=1750757888.9857749938964843750000 HTTP/1.1" 200 0 "-" "WordPress/6.8.1; https://stimmegabuana.ac.id"
103.197.242.113 - - [24/Jun/2025:09:38:09 +0000] "POST /wp-admin/admin-ajax.php HTTP/1.1" 200 58 "https://stimmegabuana.ac.id/wp-admin/admin.php?page=theme_landing" "Mozilla/5.0 (Windows NT 10.0; Win64; x64) AppleWebKit/537.36 (KHTML, like Gecko) Chrome/137.0.0.0 Safari/537.36"
159.198.77.92 - - [24/Jun/2025:09:40:09 +0000] "POST /wp-cron.php?doing_wp_cron=1750758009.3850579261779785156250 HTTP/1.1" 200 0 "-" "WordPress/6.8.1; https://stimmegabuana.ac.id"
103.197.242.113 - - [24/Jun/2025:09:40:09 +0000] "POST /wp-admin/admin-ajax.php HTTP/1.1" 200 58 "https://stimmegabuana.ac.id/wp-admin/admin.php?page=theme_landing" "Mozilla/5.0 (Windows NT 10.0; Win64; x64) AppleWebKit/537.36 (KHTML, like Gecko) Chrome/137.0.0.0 Safari/537.36"
159.198.77.92 - - [24/Jun/2025:09:42:10 +0000] "POST /wp-cron.php?doing_wp_cron=1750758130.3387730121612548828125 HTTP/1.1" 200 0 "-" "WordPress/6.8.1; https://stimmegabuana.ac.id"
103.197.242.113 - - [24/Jun/2025:09:42:10 +0000] "POST /wp-admin/admin-ajax.php HTTP/1.1" 200 58 "https://stimmegabuana.ac.id/wp-admin/admin.php?page=theme_landing" "Mozilla/5.0 (Windows NT 10.0; Win64; x64) AppleWebKit/537.36 (KHTML, like Gecko) Chrome/137.0.0.0 Safari/537.36"
159.198.77.92 - - [24/Jun/2025:09:44:11 +0000] "POST /wp-cron.php?doing_wp_cron=1750758251.3931589126586914062500 HTTP/1.1" 200 0 "-" "WordPress/6.8.1; https://stimmegabuana.ac.id"
103.197.242.113 - - [24/Jun/2025:09:44:11 +0000] "POST /wp-admin/admin-ajax.php HTTP/1.1" 200 58 "https://stimmegabuana.ac.id/wp-admin/admin.php?page=theme_landing" "Mozilla/5.0 (Windows NT 10.0; Win64; x64) AppleWebKit/537.36 (KHTML, like Gecko) Chrome/137.0.0.0 Safari/537.36"
159.198.77.92 - - [24/Jun/2025:09:46:11 +0000] "POST /wp-cron.php?doing_wp_cron=1750758371.3561420440673828125000 HTTP/1.1" 200 0 "-" "WordPress/6.8.1; https://stimmegabuana.ac.id"
103.197.242.113 - - [24/Jun/2025:09:46:11 +0000] "POST /wp-admin/admin-ajax.php HTTP/1.1" 200 58 "https://stimmegabuana.ac.id/wp-admin/admin.php?page=theme_landing" "Mozilla/5.0 (Windows NT 10.0; Win64; x64) AppleWebKit/537.36 (KHTML, like Gecko) Chrome/137.0.0.0 Safari/537.36"
159.198.77.92 - - [24/Jun/2025:10:00:12 +0000] "POST /wp-cron.php?doing_wp_cron=1750759212.8038790225982666015625 HTTP/1.1" 200 0 "-" "WordPress/6.8.1; https://stimmegabuana.ac.id"
34.240.150.15 - - [24/Jun/2025:10:00:13 +0000] "GET /wp-includes/css/dist/block-library/style.min.css?ver=6.8.1 HTTP/1.1" 200 116363 "https://stimmegabuana.ac.id/" "Plesk screenshot bot https://support.plesk.com/hc/en-us/articles/10301006946066"
34.240.150.15 - - [24/Jun/2025:10:00:13 +0000] "GET /wp-content/plugins/contact-form-7/includes/css/styles.css?ver=6.0.6 HTTP/1.1" 200 2894 "https://stimmegabuana.ac.id/" "Plesk screenshot bot https://support.plesk.com/hc/en-us/articles/10301006946066"
34.240.150.15 - - [24/Jun/2025:10:00:13 +0000] "GET /wp-content/plugins/goodlayers-core/plugins/fontawesome/font-awesome.css?ver=6.8.1 HTTP/1.1" 200 30879 "https://stimmegabuana.ac.id/" "Plesk screenshot bot https://support.plesk.com/hc/en-us/articles/10301006946066"
34.240.150.15 - - [24/Jun/2025:10:00:13 +0000] "GET /wp-content/plugins/goodlayers-core/plugins/fa5/fa5.css?ver=6.8.1 HTTP/1.1" 200 60671 "https://stimmegabuana.ac.id/" "Plesk screenshot bot https://support.plesk.com/hc/en-us/articles/10301006946066"
34.240.150.15 - - [24/Jun/2025:10:00:13 +0000] "GET /wp-includes/css/dashicons.min.css?ver=6.8.1 HTTP/1.1" 200 59016 "https://stimmegabuana.ac.id/" "Plesk screenshot bot https://support.plesk.com/hc/en-us/articles/10301006946066"
34.240.150.15 - - [24/Jun/2025:10:00:13 +0000] "GET /wp-content/plugins/goodlayers-core/plugins/elegant/elegant-font.css?ver=6.8.1 HTTP/1.1" 200 21733 "https://stimmegabuana.ac.id/" "Plesk screenshot bot https://support.plesk.com/hc/en-us/articles/10301006946066"
34.240.150.15 - - [24/Jun/2025:10:00:13 +0000] "GET /wp-content/plugins/learnpress/assets/css/widgets.min.css?ver=4.2.8.7 HTTP/1.1" 200 24585 "https://stimmegabuana.ac.id/" "Plesk screenshot bot https://support.plesk.com/hc/en-us/articles/10301006946066"
34.240.150.15 - - [24/Jun/2025:10:00:13 +0000] "GET /wp-content/plugins/goodlayers-core/plugins/style.css?ver=1750757690 HTTP/1.1" 200 29382 "https://stimmegabuana.ac.id/" "Plesk screenshot bot https://support.plesk.com/hc/en-us/articles/10301006946066"
34.240.150.15 - - [24/Jun/2025:10:00:13 +0000] "GET /wp-content/themes/kingster/learnpress/kingster-learnpress.css?ver=6.8.1 HTTP/1.1" 200 73977 "https://stimmegabuana.ac.id/" "Plesk screenshot bot https://support.plesk.com/hc/en-us/articles/10301006946066"
34.240.150.15 - - [24/Jun/2025:10:00:13 +0000] "GET /wp-content/plugins/newsletter/style.css?ver=8.9.1 HTTP/1.1" 200 6840 "https://stimmegabuana.ac.id/" "Plesk screenshot bot https://support.plesk.com/hc/en-us/articles/10301006946066"
34.240.150.15 - - [24/Jun/2025:10:00:13 +0000] "GET /wp-content/themes/kingster/learnpress/kingster-learnpress-pb.css?ver=6.8.1 HTTP/1.1" 200 18118 "https://stimmegabuana.ac.id/" "Plesk screenshot bot https://support.plesk.com/hc/en-us/articles/10301006946066"
34.240.150.15 - - [24/Jun/2025:10:00:13 +0000] "GET /wp-includes/js/jquery/jquery-migrate.min.js?ver=3.4.1 HTTP/1.1" 200 13577 "https://stimmegabuana.ac.id/" "Plesk screenshot bot https://support.plesk.com/hc/en-us/articles/10301006946066"
34.240.150.15 - - [24/Jun/2025:10:00:13 +0000] "GET /wp-content/plugins/goodlayers-core/plugins/ionicons/ionicons.css?ver=6.8.1 HTTP/1.1" 200 50759 "https://stimmegabuana.ac.id/" "Plesk screenshot bot https://support.plesk.com/hc/en-us/articles/10301006946066"
34.240.150.15 - - [24/Jun/2025:10:00:13 +0000] "GET /wp-content/plugins/learnpress-import-export/assets/dist/css/frontend/learnpress-import-export-global.css?ver=685a772cb827b HTTP/1.1" 200 0 "https://stimmegabuana.ac.id/" "Plesk screenshot bot https://support.plesk.com/hc/en-us/articles/10301006946066"
34.240.150.15 - - [24/Jun/2025:10:00:13 +0000] "GET /wp-content/uploads/kingster-style-custom.css?1750757690&ver=6.8.1 HTTP/1.1" 200 119365 "https://stimmegabuana.ac.id/" "Plesk screenshot bot https://support.plesk.com/hc/en-us/articles/10301006946066"
34.240.150.15 - - [24/Jun/2025:10:00:13 +0000] "GET /wp-includes/js/jquery/jquery.min.js?ver=3.7.1 HTTP/1.1" 200 87553 "https://stimmegabuana.ac.id/" "Plesk screenshot bot https://support.plesk.com/hc/en-us/articles/10301006946066"
34.240.150.15 - - [24/Jun/2025:10:00:13 +0000] "GET /wp-content/themes/kingster/css/style-core.css?ver=6.8.1 HTTP/1.1" 200 113083 "https://stimmegabuana.ac.id/" "Plesk screenshot bot https://support.plesk.com/hc/en-us/articles/10301006946066"
34.240.150.15 - - [24/Jun/2025:10:00:13 +0000] "GET /wp-content/themes/kingster/learnpress/kingster-learnpress.js?ver=6.8.1 HTTP/1.1" 200 1435 "https://stimmegabuana.ac.id/" "Plesk screenshot bot https://support.plesk.com/hc/en-us/articles/10301006946066"
34.240.150.15 - - [24/Jun/2025:10:00:13 +0000] "GET /wp-content/plugins/goodlayers-core/plugins/simpleline/simpleline.css?ver=6.8.1 HTTP/1.1" 200 10889 "https://stimmegabuana.ac.id/" "Plesk screenshot bot https://support.plesk.com/hc/en-us/articles/10301006946066"
34.240.150.15 - - [24/Jun/2025:10:00:13 +0000] "GET /wp-content/plugins/revslider/public/css/sr7.css?ver=6.7.34 HTTP/1.1" 200 4256 "https://stimmegabuana.ac.id/" "Plesk screenshot bot https://support.plesk.com/hc/en-us/articles/10301006946066"
34.240.150.15 - - [24/Jun/2025:10:00:14 +0000] "GET /wp-content/uploads/2020/06/Img-3.jpg HTTP/1.1" 200 193466 "https://stimmegabuana.ac.id/" "Plesk screenshot bot https://support.plesk.com/hc/en-us/articles/10301006946066"
34.240.150.15 - - [24/Jun/2025:10:00:14 +0000] "GET /wp-content/plugins/goodlayers-core/include/css/page-builder.css?ver=6.8.1 HTTP/1.1" 200 379123 "https://stimmegabuana.ac.id/" "Plesk screenshot bot https://support.plesk.com/hc/en-us/articles/10301006946066"
34.240.150.15 - - [24/Jun/2025:10:00:14 +0000] "GET / HTTP/1.1" 200 167008 "-" "Plesk screenshot bot https://support.plesk.com/hc/en-us/articles/10301006946066"
34.240.150.15 - - [24/Jun/2025:10:00:14 +0000] "GET /wp-content/uploads/2016/06/shutterstock_135948689-400x257.jpg HTTP/1.1" 200 24363 "https://stimmegabuana.ac.id/" "Plesk screenshot bot https://support.plesk.com/hc/en-us/articles/10301006946066"
34.240.150.15 - - [24/Jun/2025:10:00:14 +0000] "GET /wp-content/plugins/learnpress-import-export/assets/dist/js/frontend/learnpress-import-export-global.js?ver=685a772cb827b HTTP/1.1" 200 394 "https://stimmegabuana.ac.id/" "Plesk screenshot bot https://support.plesk.com/hc/en-us/articles/10301006946066"
34.240.150.15 - - [24/Jun/2025:10:00:14 +0000] "GET /wp-content/uploads/2020/06/icon1.png HTTP/1.1" 200 2708 "https://stimmegabuana.ac.id/" "Plesk screenshot bot https://support.plesk.com/hc/en-us/articles/10301006946066"
34.240.150.15 - - [24/Jun/2025:10:00:14 +0000] "GET /wp-content/uploads/2020/06/group-student-600x118.jpg HTTP/1.1" 200 10178 "https://stimmegabuana.ac.id/" "Plesk screenshot bot https://support.plesk.com/hc/en-us/articles/10301006946066"
34.240.150.15 - - [24/Jun/2025:10:00:14 +0000] "GET /wp-includes/js/dist/api-fetch.min.js?ver=3623a576c78df404ff20 HTTP/1.1" 200 5838 "https://stimmegabuana.ac.id/" "Plesk screenshot bot https://support.plesk.com/hc/en-us/articles/10301006946066"
34.240.150.15 - - [24/Jun/2025:10:00:14 +0000] "GET /wp-content/uploads/2020/06/icon-list-1.png HTTP/1.1" 200 1193 "https://stimmegabuana.ac.id/" "Plesk screenshot bot https://support.plesk.com/hc/en-us/articles/10301006946066"
34.240.150.15 - - [24/Jun/2025:10:00:14 +0000] "GET /wp-content/uploads/2016/06/iStock-1150572145-600x400.jpg HTTP/1.1" 200 32212 "https://stimmegabuana.ac.id/" "Plesk screenshot bot https://support.plesk.com/hc/en-us/articles/10301006946066"
34.240.150.15 - - [24/Jun/2025:10:00:14 +0000] "GET /wp-content/uploads/2020/06/icon-col-service-4.png HTTP/1.1" 200 465 "https://stimmegabuana.ac.id/" "Plesk screenshot bot https://support.plesk.com/hc/en-us/articles/10301006946066"
34.240.150.15 - - [24/Jun/2025:10:00:14 +0000] "GET /wp-content/uploads/2020/06/icon-list-3.png HTTP/1.1" 200 1814 "https://stimmegabuana.ac.id/" "Plesk screenshot bot https://support.plesk.com/hc/en-us/articles/10301006946066"
34.240.150.15 - - [24/Jun/2025:10:00:14 +0000] "GET /wp-includes/js/dist/vendor/wp-polyfill.min.js?ver=3.15.0 HTTP/1.1" 200 41247 "https://stimmegabuana.ac.id/" "Plesk screenshot bot https://support.plesk.com/hc/en-us/articles/10301006946066"
34.240.150.15 - - [24/Jun/2025:10:00:14 +0000] "GET /wp-content/themes/kingster/js/script-core.js?ver=1.0.0 HTTP/1.1" 200 57209 "https://stimmegabuana.ac.id/" "Plesk screenshot bot https://support.plesk.com/hc/en-us/articles/10301006946066"
34.240.150.15 - - [24/Jun/2025:10:00:14 +0000] "GET /wp-content/uploads/2020/06/icon-list-2.png HTTP/1.1" 200 562 "https://stimmegabuana.ac.id/" "Plesk screenshot bot https://support.plesk.com/hc/en-us/articles/10301006946066"
34.240.150.15 - - [24/Jun/2025:10:00:14 +0000] "GET /wp-content/uploads/2020/06/banner-3.jpg HTTP/1.1" 200 1306 "https://stimmegabuana.ac.id/" "Plesk screenshot bot https://support.plesk.com/hc/en-us/articles/10301006946066"
34.240.150.15 - - [24/Jun/2025:10:00:14 +0000] "GET /wp-content/plugins/contact-form-7/includes/js/index.js?ver=6.0.6 HTTP/1.1" 200 13452 "https://stimmegabuana.ac.id/" "Plesk screenshot bot https://support.plesk.com/hc/en-us/articles/10301006946066"
34.240.150.15 - - [24/Jun/2025:10:00:14 +0000] "GET /wp-content/uploads/2020/06/banner-4.jpg HTTP/1.1" 200 1252 "https://stimmegabuana.ac.id/" "Plesk screenshot bot https://support.plesk.com/hc/en-us/articles/10301006946066"
34.240.150.15 - - [24/Jun/2025:10:00:14 +0000] "GET /wp-includes/js/dist/hooks.min.js?ver=4d63a3d491d11ffd8ac6 HTTP/1.1" 200 4776 "https://stimmegabuana.ac.id/" "Plesk screenshot bot https://support.plesk.com/hc/en-us/articles/10301006946066"
34.240.150.15 - - [24/Jun/2025:10:00:14 +0000] "GET /wp-includes/js/dist/url.min.js?ver=6bf93e90403a1eec6501 HTTP/1.1" 200 8460 "https://stimmegabuana.ac.id/" "Plesk screenshot bot https://support.plesk.com/hc/en-us/articles/10301006946066"
34.240.150.15 - - [24/Jun/2025:10:00:14 +0000] "GET /wp-content/uploads/2020/06/tab-image-8.jpg HTTP/1.1" 200 30272 "https://stimmegabuana.ac.id/" "Plesk screenshot bot https://support.plesk.com/hc/en-us/articles/10301006946066"
34.240.150.15 - - [24/Jun/2025:10:00:14 +0000] "GET /wp-content/uploads/2020/06/tab-image-5-1.jpg HTTP/1.1" 200 39382 "https://stimmegabuana.ac.id/" "Plesk screenshot bot https://support.plesk.com/hc/en-us/articles/10301006946066"
34.240.150.15 - - [24/Jun/2025:10:00:14 +0000] "GET /wp-content/plugins/learnpress/assets/js/dist/loadAJAX.min.js?ver=4.2.8.7 HTTP/1.1" 200 3927 "https://stimmegabuana.ac.id/" "Plesk screenshot bot https://support.plesk.com/hc/en-us/articles/10301006946066"
34.240.150.15 - - [24/Jun/2025:10:00:14 +0000] "GET /wp-content/plugins/goodlayers-core/plugins/fontawesome/fontawesome-webfont.woff2?v=4.7.0 HTTP/1.1" 200 77160 "https://stimmegabuana.ac.id/wp-content/plugins/goodlayers-core/plugins/fontawesome/font-awesome.css?ver=6.8.1" "Plesk screenshot bot https://support.plesk.com/hc/en-us/articles/10301006946066"
34.240.150.15 - - [24/Jun/2025:10:00:14 +0000] "GET /wp-content/uploads/2020/06/tab-image-6-2.jpg HTTP/1.1" 200 20172 "https://stimmegabuana.ac.id/" "Plesk screenshot bot https://support.plesk.com/hc/en-us/articles/10301006946066"
34.240.150.15 - - [24/Jun/2025:10:00:14 +0000] "GET /wp-content/uploads/2020/06/icon-col-service-3.png HTTP/1.1" 200 811 "https://stimmegabuana.ac.id/" "Plesk screenshot bot https://support.plesk.com/hc/en-us/articles/10301006946066"
34.240.150.15 - - [24/Jun/2025:10:00:14 +0000] "GET /wp-content/uploads/2020/06/icon-video.png HTTP/1.1" 200 1446 "https://stimmegabuana.ac.id/" "Plesk screenshot bot https://support.plesk.com/hc/en-us/articles/10301006946066"
34.240.150.15 - - [24/Jun/2025:10:00:14 +0000] "GET /wp-content/uploads/2016/06/shutterstock_62838724-150x150.jpg HTTP/1.1" 200 6818 "https://stimmegabuana.ac.id/" "Plesk screenshot bot https://support.plesk.com/hc/en-us/articles/10301006946066"
34.240.150.15 - - [24/Jun/2025:10:00:14 +0000] "GET /wp-content/uploads/2020/06/icon-col-service-2.png HTTP/1.1" 200 1214 "https://stimmegabuana.ac.id/" "Plesk screenshot bot https://support.plesk.com/hc/en-us/articles/10301006946066"
34.240.150.15 - - [24/Jun/2025:10:00:14 +0000] "GET /wp-content/uploads/2020/06/icon-col-service-1.png HTTP/1.1" 200 619 "https://stimmegabuana.ac.id/" "Plesk screenshot bot https://support.plesk.com/hc/en-us/articles/10301006946066"
34.240.150.15 - - [24/Jun/2025:10:00:14 +0000] "GET /wp-content/plugins/goodlayers-core/include/js/page-builder.js?ver=1.3.9 HTTP/1.1" 200 102679 "https://stimmegabuana.ac.id/" "Plesk screenshot bot https://support.plesk.com/hc/en-us/articles/10301006946066"
34.240.150.15 - - [24/Jun/2025:10:00:14 +0000] "GET /wp-content/uploads/2020/06/icon2.png HTTP/1.1" 200 1433 "https://stimmegabuana.ac.id/" "Plesk screenshot bot https://support.plesk.com/hc/en-us/articles/10301006946066"
34.240.150.15 - - [24/Jun/2025:10:00:14 +0000] "GET /wp-content/uploads/2020/06/BG-blog-400x181.jpg HTTP/1.1" 200 2148 "https://stimmegabuana.ac.id/" "Plesk screenshot bot https://support.plesk.com/hc/en-us/articles/10301006946066"
34.240.150.15 - - [24/Jun/2025:10:00:14 +0000] "GET /wp-content/plugins/learnpress-course-review/assets/dist/js/course-review.min.js?ver=4.1.8 HTTP/1.1" 200 9380 "https://stimmegabuana.ac.id/" "Plesk screenshot bot https://support.plesk.com/hc/en-us/articles/10301006946066"
34.240.150.15 - - [24/Jun/2025:10:00:14 +0000] "GET /wp-content/uploads/2020/06/testimonial-4-150x150.jpg HTTP/1.1" 200 5511 "https://stimmegabuana.ac.id/" "Plesk screenshot bot https://support.plesk.com/hc/en-us/articles/10301006946066"
34.240.150.15 - - [24/Jun/2025:10:00:14 +0000] "GET /wp-content/uploads/2016/06/3454568-1-400x257.jpg HTTP/1.1" 200 24391 "https://stimmegabuana.ac.id/" "Plesk screenshot bot https://support.plesk.com/hc/en-us/articles/10301006946066"
34.240.150.15 - - [24/Jun/2025:10:00:14 +0000] "GET /wp-content/uploads/2016/06/iStock-1163482364-150x150.jpg HTTP/1.1" 200 7168 "https://stimmegabuana.ac.id/" "Plesk screenshot bot https://support.plesk.com/hc/en-us/articles/10301006946066"
34.240.150.15 - - [24/Jun/2025:10:00:14 +0000] "GET /wp-content/uploads/2020/06/tab-image-2-1.jpg HTTP/1.1" 200 30261 "https://stimmegabuana.ac.id/" "Plesk screenshot bot https://support.plesk.com/hc/en-us/articles/10301006946066"
34.240.150.15 - - [24/Jun/2025:10:00:14 +0000] "GET /wp-content/uploads/2020/06/testimonial-2-150x150.jpg HTTP/1.1" 200 3854 "https://stimmegabuana.ac.id/" "Plesk screenshot bot https://support.plesk.com/hc/en-us/articles/10301006946066"
34.240.150.15 - - [24/Jun/2025:10:00:14 +0000] "GET /wp-content/uploads/2020/06/about-left-img.jpg HTTP/1.1" 200 74606 "https://stimmegabuana.ac.id/" "Plesk screenshot bot https://support.plesk.com/hc/en-us/articles/10301006946066"
34.240.150.15 - - [24/Jun/2025:10:00:14 +0000] "GET /wp-content/plugins/revslider/public/css/fonts/revicons/css/revicons.css HTTP/1.1" 200 4451 "https://stimmegabuana.ac.id/" "Plesk screenshot bot https://support.plesk.com/hc/en-us/articles/10301006946066"
34.240.150.15 - - [24/Jun/2025:10:00:14 +0000] "GET /wp-content/uploads/2020/06/banner-2.jpg HTTP/1.1" 200 1536 "https://stimmegabuana.ac.id/" "Plesk screenshot bot https://support.plesk.com/hc/en-us/articles/10301006946066"
34.240.150.15 - - [24/Jun/2025:10:00:14 +0000] "GET /wp-content/plugins/contact-form-7/includes/swv/js/index.js?ver=6.0.6 HTTP/1.1" 200 12512 "https://stimmegabuana.ac.id/" "Plesk screenshot bot https://support.plesk.com/hc/en-us/articles/10301006946066"
34.240.150.15 - - [24/Jun/2025:10:00:14 +0000] "GET /wp-includes/js/dist/i18n.min.js?ver=5e580eb46a90c2b997e6 HTTP/1.1" 200 9141 "https://stimmegabuana.ac.id/" "Plesk screenshot bot https://support.plesk.com/hc/en-us/articles/10301006946066"
34.240.150.15 - - [24/Jun/2025:10:00:14 +0000] "GET /wp-includes/js/jquery/ui/effect.min.js?ver=1.13.3 HTTP/1.1" 200 10332 "https://stimmegabuana.ac.id/" "Plesk screenshot bot https://support.plesk.com/hc/en-us/articles/10301006946066"
34.240.150.15 - - [24/Jun/2025:10:00:14 +0000] "GET /wp-content/uploads/2020/06/about-bg-left.jpg HTTP/1.1" 200 34116 "https://stimmegabuana.ac.id/" "Plesk screenshot bot https://support.plesk.com/hc/en-us/articles/10301006946066"
34.240.150.15 - - [24/Jun/2025:10:00:14 +0000] "GET /wp-content/uploads/2016/06/iStock-1016763896-150x150.jpg HTTP/1.1" 200 6573 "https://stimmegabuana.ac.id/" "Plesk screenshot bot https://support.plesk.com/hc/en-us/articles/10301006946066"
34.240.150.15 - - [24/Jun/2025:10:00:14 +0000] "GET /wp-content/plugins/newsletter/main.js?ver=8.9.1 HTTP/1.1" 200 774 "https://stimmegabuana.ac.id/" "Plesk screenshot bot https://support.plesk.com/hc/en-us/articles/10301006946066"
34.240.150.15 - - [24/Jun/2025:10:00:14 +0000] "GET /wp-content/uploads/2020/06/tab-image-4-2.jpg HTTP/1.1" 200 31095 "https://stimmegabuana.ac.id/" "Plesk screenshot bot https://support.plesk.com/hc/en-us/articles/10301006946066"
34.240.150.15 - - [24/Jun/2025:10:00:14 +0000] "GET /wp-content/plugins/goodlayers-core/plugins/elegant/ElegantIcons.woff HTTP/1.1" 200 63664 "https://stimmegabuana.ac.id/wp-content/plugins/goodlayers-core/plugins/elegant/elegant-font.css?ver=6.8.1" "Plesk screenshot bot https://support.plesk.com/hc/en-us/articles/10301006946066"
34.240.150.15 - - [24/Jun/2025:10:00:14 +0000] "GET /wp-content/uploads/2018/08/personnel-1-1.jpg HTTP/1.1" 200 41725 "https://stimmegabuana.ac.id/" "Plesk screenshot bot https://support.plesk.com/hc/en-us/articles/10301006946066"
34.240.150.15 - - [24/Jun/2025:10:00:15 +0000] "GET /wp-content/uploads/2020/06/hp-about-right.png HTTP/1.1" 200 149193 "https://stimmegabuana.ac.id/" "Plesk screenshot bot https://support.plesk.com/hc/en-us/articles/10301006946066"
34.240.150.15 - - [24/Jun/2025:10:00:15 +0000] "GET /wp-content/plugins/revslider/public/js/libs/tptools.js?ver=6.7.34 HTTP/1.1" 200 209124 "https://stimmegabuana.ac.id/" "Plesk screenshot bot https://support.plesk.com/hc/en-us/articles/10301006946066"
34.240.150.15 - - [24/Jun/2025:10:00:15 +0000] "GET /wp-content/plugins/revslider/public/js/sr7.js?ver=6.7.34 HTTP/1.1" 200 338381 "https://stimmegabuana.ac.id/" "Plesk screenshot bot https://support.plesk.com/hc/en-us/articles/10301006946066"
34.240.150.15 - - [24/Jun/2025:10:00:15 +0000] "GET /wp-content/uploads/2018/08/Portrait5.jpg HTTP/1.1" 200 275570 "https://stimmegabuana.ac.id/" "Plesk screenshot bot https://support.plesk.com/hc/en-us/articles/10301006946066"
34.240.150.15 - - [24/Jun/2025:10:00:15 +0000] "GET /wp-content/plugins/goodlayers-core/plugins/script.js?ver=1750757690 HTTP/1.1" 200 399791 "https://stimmegabuana.ac.id/" "Plesk screenshot bot https://support.plesk.com/hc/en-us/articles/10301006946066"
34.240.150.15 - - [24/Jun/2025:10:00:16 +0000] "GET /wp-includes/js/wp-emoji-release.min.js?ver=6.8.1 HTTP/1.1" 200 19264 "https://stimmegabuana.ac.id/" "Plesk screenshot bot https://support.plesk.com/hc/en-us/articles/10301006946066"
34.240.150.15 - - [24/Jun/2025:10:00:16 +0000] "GET /wp-content/plugins/revslider/public/css/sr7.lp.css HTTP/1.1" 200 4237 "https://stimmegabuana.ac.id/" "Plesk screenshot bot https://support.plesk.com/hc/en-us/articles/10301006946066"
34.240.150.15 - - [24/Jun/2025:10:00:16 +0000] "GET /wp-content/plugins/revslider/public/css/sr7.media.css HTTP/1.1" 200 1811 "https://stimmegabuana.ac.id/" "Plesk screenshot bot https://support.plesk.com/hc/en-us/articles/10301006946066"
34.240.150.15 - - [24/Jun/2025:10:00:16 +0000] "GET /wp-content/plugins/revslider/public/css/sr7.nav.css HTTP/1.1" 200 2340 "https://stimmegabuana.ac.id/" "Plesk screenshot bot https://support.plesk.com/hc/en-us/articles/10301006946066"
34.240.150.15 - - [24/Jun/2025:10:00:16 +0000] "GET /wp-content/uploads/revslider/Home-Online-Academy/slider-1-1-50x100.jpg HTTP/1.1" 200 1736 "https://stimmegabuana.ac.id/" "Plesk screenshot bot https://support.plesk.com/hc/en-us/articles/10301006946066"
34.240.150.15 - - [24/Jun/2025:10:00:17 +0000] "GET /wp-content/uploads/revslider/Home-Online-Academy/slider-1-1.jpg HTTP/1.1" 200 85982 "https://stimmegabuana.ac.id/" "Plesk screenshot bot https://support.plesk.com/hc/en-us/articles/10301006946066"
34.240.150.15 - - [24/Jun/2025:10:00:17 +0000] "GET /wp-content/uploads/revslider/Home-Online-Academy/slider-video.png HTTP/1.1" 200 1576 "https://stimmegabuana.ac.id/" "Plesk screenshot bot https://support.plesk.com/hc/en-us/articles/10301006946066"
34.240.150.15 - - [24/Jun/2025:10:00:17 +0000] "GET /wp-content/uploads/revslider/Home-Online-Academy/slider-video.png HTTP/1.1" 200 1576 "https://stimmegabuana.ac.id/" "Plesk screenshot bot https://support.plesk.com/hc/en-us/articles/10301006946066"
34.240.150.15 - - [24/Jun/2025:10:00:17 +0000] "GET /wp-content/plugins/revslider/public/css/fonts/revicons/fonts/revicons.woff?5510888 HTTP/1.1" 200 7536 "https://stimmegabuana.ac.id/wp-content/plugins/revslider/public/css/fonts/revicons/css/revicons.css" "Plesk screenshot bot https://support.plesk.com/hc/en-us/articles/10301006946066"
34.240.150.15 - - [24/Jun/2025:10:00:17 +0000] "GET /favicon.ico HTTP/1.1" 302 0 "https://stimmegabuana.ac.id/" "Plesk screenshot bot https://support.plesk.com/hc/en-us/articles/10301006946066"
34.240.150.15 - - [24/Jun/2025:10:00:17 +0000] "GET /wp-includes/images/w-logo-blue-white-bg.png HTTP/1.1" 200 4119 "https://stimmegabuana.ac.id/" "Plesk screenshot bot https://support.plesk.com/hc/en-us/articles/10301006946066"
159.198.77.92 - - [24/Jun/2025:10:02:38 +0000] "POST /wp-cron.php?doing_wp_cron=1750759357.6458959579467773437500 HTTP/1.1" 200 0 "-" "WordPress/6.8.1; https://stimmegabuana.ac.id"
4.227.36.89 - - [24/Jun/2025:10:02:38 +0000] "GET /robots.txt HTTP/1.1" 200 131 "-" "Mozilla/5.0 AppleWebKit/537.36 (KHTML, like Gecko; compatible; GPTBot/1.2; +https://openai.com/gptbot)"
159.198.77.92 - - [24/Jun/2025:10:05:28 +0000] "POST /wp-cron.php?doing_wp_cron=1750759528.6951370239257812500000 HTTP/1.1" 200 0 "-" "WordPress/6.8.1; https://stimmegabuana.ac.id"
20.171.207.242 - - [24/Jun/2025:10:05:28 +0000] "GET /wp-sitemap.xml HTTP/1.1" 200 2080 "-" "Mozilla/5.0 AppleWebKit/537.36 (KHTML, like Gecko; compatible; GPTBot/1.2; +https://openai.com/gptbot)"
43.130.60.195 - - [24/Jun/2025:10:41:09 +0000] "GET / HTTP/1.1" 200 180850 "http://stimmegabuana.ac.id" "Mozilla/5.0 (iPhone; CPU iPhone OS 13_2_3 like Mac OS X) AppleWebKit/605.1.15 (KHTML, like Gecko) Version/13.0.3 Mobile/15E148 Safari/604.1"
103.197.242.113 - - [24/Jun/2025:10:50:24 +0000] "GET /front/plugins/goodlayers-core/plugins/combine/style.css HTTP/1.1" 404 0 "http://127.0.0.1:3000/" "Mozilla/5.0 (Windows NT 10.0; Win64; x64) AppleWebKit/537.36 (KHTML, like Gecko) Chrome/137.0.0.0 Safari/537.36"
103.197.242.113 - - [24/Jun/2025:10:50:24 +0000] "GET /front/css/custom.css HTTP/1.1" 404 0 "http://127.0.0.1:3000/" "Mozilla/5.0 (Windows NT 10.0; Win64; x64) AppleWebKit/537.36 (KHTML, like Gecko) Chrome/137.0.0.0 Safari/537.36"
103.197.242.113 - - [24/Jun/2025:10:50:24 +0000] "GET /front/plugins/revslider/public/assets/css/settings.css HTTP/1.1" 404 0 "http://127.0.0.1:3000/" "Mozilla/5.0 (Windows NT 10.0; Win64; x64) AppleWebKit/537.36 (KHTML, like Gecko) Chrome/137.0.0.0 Safari/537.36"
103.197.242.113 - - [24/Jun/2025:10:50:24 +0000] "GET /front/plugins/goodlayers-core/include/css/page-builder.css HTTP/1.1" 404 0 "http://127.0.0.1:3000/" "Mozilla/5.0 (Windows NT 10.0; Win64; x64) AppleWebKit/537.36 (KHTML, like Gecko) Chrome/137.0.0.0 Safari/537.36"
159.198.77.92 - - [24/Jun/2025:10:50:25 +0000] "POST /wp-cron.php?doing_wp_cron=1750762224.9328730106353759765625 HTTP/1.1" 200 0 "-" "WordPress/6.8.1; https://stimmegabuana.ac.id"
159.198.77.92 - - [24/Jun/2025:10:50:25 +0000] "POST /wp-cron.php?doing_wp_cron=1750762224.9328660964965820312500 HTTP/1.1" 200 0 "-" "WordPress/6.8.1; https://stimmegabuana.ac.id"
103.197.242.113 - - [24/Jun/2025:10:50:25 +0000] "GET /front/css/style-core.css HTTP/1.1" 404 0 "http://127.0.0.1:3000/" "Mozilla/5.0 (Windows NT 10.0; Win64; x64) AppleWebKit/537.36 (KHTML, like Gecko) Chrome/137.0.0.0 Safari/537.36"
103.197.242.113 - - [24/Jun/2025:10:50:25 +0000] "GET /front/css/kingster-style-custom.css HTTP/1.1" 404 0 "http://127.0.0.1:3000/" "Mozilla/5.0 (Windows NT 10.0; Win64; x64) AppleWebKit/537.36 (KHTML, like Gecko) Chrome/137.0.0.0 Safari/537.36"
103.197.242.113 - - [24/Jun/2025:10:50:25 +0000] "GET /front/css/kingster-style-custom.css HTTP/1.1" 404 74116 "http://127.0.0.1:3000/" "Mozilla/5.0 (Windows NT 10.0; Win64; x64) AppleWebKit/537.36 (KHTML, like Gecko) Chrome/137.0.0.0 Safari/537.36"
103.197.242.113 - - [24/Jun/2025:10:50:25 +0000] "GET /imagecache/ori/ddc4c2656138b95f17f9248c2cabf6a8.webp HTTP/1.1" 404 74124 "http://127.0.0.1:3000/" "Mozilla/5.0 (Windows NT 10.0; Win64; x64) AppleWebKit/537.36 (KHTML, like Gecko) Chrome/137.0.0.0 Safari/537.36"
103.197.242.113 - - [24/Jun/2025:10:50:25 +0000] "GET /front/plugins/goodlayers-core/include/css/page-builder.css HTTP/1.1" 404 74116 "http://127.0.0.1:3000/" "Mozilla/5.0 (Windows NT 10.0; Win64; x64) AppleWebKit/537.36 (KHTML, like Gecko) Chrome/137.0.0.0 Safari/537.36"
103.197.242.113 - - [24/Jun/2025:10:50:25 +0000] "GET /front/images/logo-stim-new.png HTTP/1.1" 404 74124 "http://127.0.0.1:3000/" "Mozilla/5.0 (Windows NT 10.0; Win64; x64) AppleWebKit/537.36 (KHTML, like Gecko) Chrome/137.0.0.0 Safari/537.36"
103.197.242.113 - - [24/Jun/2025:10:50:25 +0000] "GET /front/css/style-core.css HTTP/1.1" 404 74100 "http://127.0.0.1:3000/" "Mozilla/5.0 (Windows NT 10.0; Win64; x64) AppleWebKit/537.36 (KHTML, like Gecko) Chrome/137.0.0.0 Safari/537.36"
103.197.242.113 - - [24/Jun/2025:10:50:25 +0000] "GET /front/css/custom.css HTTP/1.1" 404 74124 "http://127.0.0.1:3000/" "Mozilla/5.0 (Windows NT 10.0; Win64; x64) AppleWebKit/537.36 (KHTML, like Gecko) Chrome/137.0.0.0 Safari/537.36"
103.197.242.113 - - [24/Jun/2025:10:50:25 +0000] "GET /front/plugins/goodlayers-core/plugins/combine/style.css HTTP/1.1" 404 74124 "http://127.0.0.1:3000/" "Mozilla/5.0 (Windows NT 10.0; Win64; x64) AppleWebKit/537.36 (KHTML, like Gecko) Chrome/137.0.0.0 Safari/537.36"
103.197.242.113 - - [24/Jun/2025:10:50:25 +0000] "GET /front/plugins/revslider/public/assets/css/settings.css HTTP/1.1" 404 74124 "http://127.0.0.1:3000/" "Mozilla/5.0 (Windows NT 10.0; Win64; x64) AppleWebKit/537.36 (KHTML, like Gecko) Chrome/137.0.0.0 Safari/537.36"
103.197.242.113 - - [24/Jun/2025:10:50:26 +0000] "GET /storage/testimony/092a0baa21460880d964aaab000470c0.webp HTTP/1.1" 404 74124 "http://127.0.0.1:3000/" "Mozilla/5.0 (Windows NT 10.0; Win64; x64) AppleWebKit/537.36 (KHTML, like Gecko) Chrome/137.0.0.0 Safari/537.36"
103.197.242.113 - - [24/Jun/2025:10:50:26 +0000] "GET /front/images/logo-stim-new.png HTTP/1.1" 404 74124 "http://127.0.0.1:3000/" "Mozilla/5.0 (Windows NT 10.0; Win64; x64) AppleWebKit/537.36 (KHTML, like Gecko) Chrome/137.0.0.0 Safari/537.36"
103.197.242.113 - - [24/Jun/2025:10:50:26 +0000] "GET /imagecache/ori/374688688c2e74c7c8a22a3c6e010353.webp HTTP/1.1" 404 74116 "http://127.0.0.1:3000/" "Mozilla/5.0 (Windows NT 10.0; Win64; x64) AppleWebKit/537.36 (KHTML, like Gecko) Chrome/137.0.0.0 Safari/537.36"
103.197.242.113 - - [24/Jun/2025:10:50:26 +0000] "GET /imagecache/ori/daa64573b02a812b3fcb6efc555dbcd0.webp HTTP/1.1" 404 74108 "http://127.0.0.1:3000/" "Mozilla/5.0 (Windows NT 10.0; Win64; x64) AppleWebKit/537.36 (KHTML, like Gecko) Chrome/137.0.0.0 Safari/537.36"
103.197.242.113 - - [24/Jun/2025:10:50:27 +0000] "GET /front/plugins/revslider/public/assets/js/jquery.themepunch.revolution.min.js HTTP/1.1" 404 74108 "http://127.0.0.1:3000/" "Mozilla/5.0 (Windows NT 10.0; Win64; x64) AppleWebKit/537.36 (KHTML, like Gecko) Chrome/137.0.0.0 Safari/537.36"
103.197.242.113 - - [24/Jun/2025:10:50:27 +0000] "GET /front/plugins/revslider/public/assets/js/extensions/revolution.extension.navigation.min.js HTTP/1.1" 404 74116 "http://127.0.0.1:3000/" "Mozilla/5.0 (Windows NT 10.0; Win64; x64) AppleWebKit/537.36 (KHTML, like Gecko) Chrome/137.0.0.0 Safari/537.36"
103.197.242.113 - - [24/Jun/2025:10:50:27 +0000] "GET /imagecache/ori/e601a465e44b41c99bcab3da8ebf70aa.webp HTTP/1.1" 404 74124 "http://127.0.0.1:3000/" "Mozilla/5.0 (Windows NT 10.0; Win64; x64) AppleWebKit/537.36 (KHTML, like Gecko) Chrome/137.0.0.0 Safari/537.36"
103.197.242.113 - - [24/Jun/2025:10:50:27 +0000] "GET /imagecache/ori/0de9aaee27b6f00fcb2e088ad9ea0ca5.webp HTTP/1.1" 404 74108 "http://127.0.0.1:3000/" "Mozilla/5.0 (Windows NT 10.0; Win64; x64) AppleWebKit/537.36 (KHTML, like Gecko) Chrome/137.0.0.0 Safari/537.36"
103.197.242.113 - - [24/Jun/2025:10:50:27 +0000] "GET /imagecache/ori/292406a4b6e16b1350df5da7755dff67.webp HTTP/1.1" 404 74116 "http://127.0.0.1:3000/" "Mozilla/5.0 (Windows NT 10.0; Win64; x64) AppleWebKit/537.36 (KHTML, like Gecko) Chrome/137.0.0.0 Safari/537.36"
103.197.242.113 - - [24/Jun/2025:10:50:27 +0000] "GET /imagecache/ori/d42f063fbe4352942627b8cd2922faf9.webp HTTP/1.1" 404 74124 "http://127.0.0.1:3000/" "Mozilla/5.0 (Windows NT 10.0; Win64; x64) AppleWebKit/537.36 (KHTML, like Gecko) Chrome/137.0.0.0 Safari/537.36"
103.197.242.113 - - [24/Jun/2025:10:50:27 +0000] "GET /storage/testimony/674df8f1d53e3136a8ecef9437e9a33f.webp HTTP/1.1" 404 74116 "http://127.0.0.1:3000/" "Mozilla/5.0 (Windows NT 10.0; Win64; x64) AppleWebKit/537.36 (KHTML, like Gecko) Chrome/137.0.0.0 Safari/537.36"
103.197.242.113 - - [24/Jun/2025:10:50:27 +0000] "GET /front/images/Logo-white.png HTTP/1.1" 404 74124 "http://127.0.0.1:3000/" "Mozilla/5.0 (Windows NT 10.0; Win64; x64) AppleWebKit/537.36 (KHTML, like Gecko) Chrome/137.0.0.0 Safari/537.36"
