103.197.242.113 - - [24/Jun/2025:09:21:58 +0000] "GET /wp-content/plugins/learnpress-import-export/assets/dist/js/admin/lp-migration-tutor.js?ver=685a6e344779e HTTP/1.1" 200 20518 "https://stimmegabuana.ac.id/wp-admin/edit.php?post_type=lp_course" "Mozilla/5.0 (Windows NT 10.0; Win64; x64) AppleWebKit/537.36 (KHTML, like Gecko) Chrome/137.0.0.0 Safari/537.36"
103.197.242.113 - - [24/Jun/2025:09:21:58 +0000] "POST /wp-admin/admin-ajax.php HTTP/1.1" 200 58 "https://stimmegabuana.ac.id/wp-admin/edit.php?post_type=lp_course" "Mozilla/5.0 (Windows NT 10.0; Win64; x64) AppleWebKit/537.36 (KHTML, like Gecko) Chrome/137.0.0.0 Safari/537.36"
103.197.242.113 - - [24/Jun/2025:09:21:58 +0000] "GET /wp-content/plugins/wp-fastest-cache/js/column.js?ver=1750756916 HTTP/1.1" 200 1411 "https://stimmegabuana.ac.id/wp-admin/edit.php?post_type=lp_course" "Mozilla/5.0 (Windows NT 10.0; Win64; x64) AppleWebKit/537.36 (KHTML, like Gecko) Chrome/137.0.0.0 Safari/537.36"
103.197.242.113 - - [24/Jun/2025:09:21:58 +0000] "GET /wp-content/plugins/wp-fastest-cache/js/toolbar.js?ver=1750756916 HTTP/1.1" 200 3514 "https://stimmegabuana.ac.id/wp-admin/edit.php?post_type=lp_course" "Mozilla/5.0 (Windows NT 10.0; Win64; x64) AppleWebKit/537.36 (KHTML, like Gecko) Chrome/137.0.0.0 Safari/537.36"
159.198.77.92 - - [24/Jun/2025:09:21:58 +0000] "POST /?lp_test_wp_remote=1 HTTP/1.1" 200 23 "-" "WordPress/6.8.1; https://stimmegabuana.ac.id"
103.197.242.113 - - [24/Jun/2025:09:21:58 +0000] "POST /wp-json/lp/v1/admin/tools/admin-notices HTTP/1.1" 200 563 "https://stimmegabuana.ac.id/wp-admin/edit.php?post_type=lp_course" "Mozilla/5.0 (Windows NT 10.0; Win64; x64) AppleWebKit/537.36 (KHTML, like Gecko) Chrome/137.0.0.0 Safari/537.36"
103.197.242.113 - - [24/Jun/2025:09:22:00 +0000] "GET /wp-admin/admin.php?page=theme_landing HTTP/1.1" 200 127479 "https://stimmegabuana.ac.id/wp-admin/edit.php?post_type=lp_course" "Mozilla/5.0 (Windows NT 10.0; Win64; x64) AppleWebKit/537.36 (KHTML, like Gecko) Chrome/137.0.0.0 Safari/537.36"
103.197.242.113 - - [24/Jun/2025:09:22:01 +0000] "GET /wp-content/plugins/learnpress-import-export/assets/dist/css/admin/learnpress-import-export-admin.css?ver=685a6e380898f HTTP/1.1" 200 9371 "https://stimmegabuana.ac.id/wp-admin/admin.php?page=theme_landing" "Mozilla/5.0 (Windows NT 10.0; Win64; x64) AppleWebKit/537.36 (KHTML, like Gecko) Chrome/137.0.0.0 Safari/537.36"
103.197.242.113 - - [24/Jun/2025:09:22:01 +0000] "GET /wp-content/plugins/wp-fastest-cache/css/style.css?ver=1750756920 HTTP/1.1" 200 19634 "https://stimmegabuana.ac.id/wp-admin/admin.php?page=theme_landing" "Mozilla/5.0 (Windows NT 10.0; Win64; x64) AppleWebKit/537.36 (KHTML, like Gecko) Chrome/137.0.0.0 Safari/537.36"
103.197.242.113 - - [24/Jun/2025:09:22:01 +0000] "GET /wp-content/plugins/wp-fastest-cache/css/toolbar.css?ver=1750756920 HTTP/1.1" 200 6109 "https://stimmegabuana.ac.id/wp-admin/admin.php?page=theme_landing" "Mozilla/5.0 (Windows NT 10.0; Win64; x64) AppleWebKit/537.36 (KHTML, like Gecko) Chrome/137.0.0.0 Safari/537.36"
103.197.242.113 - - [24/Jun/2025:09:22:01 +0000] "GET /wp-content/plugins/learnpress-import-export/assets/dist/js/admin/learnpress-import-export-global.js?ver=685a6e380898f HTTP/1.1" 200 385 "https://stimmegabuana.ac.id/wp-admin/admin.php?page=theme_landing" "Mozilla/5.0 (Windows NT 10.0; Win64; x64) AppleWebKit/537.36 (KHTML, like Gecko) Chrome/137.0.0.0 Safari/537.36"
103.197.242.113 - - [24/Jun/2025:09:22:01 +0000] "GET /wp-content/plugins/wp-fastest-cache/js/column.js?ver=1750756920 HTTP/1.1" 200 1411 "https://stimmegabuana.ac.id/wp-admin/admin.php?page=theme_landing" "Mozilla/5.0 (Windows NT 10.0; Win64; x64) AppleWebKit/537.36 (KHTML, like Gecko) Chrome/137.0.0.0 Safari/537.36"
103.197.242.113 - - [24/Jun/2025:09:22:02 +0000] "GET /wp-content/plugins/wp-fastest-cache/js/toolbar.js?ver=1750756920 HTTP/1.1" 200 3514 "https://stimmegabuana.ac.id/wp-admin/admin.php?page=theme_landing" "Mozilla/5.0 (Windows NT 10.0; Win64; x64) AppleWebKit/537.36 (KHTML, like Gecko) Chrome/137.0.0.0 Safari/537.36"
159.198.77.92 - - [24/Jun/2025:09:22:02 +0000] "POST /?lp_test_wp_remote=1 HTTP/1.1" 200 23 "-" "WordPress/6.8.1; https://stimmegabuana.ac.id"
103.197.242.113 - - [24/Jun/2025:09:22:02 +0000] "POST /wp-json/lp/v1/admin/tools/admin-notices HTTP/1.1" 200 563 "https://stimmegabuana.ac.id/wp-admin/admin.php?page=theme_landing" "Mozilla/5.0 (Windows NT 10.0; Win64; x64) AppleWebKit/537.36 (KHTML, like Gecko) Chrome/137.0.0.0 Safari/537.36"
103.197.242.113 - - [24/Jun/2025:09:22:13 +0000] "POST /wp-admin/admin-ajax.php HTTP/1.1" 200 226 "https://stimmegabuana.ac.id/wp-admin/admin.php?page=theme_landing" "Mozilla/5.0 (Windows NT 10.0; Win64; x64) AppleWebKit/537.36 (KHTML, like Gecko) Chrome/137.0.0.0 Safari/537.36"
103.197.242.113 - - [24/Jun/2025:09:22:15 +0000] "POST /wp-admin/admin-ajax.php HTTP/1.1" 200 31 "https://stimmegabuana.ac.id/wp-admin/admin.php?page=theme_landing" "Mozilla/5.0 (Windows NT 10.0; Win64; x64) AppleWebKit/537.36 (KHTML, like Gecko) Chrome/137.0.0.0 Safari/537.36"
103.197.242.113 - - [24/Jun/2025:09:22:15 +0000] "POST /wp-admin/admin-ajax.php HTTP/1.1" 200 31 "https://stimmegabuana.ac.id/wp-admin/admin.php?page=theme_landing" "Mozilla/5.0 (Windows NT 10.0; Win64; x64) AppleWebKit/537.36 (KHTML, like Gecko) Chrome/137.0.0.0 Safari/537.36"
103.197.242.113 - - [24/Jun/2025:09:22:15 +0000] "POST /wp-admin/admin-ajax.php HTTP/1.1" 200 31 "https://stimmegabuana.ac.id/wp-admin/admin.php?page=theme_landing" "Mozilla/5.0 (Windows NT 10.0; Win64; x64) AppleWebKit/537.36 (KHTML, like Gecko) Chrome/137.0.0.0 Safari/537.36"
103.197.242.113 - - [24/Jun/2025:09:22:15 +0000] "POST /wp-admin/admin-ajax.php HTTP/1.1" 200 31 "https://stimmegabuana.ac.id/wp-admin/admin.php?page=theme_landing" "Mozilla/5.0 (Windows NT 10.0; Win64; x64) AppleWebKit/537.36 (KHTML, like Gecko) Chrome/137.0.0.0 Safari/537.36"
103.197.242.113 - - [24/Jun/2025:09:22:15 +0000] "POST /wp-admin/admin-ajax.php HTTP/1.1" 200 31 "https://stimmegabuana.ac.id/wp-admin/admin.php?page=theme_landing" "Mozilla/5.0 (Windows NT 10.0; Win64; x64) AppleWebKit/537.36 (KHTML, like Gecko) Chrome/137.0.0.0 Safari/537.36"
103.197.242.113 - - [24/Jun/2025:09:22:15 +0000] "POST /wp-admin/admin-ajax.php HTTP/1.1" 200 31 "https://stimmegabuana.ac.id/wp-admin/admin.php?page=theme_landing" "Mozilla/5.0 (Windows NT 10.0; Win64; x64) AppleWebKit/537.36 (KHTML, like Gecko) Chrome/137.0.0.0 Safari/537.36"
103.197.242.113 - - [24/Jun/2025:09:22:15 +0000] "POST /wp-admin/admin-ajax.php HTTP/1.1" 200 31 "https://stimmegabuana.ac.id/wp-admin/admin.php?page=theme_landing" "Mozilla/5.0 (Windows NT 10.0; Win64; x64) AppleWebKit/537.36 (KHTML, like Gecko) Chrome/137.0.0.0 Safari/537.36"
103.197.242.113 - - [24/Jun/2025:09:22:15 +0000] "POST /wp-admin/admin-ajax.php HTTP/1.1" 200 31 "https://stimmegabuana.ac.id/wp-admin/admin.php?page=theme_landing" "Mozilla/5.0 (Windows NT 10.0; Win64; x64) AppleWebKit/537.36 (KHTML, like Gecko) Chrome/137.0.0.0 Safari/537.36"
103.197.242.113 - - [24/Jun/2025:09:22:15 +0000] "POST /wp-admin/admin-ajax.php HTTP/1.1" 200 31 "https://stimmegabuana.ac.id/wp-admin/admin.php?page=theme_landing" "Mozilla/5.0 (Windows NT 10.0; Win64; x64) AppleWebKit/537.36 (KHTML, like Gecko) Chrome/137.0.0.0 Safari/537.36"
103.197.242.113 - - [24/Jun/2025:09:22:15 +0000] "POST /wp-admin/admin-ajax.php HTTP/1.1" 200 31 "https://stimmegabuana.ac.id/wp-admin/admin.php?page=theme_landing" "Mozilla/5.0 (Windows NT 10.0; Win64; x64) AppleWebKit/537.36 (KHTML, like Gecko) Chrome/137.0.0.0 Safari/537.36"
103.197.242.113 - - [24/Jun/2025:09:22:15 +0000] "POST /wp-admin/admin-ajax.php HTTP/1.1" 200 31 "https://stimmegabuana.ac.id/wp-admin/admin.php?page=theme_landing" "Mozilla/5.0 (Windows NT 10.0; Win64; x64) AppleWebKit/537.36 (KHTML, like Gecko) Chrome/137.0.0.0 Safari/537.36"
103.197.242.113 - - [24/Jun/2025:09:22:15 +0000] "POST /wp-admin/admin-ajax.php HTTP/1.1" 200 31 "https://stimmegabuana.ac.id/wp-admin/admin.php?page=theme_landing" "Mozilla/5.0 (Windows NT 10.0; Win64; x64) AppleWebKit/537.36 (KHTML, like Gecko) Chrome/137.0.0.0 Safari/537.36"
103.197.242.113 - - [24/Jun/2025:09:22:15 +0000] "POST /wp-admin/admin-ajax.php HTTP/1.1" 200 31 "https://stimmegabuana.ac.id/wp-admin/admin.php?page=theme_landing" "Mozilla/5.0 (Windows NT 10.0; Win64; x64) AppleWebKit/537.36 (KHTML, like Gecko) Chrome/137.0.0.0 Safari/537.36"
103.197.242.113 - - [24/Jun/2025:09:22:15 +0000] "POST /wp-admin/admin-ajax.php HTTP/1.1" 200 31 "https://stimmegabuana.ac.id/wp-admin/admin.php?page=theme_landing" "Mozilla/5.0 (Windows NT 10.0; Win64; x64) AppleWebKit/537.36 (KHTML, like Gecko) Chrome/137.0.0.0 Safari/537.36"
103.197.242.113 - - [24/Jun/2025:09:22:15 +0000] "POST /wp-admin/admin-ajax.php HTTP/1.1" 200 31 "https://stimmegabuana.ac.id/wp-admin/admin.php?page=theme_landing" "Mozilla/5.0 (Windows NT 10.0; Win64; x64) AppleWebKit/537.36 (KHTML, like Gecko) Chrome/137.0.0.0 Safari/537.36"
103.197.242.113 - - [24/Jun/2025:09:22:15 +0000] "POST /wp-admin/admin-ajax.php HTTP/1.1" 200 31 "https://stimmegabuana.ac.id/wp-admin/admin.php?page=theme_landing" "Mozilla/5.0 (Windows NT 10.0; Win64; x64) AppleWebKit/537.36 (KHTML, like Gecko) Chrome/137.0.0.0 Safari/537.36"
103.197.242.113 - - [24/Jun/2025:09:22:15 +0000] "POST /wp-admin/admin-ajax.php HTTP/1.1" 200 31 "https://stimmegabuana.ac.id/wp-admin/admin.php?page=theme_landing" "Mozilla/5.0 (Windows NT 10.0; Win64; x64) AppleWebKit/537.36 (KHTML, like Gecko) Chrome/137.0.0.0 Safari/537.36"
103.197.242.113 - - [24/Jun/2025:09:22:15 +0000] "POST /wp-admin/admin-ajax.php HTTP/1.1" 200 31 "https://stimmegabuana.ac.id/wp-admin/admin.php?page=theme_landing" "Mozilla/5.0 (Windows NT 10.0; Win64; x64) AppleWebKit/537.36 (KHTML, like Gecko) Chrome/137.0.0.0 Safari/537.36"
103.197.242.113 - - [24/Jun/2025:09:22:16 +0000] "POST /wp-admin/admin-ajax.php HTTP/1.1" 200 31 "https://stimmegabuana.ac.id/wp-admin/admin.php?page=theme_landing" "Mozilla/5.0 (Windows NT 10.0; Win64; x64) AppleWebKit/537.36 (KHTML, like Gecko) Chrome/137.0.0.0 Safari/537.36"
103.197.242.113 - - [24/Jun/2025:09:22:16 +0000] "POST /wp-admin/admin-ajax.php HTTP/1.1" 200 31 "https://stimmegabuana.ac.id/wp-admin/admin.php?page=theme_landing" "Mozilla/5.0 (Windows NT 10.0; Win64; x64) AppleWebKit/537.36 (KHTML, like Gecko) Chrome/137.0.0.0 Safari/537.36"
103.197.242.113 - - [24/Jun/2025:09:22:16 +0000] "POST /wp-admin/admin-ajax.php HTTP/1.1" 200 31 "https://stimmegabuana.ac.id/wp-admin/admin.php?page=theme_landing" "Mozilla/5.0 (Windows NT 10.0; Win64; x64) AppleWebKit/537.36 (KHTML, like Gecko) Chrome/137.0.0.0 Safari/537.36"
103.197.242.113 - - [24/Jun/2025:09:22:16 +0000] "POST /wp-admin/admin-ajax.php HTTP/1.1" 200 31 "https://stimmegabuana.ac.id/wp-admin/admin.php?page=theme_landing" "Mozilla/5.0 (Windows NT 10.0; Win64; x64) AppleWebKit/537.36 (KHTML, like Gecko) Chrome/137.0.0.0 Safari/537.36"
103.197.242.113 - - [24/Jun/2025:09:22:16 +0000] "POST /wp-admin/admin-ajax.php HTTP/1.1" 200 31 "https://stimmegabuana.ac.id/wp-admin/admin.php?page=theme_landing" "Mozilla/5.0 (Windows NT 10.0; Win64; x64) AppleWebKit/537.36 (KHTML, like Gecko) Chrome/137.0.0.0 Safari/537.36"
103.197.242.113 - - [24/Jun/2025:09:22:16 +0000] "POST /wp-admin/admin-ajax.php HTTP/1.1" 200 31 "https://stimmegabuana.ac.id/wp-admin/admin.php?page=theme_landing" "Mozilla/5.0 (Windows NT 10.0; Win64; x64) AppleWebKit/537.36 (KHTML, like Gecko) Chrome/137.0.0.0 Safari/537.36"
103.197.242.113 - - [24/Jun/2025:09:22:16 +0000] "POST /wp-admin/admin-ajax.php HTTP/1.1" 200 31 "https://stimmegabuana.ac.id/wp-admin/admin.php?page=theme_landing" "Mozilla/5.0 (Windows NT 10.0; Win64; x64) AppleWebKit/537.36 (KHTML, like Gecko) Chrome/137.0.0.0 Safari/537.36"
103.197.242.113 - - [24/Jun/2025:09:22:16 +0000] "POST /wp-admin/admin-ajax.php HTTP/1.1" 200 31 "https://stimmegabuana.ac.id/wp-admin/admin.php?page=theme_landing" "Mozilla/5.0 (Windows NT 10.0; Win64; x64) AppleWebKit/537.36 (KHTML, like Gecko) Chrome/137.0.0.0 Safari/537.36"
103.197.242.113 - - [24/Jun/2025:09:22:16 +0000] "POST /wp-admin/admin-ajax.php HTTP/1.1" 200 31 "https://stimmegabuana.ac.id/wp-admin/admin.php?page=theme_landing" "Mozilla/5.0 (Windows NT 10.0; Win64; x64) AppleWebKit/537.36 (KHTML, like Gecko) Chrome/137.0.0.0 Safari/537.36"
103.197.242.113 - - [24/Jun/2025:09:22:16 +0000] "POST /wp-admin/admin-ajax.php HTTP/1.1" 200 31 "https://stimmegabuana.ac.id/wp-admin/admin.php?page=theme_landing" "Mozilla/5.0 (Windows NT 10.0; Win64; x64) AppleWebKit/537.36 (KHTML, like Gecko) Chrome/137.0.0.0 Safari/537.36"
103.197.242.113 - - [24/Jun/2025:09:22:16 +0000] "POST /wp-admin/admin-ajax.php HTTP/1.1" 200 31 "https://stimmegabuana.ac.id/wp-admin/admin.php?page=theme_landing" "Mozilla/5.0 (Windows NT 10.0; Win64; x64) AppleWebKit/537.36 (KHTML, like Gecko) Chrome/137.0.0.0 Safari/537.36"
103.197.242.113 - - [24/Jun/2025:09:22:16 +0000] "POST /wp-admin/admin-ajax.php HTTP/1.1" 200 31 "https://stimmegabuana.ac.id/wp-admin/admin.php?page=theme_landing" "Mozilla/5.0 (Windows NT 10.0; Win64; x64) AppleWebKit/537.36 (KHTML, like Gecko) Chrome/137.0.0.0 Safari/537.36"
103.197.242.113 - - [24/Jun/2025:09:22:16 +0000] "POST /wp-admin/admin-ajax.php HTTP/1.1" 200 31 "https://stimmegabuana.ac.id/wp-admin/admin.php?page=theme_landing" "Mozilla/5.0 (Windows NT 10.0; Win64; x64) AppleWebKit/537.36 (KHTML, like Gecko) Chrome/137.0.0.0 Safari/537.36"
103.197.242.113 - - [24/Jun/2025:09:22:16 +0000] "POST /wp-admin/admin-ajax.php HTTP/1.1" 200 31 "https://stimmegabuana.ac.id/wp-admin/admin.php?page=theme_landing" "Mozilla/5.0 (Windows NT 10.0; Win64; x64) AppleWebKit/537.36 (KHTML, like Gecko) Chrome/137.0.0.0 Safari/537.36"
103.197.242.113 - - [24/Jun/2025:09:22:16 +0000] "POST /wp-admin/admin-ajax.php HTTP/1.1" 200 31 "https://stimmegabuana.ac.id/wp-admin/admin.php?page=theme_landing" "Mozilla/5.0 (Windows NT 10.0; Win64; x64) AppleWebKit/537.36 (KHTML, like Gecko) Chrome/137.0.0.0 Safari/537.36"
103.197.242.113 - - [24/Jun/2025:09:22:16 +0000] "POST /wp-admin/admin-ajax.php HTTP/1.1" 200 31 "https://stimmegabuana.ac.id/wp-admin/admin.php?page=theme_landing" "Mozilla/5.0 (Windows NT 10.0; Win64; x64) AppleWebKit/537.36 (KHTML, like Gecko) Chrome/137.0.0.0 Safari/537.36"
103.197.242.113 - - [24/Jun/2025:09:22:16 +0000] "POST /wp-admin/admin-ajax.php HTTP/1.1" 200 31 "https://stimmegabuana.ac.id/wp-admin/admin.php?page=theme_landing" "Mozilla/5.0 (Windows NT 10.0; Win64; x64) AppleWebKit/537.36 (KHTML, like Gecko) Chrome/137.0.0.0 Safari/537.36"
103.197.242.113 - - [24/Jun/2025:09:22:16 +0000] "POST /wp-admin/admin-ajax.php HTTP/1.1" 200 31 "https://stimmegabuana.ac.id/wp-admin/admin.php?page=theme_landing" "Mozilla/5.0 (Windows NT 10.0; Win64; x64) AppleWebKit/537.36 (KHTML, like Gecko) Chrome/137.0.0.0 Safari/537.36"
103.197.242.113 - - [24/Jun/2025:09:22:17 +0000] "POST /wp-admin/admin-ajax.php HTTP/1.1" 200 31 "https://stimmegabuana.ac.id/wp-admin/admin.php?page=theme_landing" "Mozilla/5.0 (Windows NT 10.0; Win64; x64) AppleWebKit/537.36 (KHTML, like Gecko) Chrome/137.0.0.0 Safari/537.36"
103.197.242.113 - - [24/Jun/2025:09:22:17 +0000] "POST /wp-admin/admin-ajax.php HTTP/1.1" 200 31 "https://stimmegabuana.ac.id/wp-admin/admin.php?page=theme_landing" "Mozilla/5.0 (Windows NT 10.0; Win64; x64) AppleWebKit/537.36 (KHTML, like Gecko) Chrome/137.0.0.0 Safari/537.36"
103.197.242.113 - - [24/Jun/2025:09:22:17 +0000] "POST /wp-admin/admin-ajax.php HTTP/1.1" 200 31 "https://stimmegabuana.ac.id/wp-admin/admin.php?page=theme_landing" "Mozilla/5.0 (Windows NT 10.0; Win64; x64) AppleWebKit/537.36 (KHTML, like Gecko) Chrome/137.0.0.0 Safari/537.36"
103.197.242.113 - - [24/Jun/2025:09:22:17 +0000] "POST /wp-admin/admin-ajax.php HTTP/1.1" 200 31 "https://stimmegabuana.ac.id/wp-admin/admin.php?page=theme_landing" "Mozilla/5.0 (Windows NT 10.0; Win64; x64) AppleWebKit/537.36 (KHTML, like Gecko) Chrome/137.0.0.0 Safari/537.36"
103.197.242.113 - - [24/Jun/2025:09:22:17 +0000] "POST /wp-admin/admin-ajax.php HTTP/1.1" 200 31 "https://stimmegabuana.ac.id/wp-admin/admin.php?page=theme_landing" "Mozilla/5.0 (Windows NT 10.0; Win64; x64) AppleWebKit/537.36 (KHTML, like Gecko) Chrome/137.0.0.0 Safari/537.36"
103.197.242.113 - - [24/Jun/2025:09:22:20 +0000] "GET /wp-admin/admin-ajax.php?action=wpfc_delete_cache&path=%2Fwp-admin%2Fadmin.php&nonce=8730aad9f8&_=1750756919572 HTTP/1.1" 200 12 "https://stimmegabuana.ac.id/wp-admin/admin.php?page=theme_landing" "Mozilla/5.0 (Windows NT 10.0; Win64; x64) AppleWebKit/537.36 (KHTML, like Gecko) Chrome/137.0.0.0 Safari/537.36"
103.197.242.113 - - [24/Jun/2025:09:22:21 +0000] "GET /wp-admin/admin-ajax.php?action=wpfc_delete_cache_and_minified&path=%2Fwp-admin%2Fadmin.php&nonce=8730aad9f8&_=1750756919573 HTTP/1.1" 200 12 "https://stimmegabuana.ac.id/wp-admin/admin.php?page=theme_landing" "Mozilla/5.0 (Windows NT 10.0; Win64; x64) AppleWebKit/537.36 (KHTML, like Gecko) Chrome/137.0.0.0 Safari/537.36"
103.197.242.113 - - [24/Jun/2025:09:22:25 +0000] "GET / HTTP/1.1" 200 142478 "-" "Mozilla/5.0 (Windows NT 10.0; Win64; x64) AppleWebKit/537.36 (KHTML, like Gecko) Chrome/137.0.0.0 Safari/537.36"
159.198.77.92 - - [24/Jun/2025:09:22:34 +0000] "POST /wp-cron.php?doing_wp_cron=1750756954.3532500267028808593750 HTTP/1.1" 200 0 "-" "WordPress/6.8.1; https://stimmegabuana.ac.id"
103.197.242.113 - - [24/Jun/2025:09:22:34 +0000] "POST /wp-admin/admin-ajax.php HTTP/1.1" 200 714 "https://stimmegabuana.ac.id/wp-admin/admin.php?page=theme_landing" "Mozilla/5.0 (Windows NT 10.0; Win64; x64) AppleWebKit/537.36 (KHTML, like Gecko) Chrome/137.0.0.0 Safari/537.36"
103.197.242.113 - - [24/Jun/2025:09:22:36 +0000] "POST /wp-admin/admin-ajax.php HTTP/1.1" 200 31 "https://stimmegabuana.ac.id/wp-admin/admin.php?page=theme_landing" "Mozilla/5.0 (Windows NT 10.0; Win64; x64) AppleWebKit/537.36 (KHTML, like Gecko) Chrome/137.0.0.0 Safari/537.36"
103.197.242.113 - - [24/Jun/2025:09:22:36 +0000] "POST /wp-admin/admin-ajax.php HTTP/1.1" 200 31 "https://stimmegabuana.ac.id/wp-admin/admin.php?page=theme_landing" "Mozilla/5.0 (Windows NT 10.0; Win64; x64) AppleWebKit/537.36 (KHTML, like Gecko) Chrome/137.0.0.0 Safari/537.36"
103.197.242.113 - - [24/Jun/2025:09:22:36 +0000] "POST /wp-admin/admin-ajax.php HTTP/1.1" 200 31 "https://stimmegabuana.ac.id/wp-admin/admin.php?page=theme_landing" "Mozilla/5.0 (Windows NT 10.0; Win64; x64) AppleWebKit/537.36 (KHTML, like Gecko) Chrome/137.0.0.0 Safari/537.36"
103.197.242.113 - - [24/Jun/2025:09:22:36 +0000] "POST /wp-admin/admin-ajax.php HTTP/1.1" 200 31 "https://stimmegabuana.ac.id/wp-admin/admin.php?page=theme_landing" "Mozilla/5.0 (Windows NT 10.0; Win64; x64) AppleWebKit/537.36 (KHTML, like Gecko) Chrome/137.0.0.0 Safari/537.36"
103.197.242.113 - - [24/Jun/2025:09:22:36 +0000] "POST /wp-admin/admin-ajax.php HTTP/1.1" 200 31 "https://stimmegabuana.ac.id/wp-admin/admin.php?page=theme_landing" "Mozilla/5.0 (Windows NT 10.0; Win64; x64) AppleWebKit/537.36 (KHTML, like Gecko) Chrome/137.0.0.0 Safari/537.36"
103.197.242.113 - - [24/Jun/2025:09:22:36 +0000] "POST /wp-admin/admin-ajax.php HTTP/1.1" 200 31 "https://stimmegabuana.ac.id/wp-admin/admin.php?page=theme_landing" "Mozilla/5.0 (Windows NT 10.0; Win64; x64) AppleWebKit/537.36 (KHTML, like Gecko) Chrome/137.0.0.0 Safari/537.36"
103.197.242.113 - - [24/Jun/2025:09:22:36 +0000] "POST /wp-admin/admin-ajax.php HTTP/1.1" 200 31 "https://stimmegabuana.ac.id/wp-admin/admin.php?page=theme_landing" "Mozilla/5.0 (Windows NT 10.0; Win64; x64) AppleWebKit/537.36 (KHTML, like Gecko) Chrome/137.0.0.0 Safari/537.36"
103.197.242.113 - - [24/Jun/2025:09:22:36 +0000] "POST /wp-admin/admin-ajax.php HTTP/1.1" 200 31 "https://stimmegabuana.ac.id/wp-admin/admin.php?page=theme_landing" "Mozilla/5.0 (Windows NT 10.0; Win64; x64) AppleWebKit/537.36 (KHTML, like Gecko) Chrome/137.0.0.0 Safari/537.36"
103.197.242.113 - - [24/Jun/2025:09:22:36 +0000] "POST /wp-admin/admin-ajax.php HTTP/1.1" 200 31 "https://stimmegabuana.ac.id/wp-admin/admin.php?page=theme_landing" "Mozilla/5.0 (Windows NT 10.0; Win64; x64) AppleWebKit/537.36 (KHTML, like Gecko) Chrome/137.0.0.0 Safari/537.36"
103.197.242.113 - - [24/Jun/2025:09:22:36 +0000] "POST /wp-admin/admin-ajax.php HTTP/1.1" 200 31 "https://stimmegabuana.ac.id/wp-admin/admin.php?page=theme_landing" "Mozilla/5.0 (Windows NT 10.0; Win64; x64) AppleWebKit/537.36 (KHTML, like Gecko) Chrome/137.0.0.0 Safari/537.36"
103.197.242.113 - - [24/Jun/2025:09:22:36 +0000] "POST /wp-admin/admin-ajax.php HTTP/1.1" 200 31 "https://stimmegabuana.ac.id/wp-admin/admin.php?page=theme_landing" "Mozilla/5.0 (Windows NT 10.0; Win64; x64) AppleWebKit/537.36 (KHTML, like Gecko) Chrome/137.0.0.0 Safari/537.36"
103.197.242.113 - - [24/Jun/2025:09:22:36 +0000] "POST /wp-admin/admin-ajax.php HTTP/1.1" 200 31 "https://stimmegabuana.ac.id/wp-admin/admin.php?page=theme_landing" "Mozilla/5.0 (Windows NT 10.0; Win64; x64) AppleWebKit/537.36 (KHTML, like Gecko) Chrome/137.0.0.0 Safari/537.36"
103.197.242.113 - - [24/Jun/2025:09:22:36 +0000] "POST /wp-admin/admin-ajax.php HTTP/1.1" 200 31 "https://stimmegabuana.ac.id/wp-admin/admin.php?page=theme_landing" "Mozilla/5.0 (Windows NT 10.0; Win64; x64) AppleWebKit/537.36 (KHTML, like Gecko) Chrome/137.0.0.0 Safari/537.36"
103.197.242.113 - - [24/Jun/2025:09:22:36 +0000] "POST /wp-admin/admin-ajax.php HTTP/1.1" 200 31 "https://stimmegabuana.ac.id/wp-admin/admin.php?page=theme_landing" "Mozilla/5.0 (Windows NT 10.0; Win64; x64) AppleWebKit/537.36 (KHTML, like Gecko) Chrome/137.0.0.0 Safari/537.36"
103.197.242.113 - - [24/Jun/2025:09:22:36 +0000] "POST /wp-admin/admin-ajax.php HTTP/1.1" 200 31 "https://stimmegabuana.ac.id/wp-admin/admin.php?page=theme_landing" "Mozilla/5.0 (Windows NT 10.0; Win64; x64) AppleWebKit/537.36 (KHTML, like Gecko) Chrome/137.0.0.0 Safari/537.36"
103.197.242.113 - - [24/Jun/2025:09:22:36 +0000] "POST /wp-admin/admin-ajax.php HTTP/1.1" 200 31 "https://stimmegabuana.ac.id/wp-admin/admin.php?page=theme_landing" "Mozilla/5.0 (Windows NT 10.0; Win64; x64) AppleWebKit/537.36 (KHTML, like Gecko) Chrome/137.0.0.0 Safari/537.36"
103.197.242.113 - - [24/Jun/2025:09:22:36 +0000] "POST /wp-admin/admin-ajax.php HTTP/1.1" 200 31 "https://stimmegabuana.ac.id/wp-admin/admin.php?page=theme_landing" "Mozilla/5.0 (Windows NT 10.0; Win64; x64) AppleWebKit/537.36 (KHTML, like Gecko) Chrome/137.0.0.0 Safari/537.36"
103.197.242.113 - - [24/Jun/2025:09:22:36 +0000] "POST /wp-admin/admin-ajax.php HTTP/1.1" 200 31 "https://stimmegabuana.ac.id/wp-admin/admin.php?page=theme_landing" "Mozilla/5.0 (Windows NT 10.0; Win64; x64) AppleWebKit/537.36 (KHTML, like Gecko) Chrome/137.0.0.0 Safari/537.36"
103.197.242.113 - - [24/Jun/2025:09:22:36 +0000] "POST /wp-admin/admin-ajax.php HTTP/1.1" 200 31 "https://stimmegabuana.ac.id/wp-admin/admin.php?page=theme_landing" "Mozilla/5.0 (Windows NT 10.0; Win64; x64) AppleWebKit/537.36 (KHTML, like Gecko) Chrome/137.0.0.0 Safari/537.36"
103.197.242.113 - - [24/Jun/2025:09:22:36 +0000] "POST /wp-admin/admin-ajax.php HTTP/1.1" 200 31 "https://stimmegabuana.ac.id/wp-admin/admin.php?page=theme_landing" "Mozilla/5.0 (Windows NT 10.0; Win64; x64) AppleWebKit/537.36 (KHTML, like Gecko) Chrome/137.0.0.0 Safari/537.36"
103.197.242.113 - - [24/Jun/2025:09:22:37 +0000] "POST /wp-admin/admin-ajax.php HTTP/1.1" 200 31 "https://stimmegabuana.ac.id/wp-admin/admin.php?page=theme_landing" "Mozilla/5.0 (Windows NT 10.0; Win64; x64) AppleWebKit/537.36 (KHTML, like Gecko) Chrome/137.0.0.0 Safari/537.36"
103.197.242.113 - - [24/Jun/2025:09:22:37 +0000] "POST /wp-admin/admin-ajax.php HTTP/1.1" 200 31 "https://stimmegabuana.ac.id/wp-admin/admin.php?page=theme_landing" "Mozilla/5.0 (Windows NT 10.0; Win64; x64) AppleWebKit/537.36 (KHTML, like Gecko) Chrome/137.0.0.0 Safari/537.36"
103.197.242.113 - - [24/Jun/2025:09:22:37 +0000] "POST /wp-admin/admin-ajax.php HTTP/1.1" 200 31 "https://stimmegabuana.ac.id/wp-admin/admin.php?page=theme_landing" "Mozilla/5.0 (Windows NT 10.0; Win64; x64) AppleWebKit/537.36 (KHTML, like Gecko) Chrome/137.0.0.0 Safari/537.36"
103.197.242.113 - - [24/Jun/2025:09:22:37 +0000] "POST /wp-admin/admin-ajax.php HTTP/1.1" 200 31 "https://stimmegabuana.ac.id/wp-admin/admin.php?page=theme_landing" "Mozilla/5.0 (Windows NT 10.0; Win64; x64) AppleWebKit/537.36 (KHTML, like Gecko) Chrome/137.0.0.0 Safari/537.36"
103.197.242.113 - - [24/Jun/2025:09:22:37 +0000] "POST /wp-admin/admin-ajax.php HTTP/1.1" 200 31 "https://stimmegabuana.ac.id/wp-admin/admin.php?page=theme_landing" "Mozilla/5.0 (Windows NT 10.0; Win64; x64) AppleWebKit/537.36 (KHTML, like Gecko) Chrome/137.0.0.0 Safari/537.36"
103.197.242.113 - - [24/Jun/2025:09:22:37 +0000] "POST /wp-admin/admin-ajax.php HTTP/1.1" 200 31 "https://stimmegabuana.ac.id/wp-admin/admin.php?page=theme_landing" "Mozilla/5.0 (Windows NT 10.0; Win64; x64) AppleWebKit/537.36 (KHTML, like Gecko) Chrome/137.0.0.0 Safari/537.36"
103.197.242.113 - - [24/Jun/2025:09:22:37 +0000] "POST /wp-admin/admin-ajax.php HTTP/1.1" 200 31 "https://stimmegabuana.ac.id/wp-admin/admin.php?page=theme_landing" "Mozilla/5.0 (Windows NT 10.0; Win64; x64) AppleWebKit/537.36 (KHTML, like Gecko) Chrome/137.0.0.0 Safari/537.36"
103.197.242.113 - - [24/Jun/2025:09:22:37 +0000] "POST /wp-admin/admin-ajax.php HTTP/1.1" 200 31 "https://stimmegabuana.ac.id/wp-admin/admin.php?page=theme_landing" "Mozilla/5.0 (Windows NT 10.0; Win64; x64) AppleWebKit/537.36 (KHTML, like Gecko) Chrome/137.0.0.0 Safari/537.36"
103.197.242.113 - - [24/Jun/2025:09:22:37 +0000] "POST /wp-admin/admin-ajax.php HTTP/1.1" 200 31 "https://stimmegabuana.ac.id/wp-admin/admin.php?page=theme_landing" "Mozilla/5.0 (Windows NT 10.0; Win64; x64) AppleWebKit/537.36 (KHTML, like Gecko) Chrome/137.0.0.0 Safari/537.36"
103.197.242.113 - - [24/Jun/2025:09:22:37 +0000] "POST /wp-admin/admin-ajax.php HTTP/1.1" 200 31 "https://stimmegabuana.ac.id/wp-admin/admin.php?page=theme_landing" "Mozilla/5.0 (Windows NT 10.0; Win64; x64) AppleWebKit/537.36 (KHTML, like Gecko) Chrome/137.0.0.0 Safari/537.36"
103.197.242.113 - - [24/Jun/2025:09:22:37 +0000] "POST /wp-admin/admin-ajax.php HTTP/1.1" 200 31 "https://stimmegabuana.ac.id/wp-admin/admin.php?page=theme_landing" "Mozilla/5.0 (Windows NT 10.0; Win64; x64) AppleWebKit/537.36 (KHTML, like Gecko) Chrome/137.0.0.0 Safari/537.36"
103.197.242.113 - - [24/Jun/2025:09:22:37 +0000] "POST /wp-admin/admin-ajax.php HTTP/1.1" 200 31 "https://stimmegabuana.ac.id/wp-admin/admin.php?page=theme_landing" "Mozilla/5.0 (Windows NT 10.0; Win64; x64) AppleWebKit/537.36 (KHTML, like Gecko) Chrome/137.0.0.0 Safari/537.36"
103.197.242.113 - - [24/Jun/2025:09:22:37 +0000] "POST /wp-admin/admin-ajax.php HTTP/1.1" 200 31 "https://stimmegabuana.ac.id/wp-admin/admin.php?page=theme_landing" "Mozilla/5.0 (Windows NT 10.0; Win64; x64) AppleWebKit/537.36 (KHTML, like Gecko) Chrome/137.0.0.0 Safari/537.36"
103.197.242.113 - - [24/Jun/2025:09:22:37 +0000] "POST /wp-admin/admin-ajax.php HTTP/1.1" 200 31 "https://stimmegabuana.ac.id/wp-admin/admin.php?page=theme_landing" "Mozilla/5.0 (Windows NT 10.0; Win64; x64) AppleWebKit/537.36 (KHTML, like Gecko) Chrome/137.0.0.0 Safari/537.36"
103.197.242.113 - - [24/Jun/2025:09:22:37 +0000] "POST /wp-admin/admin-ajax.php HTTP/1.1" 200 31 "https://stimmegabuana.ac.id/wp-admin/admin.php?page=theme_landing" "Mozilla/5.0 (Windows NT 10.0; Win64; x64) AppleWebKit/537.36 (KHTML, like Gecko) Chrome/137.0.0.0 Safari/537.36"
103.197.242.113 - - [24/Jun/2025:09:22:37 +0000] "POST /wp-admin/admin-ajax.php HTTP/1.1" 200 31 "https://stimmegabuana.ac.id/wp-admin/admin.php?page=theme_landing" "Mozilla/5.0 (Windows NT 10.0; Win64; x64) AppleWebKit/537.36 (KHTML, like Gecko) Chrome/137.0.0.0 Safari/537.36"
103.197.242.113 - - [24/Jun/2025:09:22:37 +0000] "POST /wp-admin/admin-ajax.php HTTP/1.1" 200 31 "https://stimmegabuana.ac.id/wp-admin/admin.php?page=theme_landing" "Mozilla/5.0 (Windows NT 10.0; Win64; x64) AppleWebKit/537.36 (KHTML, like Gecko) Chrome/137.0.0.0 Safari/537.36"
103.197.242.113 - - [24/Jun/2025:09:22:37 +0000] "POST /wp-admin/admin-ajax.php HTTP/1.1" 200 31 "https://stimmegabuana.ac.id/wp-admin/admin.php?page=theme_landing" "Mozilla/5.0 (Windows NT 10.0; Win64; x64) AppleWebKit/537.36 (KHTML, like Gecko) Chrome/137.0.0.0 Safari/537.36"
103.197.242.113 - - [24/Jun/2025:09:22:37 +0000] "POST /wp-admin/admin-ajax.php HTTP/1.1" 200 31 "https://stimmegabuana.ac.id/wp-admin/admin.php?page=theme_landing" "Mozilla/5.0 (Windows NT 10.0; Win64; x64) AppleWebKit/537.36 (KHTML, like Gecko) Chrome/137.0.0.0 Safari/537.36"
103.197.242.113 - - [24/Jun/2025:09:22:37 +0000] "POST /wp-admin/admin-ajax.php HTTP/1.1" 200 31 "https://stimmegabuana.ac.id/wp-admin/admin.php?page=theme_landing" "Mozilla/5.0 (Windows NT 10.0; Win64; x64) AppleWebKit/537.36 (KHTML, like Gecko) Chrome/137.0.0.0 Safari/537.36"
103.197.242.113 - - [24/Jun/2025:09:22:38 +0000] "POST /wp-admin/admin-ajax.php HTTP/1.1" 200 31 "https://stimmegabuana.ac.id/wp-admin/admin.php?page=theme_landing" "Mozilla/5.0 (Windows NT 10.0; Win64; x64) AppleWebKit/537.36 (KHTML, like Gecko) Chrome/137.0.0.0 Safari/537.36"
103.197.242.113 - - [24/Jun/2025:09:22:38 +0000] "POST /wp-admin/admin-ajax.php HTTP/1.1" 200 31 "https://stimmegabuana.ac.id/wp-admin/admin.php?page=theme_landing" "Mozilla/5.0 (Windows NT 10.0; Win64; x64) AppleWebKit/537.36 (KHTML, like Gecko) Chrome/137.0.0.0 Safari/537.36"
103.197.242.113 - - [24/Jun/2025:09:22:38 +0000] "POST /wp-admin/admin-ajax.php HTTP/1.1" 200 31 "https://stimmegabuana.ac.id/wp-admin/admin.php?page=theme_landing" "Mozilla/5.0 (Windows NT 10.0; Win64; x64) AppleWebKit/537.36 (KHTML, like Gecko) Chrome/137.0.0.0 Safari/537.36"
103.197.242.113 - - [24/Jun/2025:09:22:38 +0000] "POST /wp-admin/admin-ajax.php HTTP/1.1" 200 31 "https://stimmegabuana.ac.id/wp-admin/admin.php?page=theme_landing" "Mozilla/5.0 (Windows NT 10.0; Win64; x64) AppleWebKit/537.36 (KHTML, like Gecko) Chrome/137.0.0.0 Safari/537.36"
103.197.242.113 - - [24/Jun/2025:09:22:38 +0000] "POST /wp-admin/admin-ajax.php HTTP/1.1" 200 31 "https://stimmegabuana.ac.id/wp-admin/admin.php?page=theme_landing" "Mozilla/5.0 (Windows NT 10.0; Win64; x64) AppleWebKit/537.36 (KHTML, like Gecko) Chrome/137.0.0.0 Safari/537.36"
103.197.242.113 - - [24/Jun/2025:09:22:38 +0000] "POST /wp-admin/admin-ajax.php HTTP/1.1" 200 31 "https://stimmegabuana.ac.id/wp-admin/admin.php?page=theme_landing" "Mozilla/5.0 (Windows NT 10.0; Win64; x64) AppleWebKit/537.36 (KHTML, like Gecko) Chrome/137.0.0.0 Safari/537.36"
103.197.242.113 - - [24/Jun/2025:09:22:38 +0000] "POST /wp-admin/admin-ajax.php HTTP/1.1" 200 31 "https://stimmegabuana.ac.id/wp-admin/admin.php?page=theme_landing" "Mozilla/5.0 (Windows NT 10.0; Win64; x64) AppleWebKit/537.36 (KHTML, like Gecko) Chrome/137.0.0.0 Safari/537.36"
103.197.242.113 - - [24/Jun/2025:09:22:38 +0000] "POST /wp-admin/admin-ajax.php HTTP/1.1" 200 31 "https://stimmegabuana.ac.id/wp-admin/admin.php?page=theme_landing" "Mozilla/5.0 (Windows NT 10.0; Win64; x64) AppleWebKit/537.36 (KHTML, like Gecko) Chrome/137.0.0.0 Safari/537.36"
103.197.242.113 - - [24/Jun/2025:09:22:38 +0000] "POST /wp-admin/admin-ajax.php HTTP/1.1" 200 31 "https://stimmegabuana.ac.id/wp-admin/admin.php?page=theme_landing" "Mozilla/5.0 (Windows NT 10.0; Win64; x64) AppleWebKit/537.36 (KHTML, like Gecko) Chrome/137.0.0.0 Safari/537.36"
103.197.242.113 - - [24/Jun/2025:09:22:38 +0000] "POST /wp-admin/admin-ajax.php HTTP/1.1" 200 31 "https://stimmegabuana.ac.id/wp-admin/admin.php?page=theme_landing" "Mozilla/5.0 (Windows NT 10.0; Win64; x64) AppleWebKit/537.36 (KHTML, like Gecko) Chrome/137.0.0.0 Safari/537.36"
103.197.242.113 - - [24/Jun/2025:09:22:38 +0000] "POST /wp-admin/admin-ajax.php HTTP/1.1" 200 31 "https://stimmegabuana.ac.id/wp-admin/admin.php?page=theme_landing" "Mozilla/5.0 (Windows NT 10.0; Win64; x64) AppleWebKit/537.36 (KHTML, like Gecko) Chrome/137.0.0.0 Safari/537.36"
103.197.242.113 - - [24/Jun/2025:09:22:38 +0000] "POST /wp-admin/admin-ajax.php HTTP/1.1" 200 31 "https://stimmegabuana.ac.id/wp-admin/admin.php?page=theme_landing" "Mozilla/5.0 (Windows NT 10.0; Win64; x64) AppleWebKit/537.36 (KHTML, like Gecko) Chrome/137.0.0.0 Safari/537.36"
103.197.242.113 - - [24/Jun/2025:09:22:42 +0000] "GET /wp-admin/admin-ajax.php?action=wpfc_delete_cache&path=%2Fwp-admin%2Fadmin.php&nonce=8730aad9f8&_=1750756919574 HTTP/1.1" 200 12 "https://stimmegabuana.ac.id/wp-admin/admin.php?page=theme_landing" "Mozilla/5.0 (Windows NT 10.0; Win64; x64) AppleWebKit/537.36 (KHTML, like Gecko) Chrome/137.0.0.0 Safari/537.36"
103.197.242.113 - - [24/Jun/2025:09:22:43 +0000] "GET /wp-admin/admin-ajax.php?action=wpfc_delete_cache_and_minified&path=%2Fwp-admin%2Fadmin.php&nonce=8730aad9f8&_=1750756919575 HTTP/1.1" 200 12 "https://stimmegabuana.ac.id/wp-admin/admin.php?page=theme_landing" "Mozilla/5.0 (Windows NT 10.0; Win64; x64) AppleWebKit/537.36 (KHTML, like Gecko) Chrome/137.0.0.0 Safari/537.36"
103.197.242.113 - - [24/Jun/2025:09:22:45 +0000] "GET / HTTP/1.1" 200 142478 "-" "Mozilla/5.0 (Windows NT 10.0; Win64; x64) AppleWebKit/537.36 (KHTML, like Gecko) Chrome/137.0.0.0 Safari/537.36"
103.197.242.113 - - [24/Jun/2025:09:22:48 +0000] "GET /gallery-post-format/ HTTP/1.1" 200 83730 "https://stimmegabuana.ac.id/" "Mozilla/5.0 (Windows NT 10.0; Win64; x64) AppleWebKit/537.36 (KHTML, like Gecko) Chrome/137.0.0.0 Safari/537.36"
103.197.242.113 - - [24/Jun/2025:09:22:49 +0000] "GET /wp-content/uploads/kingster-style-custom.css?1750756954&ver=6.8.1 HTTP/1.1" 200 113345 "https://stimmegabuana.ac.id/gallery-post-format/" "Mozilla/5.0 (Windows NT 10.0; Win64; x64) AppleWebKit/537.36 (KHTML, like Gecko) Chrome/137.0.0.0 Safari/537.36"
103.197.242.113 - - [24/Jun/2025:09:22:49 +0000] "GET /wp-content/plugins/learnpress-import-export/assets/dist/css/frontend/learnpress-import-export-global.css?ver=685a6e67f1f21 HTTP/1.1" 200 0 "https://stimmegabuana.ac.id/gallery-post-format/" "Mozilla/5.0 (Windows NT 10.0; Win64; x64) AppleWebKit/537.36 (KHTML, like Gecko) Chrome/137.0.0.0 Safari/537.36"
103.197.242.113 - - [24/Jun/2025:09:22:49 +0000] "GET /wp-content/uploads/2016/06/shutterstock_516640027-500x692.jpg HTTP/1.1" 200 53393 "https://stimmegabuana.ac.id/gallery-post-format/" "Mozilla/5.0 (Windows NT 10.0; Win64; x64) AppleWebKit/537.36 (KHTML, like Gecko) Chrome/137.0.0.0 Safari/537.36"
103.197.242.113 - - [24/Jun/2025:09:22:49 +0000] "GET /wp-content/plugins/goodlayers-core/plugins/style.css?ver=1750756954 HTTP/1.1" 200 29382 "https://stimmegabuana.ac.id/gallery-post-format/" "Mozilla/5.0 (Windows NT 10.0; Win64; x64) AppleWebKit/537.36 (KHTML, like Gecko) Chrome/137.0.0.0 Safari/537.36"
103.197.242.113 - - [24/Jun/2025:09:22:49 +0000] "GET /wp-content/uploads/2016/06/shutterstock_685407757-500x346.jpg HTTP/1.1" 200 33762 "https://stimmegabuana.ac.id/gallery-post-format/" "Mozilla/5.0 (Windows NT 10.0; Win64; x64) AppleWebKit/537.36 (KHTML, like Gecko) Chrome/137.0.0.0 Safari/537.36"
103.197.242.113 - - [24/Jun/2025:09:22:50 +0000] "GET /wp-content/uploads/2016/06/shutterstock_787201486-500x346.jpg HTTP/1.1" 200 31691 "https://stimmegabuana.ac.id/gallery-post-format/" "Mozilla/5.0 (Windows NT 10.0; Win64; x64) AppleWebKit/537.36 (KHTML, like Gecko) Chrome/137.0.0.0 Safari/537.36"
103.197.242.113 - - [24/Jun/2025:09:22:50 +0000] "GET /wp-content/plugins/learnpress-import-export/assets/dist/js/frontend/learnpress-import-export-global.js?ver=685a6e67f1f21 HTTP/1.1" 200 394 "https://stimmegabuana.ac.id/gallery-post-format/" "Mozilla/5.0 (Windows NT 10.0; Win64; x64) AppleWebKit/537.36 (KHTML, like Gecko) Chrome/137.0.0.0 Safari/537.36"
103.197.242.113 - - [24/Jun/2025:09:22:50 +0000] "GET /wp-content/uploads/2018/08/shutterstock_150681635-1-1000x346.jpg HTTP/1.1" 200 77617 "https://stimmegabuana.ac.id/gallery-post-format/" "Mozilla/5.0 (Windows NT 10.0; Win64; x64) AppleWebKit/537.36 (KHTML, like Gecko) Chrome/137.0.0.0 Safari/537.36"
103.197.242.113 - - [24/Jun/2025:09:22:50 +0000] "GET /wp-includes/js/comment-reply.min.js?ver=6.8.1 HTTP/1.1" 200 3026 "https://stimmegabuana.ac.id/gallery-post-format/" "Mozilla/5.0 (Windows NT 10.0; Win64; x64) AppleWebKit/537.36 (KHTML, like Gecko) Chrome/137.0.0.0 Safari/537.36"
103.197.242.113 - - [24/Jun/2025:09:22:50 +0000] "GET /wp-content/plugins/goodlayers-core/plugins/script.js?ver=1750756954 HTTP/1.1" 200 399791 "https://stimmegabuana.ac.id/gallery-post-format/" "Mozilla/5.0 (Windows NT 10.0; Win64; x64) AppleWebKit/537.36 (KHTML, like Gecko) Chrome/137.0.0.0 Safari/537.36"
103.197.242.113 - - [24/Jun/2025:09:22:51 +0000] "GET /kingster/course-search/?course-keywords HTTP/1.1" 301 0 "https://stimmegabuana.ac.id/gallery-post-format/" "Mozilla/5.0 (Windows NT 10.0; Win64; x64) AppleWebKit/537.36 (KHTML, like Gecko) Chrome/137.0.0.0 Safari/537.36"
103.197.242.113 - - [24/Jun/2025:09:22:51 +0000] "GET /course-search/?course-keywords HTTP/1.1" 200 89652 "https://stimmegabuana.ac.id/gallery-post-format/" "Mozilla/5.0 (Windows NT 10.0; Win64; x64) AppleWebKit/537.36 (KHTML, like Gecko) Chrome/137.0.0.0 Safari/537.36"
103.197.242.113 - - [24/Jun/2025:09:22:52 +0000] "GET /wp-content/plugins/learnpress-import-export/assets/dist/js/frontend/learnpress-import-export-global.js?ver=685a6e6ba01a3 HTTP/1.1" 200 394 "https://stimmegabuana.ac.id/course-search/?course-keywords" "Mozilla/5.0 (Windows NT 10.0; Win64; x64) AppleWebKit/537.36 (KHTML, like Gecko) Chrome/137.0.0.0 Safari/537.36"
103.197.242.113 - - [24/Jun/2025:09:22:52 +0000] "GET /wp-content/plugins/learnpress-import-export/assets/dist/css/frontend/learnpress-import-export-global.css?ver=685a6e6ba01a3 HTTP/1.1" 200 0 "https://stimmegabuana.ac.id/course-search/?course-keywords" "Mozilla/5.0 (Windows NT 10.0; Win64; x64) AppleWebKit/537.36 (KHTML, like Gecko) Chrome/137.0.0.0 Safari/537.36"
103.197.242.113 - - [24/Jun/2025:09:22:53 +0000] "GET /wp-content/uploads/2018/08/search-bg-2.jpg HTTP/1.1" 200 19924 "https://stimmegabuana.ac.id/course-search/?course-keywords" "Mozilla/5.0 (Windows NT 10.0; Win64; x64) AppleWebKit/537.36 (KHTML, like Gecko) Chrome/137.0.0.0 Safari/537.36"
103.197.242.113 - - [24/Jun/2025:09:22:55 +0000] "GET / HTTP/1.1" 200 142478 "https://stimmegabuana.ac.id/course-search/?course-keywords" "Mozilla/5.0 (Windows NT 10.0; Win64; x64) AppleWebKit/537.36 (KHTML, like Gecko) Chrome/137.0.0.0 Safari/537.36"
103.197.242.113 - - [24/Jun/2025:09:22:56 +0000] "GET / HTTP/1.1" 200 142478 "-" "Mozilla/5.0 (Windows NT 10.0; Win64; x64) AppleWebKit/537.36 (KHTML, like Gecko) Chrome/137.0.0.0 Safari/537.36"
103.197.242.113 - - [24/Jun/2025:09:23:02 +0000] "POST /wp-admin/admin-ajax.php HTTP/1.1" 200 58 "https://stimmegabuana.ac.id/wp-admin/admin.php?page=theme_landing" "Mozilla/5.0 (Windows NT 10.0; Win64; x64) AppleWebKit/537.36 (KHTML, like Gecko) Chrome/137.0.0.0 Safari/537.36"
103.197.242.113 - - [24/Jun/2025:09:23:05 +0000] "GET / HTTP/1.1" 200 142478 "https://stimmegabuana.ac.id/" "Mozilla/5.0 (Windows NT 10.0; Win64; x64) AppleWebKit/537.36 (KHTML, like Gecko) Chrome/137.0.0.0 Safari/537.36"
103.197.242.113 - - [24/Jun/2025:09:23:07 +0000] "GET / HTTP/1.1" 200 142478 "https://stimmegabuana.ac.id/" "Mozilla/5.0 (Windows NT 10.0; Win64; x64) AppleWebKit/537.36 (KHTML, like Gecko) Chrome/137.0.0.0 Safari/537.36"
159.198.77.92 - - [24/Jun/2025:09:24:04 +0000] "POST /wp-cron.php?doing_wp_cron=1750757044.3496310710906982421875 HTTP/1.1" 200 0 "-" "WordPress/6.8.1; https://stimmegabuana.ac.id"
103.197.242.113 - - [24/Jun/2025:09:24:04 +0000] "POST /wp-admin/admin-ajax.php HTTP/1.1" 200 58 "https://stimmegabuana.ac.id/wp-admin/admin.php?page=theme_landing" "Mozilla/5.0 (Windows NT 10.0; Win64; x64) AppleWebKit/537.36 (KHTML, like Gecko) Chrome/137.0.0.0 Safari/537.36"
159.198.77.92 - - [24/Jun/2025:09:26:04 +0000] "POST /wp-cron.php?doing_wp_cron=1750757164.3346579074859619140625 HTTP/1.1" 200 0 "-" "WordPress/6.8.1; https://stimmegabuana.ac.id"
103.197.242.113 - - [24/Jun/2025:09:26:04 +0000] "POST /wp-admin/admin-ajax.php HTTP/1.1" 200 58 "https://stimmegabuana.ac.id/wp-admin/admin.php?page=theme_landing" "Mozilla/5.0 (Windows NT 10.0; Win64; x64) AppleWebKit/537.36 (KHTML, like Gecko) Chrome/137.0.0.0 Safari/537.36"
159.198.77.92 - - [24/Jun/2025:09:28:04 +0000] "POST /wp-cron.php?doing_wp_cron=1750757284.3525869846343994140625 HTTP/1.1" 200 0 "-" "WordPress/6.8.1; https://stimmegabuana.ac.id"
103.197.242.113 - - [24/Jun/2025:09:28:04 +0000] "POST /wp-admin/admin-ajax.php HTTP/1.1" 200 58 "https://stimmegabuana.ac.id/wp-admin/admin.php?page=theme_landing" "Mozilla/5.0 (Windows NT 10.0; Win64; x64) AppleWebKit/537.36 (KHTML, like Gecko) Chrome/137.0.0.0 Safari/537.36"
159.198.77.92 - - [24/Jun/2025:09:30:05 +0000] "POST /wp-cron.php?doing_wp_cron=1750757405.3712649345397949218750 HTTP/1.1" 200 0 "-" "WordPress/6.8.1; https://stimmegabuana.ac.id"
103.197.242.113 - - [24/Jun/2025:09:30:05 +0000] "POST /wp-admin/admin-ajax.php HTTP/1.1" 200 58 "https://stimmegabuana.ac.id/wp-admin/admin.php?page=theme_landing" "Mozilla/5.0 (Windows NT 10.0; Win64; x64) AppleWebKit/537.36 (KHTML, like Gecko) Chrome/137.0.0.0 Safari/537.36"
159.198.77.92 - - [24/Jun/2025:09:30:54 +0000] "POST /wp-cron.php?doing_wp_cron=1750757453.9240849018096923828125 HTTP/1.1" 200 0 "-" "WordPress/6.8.1; https://stimmegabuana.ac.id"
54.36.148.106 - - [24/Jun/2025:09:30:54 +0000] "GET / HTTP/1.1" 200 161151 "-" "Mozilla/5.0 (compatible; AhrefsBot/7.0; +http://ahrefs.com/robot/)"
202.8.43.89 - - [24/Jun/2025:09:30:57 +0000] "GET /wp-content/plugins/learnpress-import-export/assets/dist/css/frontend/learnpress-import-export-global.css?ver=685a704dd48e5 HTTP/1.1" 200 0 "https://stimmegabuana.ac.id/" "Mozilla/5.0 (compatible; AhrefsBot/7.0; +http://ahrefs.com/robot/)"
202.8.43.89 - - [24/Jun/2025:09:30:57 +0000] "GET /wp-content/plugins/goodlayers-core/plugins/style.css?ver=1750756954 HTTP/1.1" 200 29382 "https://stimmegabuana.ac.id/" "Mozilla/5.0 (compatible; AhrefsBot/7.0; +http://ahrefs.com/robot/)"
202.8.43.89 - - [24/Jun/2025:09:30:57 +0000] "GET /wp-content/uploads/kingster-style-custom.css?1750756954&ver=6.8.1 HTTP/1.1" 200 113345 "https://stimmegabuana.ac.id/" "Mozilla/5.0 (compatible; AhrefsBot/7.0; +http://ahrefs.com/robot/)"
202.8.43.89 - - [24/Jun/2025:09:30:57 +0000] "GET /wp-content/plugins/learnpress-import-export/assets/dist/js/frontend/learnpress-import-export-global.js?ver=685a704dd48e5 HTTP/1.1" 200 394 "https://stimmegabuana.ac.id/" "Mozilla/5.0 (compatible; AhrefsBot/7.0; +http://ahrefs.com/robot/)"
202.8.43.89 - - [24/Jun/2025:09:30:58 +0000] "GET /wp-content/plugins/goodlayers-core/plugins/script.js?ver=1750756954 HTTP/1.1" 200 399791 "https://stimmegabuana.ac.id/" "Mozilla/5.0 (compatible; AhrefsBot/7.0; +http://ahrefs.com/robot/)"
159.198.77.92 - - [24/Jun/2025:09:32:06 +0000] "POST /wp-cron.php?doing_wp_cron=1750757526.3430249691009521484375 HTTP/1.1" 200 0 "-" "WordPress/6.8.1; https://stimmegabuana.ac.id"
103.197.242.113 - - [24/Jun/2025:09:32:06 +0000] "POST /wp-admin/admin-ajax.php HTTP/1.1" 200 58 "https://stimmegabuana.ac.id/wp-admin/admin.php?page=theme_landing" "Mozilla/5.0 (Windows NT 10.0; Win64; x64) AppleWebKit/537.36 (KHTML, like Gecko) Chrome/137.0.0.0 Safari/537.36"
159.198.77.92 - - [24/Jun/2025:09:34:07 +0000] "POST /wp-cron.php?doing_wp_cron=1750757647.3272619247436523437500 HTTP/1.1" 200 0 "-" "WordPress/6.8.1; https://stimmegabuana.ac.id"
103.197.242.113 - - [24/Jun/2025:09:34:07 +0000] "POST /wp-admin/admin-ajax.php HTTP/1.1" 200 58 "https://stimmegabuana.ac.id/wp-admin/admin.php?page=theme_landing" "Mozilla/5.0 (Windows NT 10.0; Win64; x64) AppleWebKit/537.36 (KHTML, like Gecko) Chrome/137.0.0.0 Safari/537.36"
103.197.242.113 - - [24/Jun/2025:09:34:33 +0000] "GET / HTTP/1.1" 200 142478 "-" "Mozilla/5.0 (Windows NT 10.0; Win64; x64) AppleWebKit/537.36 (KHTML, like Gecko) Chrome/137.0.0.0 Safari/537.36"
159.198.77.92 - - [24/Jun/2025:09:34:50 +0000] "POST /wp-cron.php?doing_wp_cron=1750757690.3133020401000976562500 HTTP/1.1" 200 0 "-" "WordPress/6.8.1; https://stimmegabuana.ac.id"
103.197.242.113 - - [24/Jun/2025:09:34:51 +0000] "POST /wp-admin/admin-ajax.php HTTP/1.1" 200 352 "https://stimmegabuana.ac.id/wp-admin/admin.php?page=theme_landing" "Mozilla/5.0 (Windows NT 10.0; Win64; x64) AppleWebKit/537.36 (KHTML, like Gecko) Chrome/137.0.0.0 Safari/537.36"
103.197.242.113 - - [24/Jun/2025:09:34:52 +0000] "POST /wp-admin/admin-ajax.php HTTP/1.1" 200 31 "https://stimmegabuana.ac.id/wp-admin/admin.php?page=theme_landing" "Mozilla/5.0 (Windows NT 10.0; Win64; x64) AppleWebKit/537.36 (KHTML, like Gecko) Chrome/137.0.0.0 Safari/537.36"
103.197.242.113 - - [24/Jun/2025:09:34:53 +0000] "POST /wp-admin/admin-ajax.php HTTP/1.1" 200 31 "https://stimmegabuana.ac.id/wp-admin/admin.php?page=theme_landing" "Mozilla/5.0 (Windows NT 10.0; Win64; x64) AppleWebKit/537.36 (KHTML, like Gecko) Chrome/137.0.0.0 Safari/537.36"
103.197.242.113 - - [24/Jun/2025:09:34:53 +0000] "POST /wp-admin/admin-ajax.php HTTP/1.1" 200 31 "https://stimmegabuana.ac.id/wp-admin/admin.php?page=theme_landing" "Mozilla/5.0 (Windows NT 10.0; Win64; x64) AppleWebKit/537.36 (KHTML, like Gecko) Chrome/137.0.0.0 Safari/537.36"
103.197.242.113 - - [24/Jun/2025:09:34:53 +0000] "POST /wp-admin/admin-ajax.php HTTP/1.1" 200 31 "https://stimmegabuana.ac.id/wp-admin/admin.php?page=theme_landing" "Mozilla/5.0 (Windows NT 10.0; Win64; x64) AppleWebKit/537.36 (KHTML, like Gecko) Chrome/137.0.0.0 Safari/537.36"
103.197.242.113 - - [24/Jun/2025:09:34:53 +0000] "POST /wp-admin/admin-ajax.php HTTP/1.1" 200 31 "https://stimmegabuana.ac.id/wp-admin/admin.php?page=theme_landing" "Mozilla/5.0 (Windows NT 10.0; Win64; x64) AppleWebKit/537.36 (KHTML, like Gecko) Chrome/137.0.0.0 Safari/537.36"
103.197.242.113 - - [24/Jun/2025:09:34:53 +0000] "POST /wp-admin/admin-ajax.php HTTP/1.1" 200 31 "https://stimmegabuana.ac.id/wp-admin/admin.php?page=theme_landing" "Mozilla/5.0 (Windows NT 10.0; Win64; x64) AppleWebKit/537.36 (KHTML, like Gecko) Chrome/137.0.0.0 Safari/537.36"
103.197.242.113 - - [24/Jun/2025:09:34:53 +0000] "POST /wp-admin/admin-ajax.php HTTP/1.1" 200 31 "https://stimmegabuana.ac.id/wp-admin/admin.php?page=theme_landing" "Mozilla/5.0 (Windows NT 10.0; Win64; x64) AppleWebKit/537.36 (KHTML, like Gecko) Chrome/137.0.0.0 Safari/537.36"
103.197.242.113 - - [24/Jun/2025:09:34:53 +0000] "POST /wp-admin/admin-ajax.php HTTP/1.1" 200 31 "https://stimmegabuana.ac.id/wp-admin/admin.php?page=theme_landing" "Mozilla/5.0 (Windows NT 10.0; Win64; x64) AppleWebKit/537.36 (KHTML, like Gecko) Chrome/137.0.0.0 Safari/537.36"
103.197.242.113 - - [24/Jun/2025:09:34:53 +0000] "POST /wp-admin/admin-ajax.php HTTP/1.1" 200 31 "https://stimmegabuana.ac.id/wp-admin/admin.php?page=theme_landing" "Mozilla/5.0 (Windows NT 10.0; Win64; x64) AppleWebKit/537.36 (KHTML, like Gecko) Chrome/137.0.0.0 Safari/537.36"
103.197.242.113 - - [24/Jun/2025:09:34:53 +0000] "POST /wp-admin/admin-ajax.php HTTP/1.1" 200 31 "https://stimmegabuana.ac.id/wp-admin/admin.php?page=theme_landing" "Mozilla/5.0 (Windows NT 10.0; Win64; x64) AppleWebKit/537.36 (KHTML, like Gecko) Chrome/137.0.0.0 Safari/537.36"
103.197.242.113 - - [24/Jun/2025:09:34:53 +0000] "POST /wp-admin/admin-ajax.php HTTP/1.1" 200 31 "https://stimmegabuana.ac.id/wp-admin/admin.php?page=theme_landing" "Mozilla/5.0 (Windows NT 10.0; Win64; x64) AppleWebKit/537.36 (KHTML, like Gecko) Chrome/137.0.0.0 Safari/537.36"
103.197.242.113 - - [24/Jun/2025:09:34:53 +0000] "POST /wp-admin/admin-ajax.php HTTP/1.1" 200 31 "https://stimmegabuana.ac.id/wp-admin/admin.php?page=theme_landing" "Mozilla/5.0 (Windows NT 10.0; Win64; x64) AppleWebKit/537.36 (KHTML, like Gecko) Chrome/137.0.0.0 Safari/537.36"
103.197.242.113 - - [24/Jun/2025:09:34:53 +0000] "POST /wp-admin/admin-ajax.php HTTP/1.1" 200 31 "https://stimmegabuana.ac.id/wp-admin/admin.php?page=theme_landing" "Mozilla/5.0 (Windows NT 10.0; Win64; x64) AppleWebKit/537.36 (KHTML, like Gecko) Chrome/137.0.0.0 Safari/537.36"
103.197.242.113 - - [24/Jun/2025:09:34:53 +0000] "POST /wp-admin/admin-ajax.php HTTP/1.1" 200 31 "https://stimmegabuana.ac.id/wp-admin/admin.php?page=theme_landing" "Mozilla/5.0 (Windows NT 10.0; Win64; x64) AppleWebKit/537.36 (KHTML, like Gecko) Chrome/137.0.0.0 Safari/537.36"
103.197.242.113 - - [24/Jun/2025:09:34:53 +0000] "POST /wp-admin/admin-ajax.php HTTP/1.1" 200 31 "https://stimmegabuana.ac.id/wp-admin/admin.php?page=theme_landing" "Mozilla/5.0 (Windows NT 10.0; Win64; x64) AppleWebKit/537.36 (KHTML, like Gecko) Chrome/137.0.0.0 Safari/537.36"
103.197.242.113 - - [24/Jun/2025:09:34:53 +0000] "POST /wp-admin/admin-ajax.php HTTP/1.1" 200 31 "https://stimmegabuana.ac.id/wp-admin/admin.php?page=theme_landing" "Mozilla/5.0 (Windows NT 10.0; Win64; x64) AppleWebKit/537.36 (KHTML, like Gecko) Chrome/137.0.0.0 Safari/537.36"
103.197.242.113 - - [24/Jun/2025:09:34:53 +0000] "POST /wp-admin/admin-ajax.php HTTP/1.1" 200 31 "https://stimmegabuana.ac.id/wp-admin/admin.php?page=theme_landing" "Mozilla/5.0 (Windows NT 10.0; Win64; x64) AppleWebKit/537.36 (KHTML, like Gecko) Chrome/137.0.0.0 Safari/537.36"
103.197.242.113 - - [24/Jun/2025:09:34:53 +0000] "POST /wp-admin/admin-ajax.php HTTP/1.1" 200 31 "https://stimmegabuana.ac.id/wp-admin/admin.php?page=theme_landing" "Mozilla/5.0 (Windows NT 10.0; Win64; x64) AppleWebKit/537.36 (KHTML, like Gecko) Chrome/137.0.0.0 Safari/537.36"
103.197.242.113 - - [24/Jun/2025:09:34:53 +0000] "POST /wp-admin/admin-ajax.php HTTP/1.1" 200 31 "https://stimmegabuana.ac.id/wp-admin/admin.php?page=theme_landing" "Mozilla/5.0 (Windows NT 10.0; Win64; x64) AppleWebKit/537.36 (KHTML, like Gecko) Chrome/137.0.0.0 Safari/537.36"
103.197.242.113 - - [24/Jun/2025:09:34:53 +0000] "POST /wp-admin/admin-ajax.php HTTP/1.1" 200 31 "https://stimmegabuana.ac.id/wp-admin/admin.php?page=theme_landing" "Mozilla/5.0 (Windows NT 10.0; Win64; x64) AppleWebKit/537.36 (KHTML, like Gecko) Chrome/137.0.0.0 Safari/537.36"
