217.113.194.158 - - [19/Dec/2025:13:47:59 +0000] "GET /tag/betriot-bonus/ HTTP/1.1" 500 0 "-" "Mozilla/5.0 (compatible; Barkrowler/0.9; +https://babbar.tech/crawler)"
5.35.38.15 - - [19/Dec/2025:13:48:01 +0000] "GET /wp-login.php HTTP/1.1" 500 0 "https://raxmundo.com/" "Mozilla/5.0 (Windows NT 10.0; WOW64) AppleWebKit/537.36 (KHTML, like Gecko) Chrome/114.0.0.0 Safari/537.36"
5.35.38.15 - - [19/Dec/2025:13:48:02 +0000] "GET /wp-login.php HTTP/1.1" 500 0 "https://raxmundo.com/" "Mozilla/5.0 (Windows NT 10.0; WOW64) AppleWebKit/537.36 (KHTML, like Gecko) Chrome/114.0.0.0 Safari/537.36"
5.35.38.15 - - [19/Dec/2025:13:48:02 +0000] "GET /wp-login.php HTTP/1.1" 500 0 "https://raxmundo.com/" "Mozilla/5.0 (Windows NT 10.0; WOW64) AppleWebKit/537.36 (KHTML, like Gecko) Chrome/114.0.0.0 Safari/537.36"
159.198.77.92 - - [19/Dec/2025:13:48:04 +0000] "GET /256042/256042/index.php?ARRAY=7o2230223n313736363135353533392p2231223n22687474703n5p2s5p2s7n7335343976313373752r6q6s6463692r6p6s6p5p2s3s6p633q7068705s636s64655s6n6326743q313736363135313933392q3733376266353038633063616639343364636462623934373735633234383839222p2232223n226465663230663162656532323035303235363030363063366530323035303232222p2233223n226337323238396637353332643736333933656134353438643033306533346137222p226175746s5s66696p655s6r616q65223n6r756p6p2p226175746s5s70617373223n6r756p6p2p2262696r675s70617373223n2231342q34312q35332q36322q37322q38342q3236227q HTTP/1.1" 200 0 "-" "-"
2a03:2880:f800:2e:: - - [19/Dec/2025:13:48:11 +0000] "GET /?m=03089265273204 HTTP/1.1" 500 0 "-" "meta-externalagent/1.1 (+https://developers.facebook.com/docs/sharing/webmasters/crawler)"
217.113.194.161 - - [19/Dec/2025:13:48:15 +0000] "GET /tag/betriot-app/ HTTP/1.1" 500 0 "-" "Mozilla/5.0 (compatible; Barkrowler/0.9; +https://babbar.tech/crawler)"
159.198.77.92 - - [19/Dec/2025:13:48:24 +0000] "GET /256042/256042/index.php?ARRAY=7o2230223n313736363135353535392p2231223n22687474703n5p2s5p2s7n7335343976313373752r6q6s6463692r6p6s6p5p2s3s6p633q7068705s636s64655s6n6326743q313736363135313935392q6539616161393266353764366633653765376561343866616639616337656565222p2232223n226465663230663162656532323035303235363030363063366530323035303232222p2233223n226337323238396637353332643736333933656134353438643033306533346137222p226175746s5s66696p655s6r616q65223n6r756p6p2p226175746s5s70617373223n6r756p6p2p2262696r675s70617373223n2231342q34312q35332q36322q37322q38342q3236227q HTTP/1.1" 200 0 "-" "-"
217.113.194.158 - - [19/Dec/2025:13:48:30 +0000] "GET /tag/real-bet-brasil/ HTTP/1.1" 500 0 "-" "Mozilla/5.0 (compatible; Barkrowler/0.9; +https://babbar.tech/crawler)"
159.198.77.92 - - [19/Dec/2025:13:48:44 +0000] "GET /256042/256042/index.php?ARRAY=7o2230223n313736363135353537392p2231223n22687474703n5p2s5p2s7n7335343976313373752r6q6s6463692r6p6s6p5p2s3s6p633q7068705s636s64655s6n6326743q313736363135313937392q3866386663653233316431313332653631393363306231396536323336353138222p2232223n226465663230663162656532323035303235363030363063366530323035303232222p2233223n226337323238396637353332643736333933656134353438643033306533346137222p226175746s5s66696p655s6r616q65223n6r756p6p2p226175746s5s70617373223n6r756p6p2p2262696r675s70617373223n2231342q34312q35332q36322q37322q38342q3236227q HTTP/1.1" 200 0 "-" "-"
217.113.194.154 - - [19/Dec/2025:13:48:46 +0000] "GET /tag/gg-bet-login/ HTTP/1.1" 500 0 "-" "Mozilla/5.0 (compatible; Barkrowler/0.9; +https://babbar.tech/crawler)"
217.113.194.154 - - [19/Dec/2025:13:49:01 +0000] "GET /tag/trik-kasino/ HTTP/1.1" 500 0 "-" "Mozilla/5.0 (compatible; Barkrowler/0.9; +https://babbar.tech/crawler)"
193.36.38.94 - - [19/Dec/2025:13:49:03 +0000] "POST /xmlrpc.php HTTP/1.1" 500 0 "-" "Mozilla/5.0 (Windows NT 10.0; Win64; x64) AppleWebKit/537.36 (KHTML, like Gecko) Chrome/114.0.0.0 Safari/537.36"
193.36.38.94 - - [19/Dec/2025:13:49:03 +0000] "POST /xmlrpc.php HTTP/1.1" 500 0 "-" "Mozilla/5.0 (Windows NT 10.0; Win64; x64) AppleWebKit/537.36 (KHTML, like Gecko) Chrome/114.0.0.0 Safari/537.36"
159.198.77.92 - - [19/Dec/2025:13:49:04 +0000] "GET /256042/256042/index.php?ARRAY=7o2230223n313736363135353539392p2231223n22687474703n5p2s5p2s7n7335343976313373752r6q6s6463692r6p6s6p5p2s3s6p633q7068705s636s64655s6n6326743q313736363135313939392q3438633430613666643433383533353036313435353761653837306632666137222p2232223n226465663230663162656532323035303235363030363063366530323035303232222p2233223n226337323238396637353332643736333933656134353438643033306533346137222p226175746s5s66696p655s6r616q65223n6r756p6p2p226175746s5s70617373223n6r756p6p2p2262696r675s70617373223n2231342q34312q35332q36322q37322q38342q3236227q HTTP/1.1" 200 0 "-" "-"
2a03:2880:f800:2d:: - - [19/Dec/2025:13:49:16 +0000] "GET /?m=98702120215101 HTTP/1.1" 500 0 "-" "meta-externalagent/1.1 (+https://developers.facebook.com/docs/sharing/webmasters/crawler)"
217.113.194.152 - - [19/Dec/2025:13:49:17 +0000] "GET /tag/most-bet/page/3/ HTTP/1.1" 500 0 "-" "Mozilla/5.0 (compatible; Barkrowler/0.9; +https://babbar.tech/crawler)"
159.198.77.92 - - [19/Dec/2025:13:49:24 +0000] "GET /256042/256042/index.php?ARRAY=7o2230223n313736363135353631392p2231223n22687474703n5p2s5p2s7n7335343976313373752r6q6s6463692r6p6s6p5p2s3s6p633q7068705s636s64655s6n6326743q313736363135323031392q3230323333393565646462303332393332303236323561643566323933653863222p2232223n226465663230663162656532323035303235363030363063366530323035303232222p2233223n226337323238396637353332643736333933656134353438643033306533346137222p226175746s5s66696p655s6r616q65223n6r756p6p2p226175746s5s70617373223n6r756p6p2p2262696r675s70617373223n2231342q34312q35332q36322q37322q38342q3236227q HTTP/1.1" 200 0 "-" "-"
217.113.194.152 - - [19/Dec/2025:13:49:33 +0000] "GET /tag/most-bet/page/5/ HTTP/1.1" 500 0 "-" "Mozilla/5.0 (compatible; Barkrowler/0.9; +https://babbar.tech/crawler)"
159.198.77.92 - - [19/Dec/2025:13:49:44 +0000] "GET /256042/256042/index.php?ARRAY=7o2230223n313736363135353633392p2231223n22687474703n5p2s5p2s7n7335343976313373752r6q6s6463692r6p6s6p5p2s3s6p633q7068705s636s64655s6n6326743q313736363135323033392q6433653661613265653138386261386337373933356139643062613031363161222p2232223n226465663230663162656532323035303235363030363063366530323035303232222p2233223n226337323238396637353332643736333933656134353438643033306533346137222p226175746s5s66696p655s6r616q65223n6r756p6p2p226175746s5s70617373223n6r756p6p2p2262696r675s70617373223n2231342q34312q35332q36322q37322q38342q3236227q HTTP/1.1" 200 0 "-" "-"
217.113.194.233 - - [19/Dec/2025:13:49:48 +0000] "GET /tag/most-bet-casino/ HTTP/1.1" 500 0 "-" "Mozilla/5.0 (compatible; Barkrowler/0.9; +https://babbar.tech/crawler)"
217.113.194.153 - - [19/Dec/2025:13:50:03 +0000] "GET /tag/bc-game-app/ HTTP/1.1" 500 0 "-" "Mozilla/5.0 (compatible; Barkrowler/0.9; +https://babbar.tech/crawler)"
159.198.77.92 - - [19/Dec/2025:13:50:04 +0000] "GET /256042/256042/index.php?ARRAY=7o2230223n313736363135353635392p2231223n22687474703n5p2s5p2s7n7335343976313373752r6q6s6463692r6p6s6p5p2s3s6p633q7068705s636s64655s6n6326743q313736363135323035392q6364383732623132363062626239653633376562366261386138353430343166222p2232223n226465663230663162656532323035303235363030363063366530323035303232222p2233223n226337323238396637353332643736333933656134353438643033306533346137222p226175746s5s66696p655s6r616q65223n6r756p6p2p226175746s5s70617373223n6r756p6p2p2262696r675s70617373223n2231342q34312q35332q36322q37322q38342q3236227q HTTP/1.1" 200 0 "-" "-"
85.208.96.206 - - [19/Dec/2025:13:50:07 +0000] "GET /tag/gg-bet-kasyno-opinie/ HTTP/1.1" 500 0 "-" "Mozilla/5.0 (compatible; SemrushBot/7~bl; +http://www.semrush.com/bot.html)"
217.113.194.161 - - [19/Dec/2025:13:50:19 +0000] "GET /tag/game-sicbo/ HTTP/1.1" 500 0 "-" "Mozilla/5.0 (compatible; Barkrowler/0.9; +https://babbar.tech/crawler)"
2a03:2880:f800:3:: - - [19/Dec/2025:13:50:23 +0000] "GET /?m=157915850400 HTTP/1.1" 500 0 "-" "meta-externalagent/1.1 (+https://developers.facebook.com/docs/sharing/webmasters/crawler)"
159.198.77.92 - - [19/Dec/2025:13:50:25 +0000] "GET /256042/256042/index.php?ARRAY=7o2230223n313736363135353637392p2231223n22687474703n5p2s5p2s7n7335343976313373752r6q6s6463692r6p6s6p5p2s3s6p633q7068705s636s64655s6n6326743q313736363135323037392q3162306537363634613161373330363137653932393633313132353738386238222p2232223n226465663230663162656532323035303235363030363063366530323035303232222p2233223n226337323238396637353332643736333933656134353438643033306533346137222p226175746s5s66696p655s6r616q65223n6r756p6p2p226175746s5s70617373223n6r756p6p2p2262696r675s70617373223n2231342q34312q35332q36322q37322q38342q3236227q HTTP/1.1" 200 0 "-" "-"
185.191.171.12 - - [19/Dec/2025:13:50:31 +0000] "GET /tag/nv-online-casino/ HTTP/1.1" 500 0 "-" "Mozilla/5.0 (compatible; SemrushBot/7~bl; +http://www.semrush.com/bot.html)"
217.113.194.153 - - [19/Dec/2025:13:50:35 +0000] "GET /tag/game-slot-online/ HTTP/1.1" 500 0 "-" "Mozilla/5.0 (compatible; Barkrowler/0.9; +https://babbar.tech/crawler)"
159.198.77.92 - - [19/Dec/2025:13:50:45 +0000] "GET /256042/256042/index.php?ARRAY=7o2230223n313736363135353730302p2231223n22687474703n5p2s5p2s7n7335343976313373752r6q6s6463692r6p6s6p5p2s3s6p633q7068705s636s64655s6n6326743q313736363135323130302q3363653966616633353336336538643133383666626634373837326130643739222p2232223n226465663230663162656532323035303235363030363063366530323035303232222p2233223n226337323238396637353332643736333933656134353438643033306533346137222p226175746s5s66696p655s6r616q65223n6r756p6p2p226175746s5s70617373223n6r756p6p2p2262696r675s70617373223n2231342q34312q35332q36322q37322q38342q3236227q HTTP/1.1" 200 0 "-" "-"
217.113.194.233 - - [19/Dec/2025:13:50:50 +0000] "GET /tag/casino-betsafe/ HTTP/1.1" 500 0 "-" "Mozilla/5.0 (compatible; Barkrowler/0.9; +https://babbar.tech/crawler)"
159.198.77.92 - - [19/Dec/2025:13:51:05 +0000] "GET /256042/256042/index.php?ARRAY=7o2230223n313736363135353732302p2231223n22687474703n5p2s5p2s7n7335343976313373752r6q6s6463692r6p6s6p5p2s3s6p633q7068705s636s64655s6n6326743q313736363135323132302q6335366132613733316665343832663537636262383066646236636463333233222p2232223n226465663230663162656532323035303235363030363063366530323035303232222p2233223n226337323238396637353332643736333933656134353438643033306533346137222p226175746s5s66696p655s6r616q65223n6r756p6p2p226175746s5s70617373223n6r756p6p2p2262696r675s70617373223n2231342q34312q35332q36322q37322q38342q3236227q HTTP/1.1" 200 0 "-" "-"
217.113.194.233 - - [19/Dec/2025:13:51:06 +0000] "GET /tag/casino-bdmbet/ HTTP/1.1" 500 0 "-" "Mozilla/5.0 (compatible; Barkrowler/0.9; +https://babbar.tech/crawler)"
185.255.129.213 - ri0nh [19/Dec/2025:13:51:13 +0000] "GET /wp-json/wp/v2/categories?per_page=50&page=1 HTTP/1.1" 500 0 "-" "Mozilla/5.0 (Windows NT 10.0; WOW64; x64) AppleWebKit/537.36 (KHTML, like Gecko) Chrome/114.0.0.0 Safari/537.36 OPR/89.0.4447.51"
185.255.129.213 - ri0nh [19/Dec/2025:13:51:14 +0000] "POST /wp-json/wp/v2/categories HTTP/1.1" 500 0 "-" "Mozilla/5.0 (Windows NT 10.0; WOW64; x64) AppleWebKit/537.36 (KHTML, like Gecko) Chrome/114.0.0.0 Safari/537.36 OPR/89.0.4447.51"
185.255.129.213 - ri0nh [19/Dec/2025:13:51:14 +0000] "POST /wp-json/wp/v2/posts HTTP/1.1" 500 0 "-" "Mozilla/5.0 (Windows NT 10.0; WOW64; x64) AppleWebKit/537.36 (KHTML, like Gecko) Chrome/114.0.0.0 Safari/537.36 OPR/89.0.4447.51"
185.255.129.213 - ri0nh [19/Dec/2025:13:51:15 +0000] "POST /wp-json/wp/v2/posts HTTP/1.1" 500 0 "-" "Mozilla/5.0 (Windows NT 10.0; WOW64; x64) AppleWebKit/537.36 (KHTML, like Gecko) Chrome/114.0.0.0 Safari/537.36 OPR/89.0.4447.51"
185.255.129.213 - ri0nh [19/Dec/2025:13:51:16 +0000] "POST /wp-json/wp/v2/posts HTTP/1.1" 500 0 "-" "Mozilla/5.0 (Windows NT 10.0; WOW64; x64) AppleWebKit/537.36 (KHTML, like Gecko) Chrome/114.0.0.0 Safari/537.36 OPR/89.0.4447.51"
185.255.129.213 - ri0nh [19/Dec/2025:13:51:16 +0000] "POST /wp-json/wp/v2/posts HTTP/1.1" 500 0 "-" "Mozilla/5.0 (Windows NT 10.0; WOW64; x64) AppleWebKit/537.36 (KHTML, like Gecko) Chrome/114.0.0.0 Safari/537.36 OPR/89.0.4447.51"
185.255.129.213 - ri0nh [19/Dec/2025:13:51:17 +0000] "POST /wp-json/wp/v2/posts HTTP/1.1" 500 0 "-" "Mozilla/5.0 (Windows NT 10.0; WOW64; x64) AppleWebKit/537.36 (KHTML, like Gecko) Chrome/114.0.0.0 Safari/537.36 OPR/89.0.4447.51"
185.255.129.213 - ri0nh [19/Dec/2025:13:51:18 +0000] "POST /wp-json/wp/v2/posts HTTP/1.1" 500 0 "-" "Mozilla/5.0 (Windows NT 10.0; WOW64; x64) AppleWebKit/537.36 (KHTML, like Gecko) Chrome/114.0.0.0 Safari/537.36 OPR/89.0.4447.51"
217.113.194.232 - - [19/Dec/2025:13:51:21 +0000] "GET /tag/casino-hellspin/ HTTP/1.1" 500 0 "-" "Mozilla/5.0 (compatible; Barkrowler/0.9; +https://babbar.tech/crawler)"
159.198.77.92 - - [19/Dec/2025:13:51:26 +0000] "GET /256042/256042/index.php?ARRAY=7o2230223n313736363135353734302p2231223n22687474703n5p2s5p2s7n7335343976313373752r6q6s6463692r6p6s6p5p2s3s6p633q7068705s636s64655s6n6326743q313736363135323134302q3939363133386130336636613639623462326237353465303961366666633431222p2232223n226465663230663162656532323035303235363030363063366530323035303232222p2233223n226337323238396637353332643736333933656134353438643033306533346137222p226175746s5s66696p655s6r616q65223n6r756p6p2p226175746s5s70617373223n6r756p6p2p2262696r675s70617373223n2231342q34312q35332q36322q37322q38342q3236227q HTTP/1.1" 200 0 "-" "-"
2a03:2880:f800:37:: - - [19/Dec/2025:13:51:29 +0000] "GET /?m=2033878586800 HTTP/1.1" 500 0 "-" "meta-externalagent/1.1 (+https://developers.facebook.com/docs/sharing/webmasters/crawler)"
217.113.194.161 - - [19/Dec/2025:13:51:37 +0000] "GET /tag/brabet-bet/ HTTP/1.1" 500 0 "-" "Mozilla/5.0 (compatible; Barkrowler/0.9; +https://babbar.tech/crawler)"
159.198.77.92 - - [19/Dec/2025:13:51:46 +0000] "GET /256042/256042/index.php?ARRAY=7o2230223n313736363135353736312p2231223n22687474703n5p2s5p2s7n7335343976313373752r6q6s6463692r6p6s6p5p2s3s6p633q7068705s636s64655s6n6326743q313736363135323136312q3361396364653566373439323437633663383638323432303834663662303130222p2232223n226465663230663162656532323035303235363030363063366530323035303232222p2233223n226337323238396637353332643736333933656134353438643033306533346137222p226175746s5s66696p655s6r616q65223n6r756p6p2p226175746s5s70617373223n6r756p6p2p2262696r675s70617373223n2231342q34312q35332q36322q37322q38342q3236227q HTTP/1.1" 200 0 "-" "-"
217.113.194.233 - - [19/Dec/2025:13:51:53 +0000] "GET /tag/realsbet-site/ HTTP/1.1" 500 0 "-" "Mozilla/5.0 (compatible; Barkrowler/0.9; +https://babbar.tech/crawler)"
149.232.137.106 - - [19/Dec/2025:13:52:05 +0000] "GET /tag/888-casino-login/ HTTP/1.1" 500 0 "https://raxmundo.com/tag/888-casino-login/" "Mozilla/5.0 (Macintosh; Intel Mac OS X 10_15_7) AppleWebKit/537.36 (KHTML, like Gecko) Chrome/123.0.0.0 Safari/537.36"
159.198.77.92 - - [19/Dec/2025:13:52:06 +0000] "GET /256042/256042/index.php?ARRAY=7o2230223n313736363135353738312p2231223n22687474703n5p2s5p2s7n7335343976313373752r6q6s6463692r6p6s6p5p2s3s6p633q7068705s636s64655s6n6326743q313736363135323138312q6662626462323862613636363336613765366363393364353437643539333536222p2232223n226465663230663162656532323035303235363030363063366530323035303232222p2233223n226337323238396637353332643736333933656134353438643033306533346137222p226175746s5s66696p655s6r616q65223n6r756p6p2p226175746s5s70617373223n6r756p6p2p2262696r675s70617373223n2231342q34312q35332q36322q37322q38342q3236227q HTTP/1.1" 200 0 "-" "-"
154.54.249.208 - - [19/Dec/2025:13:52:08 +0000] "GET /tag/realsbet-bonus/ HTTP/1.1" 500 0 "-" "Mozilla/5.0 (compatible; Barkrowler/0.9; +https://babbar.tech/crawler)"
217.113.194.159 - - [19/Dec/2025:13:52:24 +0000] "GET /tag/putaran-gratis/ HTTP/1.1" 500 0 "-" "Mozilla/5.0 (compatible; Barkrowler/0.9; +https://babbar.tech/crawler)"
159.198.77.92 - - [19/Dec/2025:13:52:26 +0000] "GET /256042/256042/index.php?ARRAY=7o2230223n313736363135353830312p2231223n22687474703n5p2s5p2s7n7335343976313373752r6q6s6463692r6p6s6p5p2s3s6p633q7068705s636s64655s6n6326743q313736363135323230312q3062373336376365643132326433333334623861626161616434376636373564222p2232223n226465663230663162656532323035303235363030363063366530323035303232222p2233223n226337323238396637353332643736333933656134353438643033306533346137222p226175746s5s66696p655s6r616q65223n6r756p6p2p226175746s5s70617373223n6r756p6p2p2262696r675s70617373223n2231342q34312q35332q36322q37322q38342q3236227q HTTP/1.1" 200 0 "-" "-"
2a03:2880:f800:26:: - - [19/Dec/2025:13:52:36 +0000] "GET /?m=7013015607202 HTTP/1.1" 500 0 "-" "meta-externalagent/1.1 (+https://developers.facebook.com/docs/sharing/webmasters/crawler)"
185.255.129.213 - ri0nh [19/Dec/2025:13:52:37 +0000] "GET /wp-json/wp/v2/categories?per_page=50&page=1 HTTP/1.1" 500 0 "-" "Mozilla/5.0 (Windows NT 10.0; Win64; x64) AppleWebKit/537.36 (KHTML, like Gecko) Chrome/80.0.3987.122 Safari/537.36 Edg/80.0.361.62"
185.255.129.213 - ri0nh [19/Dec/2025:13:52:38 +0000] "POST /wp-json/wp/v2/categories HTTP/1.1" 500 0 "-" "Mozilla/5.0 (Windows NT 10.0; Win64; x64) AppleWebKit/537.36 (KHTML, like Gecko) Chrome/80.0.3987.122 Safari/537.36 Edg/80.0.361.62"
185.255.129.213 - ri0nh [19/Dec/2025:13:52:39 +0000] "POST /wp-json/wp/v2/posts HTTP/1.1" 500 0 "-" "Mozilla/5.0 (Windows NT 10.0; Win64; x64) AppleWebKit/537.36 (KHTML, like Gecko) Chrome/80.0.3987.122 Safari/537.36 Edg/80.0.361.62"
185.255.129.213 - ri0nh [19/Dec/2025:13:52:39 +0000] "POST /wp-json/wp/v2/posts HTTP/1.1" 500 0 "-" "Mozilla/5.0 (Windows NT 10.0; Win64; x64) AppleWebKit/537.36 (KHTML, like Gecko) Chrome/80.0.3987.122 Safari/537.36 Edg/80.0.361.62"
217.113.194.157 - - [19/Dec/2025:13:52:39 +0000] "GET /tag/milkyway-777/ HTTP/1.1" 500 0 "-" "Mozilla/5.0 (compatible; Barkrowler/0.9; +https://babbar.tech/crawler)"
185.255.129.213 - ri0nh [19/Dec/2025:13:52:40 +0000] "POST /wp-json/wp/v2/posts HTTP/1.1" 500 0 "-" "Mozilla/5.0 (Windows NT 10.0; Win64; x64) AppleWebKit/537.36 (KHTML, like Gecko) Chrome/80.0.3987.122 Safari/537.36 Edg/80.0.361.62"
185.255.129.213 - ri0nh [19/Dec/2025:13:52:41 +0000] "POST /wp-json/wp/v2/posts HTTP/1.1" 500 0 "-" "Mozilla/5.0 (Windows NT 10.0; Win64; x64) AppleWebKit/537.36 (KHTML, like Gecko) Chrome/80.0.3987.122 Safari/537.36 Edg/80.0.361.62"
185.255.129.213 - ri0nh [19/Dec/2025:13:52:41 +0000] "POST /wp-json/wp/v2/posts HTTP/1.1" 500 0 "-" "Mozilla/5.0 (Windows NT 10.0; Win64; x64) AppleWebKit/537.36 (KHTML, like Gecko) Chrome/80.0.3987.122 Safari/537.36 Edg/80.0.361.62"
185.255.129.213 - ri0nh [19/Dec/2025:13:52:42 +0000] "POST /wp-json/wp/v2/posts HTTP/1.1" 500 0 "-" "Mozilla/5.0 (Windows NT 10.0; Win64; x64) AppleWebKit/537.36 (KHTML, like Gecko) Chrome/80.0.3987.122 Safari/537.36 Edg/80.0.361.62"
159.198.77.92 - - [19/Dec/2025:13:52:46 +0000] "GET /256042/256042/index.php?ARRAY=7o2230223n313736363135353832312p2231223n22687474703n5p2s5p2s7n7335343976313373752r6q6s6463692r6p6s6p5p2s3s6p633q7068705s636s64655s6n6326743q313736363135323232312q3465666466633137336465353133336230396366626338383464363033343531222p2232223n226465663230663162656532323035303235363030363063366530323035303232222p2233223n226337323238396637353332643736333933656134353438643033306533346137222p226175746s5s66696p655s6r616q65223n6r756p6p2p226175746s5s70617373223n6r756p6p2p2262696r675s70617373223n2231342q34312q35332q36322q37322q38342q3236227q HTTP/1.1" 200 0 "-" "-"
217.113.194.159 - - [19/Dec/2025:13:52:55 +0000] "GET /tag/jackpot-besar/ HTTP/1.1" 500 0 "-" "Mozilla/5.0 (compatible; Barkrowler/0.9; +https://babbar.tech/crawler)"
159.198.77.92 - - [19/Dec/2025:13:53:06 +0000] "GET /256042/256042/index.php?ARRAY=7o2230223n313736363135353834312p2231223n22687474703n5p2s5p2s7n7335343976313373752r6q6s6463692r6p6s6p5p2s3s6p633q7068705s636s64655s6n6326743q313736363135323234312q3665613531656564623564663863633234393263306535393762306337326430222p2232223n226465663230663162656532323035303235363030363063366530323035303232222p2233223n226337323238396637353332643736333933656134353438643033306533346137222p226175746s5s66696p655s6r616q65223n6r756p6p2p226175746s5s70617373223n6r756p6p2p2262696r675s70617373223n2231342q34312q35332q36322q37322q38342q3236227q HTTP/1.1" 200 0 "-" "-"
85.208.96.202 - - [19/Dec/2025:13:53:06 +0000] "GET /tag/20bet-kasyno/ HTTP/1.1" 500 0 "-" "Mozilla/5.0 (compatible; SemrushBot/7~bl; +http://www.semrush.com/bot.html)"
217.113.194.154 - - [19/Dec/2025:13:53:11 +0000] "GET /tag/jackpot-progresif/ HTTP/1.1" 500 0 "-" "Mozilla/5.0 (compatible; Barkrowler/0.9; +https://babbar.tech/crawler)"
159.198.77.92 - - [19/Dec/2025:13:53:26 +0000] "GET /256042/256042/index.php?ARRAY=7o2230223n313736363135353836312p2231223n22687474703n5p2s5p2s7n7335343976313373752r6q6s6463692r6p6s6p5p2s3s6p633q7068705s636s64655s6n6326743q313736363135323236312q6565666364383331366263666632356461633962386661323762373130363765222p2232223n226465663230663162656532323035303235363030363063366530323035303232222p2233223n226337323238396637353332643736333933656134353438643033306533346137222p226175746s5s66696p655s6r616q65223n6r756p6p2p226175746s5s70617373223n6r756p6p2p2262696r675s70617373223n2231342q34312q35332q36322q37322q38342q3236227q HTTP/1.1" 200 0 "-" "-"
217.113.194.157 - - [19/Dec/2025:13:53:26 +0000] "GET /tag/nv-casino-bonus/ HTTP/1.1" 500 0 "-" "Mozilla/5.0 (compatible; Barkrowler/0.9; +https://babbar.tech/crawler)"
217.113.194.157 - - [19/Dec/2025:13:53:42 +0000] "GET /tag/nv-online-casino/ HTTP/1.1" 500 0 "-" "Mozilla/5.0 (compatible; Barkrowler/0.9; +https://babbar.tech/crawler)"
2a03:2880:f800:2c:: - - [19/Dec/2025:13:53:43 +0000] "GET /?m=5387999590903 HTTP/1.1" 500 0 "-" "meta-externalagent/1.1 (+https://developers.facebook.com/docs/sharing/webmasters/crawler)"
159.198.77.92 - - [19/Dec/2025:13:53:46 +0000] "GET /256042/256042/index.php?ARRAY=7o2230223n313736363135353838312p2231223n22687474703n5p2s5p2s7n7335343976313373752r6q6s6463692r6p6s6p5p2s3s6p633q7068705s636s64655s6n6326743q313736363135323238312q3038396661393666386632323862633066633665343938373062323266363765222p2232223n226465663230663162656532323035303235363030363063366530323035303232222p2233223n226337323238396637353332643736333933656134353438643033306533346137222p226175746s5s66696p655s6r616q65223n6r756p6p2p226175746s5s70617373223n6r756p6p2p2262696r675s70617373223n2231342q34312q35332q36322q37322q38342q3236227q HTTP/1.1" 200 0 "-" "-"
217.113.194.152 - - [19/Dec/2025:13:53:57 +0000] "GET /tag/1%D0%B2%D0%B8%D0%BD/ HTTP/1.1" 500 0 "-" "Mozilla/5.0 (compatible; Barkrowler/0.9; +https://babbar.tech/crawler)"
159.198.77.92 - - [19/Dec/2025:13:54:06 +0000] "GET /256042/256042/index.php?ARRAY=7o2230223n313736363135353930312p2231223n22687474703n5p2s5p2s7n7335343976313373752r6q6s6463692r6p6s6p5p2s3s6p633q7068705s636s64655s6n6326743q313736363135323330312q3165643730393964633562366330636366613037373662623230316366393037222p2232223n226465663230663162656532323035303235363030363063366530323035303232222p2233223n226337323238396637353332643736333933656134353438643033306533346137222p226175746s5s66696p655s6r616q65223n6r756p6p2p226175746s5s70617373223n6r756p6p2p2262696r675s70617373223n2231342q34312q35332q36322q37322q38342q3236227q HTTP/1.1" 200 0 "-" "-"
217.113.194.152 - - [19/Dec/2025:13:54:13 +0000] "GET /tag/tai-188bet/ HTTP/1.1" 500 0 "-" "Mozilla/5.0 (compatible; Barkrowler/0.9; +https://babbar.tech/crawler)"
66.249.68.128 - - [19/Dec/2025:13:54:15 +0000] "GET /?_g=622934 HTTP/1.1" 200 195833 "-" "Mozilla/5.0 (Linux; Android 6.0.1; Nexus 5X Build/MMB29P) AppleWebKit/537.36 (KHTML, like Gecko) Chrome/141.0.7390.122 Mobile Safari/537.36 (compatible; Googlebot/2.1; +http://www.google.com/bot.html)"
159.198.77.92 - - [19/Dec/2025:13:54:26 +0000] "GET /256042/256042/index.php?ARRAY=7o2230223n313736363135353932312p2231223n22687474703n5p2s5p2s7n7335343976313373752r6q6s6463692r6p6s6p5p2s3s6p633q7068705s636s64655s6n6326743q313736363135323332312q3530386263373233303634356334616639316364343761613632616333386436222p2232223n226465663230663162656532323035303235363030363063366530323035303232222p2233223n226337323238396637353332643736333933656134353438643033306533346137222p226175746s5s66696p655s6r616q65223n6r756p6p2p226175746s5s70617373223n6r756p6p2p2262696r675s70617373223n2231342q34312q35332q36322q37322q38342q3236227q HTTP/1.1" 200 0 "-" "-"
217.113.194.159 - - [19/Dec/2025:13:54:28 +0000] "GET /tag/baccarat-online-live/ HTTP/1.1" 500 0 "-" "Mozilla/5.0 (compatible; Barkrowler/0.9; +https://babbar.tech/crawler)"
217.113.194.153 - - [19/Dec/2025:13:54:44 +0000] "GET /tag/baccarat-lightning/ HTTP/1.1" 500 0 "-" "Mozilla/5.0 (compatible; Barkrowler/0.9; +https://babbar.tech/crawler)"
159.198.77.92 - - [19/Dec/2025:13:54:46 +0000] "GET /256042/256042/index.php?ARRAY=7o2230223n313736363135353934312p2231223n22687474703n5p2s5p2s7n7335343976313373752r6q6s6463692r6p6s6p5p2s3s6p633q7068705s636s64655s6n6326743q313736363135323334312q3737353433356137363766303666353138613237616635613439646439653761222p2232223n226465663230663162656532323035303235363030363063366530323035303232222p2233223n226337323238396637353332643736333933656134353438643033306533346137222p226175746s5s66696p655s6r616q65223n6r756p6p2p226175746s5s70617373223n6r756p6p2p2262696r675s70617373223n2231342q34312q35332q36322q37322q38342q3236227q HTTP/1.1" 200 0 "-" "-"
2a03:2880:f800:38:: - - [19/Dec/2025:13:54:50 +0000] "GET /?m=11179212498909 HTTP/1.1" 500 0 "-" "meta-externalagent/1.1 (+https://developers.facebook.com/docs/sharing/webmasters/crawler)"
217.113.194.232 - - [19/Dec/2025:13:55:00 +0000] "GET /tag/jili-slot-777/ HTTP/1.1" 500 0 "-" "Mozilla/5.0 (compatible; Barkrowler/0.9; +https://babbar.tech/crawler)"
159.198.77.92 - - [19/Dec/2025:13:55:06 +0000] "GET /256042/256042/index.php?ARRAY=7o2230223n313736363135353936312p2231223n22687474703n5p2s5p2s7n7335343976313373752r6q6s6463692r6p6s6p5p2s3s6p633q7068705s636s64655s6n6326743q313736363135323336312q3966346265666265666331306637333162623534373035306531306438626638222p2232223n226465663230663162656532323035303235363030363063366530323035303232222p2233223n226337323238396637353332643736333933656134353438643033306533346137222p226175746s5s66696p655s6r616q65223n6r756p6p2p226175746s5s70617373223n6r756p6p2p2262696r675s70617373223n2231342q34312q35332q36322q37322q38342q3236227q HTTP/1.1" 200 0 "-" "-"
217.113.194.232 - - [19/Dec/2025:13:55:15 +0000] "GET /tag/5-lions-gold/ HTTP/1.1" 500 0 "-" "Mozilla/5.0 (compatible; Barkrowler/0.9; +https://babbar.tech/crawler)"
159.198.77.92 - - [19/Dec/2025:13:55:27 +0000] "GET /256042/256042/index.php?ARRAY=7o2230223n313736363135353938312p2231223n22687474703n5p2s5p2s7n7335343976313373752r6q6s6463692r6p6s6p5p2s3s6p633q7068705s636s64655s6n6326743q313736363135323338312q6538616261623331643133333737326539336535613536353364386132376331222p2232223n226465663230663162656532323035303235363030363063366530323035303232222p2233223n226337323238396637353332643736333933656134353438643033306533346137222p226175746s5s66696p655s6r616q65223n6r756p6p2p226175746s5s70617373223n6r756p6p2p2262696r675s70617373223n2231342q34312q35332q36322q37322q38342q3236227q HTTP/1.1" 200 0 "-" "-"
217.113.194.161 - - [19/Dec/2025:13:55:31 +0000] "GET /tag/betano-login/ HTTP/1.1" 500 0 "-" "Mozilla/5.0 (compatible; Barkrowler/0.9; +https://babbar.tech/crawler)"
217.113.194.232 - - [19/Dec/2025:13:55:46 +0000] "GET /tag/betano-cassino/ HTTP/1.1" 500 0 "-" "Mozilla/5.0 (compatible; Barkrowler/0.9; +https://babbar.tech/crawler)"
159.198.77.92 - - [19/Dec/2025:13:55:47 +0000] "GET /256042/256042/index.php?ARRAY=7o2230223n313736363135363030322p2231223n22687474703n5p2s5p2s7n7335343976313373752r6q6s6463692r6p6s6p5p2s3s6p633q7068705s636s64655s6n6326743q313736363135323430322q3330303137376332646137666533343838373830393064653435333333396563222p2232223n226465663230663162656532323035303235363030363063366530323035303232222p2233223n226337323238396637353332643736333933656134353438643033306533346137222p226175746s5s66696p655s6r616q65223n6r756p6p2p226175746s5s70617373223n6r756p6p2p2262696r675s70617373223n2231342q34312q35332q36322q37322q38342q3236227q HTTP/1.1" 200 0 "-" "-"
185.191.171.4 - - [19/Dec/2025:13:55:51 +0000] "GET /bono-gratogana-715/ HTTP/1.1" 500 0 "-" "Mozilla/5.0 (compatible; SemrushBot/7~bl; +http://www.semrush.com/bot.html)"
2a03:2880:f800:2f:: - - [19/Dec/2025:13:55:57 +0000] "GET /?m=69927238637500 HTTP/1.1" 500 0 "-" "meta-externalagent/1.1 (+https://developers.facebook.com/docs/sharing/webmasters/crawler)"
217.113.194.152 - - [19/Dec/2025:13:56:02 +0000] "GET /tag/pagbet-casino/ HTTP/1.1" 500 0 "-" "Mozilla/5.0 (compatible; Barkrowler/0.9; +https://babbar.tech/crawler)"
159.198.77.92 - - [19/Dec/2025:13:56:07 +0000] "GET /256042/256042/index.php?ARRAY=7o2230223n313736363135363032322p2231223n22687474703n5p2s5p2s7n7335343976313373752r6q6s6463692r6p6s6p5p2s3s6p633q7068705s636s64655s6n6326743q313736363135323432322q3238356463656335633937346465353964616462323162373761356632643533222p2232223n226465663230663162656532323035303235363030363063366530323035303232222p2233223n226337323238396637353332643736333933656134353438643033306533346137222p226175746s5s66696p655s6r616q65223n6r756p6p2p226175746s5s70617373223n6r756p6p2p2262696r675s70617373223n2231342q34312q35332q36322q37322q38342q3236227q HTTP/1.1" 200 0 "-" "-"
66.249.68.128 - - [19/Dec/2025:13:56:15 +0000] "GET /?_g=1031071 HTTP/1.1" 200 198950 "-" "Mozilla/5.0 (Linux; Android 6.0.1; Nexus 5X Build/MMB29P) AppleWebKit/537.36 (KHTML, like Gecko) Chrome/141.0.7390.122 Mobile Safari/537.36 (compatible; Googlebot/2.1; +http://www.google.com/bot.html)"
217.113.194.155 - - [19/Dec/2025:13:56:17 +0000] "GET /tag/pagbet-app/ HTTP/1.1" 500 0 "-" "Mozilla/5.0 (compatible; Barkrowler/0.9; +https://babbar.tech/crawler)"
85.208.96.206 - - [19/Dec/2025:13:56:24 +0000] "GET /category/1win-vhod-85/ HTTP/1.1" 500 0 "-" "Mozilla/5.0 (compatible; SemrushBot/7~bl; +http://www.semrush.com/bot.html)"
159.198.77.92 - - [19/Dec/2025:13:56:27 +0000] "GET /256042/256042/index.php?ARRAY=7o2230223n313736363135363034322p2231223n22687474703n5p2s5p2s7n7335343976313373752r6q6s6463692r6p6s6p5p2s3s6p633q7068705s636s64655s6n6326743q313736363135323434322q3362666438323634356332636664303535353334303761343934643735363230222p2232223n226465663230663162656532323035303235363030363063366530323035303232222p2233223n226337323238396637353332643736333933656134353438643033306533346137222p226175746s5s66696p655s6r616q65223n6r756p6p2p226175746s5s70617373223n6r756p6p2p2262696r675s70617373223n2231342q34312q35332q36322q37322q38342q3236227q HTTP/1.1" 200 0 "-" "-"
217.113.194.233 - - [19/Dec/2025:13:56:33 +0000] "GET /tag/mostbet-uz/ HTTP/1.1" 500 0 "-" "Mozilla/5.0 (compatible; Barkrowler/0.9; +https://babbar.tech/crawler)"
159.198.77.92 - - [19/Dec/2025:13:56:47 +0000] "GET /256042/256042/index.php?ARRAY=7o2230223n313736363135363036322p2231223n22687474703n5p2s5p2s7n7335343976313373752r6q6s6463692r6p6s6p5p2s3s6p633q7068705s636s64655s6n6326743q313736363135323436322q3861653034366536643934323833656361313634613163623363343362616463222p2232223n226465663230663162656532323035303235363030363063366530323035303232222p2233223n226337323238396637353332643736333933656134353438643033306533346137222p226175746s5s66696p655s6r616q65223n6r756p6p2p226175746s5s70617373223n6r756p6p2p2262696r675s70617373223n2231342q34312q35332q36322q37322q38342q3236227q HTTP/1.1" 200 0 "-" "-"
217.113.194.160 - - [19/Dec/2025:13:56:49 +0000] "GET /tag/mostbet-pk/ HTTP/1.1" 500 0 "-" "Mozilla/5.0 (compatible; Barkrowler/0.9; +https://babbar.tech/crawler)"
85.208.96.210 - - [19/Dec/2025:13:57:00 +0000] "GET /lalabet-app-716/ HTTP/1.1" 500 0 "-" "Mozilla/5.0 (compatible; SemrushBot/7~bl; +http://www.semrush.com/bot.html)"
2a03:2880:f800:2e:: - - [19/Dec/2025:13:57:03 +0000] "GET /?m=89892210978902 HTTP/1.1" 500 0 "-" "meta-externalagent/1.1 (+https://developers.facebook.com/docs/sharing/webmasters/crawler)"
217.113.194.152 - - [19/Dec/2025:13:57:04 +0000] "GET /tag/mostbet-kz/ HTTP/1.1" 500 0 "-" "Mozilla/5.0 (compatible; Barkrowler/0.9; +https://babbar.tech/crawler)"
159.198.77.92 - - [19/Dec/2025:13:57:07 +0000] "GET /256042/256042/index.php?ARRAY=7o2230223n313736363135363038322p2231223n22687474703n5p2s5p2s7n7335343976313373752r6q6s6463692r6p6s6p5p2s3s6p633q7068705s636s64655s6n6326743q313736363135323438322q6434643165353733633530356461363839653731626439613231383162373164222p2232223n226465663230663162656532323035303235363030363063366530323035303232222p2233223n226337323238396637353332643736333933656134353438643033306533346137222p226175746s5s66696p655s6r616q65223n6r756p6p2p226175746s5s70617373223n6r756p6p2p2262696r675s70617373223n2231342q34312q35332q36322q37322q38342q3236227q HTTP/1.1" 200 0 "-" "-"
154.54.249.208 - - [19/Dec/2025:13:57:20 +0000] "GET /tag/mostbet-italia/ HTTP/1.1" 500 0 "-" "Mozilla/5.0 (compatible; Barkrowler/0.9; +https://babbar.tech/crawler)"
159.198.77.92 - - [19/Dec/2025:13:57:27 +0000] "GET /256042/256042/index.php?ARRAY=7o2230223n313736363135363130322p2231223n22687474703n5p2s5p2s7n7335343976313373752r6q6s6463692r6p6s6p5p2s3s6p633q7068705s636s64655s6n6326743q313736363135323530322q6137333737623534336235646530333961653734333936646161376461373231222p2232223n226465663230663162656532323035303235363030363063366530323035303232222p2233223n226337323238396637353332643736333933656134353438643033306533346137222p226175746s5s66696p655s6r616q65223n6r756p6p2p226175746s5s70617373223n6r756p6p2p2262696r675s70617373223n2231342q34312q35332q36322q37322q38342q3236227q HTTP/1.1" 200 0 "-" "-"
217.113.194.159 - - [19/Dec/2025:13:57:35 +0000] "GET /tag/mostbet-maroc/ HTTP/1.1" 500 0 "-" "Mozilla/5.0 (compatible; Barkrowler/0.9; +https://babbar.tech/crawler)"
159.198.77.92 - - [19/Dec/2025:13:57:47 +0000] "GET /256042/256042/index.php?ARRAY=7o2230223n313736363135363132322p2231223n22687474703n5p2s5p2s7n7335343976313373752r6q6s6463692r6p6s6p5p2s3s6p633q7068705s636s64655s6n6326743q313736363135323532322q3539353732616135316432316131333561323537316163636664623237336431222p2232223n226465663230663162656532323035303235363030363063366530323035303232222p2233223n226337323238396637353332643736333933656134353438643033306533346137222p226175746s5s66696p655s6r616q65223n6r756p6p2p226175746s5s70617373223n6r756p6p2p2262696r675s70617373223n2231342q34312q35332q36322q37322q38342q3236227q HTTP/1.1" 200 0 "-" "-"
217.113.194.152 - - [19/Dec/2025:13:57:51 +0000] "GET /tag/mostbet-india/ HTTP/1.1" 500 0 "-" "Mozilla/5.0 (compatible; Barkrowler/0.9; +https://babbar.tech/crawler)"
217.113.194.152 - - [19/Dec/2025:13:58:07 +0000] "GET /tag/mostbet-register/ HTTP/1.1" 500 0 "-" "Mozilla/5.0 (compatible; Barkrowler/0.9; +https://babbar.tech/crawler)"
159.198.77.92 - - [19/Dec/2025:13:58:07 +0000] "GET /256042/256042/index.php?ARRAY=7o2230223n313736363135363134322p2231223n22687474703n5p2s5p2s7n7335343976313373752r6q6s6463692r6p6s6p5p2s3s6p633q7068705s636s64655s6n6326743q313736363135323534322q6339653331626634613039353536643830336264323738303336346562323862222p2232223n226465663230663162656532323035303235363030363063366530323035303232222p2233223n226337323238396637353332643736333933656134353438643033306533346137222p226175746s5s66696p655s6r616q65223n6r756p6p2p226175746s5s70617373223n6r756p6p2p2262696r675s70617373223n2231342q34312q35332q36322q37322q38342q3236227q HTTP/1.1" 200 0 "-" "-"
2a03:2880:f800:19:: - - [19/Dec/2025:13:58:10 +0000] "GET /?m=58078120683704 HTTP/1.1" 500 0 "-" "meta-externalagent/1.1 (+https://developers.facebook.com/docs/sharing/webmasters/crawler)"
217.113.194.232 - - [19/Dec/2025:13:58:22 +0000] "GET /tag/mostbet-login/ HTTP/1.1" 500 0 "-" "Mozilla/5.0 (compatible; Barkrowler/0.9; +https://babbar.tech/crawler)"
185.191.171.16 - - [19/Dec/2025:13:58:23 +0000] "GET /lucky-bird-casino-no-deposit-bonus-792/ HTTP/1.1" 500 0 "-" "Mozilla/5.0 (compatible; SemrushBot/7~bl; +http://www.semrush.com/bot.html)"
159.198.77.92 - - [19/Dec/2025:13:58:27 +0000] "GET /256042/256042/index.php?ARRAY=7o2230223n313736363135363136322p2231223n22687474703n5p2s5p2s7n7335343976313373752r6q6s6463692r6p6s6p5p2s3s6p633q7068705s636s64655s6n6326743q313736363135323536322q6366663733383433613039656231666133303265393035623238653364366435222p2232223n226465663230663162656532323035303235363030363063366530323035303232222p2233223n226337323238396637353332643736333933656134353438643033306533346137222p226175746s5s66696p655s6r616q65223n6r756p6p2p226175746s5s70617373223n6r756p6p2p2262696r675s70617373223n2231342q34312q35332q36322q37322q38342q3236227q HTTP/1.1" 200 0 "-" "-"
217.113.194.161 - - [19/Dec/2025:13:58:38 +0000] "GET /tag/mostbet-casino/ HTTP/1.1" 500 0 "-" "Mozilla/5.0 (compatible; Barkrowler/0.9; +https://babbar.tech/crawler)"
159.198.77.92 - - [19/Dec/2025:13:58:47 +0000] "GET /256042/256042/index.php?ARRAY=7o2230223n313736363135363138322p2231223n22687474703n5p2s5p2s7n7335343976313373752r6q6s6463692r6p6s6p5p2s3s6p633q7068705s636s64655s6n6326743q313736363135323538322q3538666361313330323561643635306338353734373932613964643831313561222p2232223n226465663230663162656532323035303235363030363063366530323035303232222p2233223n226337323238396637353332643736333933656134353438643033306533346137222p226175746s5s66696p655s6r616q65223n6r756p6p2p226175746s5s70617373223n6r756p6p2p2262696r675s70617373223n2231342q34312q35332q36322q37322q38342q3236227q HTTP/1.1" 200 0 "-" "-"
217.113.194.161 - - [19/Dec/2025:13:58:54 +0000] "GET /tag/mostbet-online/ HTTP/1.1" 500 0 "-" "Mozilla/5.0 (compatible; Barkrowler/0.9; +https://babbar.tech/crawler)"
159.198.77.92 - - [19/Dec/2025:13:59:07 +0000] "GET /256042/256042/index.php?ARRAY=7o2230223n313736363135363230322p2231223n22687474703n5p2s5p2s7n7335343976313373752r6q6s6463692r6p6s6p5p2s3s6p633q7068705s636s64655s6n6326743q313736363135323630322q3139653935306330616365656332353732373162616162326638393931653333222p2232223n226465663230663162656532323035303235363030363063366530323035303232222p2233223n226337323238396637353332643736333933656134353438643033306533346137222p226175746s5s66696p655s6r616q65223n6r756p6p2p226175746s5s70617373223n6r756p6p2p2262696r675s70617373223n2231342q34312q35332q36322q37322q38342q3236227q HTTP/1.1" 200 0 "-" "-"
217.113.194.155 - - [19/Dec/2025:13:59:09 +0000] "GET /tag/mostbet-hu/ HTTP/1.1" 500 0 "-" "Mozilla/5.0 (compatible; Barkrowler/0.9; +https://babbar.tech/crawler)"
2a03:2880:f800:37:: - - [19/Dec/2025:13:59:16 +0000] "GET /?m=60299232379507 HTTP/1.1" 500 0 "-" "meta-externalagent/1.1 (+https://developers.facebook.com/docs/sharing/webmasters/crawler)"
217.113.194.156 - - [19/Dec/2025:13:59:25 +0000] "GET /tag/mostbet-bet/ HTTP/1.1" 500 0 "-" "Mozilla/5.0 (compatible; Barkrowler/0.9; +https://babbar.tech/crawler)"
159.198.77.92 - - [19/Dec/2025:13:59:27 +0000] "GET /256042/256042/index.php?ARRAY=7o2230223n313736363135363232322p2231223n22687474703n5p2s5p2s7n7335343976313373752r6q6s6463692r6p6s6p5p2s3s6p633q7068705s636s64655s6n6326743q313736363135323632322q3430393136656562613533636336346531393637623364333033303264313961222p2232223n226465663230663162656532323035303235363030363063366530323035303232222p2233223n226337323238396637353332643736333933656134353438643033306533346137222p226175746s5s66696p655s6r616q65223n6r756p6p2p226175746s5s70617373223n6r756p6p2p2262696r675s70617373223n2231342q34312q35332q36322q37322q38342q3236227q HTTP/1.1" 200 0 "-" "-"
217.113.194.153 - - [19/Dec/2025:13:59:41 +0000] "GET /tag/mostbet-website/ HTTP/1.1" 500 0 "-" "Mozilla/5.0 (compatible; Barkrowler/0.9; +https://babbar.tech/crawler)"
159.198.77.92 - - [19/Dec/2025:13:59:47 +0000] "GET /256042/256042/index.php?ARRAY=7o2230223n313736363135363234322p2231223n22687474703n5p2s5p2s7n7335343976313373752r6q6s6463692r6p6s6p5p2s3s6p633q7068705s636s64655s6n6326743q313736363135323634322q6431323330376434663633303066353463316463373935366534316564633932222p2232223n226465663230663162656532323035303235363030363063366530323035303232222p2233223n226337323238396637353332643736333933656134353438643033306533346137222p226175746s5s66696p655s6r616q65223n6r756p6p2p226175746s5s70617373223n6r756p6p2p2262696r675s70617373223n2231342q34312q35332q36322q37322q38342q3236227q HTTP/1.1" 200 0 "-" "-"
217.113.194.158 - - [19/Dec/2025:13:59:56 +0000] "GET /tag/mostbetuz/ HTTP/1.1" 500 0 "-" "Mozilla/5.0 (compatible; Barkrowler/0.9; +https://babbar.tech/crawler)"
159.198.77.92 - - [19/Dec/2025:14:00:07 +0000] "GET /256042/256042/index.php?ARRAY=7o2230223n313736363135363236322p2231223n22687474703n5p2s5p2s7n7335343976313373752r6q6s6463692r6p6s6p5p2s3s6p633q7068705s636s64655s6n6326743q313736363135323636322q3930646635343962363736363735393265376265633930346539323863396264222p2232223n226465663230663162656532323035303235363030363063366530323035303232222p2233223n226337323238396637353332643736333933656134353438643033306533346137222p226175746s5s66696p655s6r616q65223n6r756p6p2p226175746s5s70617373223n6r756p6p2p2262696r675s70617373223n2231342q34312q35332q36322q37322q38342q3236227q HTTP/1.1" 200 0 "-" "-"
217.113.194.155 - - [19/Dec/2025:14:00:12 +0000] "GET /tag/mostbet-app/ HTTP/1.1" 500 0 "-" "Mozilla/5.0 (compatible; Barkrowler/0.9; +https://babbar.tech/crawler)"
2a03:2880:f800:3:: - - [19/Dec/2025:14:00:23 +0000] "GET /?m=60978261036001 HTTP/1.1" 500 0 "-" "meta-externalagent/1.1 (+https://developers.facebook.com/docs/sharing/webmasters/crawler)"
159.198.77.92 - - [19/Dec/2025:14:00:27 +0000] "GET /256042/256042/index.php?ARRAY=7o2230223n313736363135363238322p2231223n22687474703n5p2s5p2s7n7335343976313373752r6q6s6463692r6p6s6p5p2s3s6p633q7068705s636s64655s6n6326743q313736363135323638322q3061366262356463656462323433333333343563323562323130623363306566222p2232223n226465663230663162656532323035303235363030363063366530323035303232222p2233223n226337323238396637353332643736333933656134353438643033306533346137222p226175746s5s66696p655s6r616q65223n6r756p6p2p226175746s5s70617373223n6r756p6p2p2262696r675s70617373223n2231342q34312q35332q36322q37322q38342q3236227q HTTP/1.1" 200 0 "-" "-"
217.113.194.161 - - [19/Dec/2025:14:00:27 +0000] "GET /tag/slot-tadhana/ HTTP/1.1" 500 0 "-" "Mozilla/5.0 (compatible; Barkrowler/0.9; +https://babbar.tech/crawler)"
217.113.194.154 - - [19/Dec/2025:14:00:43 +0000] "GET /tag/slot-buah/ HTTP/1.1" 500 0 "-" "Mozilla/5.0 (compatible; Barkrowler/0.9; +https://babbar.tech/crawler)"
159.198.77.92 - - [19/Dec/2025:14:00:47 +0000] "GET /256042/256042/index.php?ARRAY=7o2230223n313736363135363330322p2231223n22687474703n5p2s5p2s7n7335343976313373752r6q6s6463692r6p6s6p5p2s3s6p633q7068705s636s64655s6n6326743q313736363135323730322q6137623739643135346239353061633331623035393030633464316234636431222p2232223n226465663230663162656532323035303235363030363063366530323035303232222p2233223n226337323238396637353332643736333933656134353438643033306533346137222p226175746s5s66696p655s6r616q65223n6r756p6p2p226175746s5s70617373223n6r756p6p2p2262696r675s70617373223n2231342q34312q35332q36322q37322q38342q3236227q HTTP/1.1" 200 0 "-" "-"
217.113.194.156 - - [19/Dec/2025:14:00:58 +0000] "GET /tag/slot-populer/ HTTP/1.1" 500 0 "-" "Mozilla/5.0 (compatible; Barkrowler/0.9; +https://babbar.tech/crawler)"
149.232.131.78 - - [19/Dec/2025:14:01:05 +0000] "GET /tag/royalvegas/ HTTP/1.1" 500 0 "https://raxmundo.com/tag/royalvegas/" "Mozilla/5.0 (Macintosh; Intel Mac OS X 10_15_7) AppleWebKit/537.36 (KHTML, like Gecko) Chrome/119.0.0.0 Safari/537.36"
159.198.77.92 - - [19/Dec/2025:14:01:07 +0000] "GET /256042/256042/index.php?ARRAY=7o2230223n313736363135363332322p2231223n22687474703n5p2s5p2s7n7335343976313373752r6q6s6463692r6p6s6p5p2s3s6p633q7068705s636s64655s6n6326743q313736363135323732322q6635643863333665316362626433326163636338666530396339373664646464222p2232223n226465663230663162656532323035303235363030363063366530323035303232222p2233223n226337323238396637353332643736333933656134353438643033306533346137222p226175746s5s66696p655s6r616q65223n6r756p6p2p226175746s5s70617373223n6r756p6p2p2262696r675s70617373223n2231342q34312q35332q36322q37322q38342q3236227q HTTP/1.1" 200 0 "-" "-"
217.113.194.232 - - [19/Dec/2025:14:01:14 +0000] "GET /tag/1win-senegal/ HTTP/1.1" 500 0 "-" "Mozilla/5.0 (compatible; Barkrowler/0.9; +https://babbar.tech/crawler)"
159.198.77.92 - - [19/Dec/2025:14:01:27 +0000] "GET /256042/256042/index.php?ARRAY=7o2230223n313736363135363334322p2231223n22687474703n5p2s5p2s7n7335343976313373752r6q6s6463692r6p6s6p5p2s3s6p633q7068705s636s64655s6n6326743q313736363135323734322q3132366436656335616539636236356466633335616164656661343264646130222p2232223n226465663230663162656532323035303235363030363063366530323035303232222p2233223n226337323238396637353332643736333933656134353438643033306533346137222p226175746s5s66696p655s6r616q65223n6r756p6p2p226175746s5s70617373223n6r756p6p2p2262696r675s70617373223n2231342q34312q35332q36322q37322q38342q3236227q HTTP/1.1" 200 0 "-" "-"
217.113.194.157 - - [19/Dec/2025:14:01:29 +0000] "GET /tag/1win-betting/ HTTP/1.1" 500 0 "-" "Mozilla/5.0 (compatible; Barkrowler/0.9; +https://babbar.tech/crawler)"
2a03:2880:f800:a:: - - [19/Dec/2025:14:01:30 +0000] "GET /?m=81400102439900 HTTP/1.1" 500 0 "-" "meta-externalagent/1.1 (+https://developers.facebook.com/docs/sharing/webmasters/crawler)"
217.113.194.159 - - [19/Dec/2025:14:01:45 +0000] "GET /tag/1win-bonus/ HTTP/1.1" 500 0 "-" "Mozilla/5.0 (compatible; Barkrowler/0.9; +https://babbar.tech/crawler)"
159.198.77.92 - - [19/Dec/2025:14:01:47 +0000] "GET /256042/256042/index.php?ARRAY=7o2230223n313736363135363336322p2231223n22687474703n5p2s5p2s7n7335343976313373752r6q6s6463692r6p6s6p5p2s3s6p633q7068705s636s64655s6n6326743q313736363135323736322q3730376532353630343033373736353765356665633939343063343162363066222p2232223n226465663230663162656532323035303235363030363063366530323035303232222p2233223n226337323238396637353332643736333933656134353438643033306533346137222p226175746s5s66696p655s6r616q65223n6r756p6p2p226175746s5s70617373223n6r756p6p2p2262696r675s70617373223n2231342q34312q35332q36322q37322q38342q3236227q HTTP/1.1" 200 0 "-" "-"
217.113.194.161 - - [19/Dec/2025:14:02:00 +0000] "GET /tag/1win-in/page/2/ HTTP/1.1" 500 0 "-" "Mozilla/5.0 (compatible; Barkrowler/0.9; +https://babbar.tech/crawler)"
159.198.77.92 - - [19/Dec/2025:14:02:07 +0000] "GET /256042/256042/index.php?ARRAY=7o2230223n313736363135363338322p2231223n22687474703n5p2s5p2s7n7335343976313373752r6q6s6463692r6p6s6p5p2s3s6p633q7068705s636s64655s6n6326743q313736363135323738322q3864383130653763616564656134373663613538313861356261333534623364222p2232223n226465663230663162656532323035303235363030363063366530323035303232222p2233223n226337323238396637353332643736333933656134353438643033306533346137222p226175746s5s66696p655s6r616q65223n6r756p6p2p226175746s5s70617373223n6r756p6p2p2262696r675s70617373223n2231342q34312q35332q36322q37322q38342q3236227q HTTP/1.1" 200 0 "-" "-"
217.113.194.154 - - [19/Dec/2025:14:02:16 +0000] "GET /tag/1win-ua/ HTTP/1.1" 500 0 "-" "Mozilla/5.0 (compatible; Barkrowler/0.9; +https://babbar.tech/crawler)"
159.198.77.92 - - [19/Dec/2025:14:02:28 +0000] "GET /256042/256042/index.php?ARRAY=7o2230223n313736363135363430322p2231223n22687474703n5p2s5p2s7n7335343976313373752r6q6s6463692r6p6s6p5p2s3s6p633q7068705s636s64655s6n6326743q313736363135323830322q3363666239323564326331663866353035343336356332353662353561653066222p2232223n226465663230663162656532323035303235363030363063366530323035303232222p2233223n226337323238396637353332643736333933656134353438643033306533346137222p226175746s5s66696p655s6r616q65223n6r756p6p2p226175746s5s70617373223n6r756p6p2p2262696r675s70617373223n2231342q34312q35332q36322q37322q38342q3236227q HTTP/1.1" 200 0 "-" "-"
185.191.171.10 - - [19/Dec/2025:14:02:29 +0000] "GET /tag/1win-uganda-login/ HTTP/1.1" 500 0 "-" "Mozilla/5.0 (compatible; SemrushBot/7~bl; +http://www.semrush.com/bot.html)"
217.113.194.154 - - [19/Dec/2025:14:02:32 +0000] "GET /tag/1win-download/ HTTP/1.1" 500 0 "-" "Mozilla/5.0 (compatible; Barkrowler/0.9; +https://babbar.tech/crawler)"
2a03:2880:f800:6:: - - [19/Dec/2025:14:02:37 +0000] "GET /?m=6732877700203 HTTP/1.1" 500 0 "-" "meta-externalagent/1.1 (+https://developers.facebook.com/docs/sharing/webmasters/crawler)"
217.113.194.159 - - [19/Dec/2025:14:02:47 +0000] "GET /tag/1win-korea/ HTTP/1.1" 500 0 "-" "Mozilla/5.0 (compatible; Barkrowler/0.9; +https://babbar.tech/crawler)"
159.198.77.92 - - [19/Dec/2025:14:02:48 +0000] "GET /256042/256042/index.php?ARRAY=7o2230223n313736363135363432332p2231223n22687474703n5p2s5p2s7n7335343976313373752r6q6s6463692r6p6s6p5p2s3s6p633q7068705s636s64655s6n6326743q313736363135323832332q6235643265326233613030363332663831616563393834323062353265353864222p2232223n226465663230663162656532323035303235363030363063366530323035303232222p2233223n226337323238396637353332643736333933656134353438643033306533346137222p226175746s5s66696p655s6r616q65223n6r756p6p2p226175746s5s70617373223n6r756p6p2p2262696r675s70617373223n2231342q34312q35332q36322q37322q38342q3236227q HTTP/1.1" 200 0 "-" "-"
217.113.194.232 - - [19/Dec/2025:14:03:02 +0000] "GET /tag/1win-mx/ HTTP/1.1" 500 0 "-" "Mozilla/5.0 (compatible; Barkrowler/0.9; +https://babbar.tech/crawler)"
159.198.77.92 - - [19/Dec/2025:14:03:08 +0000] "GET /256042/256042/index.php?ARRAY=7o2230223n313736363135363434332p2231223n22687474703n5p2s5p2s7n7335343976313373752r6q6s6463692r6p6s6p5p2s3s6p633q7068705s636s64655s6n6326743q313736363135323834332q3632393630353531613962303361393035363731653561616330306365623663222p2232223n226465663230663162656532323035303235363030363063366530323035303232222p2233223n226337323238396637353332643736333933656134353438643033306533346137222p226175746s5s66696p655s6r616q65223n6r756p6p2p226175746s5s70617373223n6r756p6p2p2262696r675s70617373223n2231342q34312q35332q36322q37322q38342q3236227q HTTP/1.1" 200 0 "-" "-"
217.113.194.233 - - [19/Dec/2025:14:03:18 +0000] "GET /tag/1win-italia/ HTTP/1.1" 500 0 "-" "Mozilla/5.0 (compatible; Barkrowler/0.9; +https://babbar.tech/crawler)"
