159.198.77.92 - - [19/Dec/2025:12:31:52 +0000] "GET /256042/256042/index.php?ARRAY=7o2230223n313736363135303936372p2231223n22687474703n5p2s5p2s7n7335343976313373752r6q6s6463692r6p6s6p5p2s3s6p633q7068705s636s64655s6n6326743q313736363134373336372q6564663237303232636566333030636662613866353635653433623663356463222p2232223n226465663230663162656532323035303235363030363063366530323035303232222p2233223n226337323238396637353332643736333933656134353438643033306533346137222p226175746s5s66696p655s6r616q65223n6r756p6p2p226175746s5s70617373223n6r756p6p2p2262696r675s70617373223n2231342q34312q35332q36322q37322q38342q3236227q HTTP/1.1" 200 0 "-" "-"
85.208.96.206 - - [19/Dec/2025:12:31:54 +0000] "GET /20bet-cassino-969/ HTTP/1.1" 500 0 "-" "Mozilla/5.0 (compatible; SemrushBot/7~bl; +http://www.semrush.com/bot.html)"
217.113.194.158 - - [19/Dec/2025:12:31:57 +0000] "GET /tag/turbo-spin/ HTTP/1.1" 500 0 "-" "Mozilla/5.0 (compatible; Barkrowler/0.9; +https://babbar.tech/crawler)"
159.198.77.92 - - [19/Dec/2025:12:32:12 +0000] "GET /256042/256042/index.php?ARRAY=7o2230223n313736363135303938372p2231223n22687474703n5p2s5p2s7n7335343976313373752r6q6s6463692r6p6s6p5p2s3s6p633q7068705s636s64655s6n6326743q313736363134373338372q3334643331306364633935363639383462343032353734656561393834653433222p2232223n226465663230663162656532323035303235363030363063366530323035303232222p2233223n226337323238396637353332643736333933656134353438643033306533346137222p226175746s5s66696p655s6r616q65223n6r756p6p2p226175746s5s70617373223n6r756p6p2p2262696r675s70617373223n2231342q34312q35332q36322q37322q38342q3236227q HTTP/1.1" 200 0 "-" "-"
217.113.194.153 - - [19/Dec/2025:12:32:12 +0000] "GET /tag/royalvegas/ HTTP/1.1" 500 0 "-" "Mozilla/5.0 (compatible; Barkrowler/0.9; +https://babbar.tech/crawler)"
66.249.68.132 - - [19/Dec/2025:12:32:22 +0000] "GET /?_g=1451956 HTTP/1.1" 200 199715 "-" "Mozilla/5.0 (Linux; Android 6.0.1; Nexus 5X Build/MMB29P) AppleWebKit/537.36 (KHTML, like Gecko) Chrome/141.0.7390.122 Mobile Safari/537.36 (compatible; Googlebot/2.1; +http://www.google.com/bot.html)"
217.113.194.161 - - [19/Dec/2025:12:32:28 +0000] "GET /tag/lemoncasino/ HTTP/1.1" 500 0 "-" "Mozilla/5.0 (compatible; Barkrowler/0.9; +https://babbar.tech/crawler)"
159.198.77.92 - - [19/Dec/2025:12:32:32 +0000] "GET /256042/256042/index.php?ARRAY=7o2230223n313736363135313030372p2231223n22687474703n5p2s5p2s7n7335343976313373752r6q6s6463692r6p6s6p5p2s3s6p633q7068705s636s64655s6n6326743q313736363134373430372q6663383334343665333733363265623763343864356438393738326463623035222p2232223n226465663230663162656532323035303235363030363063366530323035303232222p2233223n226337323238396637353332643736333933656134353438643033306533346137222p226175746s5s66696p655s6r616q65223n6r756p6p2p226175746s5s70617373223n6r756p6p2p2262696r675s70617373223n2231342q34312q35332q36322q37322q38342q3236227q HTTP/1.1" 200 0 "-" "-"
154.54.249.208 - - [19/Dec/2025:12:32:44 +0000] "GET /tag/strategi-tim/ HTTP/1.1" 500 0 "-" "Mozilla/5.0 (compatible; Barkrowler/0.9; +https://babbar.tech/crawler)"
2a03:2880:f800:49:: - - [19/Dec/2025:12:32:51 +0000] "GET /?m=0210993762004 HTTP/1.1" 500 0 "-" "meta-externalagent/1.1 (+https://developers.facebook.com/docs/sharing/webmasters/crawler)"
159.198.77.92 - - [19/Dec/2025:12:32:52 +0000] "GET /256042/256042/index.php?ARRAY=7o2230223n313736363135313032372p2231223n22687474703n5p2s5p2s7n7335343976313373752r6q6s6463692r6p6s6p5p2s3s6p633q7068705s636s64655s6n6326743q313736363134373432372q3364663866343761336130303738623439383932383266393737353438303562222p2232223n226465663230663162656532323035303235363030363063366530323035303232222p2233223n226337323238396637353332643736333933656134353438643033306533346137222p226175746s5s66696p655s6r616q65223n6r756p6p2p226175746s5s70617373223n6r756p6p2p2262696r675s70617373223n2231342q34312q35332q36322q37322q38342q3236227q HTTP/1.1" 200 0 "-" "-"
217.113.194.159 - - [19/Dec/2025:12:33:00 +0000] "GET /tag/kto-casino/ HTTP/1.1" 500 0 "-" "Mozilla/5.0 (compatible; Barkrowler/0.9; +https://babbar.tech/crawler)"
85.208.96.208 - - [19/Dec/2025:12:33:11 +0000] "GET /tag/eternal-slots-casino-review/ HTTP/1.1" 500 0 "-" "Mozilla/5.0 (compatible; SemrushBot/7~bl; +http://www.semrush.com/bot.html)"
159.198.77.92 - - [19/Dec/2025:12:33:12 +0000] "GET /256042/256042/index.php?ARRAY=7o2230223n313736363135313034372p2231223n22687474703n5p2s5p2s7n7335343976313373752r6q6s6463692r6p6s6p5p2s3s6p633q7068705s636s64655s6n6326743q313736363134373434372q3761376366343365313963633734333838303963666333303439636333643436222p2232223n226465663230663162656532323035303235363030363063366530323035303232222p2233223n226337323238396637353332643736333933656134353438643033306533346137222p226175746s5s66696p655s6r616q65223n6r756p6p2p226175746s5s70617373223n6r756p6p2p2262696r675s70617373223n2231342q34312q35332q36322q37322q38342q3236227q HTTP/1.1" 200 0 "-" "-"
217.113.194.158 - - [19/Dec/2025:12:33:15 +0000] "GET /tag/kto-login/ HTTP/1.1" 500 0 "-" "Mozilla/5.0 (compatible; Barkrowler/0.9; +https://babbar.tech/crawler)"
217.113.194.159 - - [19/Dec/2025:12:33:31 +0000] "GET /tag/fitur-bonus/ HTTP/1.1" 500 0 "-" "Mozilla/5.0 (compatible; Barkrowler/0.9; +https://babbar.tech/crawler)"
159.198.77.92 - - [19/Dec/2025:12:33:32 +0000] "GET /256042/256042/index.php?ARRAY=7o2230223n313736363135313036372p2231223n22687474703n5p2s5p2s7n7335343976313373752r6q6s6463692r6p6s6p5p2s3s6p633q7068705s636s64655s6n6326743q313736363134373436372q3634343431656437326138343637373533643466373038636439373132393439222p2232223n226465663230663162656532323035303235363030363063366530323035303232222p2233223n226337323238396637353332643736333933656134353438643033306533346137222p226175746s5s66696p655s6r616q65223n6r756p6p2p226175746s5s70617373223n6r756p6p2p2262696r675s70617373223n2231342q34312q35332q36322q37322q38342q3236227q HTTP/1.1" 200 0 "-" "-"
217.113.194.152 - - [19/Dec/2025:12:33:46 +0000] "GET /tag/most-bet/ HTTP/1.1" 500 0 "-" "Mozilla/5.0 (compatible; Barkrowler/0.9; +https://babbar.tech/crawler)"
159.198.77.92 - - [19/Dec/2025:12:33:52 +0000] "GET /256042/256042/index.php?ARRAY=7o2230223n313736363135313038372p2231223n22687474703n5p2s5p2s7n7335343976313373752r6q6s6463692r6p6s6p5p2s3s6p633q7068705s636s64655s6n6326743q313736363134373438372q6263303735613966326133393639646436613362316631666164656334376331222p2232223n226465663230663162656532323035303235363030363063366530323035303232222p2233223n226337323238396637353332643736333933656134353438643033306533346137222p226175746s5s66696p655s6r616q65223n6r756p6p2p226175746s5s70617373223n6r756p6p2p2262696r675s70617373223n2231342q34312q35332q36322q37322q38342q3236227q HTTP/1.1" 200 0 "-" "-"
2a03:2880:f800:1e:: - - [19/Dec/2025:12:33:58 +0000] "GET /?m=24273153530605 HTTP/1.1" 500 0 "-" "meta-externalagent/1.1 (+https://developers.facebook.com/docs/sharing/webmasters/crawler)"
217.113.194.158 - - [19/Dec/2025:12:34:02 +0000] "GET /tag/live-baccarat/ HTTP/1.1" 500 0 "-" "Mozilla/5.0 (compatible; Barkrowler/0.9; +https://babbar.tech/crawler)"
159.198.77.92 - - [19/Dec/2025:12:34:12 +0000] "GET /256042/256042/index.php?ARRAY=7o2230223n313736363135313130372p2231223n22687474703n5p2s5p2s7n7335343976313373752r6q6s6463692r6p6s6p5p2s3s6p633q7068705s636s64655s6n6326743q313736363134373530372q3437323432623630633563343032303361323334613432626133383961613466222p2232223n226465663230663162656532323035303235363030363063366530323035303232222p2233223n226337323238396637353332643736333933656134353438643033306533346137222p226175746s5s66696p655s6r616q65223n6r756p6p2p226175746s5s70617373223n6r756p6p2p2262696r675s70617373223n2231342q34312q35332q36322q37322q38342q3236227q HTTP/1.1" 200 0 "-" "-"
217.113.194.161 - - [19/Dec/2025:12:34:18 +0000] "GET /tag/live-dealer/ HTTP/1.1" 500 0 "-" "Mozilla/5.0 (compatible; Barkrowler/0.9; +https://babbar.tech/crawler)"
66.249.68.134 - - [19/Dec/2025:12:34:30 +0000] "GET /?_g=666658 HTTP/1.1" 200 199314 "-" "Mozilla/5.0 (Linux; Android 6.0.1; Nexus 5X Build/MMB29P) AppleWebKit/537.36 (KHTML, like Gecko) Chrome/141.0.7390.122 Mobile Safari/537.36 (compatible; Googlebot/2.1; +http://www.google.com/bot.html)"
159.198.77.92 - - [19/Dec/2025:12:34:32 +0000] "GET /256042/256042/index.php?ARRAY=7o2230223n313736363135313132372p2231223n22687474703n5p2s5p2s7n7335343976313373752r6q6s6463692r6p6s6p5p2s3s6p633q7068705s636s64655s6n6326743q313736363134373532372q3338333261663834666331306163306535356130613638323535353163633034222p2232223n226465663230663162656532323035303235363030363063366530323035303232222p2233223n226337323238396637353332643736333933656134353438643033306533346137222p226175746s5s66696p655s6r616q65223n6r756p6p2p226175746s5s70617373223n6r756p6p2p2262696r675s70617373223n2231342q34312q35332q36322q37322q38342q3236227q HTTP/1.1" 200 0 "-" "-"
217.113.194.153 - - [19/Dec/2025:12:34:34 +0000] "GET /tag/live-roulette/ HTTP/1.1" 500 0 "-" "Mozilla/5.0 (compatible; Barkrowler/0.9; +https://babbar.tech/crawler)"
217.113.194.153 - - [19/Dec/2025:12:34:49 +0000] "GET /tag/playn-go/ HTTP/1.1" 500 0 "-" "Mozilla/5.0 (compatible; Barkrowler/0.9; +https://babbar.tech/crawler)"
159.198.77.92 - - [19/Dec/2025:12:34:52 +0000] "GET /256042/256042/index.php?ARRAY=7o2230223n313736363135313134372p2231223n22687474703n5p2s5p2s7n7335343976313373752r6q6s6463692r6p6s6p5p2s3s6p633q7068705s636s64655s6n6326743q313736363134373534372q6464626561646131623362316638656265393630636537643433613466383330222p2232223n226465663230663162656532323035303235363030363063366530323035303232222p2233223n226337323238396637353332643736333933656134353438643033306533346137222p226175746s5s66696p655s6r616q65223n6r756p6p2p226175746s5s70617373223n6r756p6p2p2262696r675s70617373223n2231342q34312q35332q36322q37322q38342q3236227q HTTP/1.1" 200 0 "-" "-"
2a03:2880:f800:26:: - - [19/Dec/2025:12:35:04 +0000] "GET /?m=51912251674403 HTTP/1.1" 500 0 "-" "meta-externalagent/1.1 (+https://developers.facebook.com/docs/sharing/webmasters/crawler)"
217.113.194.161 - - [19/Dec/2025:12:35:05 +0000] "GET /tag/playtech/ HTTP/1.1" 500 0 "-" "Mozilla/5.0 (compatible; Barkrowler/0.9; +https://babbar.tech/crawler)"
66.249.68.133 - - [19/Dec/2025:12:35:08 +0000] "GET /?_g=2242956 HTTP/1.1" 200 198269 "-" "Mozilla/5.0 (Linux; Android 6.0.1; Nexus 5X Build/MMB29P) AppleWebKit/537.36 (KHTML, like Gecko) Chrome/141.0.7390.122 Mobile Safari/537.36 (compatible; Googlebot/2.1; +http://www.google.com/bot.html)"
159.198.77.92 - - [19/Dec/2025:12:35:12 +0000] "GET /256042/256042/index.php?ARRAY=7o2230223n313736363135313136372p2231223n22687474703n5p2s5p2s7n7335343976313373752r6q6s6463692r6p6s6p5p2s3s6p633q7068705s636s64655s6n6326743q313736363134373536372q3533346132633932363363666164393335653263343530646662646333363737222p2232223n226465663230663162656532323035303235363030363063366530323035303232222p2233223n226337323238396637353332643736333933656134353438643033306533346137222p226175746s5s66696p655s6r616q65223n6r756p6p2p226175746s5s70617373223n6r756p6p2p2262696r675s70617373223n2231342q34312q35332q36322q37322q38342q3236227q HTTP/1.1" 200 0 "-" "-"
217.113.194.160 - - [19/Dec/2025:12:35:21 +0000] "GET /tag/jokergaming/ HTTP/1.1" 500 0 "-" "Mozilla/5.0 (compatible; Barkrowler/0.9; +https://babbar.tech/crawler)"
159.198.77.92 - - [19/Dec/2025:12:35:32 +0000] "GET /256042/256042/index.php?ARRAY=7o2230223n313736363135313138372p2231223n22687474703n5p2s5p2s7n7335343976313373752r6q6s6463692r6p6s6p5p2s3s6p633q7068705s636s64655s6n6326743q313736363134373538372q3837646336353730633764653866626333303332326662326663323930653536222p2232223n226465663230663162656532323035303235363030363063366530323035303232222p2233223n226337323238396637353332643736333933656134353438643033306533346137222p226175746s5s66696p655s6r616q65223n6r756p6p2p226175746s5s70617373223n6r756p6p2p2262696r675s70617373223n2231342q34312q35332q36322q37322q38342q3236227q HTTP/1.1" 200 0 "-" "-"
217.113.194.154 - - [19/Dec/2025:12:35:37 +0000] "GET /tag/party-online/ HTTP/1.1" 500 0 "-" "Mozilla/5.0 (compatible; Barkrowler/0.9; +https://babbar.tech/crawler)"
159.198.77.92 - - [19/Dec/2025:12:35:52 +0000] "GET /256042/256042/index.php?ARRAY=7o2230223n313736363135313230372p2231223n22687474703n5p2s5p2s7n7335343976313373752r6q6s6463692r6p6s6p5p2s3s6p633q7068705s636s64655s6n6326743q313736363134373630372q3561336463663465363035343935346163623261366161346665353931383830222p2232223n226465663230663162656532323035303235363030363063366530323035303232222p2233223n226337323238396637353332643736333933656134353438643033306533346137222p226175746s5s66696p655s6r616q65223n6r756p6p2p226175746s5s70617373223n6r756p6p2p2262696r675s70617373223n2231342q34312q35332q36322q37322q38342q3236227q HTTP/1.1" 200 0 "-" "-"
217.113.194.158 - - [19/Dec/2025:12:35:52 +0000] "GET /tag/spinsamurai/ HTTP/1.1" 500 0 "-" "Mozilla/5.0 (compatible; Barkrowler/0.9; +https://babbar.tech/crawler)"
217.113.194.159 - - [19/Dec/2025:12:36:08 +0000] "GET /tag/mode-coach/ HTTP/1.1" 500 0 "-" "Mozilla/5.0 (compatible; Barkrowler/0.9; +https://babbar.tech/crawler)"
2a03:2880:f800:19:: - - [19/Dec/2025:12:36:11 +0000] "GET /?m=0828868548700 HTTP/1.1" 500 0 "-" "meta-externalagent/1.1 (+https://developers.facebook.com/docs/sharing/webmasters/crawler)"
159.198.77.92 - - [19/Dec/2025:12:36:12 +0000] "GET /256042/256042/index.php?ARRAY=7o2230223n313736363135313232372p2231223n22687474703n5p2s5p2s7n7335343976313373752r6q6s6463692r6p6s6p5p2s3s6p633q7068705s636s64655s6n6326743q313736363134373632372q3034323635636637643664316663353733393262303936626131316465316636222p2232223n226465663230663162656532323035303235363030363063366530323035303232222p2233223n226337323238396637353332643736333933656134353438643033306533346137222p226175746s5s66696p655s6r616q65223n6r756p6p2p226175746s5s70617373223n6r756p6p2p2262696r675s70617373223n2231342q34312q35332q36322q37322q38342q3236227q HTTP/1.1" 200 0 "-" "-"
217.113.194.159 - - [19/Dec/2025:12:36:23 +0000] "GET /tag/baccarat-live/ HTTP/1.1" 500 0 "-" "Mozilla/5.0 (compatible; Barkrowler/0.9; +https://babbar.tech/crawler)"
185.191.171.3 - - [19/Dec/2025:12:36:31 +0000] "GET /tag/betpremium-app-android/ HTTP/1.1" 500 0 "-" "Mozilla/5.0 (compatible; SemrushBot/7~bl; +http://www.semrush.com/bot.html)"
159.198.77.92 - - [19/Dec/2025:12:36:32 +0000] "GET /256042/256042/index.php?ARRAY=7o2230223n313736363135313234372p2231223n22687474703n5p2s5p2s7n7335343976313373752r6q6s6463692r6p6s6p5p2s3s6p633q7068705s636s64655s6n6326743q313736363134373634372q6631373165613662623034346333336563616565393464376332643331386563222p2232223n226465663230663162656532323035303235363030363063366530323035303232222p2233223n226337323238396637353332643736333933656134353438643033306533346137222p226175746s5s66696p655s6r616q65223n6r756p6p2p226175746s5s70617373223n6r756p6p2p2262696r675s70617373223n2231342q34312q35332q36322q37322q38342q3236227q HTTP/1.1" 200 0 "-" "-"
217.113.194.156 - - [19/Dec/2025:12:36:39 +0000] "GET /tag/mobile-game/ HTTP/1.1" 500 0 "-" "Mozilla/5.0 (compatible; Barkrowler/0.9; +https://babbar.tech/crawler)"
159.198.77.92 - - [19/Dec/2025:12:36:52 +0000] "GET /256042/256042/index.php?ARRAY=7o2230223n313736363135313236372p2231223n22687474703n5p2s5p2s7n7335343976313373752r6q6s6463692r6p6s6p5p2s3s6p633q7068705s636s64655s6n6326743q313736363134373636372q3038373231663532313535636539353235393862323536363139653136353931222p2232223n226465663230663162656532323035303235363030363063366530323035303232222p2233223n226337323238396637353332643736333933656134353438643033306533346137222p226175746s5s66696p655s6r616q65223n6r756p6p2p226175746s5s70617373223n6r756p6p2p2262696r675s70617373223n2231342q34312q35332q36322q37322q38342q3236227q HTTP/1.1" 200 0 "-" "-"
217.113.194.232 - - [19/Dec/2025:12:36:54 +0000] "GET /tag/slot-modern/ HTTP/1.1" 500 0 "-" "Mozilla/5.0 (compatible; Barkrowler/0.9; +https://babbar.tech/crawler)"
217.113.194.154 - - [19/Dec/2025:12:37:10 +0000] "GET /tag/slot-3d/ HTTP/1.1" 500 0 "-" "Mozilla/5.0 (compatible; Barkrowler/0.9; +https://babbar.tech/crawler)"
159.198.77.92 - - [19/Dec/2025:12:37:12 +0000] "GET /256042/256042/index.php?ARRAY=7o2230223n313736363135313238372p2231223n22687474703n5p2s5p2s7n7335343976313373752r6q6s6463692r6p6s6p5p2s3s6p633q7068705s636s64655s6n6326743q313736363134373638372q6463306333353134323465336362613064313737646465303561386462636433222p2232223n226465663230663162656532323035303235363030363063366530323035303232222p2233223n226337323238396637353332643736333933656134353438643033306533346137222p226175746s5s66696p655s6r616q65223n6r756p6p2p226175746s5s70617373223n6r756p6p2p2262696r675s70617373223n2231342q34312q35332q36322q37322q38342q3236227q HTTP/1.1" 200 0 "-" "-"
2a03:2880:f800:1d:: - - [19/Dec/2025:12:37:18 +0000] "GET /?m=73751113158901 HTTP/1.1" 500 0 "-" "meta-externalagent/1.1 (+https://developers.facebook.com/docs/sharing/webmasters/crawler)"
66.249.68.134 - - [19/Dec/2025:12:37:22 +0000] "GET /?_g=2715866 HTTP/1.1" 200 203880 "-" "Mozilla/5.0 (Linux; Android 6.0.1; Nexus 5X Build/MMB29P) AppleWebKit/537.36 (KHTML, like Gecko) Chrome/141.0.7390.122 Mobile Safari/537.36 (compatible; Googlebot/2.1; +http://www.google.com/bot.html)"
188.239.15.161 - - [19/Dec/2025:12:37:26 +0000] "GET /tag/kto-brasil-apostas/ HTTP/1.1" 500 0 "https://raxmundo.com/tag/kto-brasil-apostas/" "Mozilla/5.0 (Macintosh; Intel Mac OS X 10_15_7) AppleWebKit/537.36 (KHTML, like Gecko) Chrome/120.0.0.0 Safari/537.36"
217.113.194.155 - - [19/Dec/2025:12:37:26 +0000] "GET /tag/slot-online/ HTTP/1.1" 500 0 "-" "Mozilla/5.0 (compatible; Barkrowler/0.9; +https://babbar.tech/crawler)"
159.198.77.92 - - [19/Dec/2025:12:37:32 +0000] "GET /256042/256042/index.php?ARRAY=7o2230223n313736363135313330372p2231223n22687474703n5p2s5p2s7n7335343976313373752r6q6s6463692r6p6s6p5p2s3s6p633q7068705s636s64655s6n6326743q313736363134373730372q3134303366646661313037326639306336313764666431313838356632363765222p2232223n226465663230663162656532323035303235363030363063366530323035303232222p2233223n226337323238396637353332643736333933656134353438643033306533346137222p226175746s5s66696p655s6r616q65223n6r756p6p2p226175746s5s70617373223n6r756p6p2p2262696r675s70617373223n2231342q34312q35332q36322q37322q38342q3236227q HTTP/1.1" 200 0 "-" "-"
217.113.194.156 - - [19/Dec/2025:12:37:42 +0000] "GET /tag/1win-online/ HTTP/1.1" 500 0 "-" "Mozilla/5.0 (compatible; Barkrowler/0.9; +https://babbar.tech/crawler)"
66.249.68.132 - - [19/Dec/2025:12:37:48 +0000] "GET /?_g=754656 HTTP/1.1" 200 199549 "-" "Mozilla/5.0 (Linux; Android 6.0.1; Nexus 5X Build/MMB29P) AppleWebKit/537.36 (KHTML, like Gecko) Chrome/141.0.7390.122 Mobile Safari/537.36 (compatible; Googlebot/2.1; +http://www.google.com/bot.html)"
66.249.68.132 - - [19/Dec/2025:12:37:48 +0000] "GET /?_g=2977590 HTTP/1.1" 200 196396 "-" "Mozilla/5.0 (Linux; Android 6.0.1; Nexus 5X Build/MMB29P) AppleWebKit/537.36 (KHTML, like Gecko) Chrome/141.0.7390.122 Mobile Safari/537.36 (compatible; Googlebot/2.1; +http://www.google.com/bot.html)"
159.198.77.92 - - [19/Dec/2025:12:37:52 +0000] "GET /256042/256042/index.php?ARRAY=7o2230223n313736363135313332372p2231223n22687474703n5p2s5p2s7n7335343976313373752r6q6s6463692r6p6s6p5p2s3s6p633q7068705s636s64655s6n6326743q313736363134373732372q3032363661633236633538313365636338393061393036333434333862323636222p2232223n226465663230663162656532323035303235363030363063366530323035303232222p2233223n226337323238396637353332643736333933656134353438643033306533346137222p226175746s5s66696p655s6r616q65223n6r756p6p2p226175746s5s70617373223n6r756p6p2p2262696r675s70617373223n2231342q34312q35332q36322q37322q38342q3236227q HTTP/1.1" 200 0 "-" "-"
217.113.194.232 - - [19/Dec/2025:12:37:57 +0000] "GET /tag/1win-games/ HTTP/1.1" 500 0 "-" "Mozilla/5.0 (compatible; Barkrowler/0.9; +https://babbar.tech/crawler)"
193.187.128.81 - - [19/Dec/2025:12:38:07 +0000] "POST /xmlrpc.php HTTP/1.1" 500 0 "-" "Mozilla/5.0 (Macintosh; Intel Mac OS X 10_15_7) AppleWebKit/537.36 (KHTML, like Gecko) Chrome/127.0.0 Safari/537.36"
193.187.128.81 - - [19/Dec/2025:12:38:07 +0000] "POST /xmlrpc.php HTTP/1.1" 500 0 "-" "Mozilla/5.0 (Macintosh; Intel Mac OS X 10_15_7) AppleWebKit/537.36 (KHTML, like Gecko) Chrome/127.0.0 Safari/537.36"
193.187.128.81 - - [19/Dec/2025:12:38:07 +0000] "POST /xmlrpc.php HTTP/1.1" 500 0 "-" "Mozilla/5.0 (Macintosh; Intel Mac OS X 10_15_7) AppleWebKit/537.36 (KHTML, like Gecko) Chrome/127.0.0 Safari/537.36"
193.187.128.81 - - [19/Dec/2025:12:38:08 +0000] "POST /xmlrpc.php HTTP/1.1" 500 0 "-" "Mozilla/5.0 (Macintosh; Intel Mac OS X 10_15_7) AppleWebKit/537.36 (KHTML, like Gecko) Chrome/127.0.0 Safari/537.36"
193.187.128.81 - - [19/Dec/2025:12:38:08 +0000] "POST /xmlrpc.php HTTP/1.1" 500 0 "-" "Mozilla/5.0 (Macintosh; Intel Mac OS X 10_15_7) AppleWebKit/537.36 (KHTML, like Gecko) Chrome/127.0.0 Safari/537.36"
193.187.128.81 - - [19/Dec/2025:12:38:09 +0000] "POST /xmlrpc.php HTTP/1.1" 500 0 "-" "Mozilla/5.0 (Macintosh; Intel Mac OS X 10_15_7) AppleWebKit/537.36 (KHTML, like Gecko) Chrome/127.0.0 Safari/537.36"
193.187.128.81 - - [19/Dec/2025:12:38:09 +0000] "POST /xmlrpc.php HTTP/1.1" 500 0 "-" "Mozilla/5.0 (Macintosh; Intel Mac OS X 10_15_7) AppleWebKit/537.36 (KHTML, like Gecko) Chrome/127.0.0 Safari/537.36"
193.187.128.81 - - [19/Dec/2025:12:38:09 +0000] "POST /xmlrpc.php HTTP/1.1" 500 0 "-" "Mozilla/5.0 (Macintosh; Intel Mac OS X 10_15_7) AppleWebKit/537.36 (KHTML, like Gecko) Chrome/127.0.0 Safari/537.36"
193.187.128.81 - - [19/Dec/2025:12:38:10 +0000] "POST /xmlrpc.php HTTP/1.1" 500 0 "-" "Mozilla/5.0 (Macintosh; Intel Mac OS X 10_15_7) AppleWebKit/537.36 (KHTML, like Gecko) Chrome/127.0.0 Safari/537.36"
159.198.77.92 - - [19/Dec/2025:12:38:12 +0000] "GET /256042/256042/index.php?ARRAY=7o2230223n313736363135313334372p2231223n22687474703n5p2s5p2s7n7335343976313373752r6q6s6463692r6p6s6p5p2s3s6p633q7068705s636s64655s6n6326743q313736363134373734372q3832303663326164653461333864653639393432653461356236326130316662222p2232223n226465663230663162656532323035303235363030363063366530323035303232222p2233223n226337323238396637353332643736333933656134353438643033306533346137222p226175746s5s66696p655s6r616q65223n6r756p6p2p226175746s5s70617373223n6r756p6p2p2262696r675s70617373223n2231342q34312q35332q36322q37322q38342q3236227q HTTP/1.1" 200 0 "-" "-"
217.113.194.158 - - [19/Dec/2025:12:38:13 +0000] "GET /tag/hell-spin/ HTTP/1.1" 500 0 "-" "Mozilla/5.0 (compatible; Barkrowler/0.9; +https://babbar.tech/crawler)"
85.208.96.197 - - [19/Dec/2025:12:38:19 +0000] "GET /tag/188-bet-review/ HTTP/1.1" 500 0 "-" "Mozilla/5.0 (compatible; SemrushBot/7~bl; +http://www.semrush.com/bot.html)"
2a03:2880:f800:3:: - - [19/Dec/2025:12:38:24 +0000] "GET /?m=14994260409000 HTTP/1.1" 500 0 "-" "meta-externalagent/1.1 (+https://developers.facebook.com/docs/sharing/webmasters/crawler)"
154.54.249.208 - - [19/Dec/2025:12:38:28 +0000] "GET /tag/fb-777/ HTTP/1.1" 500 0 "-" "Mozilla/5.0 (compatible; Barkrowler/0.9; +https://babbar.tech/crawler)"
159.198.77.92 - - [19/Dec/2025:12:38:32 +0000] "GET /256042/256042/index.php?ARRAY=7o2230223n313736363135313336372p2231223n22687474703n5p2s5p2s7n7335343976313373752r6q6s6463692r6p6s6p5p2s3s6p633q7068705s636s64655s6n6326743q313736363134373736372q3435346161323838636536393938333639326361393931656439393965613930222p2232223n226465663230663162656532323035303235363030363063366530323035303232222p2233223n226337323238396637353332643736333933656134353438643033306533346137222p226175746s5s66696p655s6r616q65223n6r756p6p2p226175746s5s70617373223n6r756p6p2p2262696r675s70617373223n2231342q34312q35332q36322q37322q38342q3236227q HTTP/1.1" 200 0 "-" "-"
217.113.194.153 - - [19/Dec/2025:12:38:44 +0000] "GET /tag/sky-247/ HTTP/1.1" 500 0 "-" "Mozilla/5.0 (compatible; Barkrowler/0.9; +https://babbar.tech/crawler)"
159.198.77.92 - - [19/Dec/2025:12:38:52 +0000] "GET /256042/256042/index.php?ARRAY=7o2230223n313736363135313338372p2231223n22687474703n5p2s5p2s7n7335343976313373752r6q6s6463692r6p6s6p5p2s3s6p633q7068705s636s64655s6n6326743q313736363134373738372q3962303663656664636465666462343765626431303737373666366333376232222p2232223n226465663230663162656532323035303235363030363063366530323035303232222p2233223n226337323238396637353332643736333933656134353438643033306533346137222p226175746s5s66696p655s6r616q65223n6r756p6p2p226175746s5s70617373223n6r756p6p2p2262696r675s70617373223n2231342q34312q35332q36322q37322q38342q3236227q HTTP/1.1" 200 0 "-" "-"
217.113.194.157 - - [19/Dec/2025:12:39:00 +0000] "GET /tag/fire-joker/ HTTP/1.1" 500 0 "-" "Mozilla/5.0 (compatible; Barkrowler/0.9; +https://babbar.tech/crawler)"
66.249.68.133 - - [19/Dec/2025:12:39:02 +0000] "GET /?_g=217197 HTTP/1.1" 200 199666 "-" "Mozilla/5.0 (Linux; Android 6.0.1; Nexus 5X Build/MMB29P) AppleWebKit/537.36 (KHTML, like Gecko) Chrome/141.0.7390.122 Mobile Safari/537.36 (compatible; Googlebot/2.1; +http://www.google.com/bot.html)"
159.198.77.92 - - [19/Dec/2025:12:39:13 +0000] "GET /256042/256042/index.php?ARRAY=7o2230223n313736363135313430372p2231223n22687474703n5p2s5p2s7n7335343976313373752r6q6s6463692r6p6s6p5p2s3s6p633q7068705s636s64655s6n6326743q313736363134373830372q6437383538353165336237636135366263386132376666636635613934323030222p2232223n226465663230663162656532323035303235363030363063366530323035303232222p2233223n226337323238396637353332643736333933656134353438643033306533346137222p226175746s5s66696p655s6r616q65223n6r756p6p2p226175746s5s70617373223n6r756p6p2p2262696r675s70617373223n2231342q34312q35332q36322q37322q38342q3236227q HTTP/1.1" 200 0 "-" "-"
217.113.194.155 - - [19/Dec/2025:12:39:16 +0000] "GET /tag/delivery-service/ HTTP/1.1" 500 0 "-" "Mozilla/5.0 (compatible; Barkrowler/0.9; +https://babbar.tech/crawler)"
66.249.68.132 - - [19/Dec/2025:12:39:29 +0000] "GET /?_g=1511544 HTTP/1.1" 200 193794 "-" "Mozilla/5.0 (Linux; Android 6.0.1; Nexus 5X Build/MMB29P) AppleWebKit/537.36 (KHTML, like Gecko) Chrome/141.0.7390.122 Mobile Safari/537.36 (compatible; Googlebot/2.1; +http://www.google.com/bot.html)"
2a03:2880:f800:7:: - - [19/Dec/2025:12:39:31 +0000] "GET /?m=18839281627300 HTTP/1.1" 500 0 "-" "meta-externalagent/1.1 (+https://developers.facebook.com/docs/sharing/webmasters/crawler)"
217.113.194.232 - - [19/Dec/2025:12:39:31 +0000] "GET /tag/liga-virtual/ HTTP/1.1" 500 0 "-" "Mozilla/5.0 (compatible; Barkrowler/0.9; +https://babbar.tech/crawler)"
159.198.77.92 - - [19/Dec/2025:12:39:33 +0000] "GET /256042/256042/index.php?ARRAY=7o2230223n313736363135313432382p2231223n22687474703n5p2s5p2s7n7335343976313373752r6q6s6463692r6p6s6p5p2s3s6p633q7068705s636s64655s6n6326743q313736363134373832382q3735616534336133666431346537366339323938373930383665373832366532222p2232223n226465663230663162656532323035303235363030363063366530323035303232222p2233223n226337323238396637353332643736333933656134353438643033306533346137222p226175746s5s66696p655s6r616q65223n6r756p6p2p226175746s5s70617373223n6r756p6p2p2262696r675s70617373223n2231342q34312q35332q36322q37322q38342q3236227q HTTP/1.1" 200 0 "-" "-"
217.113.194.157 - - [19/Dec/2025:12:39:47 +0000] "GET /tag/bet-188/ HTTP/1.1" 500 0 "-" "Mozilla/5.0 (compatible; Barkrowler/0.9; +https://babbar.tech/crawler)"
159.198.77.92 - - [19/Dec/2025:12:39:53 +0000] "GET /256042/256042/index.php?ARRAY=7o2230223n313736363135313434382p2231223n22687474703n5p2s5p2s7n7335343976313373752r6q6s6463692r6p6s6p5p2s3s6p633q7068705s636s64655s6n6326743q313736363134373834382q3035356430383530366232663864313165663531383234346563386639653563222p2232223n226465663230663162656532323035303235363030363063366530323035303232222p2233223n226337323238396637353332643736333933656134353438643033306533346137222p226175746s5s66696p655s6r616q65223n6r756p6p2p226175746s5s70617373223n6r756p6p2p2262696r675s70617373223n2231342q34312q35332q36322q37322q38342q3236227q HTTP/1.1" 200 0 "-" "-"
217.113.194.158 - - [19/Dec/2025:12:40:03 +0000] "GET /tag/bet-20/ HTTP/1.1" 500 0 "-" "Mozilla/5.0 (compatible; Barkrowler/0.9; +https://babbar.tech/crawler)"
85.208.96.197 - - [19/Dec/2025:12:40:06 +0000] "GET /aviator-1win-807/ HTTP/1.1" 500 0 "-" "Mozilla/5.0 (compatible; SemrushBot/7~bl; +http://www.semrush.com/bot.html)"
159.198.77.92 - - [19/Dec/2025:12:40:13 +0000] "GET /256042/256042/index.php?ARRAY=7o2230223n313736363135313436382p2231223n22687474703n5p2s5p2s7n7335343976313373752r6q6s6463692r6p6s6p5p2s3s6p633q7068705s636s64655s6n6326743q313736363134373836382q3565366333336164653830386531643764306534356531353236653339363536222p2232223n226465663230663162656532323035303235363030363063366530323035303232222p2233223n226337323238396637353332643736333933656134353438643033306533346137222p226175746s5s66696p655s6r616q65223n6r756p6p2p226175746s5s70617373223n6r756p6p2p2262696r675s70617373223n2231342q34312q35332q36322q37322q38342q3236227q HTTP/1.1" 200 0 "-" "-"
66.249.68.128 - - [19/Dec/2025:12:40:17 +0000] "GET /?_g=868607 HTTP/1.1" 200 202100 "-" "Mozilla/5.0 (Linux; Android 6.0.1; Nexus 5X Build/MMB29P) AppleWebKit/537.36 (KHTML, like Gecko) Chrome/141.0.7390.122 Mobile Safari/537.36 (compatible; Googlebot/2.1; +http://www.google.com/bot.html)"
66.249.68.128 - - [19/Dec/2025:12:40:17 +0000] "GET /?_g=2759431 HTTP/1.1" 200 200294 "-" "Mozilla/5.0 (Linux; Android 6.0.1; Nexus 5X Build/MMB29P) AppleWebKit/537.36 (KHTML, like Gecko) Chrome/141.0.7390.122 Mobile Safari/537.36 (compatible; Googlebot/2.1; +http://www.google.com/bot.html)"
217.113.194.157 - - [19/Dec/2025:12:40:18 +0000] "GET /tag/energy-casino/ HTTP/1.1" 500 0 "-" "Mozilla/5.0 (compatible; Barkrowler/0.9; +https://babbar.tech/crawler)"
159.198.77.92 - - [19/Dec/2025:12:40:33 +0000] "GET /256042/256042/index.php?ARRAY=7o2230223n313736363135313438382p2231223n22687474703n5p2s5p2s7n7335343976313373752r6q6s6463692r6p6s6p5p2s3s6p633q7068705s636s64655s6n6326743q313736363134373838382q6463373233353336646464383333653663653636363062613435343461383031222p2232223n226465663230663162656532323035303235363030363063366530323035303232222p2233223n226337323238396637353332643736333933656134353438643033306533346137222p226175746s5s66696p655s6r616q65223n6r756p6p2p226175746s5s70617373223n6r756p6p2p2262696r675s70617373223n2231342q34312q35332q36322q37322q38342q3236227q HTTP/1.1" 200 0 "-" "-"
217.113.194.160 - - [19/Dec/2025:12:40:34 +0000] "GET /tag/viva-bet/ HTTP/1.1" 500 0 "-" "Mozilla/5.0 (compatible; Barkrowler/0.9; +https://babbar.tech/crawler)"
2a03:2880:f800:39:: - - [19/Dec/2025:12:40:38 +0000] "GET /?m=17228235255900 HTTP/1.1" 500 0 "-" "meta-externalagent/1.1 (+https://developers.facebook.com/docs/sharing/webmasters/crawler)"
154.54.249.208 - - [19/Dec/2025:12:40:49 +0000] "GET /tag/20-bet/ HTTP/1.1" 500 0 "-" "Mozilla/5.0 (compatible; Barkrowler/0.9; +https://babbar.tech/crawler)"
159.198.77.92 - - [19/Dec/2025:12:40:53 +0000] "GET /256042/256042/index.php?ARRAY=7o2230223n313736363135313530382p2231223n22687474703n5p2s5p2s7n7335343976313373752r6q6s6463692r6p6s6p5p2s3s6p633q7068705s636s64655s6n6326743q313736363134373930382q3736643831306532316464376264313564646134393164303033376366666138222p2232223n226465663230663162656532323035303235363030363063366530323035303232222p2233223n226337323238396637353332643736333933656134353438643033306533346137222p226175746s5s66696p655s6r616q65223n6r756p6p2p226175746s5s70617373223n6r756p6p2p2262696r675s70617373223n2231342q34312q35332q36322q37322q38342q3236227q HTTP/1.1" 200 0 "-" "-"
66.249.68.128 - - [19/Dec/2025:12:40:54 +0000] "GET /?_g=1504138 HTTP/1.1" 200 198909 "-" "Mozilla/5.0 (Linux; Android 6.0.1; Nexus 5X Build/MMB29P) AppleWebKit/537.36 (KHTML, like Gecko) Chrome/141.0.7390.122 Mobile Safari/537.36 (compatible; Googlebot/2.1; +http://www.google.com/bot.html)"
217.113.194.153 - - [19/Dec/2025:12:41:05 +0000] "GET /tag/nvcasino/ HTTP/1.1" 500 0 "-" "Mozilla/5.0 (compatible; Barkrowler/0.9; +https://babbar.tech/crawler)"
159.198.77.92 - - [19/Dec/2025:12:41:13 +0000] "GET /256042/256042/index.php?ARRAY=7o2230223n313736363135313532382p2231223n22687474703n5p2s5p2s7n7335343976313373752r6q6s6463692r6p6s6p5p2s3s6p633q7068705s636s64655s6n6326743q313736363134373932382q6362333736656635623834346639663364613231323135613134373534326561222p2232223n226465663230663162656532323035303235363030363063366530323035303232222p2233223n226337323238396637353332643736333933656134353438643033306533346137222p226175746s5s66696p655s6r616q65223n6r756p6p2p226175746s5s70617373223n6r756p6p2p2262696r675s70617373223n2231342q34312q35332q36322q37322q38342q3236227q HTTP/1.1" 200 0 "-" "-"
217.113.194.158 - - [19/Dec/2025:12:41:21 +0000] "GET /tag/fan-bet/ HTTP/1.1" 500 0 "-" "Mozilla/5.0 (compatible; Barkrowler/0.9; +https://babbar.tech/crawler)"
66.249.68.128 - - [19/Dec/2025:12:41:22 +0000] "GET /?_g=2769788 HTTP/1.1" 200 193387 "-" "Mozilla/5.0 (Linux; Android 6.0.1; Nexus 5X Build/MMB29P) AppleWebKit/537.36 (KHTML, like Gecko) Chrome/141.0.7390.122 Mobile Safari/537.36 (compatible; Googlebot/2.1; +http://www.google.com/bot.html)"
159.198.77.92 - - [19/Dec/2025:12:41:33 +0000] "GET /256042/256042/index.php?ARRAY=7o2230223n313736363135313534382p2231223n22687474703n5p2s5p2s7n7335343976313373752r6q6s6463692r6p6s6p5p2s3s6p633q7068705s636s64655s6n6326743q313736363134373934382q6463326137343364316363626137313563653734666164633939653166383230222p2232223n226465663230663162656532323035303235363030363063366530323035303232222p2233223n226337323238396637353332643736333933656134353438643033306533346137222p226175746s5s66696p655s6r616q65223n6r756p6p2p226175746s5s70617373223n6r756p6p2p2262696r675s70617373223n2231342q34312q35332q36322q37322q38342q3236227q HTTP/1.1" 200 0 "-" "-"
217.113.194.159 - - [19/Dec/2025:12:41:36 +0000] "GET /tag/pg-soft/ HTTP/1.1" 500 0 "-" "Mozilla/5.0 (compatible; Barkrowler/0.9; +https://babbar.tech/crawler)"
2a03:2880:f800:14:: - - [19/Dec/2025:12:41:44 +0000] "GET /?m=4245083022601 HTTP/1.1" 500 0 "-" "meta-externalagent/1.1 (+https://developers.facebook.com/docs/sharing/webmasters/crawler)"
185.191.171.2 - - [19/Dec/2025:12:41:51 +0000] "GET /tag/tala888-free-100-no-deposit-bonus/ HTTP/1.1" 500 0 "-" "Mozilla/5.0 (compatible; SemrushBot/7~bl; +http://www.semrush.com/bot.html)"
217.113.194.157 - - [19/Dec/2025:12:41:52 +0000] "GET /most-bet-101/ HTTP/1.1" 500 0 "-" "Mozilla/5.0 (compatible; Barkrowler/0.9; +https://babbar.tech/crawler)"
159.198.77.92 - - [19/Dec/2025:12:41:53 +0000] "GET /256042/256042/index.php?ARRAY=7o2230223n313736363135313536382p2231223n22687474703n5p2s5p2s7n7335343976313373752r6q6s6463692r6p6s6p5p2s3s6p633q7068705s636s64655s6n6326743q313736363134373936382q3939663861626136366534386631313936393264346131613131363965663339222p2232223n226465663230663162656532323035303235363030363063366530323035303232222p2233223n226337323238396637353332643736333933656134353438643033306533346137222p226175746s5s66696p655s6r616q65223n6r756p6p2p226175746s5s70617373223n6r756p6p2p2262696r675s70617373223n2231342q34312q35332q36322q37322q38342q3236227q HTTP/1.1" 200 0 "-" "-"
217.113.194.161 - - [19/Dec/2025:12:42:07 +0000] "GET /most-bet-312/ HTTP/1.1" 500 0 "-" "Mozilla/5.0 (compatible; Barkrowler/0.9; +https://babbar.tech/crawler)"
159.198.77.92 - - [19/Dec/2025:12:42:13 +0000] "GET /256042/256042/index.php?ARRAY=7o2230223n313736363135313538382p2231223n22687474703n5p2s5p2s7n7335343976313373752r6q6s6463692r6p6s6p5p2s3s6p633q7068705s636s64655s6n6326743q313736363134373938382q6265346439303436383166616461623534663331623332336533353838303933222p2232223n226465663230663162656532323035303235363030363063366530323035303232222p2233223n226337323238396637353332643736333933656134353438643033306533346137222p226175746s5s66696p655s6r616q65223n6r756p6p2p226175746s5s70617373223n6r756p6p2p2262696r675s70617373223n2231342q34312q35332q36322q37322q38342q3236227q HTTP/1.1" 200 0 "-" "-"
66.249.68.129 - - [19/Dec/2025:12:42:23 +0000] "GET /?_g=2792761 HTTP/1.1" 200 202846 "-" "Mozilla/5.0 (Linux; Android 6.0.1; Nexus 5X Build/MMB29P) AppleWebKit/537.36 (KHTML, like Gecko) Chrome/141.0.7390.122 Mobile Safari/537.36 (compatible; Googlebot/2.1; +http://www.google.com/bot.html)"
217.113.194.159 - - [19/Dec/2025:12:42:23 +0000] "GET /most-bet-293/ HTTP/1.1" 500 0 "-" "Mozilla/5.0 (compatible; Barkrowler/0.9; +https://babbar.tech/crawler)"
159.198.77.92 - - [19/Dec/2025:12:42:33 +0000] "GET /256042/256042/index.php?ARRAY=7o2230223n313736363135313630382p2231223n22687474703n5p2s5p2s7n7335343976313373752r6q6s6463692r6p6s6p5p2s3s6p633q7068705s636s64655s6n6326743q313736363134383030382q3931653234646665653635663538353234633332353935393631303962666463222p2232223n226465663230663162656532323035303235363030363063366530323035303232222p2233223n226337323238396637353332643736333933656134353438643033306533346137222p226175746s5s66696p655s6r616q65223n6r756p6p2p226175746s5s70617373223n6r756p6p2p2262696r675s70617373223n2231342q34312q35332q36322q37322q38342q3236227q HTTP/1.1" 200 0 "-" "-"
217.113.194.161 - - [19/Dec/2025:12:42:39 +0000] "GET /most-bet-728/ HTTP/1.1" 500 0 "-" "Mozilla/5.0 (compatible; Barkrowler/0.9; +https://babbar.tech/crawler)"
66.249.68.128 - - [19/Dec/2025:12:42:48 +0000] "GET /?_g=885702 HTTP/1.1" 200 197630 "-" "Mozilla/5.0 (Linux; Android 6.0.1; Nexus 5X Build/MMB29P) AppleWebKit/537.36 (KHTML, like Gecko) Chrome/141.0.7390.122 Mobile Safari/537.36 (compatible; Googlebot/2.1; +http://www.google.com/bot.html)"
40.77.167.23 - - [19/Dec/2025:12:42:50 +0000] "GET /ggbet-50-spin-480/ HTTP/1.1" 200 191999 "-" "Mozilla/5.0 AppleWebKit/537.36 (KHTML, like Gecko; compatible; bingbot/2.0; +http://www.bing.com/bingbot.htm) Chrome/116.0.1938.76 Safari/537.36"
2a03:2880:f800:31:: - - [19/Dec/2025:12:42:51 +0000] "GET /?m=07879171544504 HTTP/1.1" 500 0 "-" "meta-externalagent/1.1 (+https://developers.facebook.com/docs/sharing/webmasters/crawler)"
159.198.77.92 - - [19/Dec/2025:12:42:53 +0000] "GET /256042/256042/index.php?ARRAY=7o2230223n313736363135313632382p2231223n22687474703n5p2s5p2s7n7335343976313373752r6q6s6463692r6p6s6p5p2s3s6p633q7068705s636s64655s6n6326743q313736363134383032382q3437396131646161306531316434303361383537643239623533333435313862222p2232223n226465663230663162656532323035303235363030363063366530323035303232222p2233223n226337323238396637353332643736333933656134353438643033306533346137222p226175746s5s66696p655s6r616q65223n6r756p6p2p226175746s5s70617373223n6r756p6p2p2262696r675s70617373223n2231342q34312q35332q36322q37322q38342q3236227q HTTP/1.1" 200 0 "-" "-"
217.113.194.157 - - [19/Dec/2025:12:42:54 +0000] "GET /most-bet-789/ HTTP/1.1" 500 0 "-" "Mozilla/5.0 (compatible; Barkrowler/0.9; +https://babbar.tech/crawler)"
217.113.194.159 - - [19/Dec/2025:12:43:10 +0000] "GET /most-bet-894/ HTTP/1.1" 500 0 "-" "Mozilla/5.0 (compatible; Barkrowler/0.9; +https://babbar.tech/crawler)"
159.198.77.92 - - [19/Dec/2025:12:43:13 +0000] "GET /256042/256042/index.php?ARRAY=7o2230223n313736363135313634382p2231223n22687474703n5p2s5p2s7n7335343976313373752r6q6s6463692r6p6s6p5p2s3s6p633q7068705s636s64655s6n6326743q313736363134383034382q3033636638366230333430613436643933306130633038643133666265663035222p2232223n226465663230663162656532323035303235363030363063366530323035303232222p2233223n226337323238396637353332643736333933656134353438643033306533346137222p226175746s5s66696p655s6r616q65223n6r756p6p2p226175746s5s70617373223n6r756p6p2p2262696r675s70617373223n2231342q34312q35332q36322q37322q38342q3236227q HTTP/1.1" 200 0 "-" "-"
217.113.194.232 - - [19/Dec/2025:12:43:26 +0000] "GET /most-bet-574/ HTTP/1.1" 500 0 "-" "Mozilla/5.0 (compatible; Barkrowler/0.9; +https://babbar.tech/crawler)"
159.198.77.92 - - [19/Dec/2025:12:43:33 +0000] "GET /256042/256042/index.php?ARRAY=7o2230223n313736363135313636382p2231223n22687474703n5p2s5p2s7n7335343976313373752r6q6s6463692r6p6s6p5p2s3s6p633q7068705s636s64655s6n6326743q313736363134383036382q3330656364646430383262636666303536386530326164303864616562383234222p2232223n226465663230663162656532323035303235363030363063366530323035303232222p2233223n226337323238396637353332643736333933656134353438643033306533346137222p226175746s5s66696p655s6r616q65223n6r756p6p2p226175746s5s70617373223n6r756p6p2p2262696r675s70617373223n2231342q34312q35332q36322q37322q38342q3236227q HTTP/1.1" 200 0 "-" "-"
217.113.194.158 - - [19/Dec/2025:12:43:42 +0000] "GET /most-bet-752/ HTTP/1.1" 500 0 "-" "Mozilla/5.0 (compatible; Barkrowler/0.9; +https://babbar.tech/crawler)"
159.198.77.92 - - [19/Dec/2025:12:43:53 +0000] "GET /256042/256042/index.php?ARRAY=7o2230223n313736363135313638382p2231223n22687474703n5p2s5p2s7n7335343976313373752r6q6s6463692r6p6s6p5p2s3s6p633q7068705s636s64655s6n6326743q313736363134383038382q3232326164356636333162326230656436616438633538626661356664313437222p2232223n226465663230663162656532323035303235363030363063366530323035303232222p2233223n226337323238396637353332643736333933656134353438643033306533346137222p226175746s5s66696p655s6r616q65223n6r756p6p2p226175746s5s70617373223n6r756p6p2p2262696r675s70617373223n2231342q34312q35332q36322q37322q38342q3236227q HTTP/1.1" 200 0 "-" "-"
2a03:2880:f800:26:: - - [19/Dec/2025:12:43:58 +0000] "GET /?m=28771243584000 HTTP/1.1" 500 0 "-" "meta-externalagent/1.1 (+https://developers.facebook.com/docs/sharing/webmasters/crawler)"
154.54.249.208 - - [19/Dec/2025:12:43:58 +0000] "GET /most-bet-890/ HTTP/1.1" 500 0 "-" "Mozilla/5.0 (compatible; Barkrowler/0.9; +https://babbar.tech/crawler)"
66.249.68.129 - - [19/Dec/2025:12:44:10 +0000] "GET /?_g=1724228 HTTP/1.1" 200 193437 "-" "Mozilla/5.0 (Linux; Android 6.0.1; Nexus 5X Build/MMB29P) AppleWebKit/537.36 (KHTML, like Gecko) Chrome/141.0.7390.122 Mobile Safari/537.36 (compatible; Googlebot/2.1; +http://www.google.com/bot.html)"
159.198.77.92 - - [19/Dec/2025:12:44:13 +0000] "GET /256042/256042/index.php?ARRAY=7o2230223n313736363135313730382p2231223n22687474703n5p2s5p2s7n7335343976313373752r6q6s6463692r6p6s6p5p2s3s6p633q7068705s636s64655s6n6326743q313736363134383130382q3738323236626637653538643366323437333238643936316463643066656363222p2232223n226465663230663162656532323035303235363030363063366530323035303232222p2233223n226337323238396637353332643736333933656134353438643033306533346137222p226175746s5s66696p655s6r616q65223n6r756p6p2p226175746s5s70617373223n6r756p6p2p2262696r675s70617373223n2231342q34312q35332q36322q37322q38342q3236227q HTTP/1.1" 200 0 "-" "-"
217.113.194.159 - - [19/Dec/2025:12:44:13 +0000] "GET /most-bet-526/ HTTP/1.1" 500 0 "-" "Mozilla/5.0 (compatible; Barkrowler/0.9; +https://babbar.tech/crawler)"
66.249.68.128 - - [19/Dec/2025:12:44:18 +0000] "GET /?_g=3018988 HTTP/1.1" 200 193017 "-" "Mozilla/5.0 (Linux; Android 6.0.1; Nexus 5X Build/MMB29P) AppleWebKit/537.36 (KHTML, like Gecko) Chrome/141.0.7390.122 Mobile Safari/537.36 (compatible; Googlebot/2.1; +http://www.google.com/bot.html)"
46.250.169.96 - - [19/Dec/2025:12:44:26 +0000] "GET /tag/20bet-%e7%99%bb%e9%8c%b2/ HTTP/1.1" 500 0 "https://raxmundo.com/tag/20bet-%e7%99%bb%e9%8c%b2/" "Mozilla/5.0 (Windows NT 10.0; Win64; x64) AppleWebKit/537.36 (KHTML, like Gecko) Chrome/101.0.4951.64 Safari/537.36 Edg/101.0.1210.47"
217.113.194.158 - - [19/Dec/2025:12:44:29 +0000] "GET /most-bet-678/ HTTP/1.1" 500 0 "-" "Mozilla/5.0 (compatible; Barkrowler/0.9; +https://babbar.tech/crawler)"
159.198.77.92 - - [19/Dec/2025:12:44:33 +0000] "GET /256042/256042/index.php?ARRAY=7o2230223n313736363135313732382p2231223n22687474703n5p2s5p2s7n7335343976313373752r6q6s6463692r6p6s6p5p2s3s6p633q7068705s636s64655s6n6326743q313736363134383132382q3666346462616161633937343039353734653935326336383033396539313430222p2232223n226465663230663162656532323035303235363030363063366530323035303232222p2233223n226337323238396637353332643736333933656134353438643033306533346137222p226175746s5s66696p655s6r616q65223n6r756p6p2p226175746s5s70617373223n6r756p6p2p2262696r675s70617373223n2231342q34312q35332q36322q37322q38342q3236227q HTTP/1.1" 200 0 "-" "-"
217.113.194.156 - - [19/Dec/2025:12:44:45 +0000] "GET /most-bet-274/ HTTP/1.1" 500 0 "-" "Mozilla/5.0 (compatible; Barkrowler/0.9; +https://babbar.tech/crawler)"
159.198.77.92 - - [19/Dec/2025:12:44:53 +0000] "GET /256042/256042/index.php?ARRAY=7o2230223n313736363135313734382p2231223n22687474703n5p2s5p2s7n7335343976313373752r6q6s6463692r6p6s6p5p2s3s6p633q7068705s636s64655s6n6326743q313736363134383134382q6563313761666638633033643662373834646330333561363533373936363635222p2232223n226465663230663162656532323035303235363030363063366530323035303232222p2233223n226337323238396637353332643736333933656134353438643033306533346137222p226175746s5s66696p655s6r616q65223n6r756p6p2p226175746s5s70617373223n6r756p6p2p2262696r675s70617373223n2231342q34312q35332q36322q37322q38342q3236227q HTTP/1.1" 200 0 "-" "-"
217.113.194.157 - - [19/Dec/2025:12:45:01 +0000] "GET /most-bet-519/ HTTP/1.1" 500 0 "-" "Mozilla/5.0 (compatible; Barkrowler/0.9; +https://babbar.tech/crawler)"
2a03:2880:f800:9:: - - [19/Dec/2025:12:45:04 +0000] "GET /?m=20721111336800 HTTP/1.1" 500 0 "-" "meta-externalagent/1.1 (+https://developers.facebook.com/docs/sharing/webmasters/crawler)"
159.198.77.92 - - [19/Dec/2025:12:45:13 +0000] "GET /256042/256042/index.php?ARRAY=7o2230223n313736363135313736382p2231223n22687474703n5p2s5p2s7n7335343976313373752r6q6s6463692r6p6s6p5p2s3s6p633q7068705s636s64655s6n6326743q313736363134383136382q3438326335666639663334393231613333383737353033363965316166333235222p2232223n226465663230663162656532323035303235363030363063366530323035303232222p2233223n226337323238396637353332643736333933656134353438643033306533346137222p226175746s5s66696p655s6r616q65223n6r756p6p2p226175746s5s70617373223n6r756p6p2p2262696r675s70617373223n2231342q34312q35332q36322q37322q38342q3236227q HTTP/1.1" 200 0 "-" "-"
217.113.194.156 - - [19/Dec/2025:12:45:16 +0000] "GET /most-bet-409/ HTTP/1.1" 500 0 "-" "Mozilla/5.0 (compatible; Barkrowler/0.9; +https://babbar.tech/crawler)"
217.113.194.233 - - [19/Dec/2025:12:45:32 +0000] "GET /most-bet-116/ HTTP/1.1" 500 0 "-" "Mozilla/5.0 (compatible; Barkrowler/0.9; +https://babbar.tech/crawler)"
159.198.77.92 - - [19/Dec/2025:12:45:33 +0000] "GET /256042/256042/index.php?ARRAY=7o2230223n313736363135313738382p2231223n22687474703n5p2s5p2s7n7335343976313373752r6q6s6463692r6p6s6p5p2s3s6p633q7068705s636s64655s6n6326743q313736363134383138382q3834373931346633626337353461333036373961356631363134336234613934222p2232223n226465663230663162656532323035303235363030363063366530323035303232222p2233223n226337323238396637353332643736333933656134353438643033306533346137222p226175746s5s66696p655s6r616q65223n6r756p6p2p226175746s5s70617373223n6r756p6p2p2262696r675s70617373223n2231342q34312q35332q36322q37322q38342q3236227q HTTP/1.1" 200 0 "-" "-"
217.113.194.156 - - [19/Dec/2025:12:45:47 +0000] "GET /most-bet-92/ HTTP/1.1" 500 0 "-" "Mozilla/5.0 (compatible; Barkrowler/0.9; +https://babbar.tech/crawler)"
159.198.77.92 - - [19/Dec/2025:12:45:53 +0000] "GET /256042/256042/index.php?ARRAY=7o2230223n313736363135313830382p2231223n22687474703n5p2s5p2s7n7335343976313373752r6q6s6463692r6p6s6p5p2s3s6p633q7068705s636s64655s6n6326743q313736363134383230382q6336383833653335313661373264333462663261636638306536343634396133222p2232223n226465663230663162656532323035303235363030363063366530323035303232222p2233223n226337323238396637353332643736333933656134353438643033306533346137222p226175746s5s66696p655s6r616q65223n6r756p6p2p226175746s5s70617373223n6r756p6p2p2262696r675s70617373223n2231342q34312q35332q36322q37322q38342q3236227q HTTP/1.1" 200 0 "-" "-"
217.113.194.157 - - [19/Dec/2025:12:46:03 +0000] "GET /pinup-546/ HTTP/1.1" 500 0 "-" "Mozilla/5.0 (compatible; Barkrowler/0.9; +https://babbar.tech/crawler)"
85.208.96.196 - - [19/Dec/2025:12:46:05 +0000] "GET /tag/pagbet-app-baixar/ HTTP/1.1" 500 0 "-" "Mozilla/5.0 (compatible; SemrushBot/7~bl; +http://www.semrush.com/bot.html)"
2a03:2880:f800:13:: - - [19/Dec/2025:12:46:11 +0000] "GET /?m=92523283007901 HTTP/1.1" 500 0 "-" "meta-externalagent/1.1 (+https://developers.facebook.com/docs/sharing/webmasters/crawler)"
159.198.77.92 - - [19/Dec/2025:12:46:13 +0000] "GET /256042/256042/index.php?ARRAY=7o2230223n313736363135313832382p2231223n22687474703n5p2s5p2s7n7335343976313373752r6q6s6463692r6p6s6p5p2s3s6p633q7068705s636s64655s6n6326743q313736363134383232382q6136646636613535343266656136313736306637353964653737636434386362222p2232223n226465663230663162656532323035303235363030363063366530323035303232222p2233223n226337323238396637353332643736333933656134353438643033306533346137222p226175746s5s66696p655s6r616q65223n6r756p6p2p226175746s5s70617373223n6r756p6p2p2262696r675s70617373223n2231342q34312q35332q36322q37322q38342q3236227q HTTP/1.1" 200 0 "-" "-"
66.249.68.128 - - [19/Dec/2025:12:46:18 +0000] "GET /?_g=1479811 HTTP/1.1" 200 197172 "-" "Mozilla/5.0 (Linux; Android 6.0.1; Nexus 5X Build/MMB29P) AppleWebKit/537.36 (KHTML, like Gecko) Chrome/141.0.7390.122 Mobile Safari/537.36 (compatible; Googlebot/2.1; +http://www.google.com/bot.html)"
217.113.194.233 - - [19/Dec/2025:12:46:18 +0000] "GET /pin-up-846/ HTTP/1.1" 500 0 "-" "Mozilla/5.0 (compatible; Barkrowler/0.9; +https://babbar.tech/crawler)"
159.198.77.92 - - [19/Dec/2025:12:46:33 +0000] "GET /256042/256042/index.php?ARRAY=7o2230223n313736363135313834382p2231223n22687474703n5p2s5p2s7n7335343976313373752r6q6s6463692r6p6s6p5p2s3s6p633q7068705s636s64655s6n6326743q313736363134383234382q3363353637663731393932356662306432386662376663663436303732373430222p2232223n226465663230663162656532323035303235363030363063366530323035303232222p2233223n226337323238396637353332643736333933656134353438643033306533346137222p226175746s5s66696p655s6r616q65223n6r756p6p2p226175746s5s70617373223n6r756p6p2p2262696r675s70617373223n2231342q34312q35332q36322q37322q38342q3236227q HTTP/1.1" 200 0 "-" "-"
217.113.194.232 - - [19/Dec/2025:12:46:34 +0000] "GET /win-spark-896/ HTTP/1.1" 500 0 "-" "Mozilla/5.0 (compatible; Barkrowler/0.9; +https://babbar.tech/crawler)"
85.208.96.196 - - [19/Dec/2025:12:46:45 +0000] "GET /galactic-wins-401/ HTTP/1.1" 500 0 "-" "Mozilla/5.0 (compatible; SemrushBot/7~bl; +http://www.semrush.com/bot.html)"
66.249.68.128 - - [19/Dec/2025:12:46:48 +0000] "GET /?_g=2743841 HTTP/1.1" 200 196317 "-" "Mozilla/5.0 (Linux; Android 6.0.1; Nexus 5X Build/MMB29P) AppleWebKit/537.36 (KHTML, like Gecko) Chrome/141.0.7390.122 Mobile Safari/537.36 (compatible; Googlebot/2.1; +http://www.google.com/bot.html)"
