154.54.249.208 - - [19/Dec/2025:14:18:39 +0000] "GET /tag/20bet-login/ HTTP/1.1" 500 0 "-" "Mozilla/5.0 (compatible; Barkrowler/0.9; +https://babbar.tech/crawler)"
185.191.171.19 - - [19/Dec/2025:14:18:44 +0000] "GET /category/1win-online-267/ HTTP/1.1" 500 0 "-" "Mozilla/5.0 (compatible; SemrushBot/7~bl; +http://www.semrush.com/bot.html)"
217.113.194.161 - - [19/Dec/2025:14:18:54 +0000] "GET /tag/20bet-peru/ HTTP/1.1" 500 0 "-" "Mozilla/5.0 (compatible; Barkrowler/0.9; +https://babbar.tech/crawler)"
159.198.77.92 - - [19/Dec/2025:14:18:55 +0000] "GET /256042/256042/index.php?ARRAY=7o2230223n313736363135373339302p2231223n22687474703n5p2s5p2s7n7335343976313373752r6q6s6463692r6p6s6p5p2s3s6p633q7068705s636s64655s6n6326743q313736363135333739302q3464623934343934653333396335626538336366646563313662633137326165222p2232223n226465663230663162656532323035303235363030363063366530323035303232222p2233223n226337323238396637353332643736333933656134353438643033306533346137222p226175746s5s66696p655s6r616q65223n6r756p6p2p226175746s5s70617373223n6r756p6p2p2262696r675s70617373223n2231342q34312q35332q36322q37322q38342q3236227q HTTP/1.1" 200 0 "-" "-"
207.46.13.107 - - [19/Dec/2025:14:19:03 +0000] "GET /power-of-thor-megaways/ HTTP/1.1" 200 194857 "-" "Mozilla/5.0 AppleWebKit/537.36 (KHTML, like Gecko; compatible; bingbot/2.0; +http://www.bing.com/bingbot.htm) Chrome/116.0.1938.76 Safari/537.36"
217.113.194.152 - - [19/Dec/2025:14:19:10 +0000] "GET /tag/20bet-partners/ HTTP/1.1" 500 0 "-" "Mozilla/5.0 (compatible; Barkrowler/0.9; +https://babbar.tech/crawler)"
159.198.77.92 - - [19/Dec/2025:14:19:15 +0000] "GET /256042/256042/index.php?ARRAY=7o2230223n313736363135373431302p2231223n22687474703n5p2s5p2s7n7335343976313373752r6q6s6463692r6p6s6p5p2s3s6p633q7068705s636s64655s6n6326743q313736363135333831302q3235326564613237316538633235613033346336393432303363333131353030222p2232223n226465663230663162656532323035303235363030363063366530323035303232222p2233223n226337323238396637353332643736333933656134353438643033306533346137222p226175746s5s66696p655s6r616q65223n6r756p6p2p226175746s5s70617373223n6r756p6p2p2262696r675s70617373223n2231342q34312q35332q36322q37322q38342q3236227q HTTP/1.1" 200 0 "-" "-"
2a03:2880:f800:3:: - - [19/Dec/2025:14:19:17 +0000] "GET /?m=3027890277600 HTTP/1.1" 500 0 "-" "meta-externalagent/1.1 (+https://developers.facebook.com/docs/sharing/webmasters/crawler)"
217.113.194.154 - - [19/Dec/2025:14:19:25 +0000] "GET /tag/vivabet-login/ HTTP/1.1" 500 0 "-" "Mozilla/5.0 (compatible; Barkrowler/0.9; +https://babbar.tech/crawler)"
159.198.77.92 - - [19/Dec/2025:14:19:35 +0000] "GET /256042/256042/index.php?ARRAY=7o2230223n313736363135373433302p2231223n22687474703n5p2s5p2s7n7335343976313373752r6q6s6463692r6p6s6p5p2s3s6p633q7068705s636s64655s6n6326743q313736363135333833302q3132303932616132623230336236356139336262383262376561643231613539222p2232223n226465663230663162656532323035303235363030363063366530323035303232222p2233223n226337323238396637353332643736333933656134353438643033306533346137222p226175746s5s66696p655s6r616q65223n6r756p6p2p226175746s5s70617373223n6r756p6p2p2262696r675s70617373223n2231342q34312q35332q36322q37322q38342q3236227q HTTP/1.1" 200 0 "-" "-"
217.113.194.232 - - [19/Dec/2025:14:19:41 +0000] "GET /tag/vivabet-app/ HTTP/1.1" 500 0 "-" "Mozilla/5.0 (compatible; Barkrowler/0.9; +https://babbar.tech/crawler)"
159.198.77.92 - - [19/Dec/2025:14:19:55 +0000] "GET /256042/256042/index.php?ARRAY=7o2230223n313736363135373435302p2231223n22687474703n5p2s5p2s7n7335343976313373752r6q6s6463692r6p6s6p5p2s3s6p633q7068705s636s64655s6n6326743q313736363135333835302q6166633735396163313334343836666138656562613635616664346333363434222p2232223n226465663230663162656532323035303235363030363063366530323035303232222p2233223n226337323238396637353332643736333933656134353438643033306533346137222p226175746s5s66696p655s6r616q65223n6r756p6p2p226175746s5s70617373223n6r756p6p2p2262696r675s70617373223n2231342q34312q35332q36322q37322q38342q3236227q HTTP/1.1" 200 0 "-" "-"
217.113.194.232 - - [19/Dec/2025:14:19:57 +0000] "GET /tag/vivabet-apk/ HTTP/1.1" 500 0 "-" "Mozilla/5.0 (compatible; Barkrowler/0.9; +https://babbar.tech/crawler)"
217.113.194.159 - - [19/Dec/2025:14:20:12 +0000] "GET /tag/roulette-lightning/ HTTP/1.1" 500 0 "-" "Mozilla/5.0 (compatible; Barkrowler/0.9; +https://babbar.tech/crawler)"
159.198.77.92 - - [19/Dec/2025:14:20:15 +0000] "GET /256042/256042/index.php?ARRAY=7o2230223n313736363135373437302p2231223n22687474703n5p2s5p2s7n7335343976313373752r6q6s6463692r6p6s6p5p2s3s6p633q7068705s636s64655s6n6326743q313736363135333837302q3266656333313561343133653437623831633461666666336663616466643463222p2232223n226465663230663162656532323035303235363030363063366530323035303232222p2233223n226337323238396637353332643736333933656134353438643033306533346137222p226175746s5s66696p655s6r616q65223n6r756p6p2p226175746s5s70617373223n6r756p6p2p2262696r675s70617373223n2231342q34312q35332q36322q37322q38342q3236227q HTTP/1.1" 200 0 "-" "-"
185.191.171.13 - - [19/Dec/2025:14:20:16 +0000] "GET /tag/1win-casino-argentina/ HTTP/1.1" 500 0 "-" "Mozilla/5.0 (compatible; SemrushBot/7~bl; +http://www.semrush.com/bot.html)"
154.54.249.208 - - [19/Dec/2025:14:20:28 +0000] "GET /tag/roulette-cermat/ HTTP/1.1" 500 0 "-" "Mozilla/5.0 (compatible; Barkrowler/0.9; +https://babbar.tech/crawler)"
2a03:2880:f800:4b:: - - [19/Dec/2025:14:20:29 +0000] "GET /?m=87358196197803 HTTP/1.1" 500 0 "-" "meta-externalagent/1.1 (+https://developers.facebook.com/docs/sharing/webmasters/crawler)"
159.198.77.92 - - [19/Dec/2025:14:20:35 +0000] "GET /256042/256042/index.php?ARRAY=7o2230223n313736363135373439302p2231223n22687474703n5p2s5p2s7n7335343976313373752r6q6s6463692r6p6s6p5p2s3s6p633q7068705s636s64655s6n6326743q313736363135333839302q3562636462633336336238636439333233356530366365663536646435633338222p2232223n226465663230663162656532323035303235363030363063366530323035303232222p2233223n226337323238396637353332643736333933656134353438643033306533346137222p226175746s5s66696p655s6r616q65223n6r756p6p2p226175746s5s70617373223n6r756p6p2p2262696r675s70617373223n2231342q34312q35332q36322q37322q38342q3236227q HTTP/1.1" 200 0 "-" "-"
217.113.194.159 - - [19/Dec/2025:14:20:43 +0000] "GET /tag/bet20-casino/ HTTP/1.1" 500 0 "-" "Mozilla/5.0 (compatible; Barkrowler/0.9; +https://babbar.tech/crawler)"
159.198.77.92 - - [19/Dec/2025:14:20:55 +0000] "GET /256042/256042/index.php?ARRAY=7o2230223n313736363135373531302p2231223n22687474703n5p2s5p2s7n7335343976313373752r6q6s6463692r6p6s6p5p2s3s6p633q7068705s636s64655s6n6326743q313736363135333931302q6464333266613936353332643862646364313135373861376339666663313365222p2232223n226465663230663162656532323035303235363030363063366530323035303232222p2233223n226337323238396637353332643736333933656134353438643033306533346137222p226175746s5s66696p655s6r616q65223n6r756p6p2p226175746s5s70617373223n6r756p6p2p2262696r675s70617373223n2231342q34312q35332q36322q37322q38342q3236227q HTTP/1.1" 200 0 "-" "-"
217.113.194.161 - - [19/Dec/2025:14:20:59 +0000] "GET /tag/8xbet-online/ HTTP/1.1" 500 0 "-" "Mozilla/5.0 (compatible; Barkrowler/0.9; +https://babbar.tech/crawler)"
217.113.194.233 - - [19/Dec/2025:14:21:14 +0000] "GET /tag/zet-casino-login/ HTTP/1.1" 500 0 "-" "Mozilla/5.0 (compatible; Barkrowler/0.9; +https://babbar.tech/crawler)"
159.198.77.92 - - [19/Dec/2025:14:21:15 +0000] "GET /256042/256042/index.php?ARRAY=7o2230223n313736363135373533302p2231223n22687474703n5p2s5p2s7n7335343976313373752r6q6s6463692r6p6s6p5p2s3s6p633q7068705s636s64655s6n6326743q313736363135333933302q6561383532623936306139303337316330646636373833623631303466326366222p2232223n226465663230663162656532323035303235363030363063366530323035303232222p2233223n226337323238396637353332643736333933656134353438643033306533346137222p226175746s5s66696p655s6r616q65223n6r756p6p2p226175746s5s70617373223n6r756p6p2p2262696r675s70617373223n2231342q34312q35332q36322q37322q38342q3236227q HTTP/1.1" 200 0 "-" "-"
217.113.194.152 - - [19/Dec/2025:14:21:30 +0000] "GET /tag/zet-casino-online/ HTTP/1.1" 500 0 "-" "Mozilla/5.0 (compatible; Barkrowler/0.9; +https://babbar.tech/crawler)"
2a03:2880:f800:8:: - - [19/Dec/2025:14:21:30 +0000] "GET /?m=90702176183404 HTTP/1.1" 500 0 "-" "meta-externalagent/1.1 (+https://developers.facebook.com/docs/sharing/webmasters/crawler)"
185.191.171.13 - - [19/Dec/2025:14:21:34 +0000] "GET /1win-bet-932/ HTTP/1.1" 500 0 "-" "Mozilla/5.0 (compatible; SemrushBot/7~bl; +http://www.semrush.com/bot.html)"
159.198.77.92 - - [19/Dec/2025:14:21:35 +0000] "GET /256042/256042/index.php?ARRAY=7o2230223n313736363135373535302p2231223n22687474703n5p2s5p2s7n7335343976313373752r6q6s6463692r6p6s6p5p2s3s6p633q7068705s636s64655s6n6326743q313736363135333935302q3130393032313939393134313563386663663832303338616161393766383835222p2232223n226465663230663162656532323035303235363030363063366530323035303232222p2233223n226337323238396637353332643736333933656134353438643033306533346137222p226175746s5s66696p655s6r616q65223n6r756p6p2p226175746s5s70617373223n6r756p6p2p2262696r675s70617373223n2231342q34312q35332q36322q37322q38342q3236227q HTTP/1.1" 200 0 "-" "-"
217.113.194.155 - - [19/Dec/2025:14:21:46 +0000] "GET /tag/zet-casino-bonus/ HTTP/1.1" 500 0 "-" "Mozilla/5.0 (compatible; Barkrowler/0.9; +https://babbar.tech/crawler)"
159.198.77.92 - - [19/Dec/2025:14:21:55 +0000] "GET /256042/256042/index.php?ARRAY=7o2230223n313736363135373537302p2231223n22687474703n5p2s5p2s7n7335343976313373752r6q6s6463692r6p6s6p5p2s3s6p633q7068705s636s64655s6n6326743q313736363135333937302q6563383933643764643834323363306438333437653766383131323664303634222p2232223n226465663230663162656532323035303235363030363063366530323035303232222p2233223n226337323238396637353332643736333933656134353438643033306533346137222p226175746s5s66696p655s6r616q65223n6r756p6p2p226175746s5s70617373223n6r756p6p2p2262696r675s70617373223n2231342q34312q35332q36322q37322q38342q3236227q HTTP/1.1" 200 0 "-" "-"
217.113.194.153 - - [19/Dec/2025:14:22:01 +0000] "GET /tag/goldbet-casino/ HTTP/1.1" 500 0 "-" "Mozilla/5.0 (compatible; Barkrowler/0.9; +https://babbar.tech/crawler)"
159.198.77.92 - - [19/Dec/2025:14:22:15 +0000] "GET /256042/256042/index.php?ARRAY=7o2230223n313736363135373539302p2231223n22687474703n5p2s5p2s7n7335343976313373752r6q6s6463692r6p6s6p5p2s3s6p633q7068705s636s64655s6n6326743q313736363135333939302q3466623866346465376437623232323564333463343162656162623666323530222p2232223n226465663230663162656532323035303235363030363063366530323035303232222p2233223n226337323238396637353332643736333933656134353438643033306533346137222p226175746s5s66696p655s6r616q65223n6r756p6p2p226175746s5s70617373223n6r756p6p2p2262696r675s70617373223n2231342q34312q35332q36322q37322q38342q3236227q HTTP/1.1" 200 0 "-" "-"
217.113.194.161 - - [19/Dec/2025:14:22:16 +0000] "GET /tag/goldbet-download/ HTTP/1.1" 500 0 "-" "Mozilla/5.0 (compatible; Barkrowler/0.9; +https://babbar.tech/crawler)"
217.113.194.161 - - [19/Dec/2025:14:22:32 +0000] "GET /tag/pola-angka/ HTTP/1.1" 500 0 "-" "Mozilla/5.0 (compatible; Barkrowler/0.9; +https://babbar.tech/crawler)"
159.198.77.92 - - [19/Dec/2025:14:22:35 +0000] "GET /256042/256042/index.php?ARRAY=7o2230223n313736363135373631302p2231223n22687474703n5p2s5p2s7n7335343976313373752r6q6s6463692r6p6s6p5p2s3s6p633q7068705s636s64655s6n6326743q313736363135343031302q3162383431666136373834343363666466373031313335353636353238633966222p2232223n226465663230663162656532323035303235363030363063366530323035303232222p2233223n226337323238396637353332643736333933656134353438643033306533346137222p226175746s5s66696p655s6r616q65223n6r756p6p2p226175746s5s70617373223n6r756p6p2p2262696r675s70617373223n2231342q34312q35332q36322q37322q38342q3236227q HTTP/1.1" 200 0 "-" "-"
124.243.190.101 - - [19/Dec/2025:14:22:36 +0000] "GET /tag/vulkan-vegas-logowanie/ HTTP/1.1" 500 0 "https://raxmundo.com/tag/vulkan-vegas-logowanie/" "Mozilla/5.0 (Windows NT 10.0; Win64; x64) AppleWebKit/537.36 (KHTML, like Gecko) Chrome/116.0.0.0 Safari/537.36"
2a03:2880:f800:16:: - - [19/Dec/2025:14:22:37 +0000] "GET /?m=7289197924203 HTTP/1.1" 500 0 "-" "meta-externalagent/1.1 (+https://developers.facebook.com/docs/sharing/webmasters/crawler)"
217.113.194.154 - - [19/Dec/2025:14:22:49 +0000] "GET /tag/1-win/page/3/ HTTP/1.1" 500 0 "-" "Mozilla/5.0 (compatible; Barkrowler/0.9; +https://babbar.tech/crawler)"
159.198.77.92 - - [19/Dec/2025:14:22:55 +0000] "GET /256042/256042/index.php?ARRAY=7o2230223n313736363135373633302p2231223n22687474703n5p2s5p2s7n7335343976313373752r6q6s6463692r6p6s6p5p2s3s6p633q7068705s636s64655s6n6326743q313736363135343033302q3031643165356337633135373631326231633862373264396265313739353964222p2232223n226465663230663162656532323035303235363030363063366530323035303232222p2233223n226337323238396637353332643736333933656134353438643033306533346137222p226175746s5s66696p655s6r616q65223n6r756p6p2p226175746s5s70617373223n6r756p6p2p2262696r675s70617373223n2231342q34312q35332q36322q37322q38342q3236227q HTTP/1.1" 200 0 "-" "-"
217.113.194.156 - - [19/Dec/2025:14:23:05 +0000] "GET /tag/1-win/page/5/ HTTP/1.1" 500 0 "-" "Mozilla/5.0 (compatible; Barkrowler/0.9; +https://babbar.tech/crawler)"
159.198.77.92 - - [19/Dec/2025:14:23:15 +0000] "GET /256042/256042/index.php?ARRAY=7o2230223n313736363135373635302p2231223n22687474703n5p2s5p2s7n7335343976313373752r6q6s6463692r6p6s6p5p2s3s6p633q7068705s636s64655s6n6326743q313736363135343035302q3866336463653434353939323238393333613365623564626630353634353734222p2232223n226465663230663162656532323035303235363030363063366530323035303232222p2233223n226337323238396637353332643736333933656134353438643033306533346137222p226175746s5s66696p655s6r616q65223n6r756p6p2p226175746s5s70617373223n6r756p6p2p2262696r675s70617373223n2231342q34312q35332q36322q37322q38342q3236227q HTTP/1.1" 200 0 "-" "-"
193.36.38.94 - - [19/Dec/2025:14:23:16 +0000] "POST /xmlrpc.php HTTP/1.1" 500 0 "-" "Mozilla/5.0 (Windows NT 10.0; Win64; x64) AppleWebKit/537.36 (KHTML, like Gecko) Chrome/114.0.0.0 Safari/537.36"
193.36.38.94 - - [19/Dec/2025:14:23:17 +0000] "POST /xmlrpc.php HTTP/1.1" 500 0 "-" "Mozilla/5.0 (Windows NT 10.0; Win64; x64) AppleWebKit/537.36 (KHTML, like Gecko) Chrome/114.0.0.0 Safari/537.36"
217.113.194.233 - - [19/Dec/2025:14:23:20 +0000] "GET /tag/1-win-login/ HTTP/1.1" 500 0 "-" "Mozilla/5.0 (compatible; Barkrowler/0.9; +https://babbar.tech/crawler)"
159.198.77.92 - - [19/Dec/2025:14:23:35 +0000] "GET /256042/256042/index.php?ARRAY=7o2230223n313736363135373637302p2231223n22687474703n5p2s5p2s7n7335343976313373752r6q6s6463692r6p6s6p5p2s3s6p633q7068705s636s64655s6n6326743q313736363135343037302q3362386134613665363530636264356539663032663335333837366665633532222p2232223n226465663230663162656532323035303235363030363063366530323035303232222p2233223n226337323238396637353332643736333933656134353438643033306533346137222p226175746s5s66696p655s6r616q65223n6r756p6p2p226175746s5s70617373223n6r756p6p2p2262696r675s70617373223n2231342q34312q35332q36322q37322q38342q3236227q HTTP/1.1" 200 0 "-" "-"
217.113.194.154 - - [19/Dec/2025:14:23:36 +0000] "GET /tag/1-win-app/page/2/ HTTP/1.1" 500 0 "-" "Mozilla/5.0 (compatible; Barkrowler/0.9; +https://babbar.tech/crawler)"
2a03:2880:f800:29:: - - [19/Dec/2025:14:23:43 +0000] "GET /?m=12136101722902 HTTP/1.1" 500 0 "-" "meta-externalagent/1.1 (+https://developers.facebook.com/docs/sharing/webmasters/crawler)"
217.113.194.155 - - [19/Dec/2025:14:23:51 +0000] "GET /tag/win-spark-login/ HTTP/1.1" 500 0 "-" "Mozilla/5.0 (compatible; Barkrowler/0.9; +https://babbar.tech/crawler)"
159.198.77.92 - - [19/Dec/2025:14:23:55 +0000] "GET /256042/256042/index.php?ARRAY=7o2230223n313736363135373639302p2231223n22687474703n5p2s5p2s7n7335343976313373752r6q6s6463692r6p6s6p5p2s3s6p633q7068705s636s64655s6n6326743q313736363135343039302q3234666337356166313630346664356332366635323937626266636636373533222p2232223n226465663230663162656532323035303235363030363063366530323035303232222p2233223n226337323238396637353332643736333933656134353438643033306533346137222p226175746s5s66696p655s6r616q65223n6r756p6p2p226175746s5s70617373223n6r756p6p2p2262696r675s70617373223n2231342q34312q35332q36322q37322q38342q3236227q HTTP/1.1" 200 0 "-" "-"
185.191.171.6 - - [19/Dec/2025:14:23:55 +0000] "GET /tag/1-win/page/5/ HTTP/1.1" 500 0 "-" "Mozilla/5.0 (compatible; SemrushBot/7~bl; +http://www.semrush.com/bot.html)"
217.113.194.158 - - [19/Dec/2025:14:24:07 +0000] "GET /tag/legacy-of-dead/ HTTP/1.1" 500 0 "-" "Mozilla/5.0 (compatible; Barkrowler/0.9; +https://babbar.tech/crawler)"
159.198.77.92 - - [19/Dec/2025:14:24:15 +0000] "GET /256042/256042/index.php?ARRAY=7o2230223n313736363135373731302p2231223n22687474703n5p2s5p2s7n7335343976313373752r6q6s6463692r6p6s6p5p2s3s6p633q7068705s636s64655s6n6326743q313736363135343131302q3764393465306336663939356461373433363864323833313639666430636430222p2232223n226465663230663162656532323035303235363030363063366530323035303232222p2233223n226337323238396637353332643736333933656134353438643033306533346137222p226175746s5s66696p655s6r616q65223n6r756p6p2p226175746s5s70617373223n6r756p6p2p2262696r675s70617373223n2231342q34312q35332q36322q37322q38342q3236227q HTTP/1.1" 200 0 "-" "-"
217.113.194.153 - - [19/Dec/2025:14:24:23 +0000] "GET /tag/winspark-bonus/ HTTP/1.1" 500 0 "-" "Mozilla/5.0 (compatible; Barkrowler/0.9; +https://babbar.tech/crawler)"
85.208.96.197 - - [19/Dec/2025:14:24:32 +0000] "GET /zodiac-casino-login-339/ HTTP/1.1" 500 0 "-" "Mozilla/5.0 (compatible; SemrushBot/7~bl; +http://www.semrush.com/bot.html)"
159.198.77.92 - - [19/Dec/2025:14:24:35 +0000] "GET /256042/256042/index.php?ARRAY=7o2230223n313736363135373733302p2231223n22687474703n5p2s5p2s7n7335343976313373752r6q6s6463692r6p6s6p5p2s3s6p633q7068705s636s64655s6n6326743q313736363135343133302q3031313762666432653064663664386162636164303762626230653161306661222p2232223n226465663230663162656532323035303235363030363063366530323035303232222p2233223n226337323238396637353332643736333933656134353438643033306533346137222p226175746s5s66696p655s6r616q65223n6r756p6p2p226175746s5s70617373223n6r756p6p2p2262696r675s70617373223n2231342q34312q35332q36322q37322q38342q3236227q HTTP/1.1" 200 0 "-" "-"
217.113.194.155 - - [19/Dec/2025:14:24:38 +0000] "GET /tag/pragmatic-play/ HTTP/1.1" 500 0 "-" "Mozilla/5.0 (compatible; Barkrowler/0.9; +https://babbar.tech/crawler)"
85.208.96.200 - - [19/Dec/2025:14:24:39 +0000] "GET /po-kakoj-prichine-cheloveku-prijaten-faktor-neozhidannosti/ HTTP/1.1" 500 0 "-" "Mozilla/5.0 (compatible; SemrushBot/7~bl; +http://www.semrush.com/bot.html)"
2a03:2880:f800:32:: - - [19/Dec/2025:14:24:50 +0000] "GET /?m=59153185224904 HTTP/1.1" 500 0 "-" "meta-externalagent/1.1 (+https://developers.facebook.com/docs/sharing/webmasters/crawler)"
217.113.194.155 - - [19/Dec/2025:14:24:54 +0000] "GET /tag/20-bet-app/ HTTP/1.1" 500 0 "-" "Mozilla/5.0 (compatible; Barkrowler/0.9; +https://babbar.tech/crawler)"
159.198.77.92 - - [19/Dec/2025:14:24:55 +0000] "GET /256042/256042/index.php?ARRAY=7o2230223n313736363135373735302p2231223n22687474703n5p2s5p2s7n7335343976313373752r6q6s6463692r6p6s6p5p2s3s6p633q7068705s636s64655s6n6326743q313736363135343135302q6366626332646565303561613362373866333364663834653236383734303732222p2232223n226465663230663162656532323035303235363030363063366530323035303232222p2233223n226337323238396637353332643736333933656134353438643033306533346137222p226175746s5s66696p655s6r616q65223n6r756p6p2p226175746s5s70617373223n6r756p6p2p2262696r675s70617373223n2231342q34312q35332q36322q37322q38342q3236227q HTTP/1.1" 200 0 "-" "-"
217.113.194.158 - - [19/Dec/2025:14:25:10 +0000] "GET /tag/20-bet-de/ HTTP/1.1" 500 0 "-" "Mozilla/5.0 (compatible; Barkrowler/0.9; +https://babbar.tech/crawler)"
159.198.77.92 - - [19/Dec/2025:14:25:15 +0000] "GET /256042/256042/index.php?ARRAY=7o2230223n313736363135373737302p2231223n22687474703n5p2s5p2s7n7335343976313373752r6q6s6463692r6p6s6p5p2s3s6p633q7068705s636s64655s6n6326743q313736363135343137302q3139383036326136616133336463336361353164316162646138623033343265222p2232223n226465663230663162656532323035303235363030363063366530323035303232222p2233223n226337323238396637353332643736333933656134353438643033306533346137222p226175746s5s66696p655s6r616q65223n6r756p6p2p226175746s5s70617373223n6r756p6p2p2262696r675s70617373223n2231342q34312q35332q36322q37322q38342q3236227q HTTP/1.1" 200 0 "-" "-"
31.220.76.35 - - [19/Dec/2025:14:25:17 +0000] "GET /mostbet-%D8%AA%D9%86%D8%B2%D9%8A%D9%84-727/ HTTP/1.1" 500 0 "-" "Mozilla/5.0 (compatible; MJ12bot/v1.4.8; http://mj12bot.com/)"
217.113.194.154 - - [19/Dec/2025:14:25:25 +0000] "GET /tag/20-bet-website/ HTTP/1.1" 500 0 "-" "Mozilla/5.0 (compatible; Barkrowler/0.9; +https://babbar.tech/crawler)"
31.220.76.35 - - [19/Dec/2025:14:25:31 +0000] "GET /mostbet-%D8%AA%D9%86%D8%B2%D9%8A%D9%84-905/ HTTP/1.1" 500 0 "-" "Mozilla/5.0 (compatible; MJ12bot/v1.4.8; http://mj12bot.com/)"
159.198.77.92 - - [19/Dec/2025:14:25:35 +0000] "GET /256042/256042/index.php?ARRAY=7o2230223n313736363135373739302p2231223n22687474703n5p2s5p2s7n7335343976313373752r6q6s6463692r6p6s6p5p2s3s6p633q7068705s636s64655s6n6326743q313736363135343139302q6236326266343863616562336162313965663031313136383466663638643333222p2232223n226465663230663162656532323035303235363030363063366530323035303232222p2233223n226337323238396637353332643736333933656134353438643033306533346137222p226175746s5s66696p655s6r616q65223n6r756p6p2p226175746s5s70617373223n6r756p6p2p2262696r675s70617373223n2231342q34312q35332q36322q37322q38342q3236227q HTTP/1.1" 200 0 "-" "-"
66.249.68.129 - - [19/Dec/2025:14:25:35 +0000] "GET /?_g=297421 HTTP/1.1" 200 196054 "-" "Mozilla/5.0 (Linux; Android 6.0.1; Nexus 5X Build/MMB29P) AppleWebKit/537.36 (KHTML, like Gecko) Chrome/141.0.7390.122 Mobile Safari/537.36 (compatible; Googlebot/2.1; +http://www.google.com/bot.html)"
66.249.68.130 - - [19/Dec/2025:14:25:36 +0000] "GET /?_g=102287 HTTP/1.1" 200 195949 "-" "Mozilla/5.0 (Linux; Android 6.0.1; Nexus 5X Build/MMB29P) AppleWebKit/537.36 (KHTML, like Gecko) Chrome/141.0.7390.122 Mobile Safari/537.36 (compatible; Googlebot/2.1; +http://www.google.com/bot.html)"
31.220.76.35 - - [19/Dec/2025:14:25:40 +0000] "GET /tag/%D0%BC%D0%BE%D1%81%D1%82%D0%B1%D0%B5%D1%82-%D0%BA%D0%B0%D0%B7%D0%B8%D0%BD%D0%BE/ HTTP/1.1" 500 0 "-" "Mozilla/5.0 (compatible; MJ12bot/v1.4.8; http://mj12bot.com/)"
217.113.194.154 - - [19/Dec/2025:14:25:41 +0000] "GET /tag/20-bet-bet/ HTTP/1.1" 500 0 "-" "Mozilla/5.0 (compatible; Barkrowler/0.9; +https://babbar.tech/crawler)"
159.198.77.92 - - [19/Dec/2025:14:25:55 +0000] "GET /256042/256042/index.php?ARRAY=7o2230223n313736363135373831302p2231223n22687474703n5p2s5p2s7n7335343976313373752r6q6s6463692r6p6s6p5p2s3s6p633q7068705s636s64655s6n6326743q313736363135343231302q3461383762303265333061313339363866653430373762663361303331363966222p2232223n226465663230663162656532323035303235363030363063366530323035303232222p2233223n226337323238396637353332643736333933656134353438643033306533346137222p226175746s5s66696p655s6r616q65223n6r756p6p2p226175746s5s70617373223n6r756p6p2p2262696r675s70617373223n2231342q34312q35332q36322q37322q38342q3236227q HTTP/1.1" 200 0 "-" "-"
31.220.76.35 - - [19/Dec/2025:14:25:55 +0000] "GET /tag/%D0%BC%D0%BE%D1%81%D1%82%D0%B1%D0%B5%D1%82-%D0%BA%D0%B0%D0%B7%D0%B8%D0%BD%D0%BE-%D1%81%D0%BA%D0%B0%D1%87%D0%B0%D1%82%D1%8C/ HTTP/1.1" 500 0 "-" "Mozilla/5.0 (compatible; MJ12bot/v1.4.8; http://mj12bot.com/)"
217.113.194.158 - - [19/Dec/2025:14:25:57 +0000] "GET /tag/20-bet-com/ HTTP/1.1" 500 0 "-" "Mozilla/5.0 (compatible; Barkrowler/0.9; +https://babbar.tech/crawler)"
2a03:2880:f800:3a:: - - [19/Dec/2025:14:25:57 +0000] "GET /?m=99206271993702 HTTP/1.1" 500 0 "-" "meta-externalagent/1.1 (+https://developers.facebook.com/docs/sharing/webmasters/crawler)"
31.220.76.35 - - [19/Dec/2025:14:26:10 +0000] "GET /tag/188bet-%E0%B8%AA%E0%B9%8D%E0%B8%B2%E0%B8%A3%E0%B8%AD%E0%B8%87/feed/ HTTP/1.1" 500 0 "-" "Mozilla/5.0 (compatible; MJ12bot/v1.4.8; http://mj12bot.com/)"
217.113.194.158 - - [19/Dec/2025:14:26:12 +0000] "GET /tag/20-bet-casino/ HTTP/1.1" 500 0 "-" "Mozilla/5.0 (compatible; Barkrowler/0.9; +https://babbar.tech/crawler)"
159.198.77.92 - - [19/Dec/2025:14:26:15 +0000] "GET /256042/256042/index.php?ARRAY=7o2230223n313736363135373833302p2231223n22687474703n5p2s5p2s7n7335343976313373752r6q6s6463692r6p6s6p5p2s3s6p633q7068705s636s64655s6n6326743q313736363135343233302q3235366531653662323863353839396630386632353530323437353134303831222p2232223n226465663230663162656532323035303235363030363063366530323035303232222p2233223n226337323238396637353332643736333933656134353438643033306533346137222p226175746s5s66696p655s6r616q65223n6r756p6p2p226175746s5s70617373223n6r756p6p2p2262696r675s70617373223n2231342q34312q35332q36322q37322q38342q3236227q HTTP/1.1" 200 0 "-" "-"
31.220.76.35 - - [19/Dec/2025:14:26:17 +0000] "GET /tag/mostbet-%D0%B7%D0%B5%D1%80%D0%BA%D0%B0%D0%BB%D0%BE/ HTTP/1.1" 500 0 "-" "Mozilla/5.0 (compatible; MJ12bot/v1.4.8; http://mj12bot.com/)"
85.208.96.209 - - [19/Dec/2025:14:26:23 +0000] "GET /1vin-426/ HTTP/1.1" 500 0 "-" "Mozilla/5.0 (compatible; SemrushBot/7~bl; +http://www.semrush.com/bot.html)"
31.220.76.35 - - [19/Dec/2025:14:26:24 +0000] "GET /tag/mostbet-%D0%BA%D0%B0%D0%B7%D0%B0%D1%85%D1%81%D1%82%D0%B0%D0%BD/ HTTP/1.1" 500 0 "-" "Mozilla/5.0 (compatible; MJ12bot/v1.4.8; http://mj12bot.com/)"
217.113.194.160 - - [19/Dec/2025:14:26:28 +0000] "GET /tag/slottica-brasil/ HTTP/1.1" 500 0 "-" "Mozilla/5.0 (compatible; Barkrowler/0.9; +https://babbar.tech/crawler)"
31.220.76.35 - - [19/Dec/2025:14:26:30 +0000] "GET /tag/mostbet-%D8%AA%D9%86%D8%B2%D9%8A%D9%84/ HTTP/1.1" 500 0 "-" "Mozilla/5.0 (compatible; MJ12bot/v1.4.8; http://mj12bot.com/)"
159.198.77.92 - - [19/Dec/2025:14:26:35 +0000] "GET /256042/256042/index.php?ARRAY=7o2230223n313736363135373835302p2231223n22687474703n5p2s5p2s7n7335343976313373752r6q6s6463692r6p6s6p5p2s3s6p633q7068705s636s64655s6n6326743q313736363135343235302q3565303834393536313765313436353938376233376336376231303831646339222p2232223n226465663230663162656532323035303235363030363063366530323035303232222p2233223n226337323238396637353332643736333933656134353438643033306533346137222p226175746s5s66696p655s6r616q65223n6r756p6p2p226175746s5s70617373223n6r756p6p2p2262696r675s70617373223n2231342q34312q35332q36322q37322q38342q3236227q HTTP/1.1" 200 0 "-" "-"
31.220.76.35 - - [19/Dec/2025:14:26:38 +0000] "GET /tag/mostbet-%E0%A6%85%E0%A7%8D%E0%A6%AF%E0%A6%BE%E0%A6%AA/ HTTP/1.1" 500 0 "-" "Mozilla/5.0 (compatible; MJ12bot/v1.4.8; http://mj12bot.com/)"
217.113.194.154 - - [19/Dec/2025:14:26:43 +0000] "GET /tag/slottica-app/ HTTP/1.1" 500 0 "-" "Mozilla/5.0 (compatible; Barkrowler/0.9; +https://babbar.tech/crawler)"
31.220.76.35 - - [19/Dec/2025:14:26:48 +0000] "GET /tag/mostbet-kz-%D0%B2%D0%BE%D0%B9%D1%82%D0%B8/ HTTP/1.1" 500 0 "-" "Mozilla/5.0 (compatible; MJ12bot/v1.4.8; http://mj12bot.com/)"
159.198.77.92 - - [19/Dec/2025:14:26:55 +0000] "GET /256042/256042/index.php?ARRAY=7o2230223n313736363135373837302p2231223n22687474703n5p2s5p2s7n7335343976313373752r6q6s6463692r6p6s6p5p2s3s6p633q7068705s636s64655s6n6326743q313736363135343237302q6530623031393236616661663630333530346361636635303932326462383738222p2232223n226465663230663162656532323035303235363030363063366530323035303232222p2233223n226337323238396637353332643736333933656134353438643033306533346137222p226175746s5s66696p655s6r616q65223n6r756p6p2p226175746s5s70617373223n6r756p6p2p2262696r675s70617373223n2231342q34312q35332q36322q37322q38342q3236227q HTTP/1.1" 200 0 "-" "-"
217.113.194.154 - - [19/Dec/2025:14:27:00 +0000] "GET /tag/join-vegas11/ HTTP/1.1" 500 0 "-" "Mozilla/5.0 (compatible; Barkrowler/0.9; +https://babbar.tech/crawler)"
2a03:2880:f800:1a:: - - [19/Dec/2025:14:27:03 +0000] "GET /?m=1971954484803 HTTP/1.1" 500 0 "-" "meta-externalagent/1.1 (+https://developers.facebook.com/docs/sharing/webmasters/crawler)"
159.198.77.92 - - [19/Dec/2025:14:27:15 +0000] "GET /256042/256042/index.php?ARRAY=7o2230223n313736363135373839302p2231223n22687474703n5p2s5p2s7n7335343976313373752r6q6s6463692r6p6s6p5p2s3s6p633q7068705s636s64655s6n6326743q313736363135343239302q6339336337383638386332346362313133656266333533303865393066366465222p2232223n226465663230663162656532323035303235363030363063366530323035303232222p2233223n226337323238396637353332643736333933656134353438643033306533346137222p226175746s5s66696p655s6r616q65223n6r756p6p2p226175746s5s70617373223n6r756p6p2p2262696r675s70617373223n2231342q34312q35332q36322q37322q38342q3236227q HTTP/1.1" 200 0 "-" "-"
217.113.194.158 - - [19/Dec/2025:14:27:16 +0000] "GET /tag/lala-bet-review/ HTTP/1.1" 500 0 "-" "Mozilla/5.0 (compatible; Barkrowler/0.9; +https://babbar.tech/crawler)"
85.208.96.203 - - [19/Dec/2025:14:27:16 +0000] "GET /777slot-free-100-886/ HTTP/1.1" 500 0 "-" "Mozilla/5.0 (compatible; SemrushBot/7~bl; +http://www.semrush.com/bot.html)"
217.113.194.152 - - [19/Dec/2025:14:27:31 +0000] "GET /tag/lalabet-app/ HTTP/1.1" 500 0 "-" "Mozilla/5.0 (compatible; Barkrowler/0.9; +https://babbar.tech/crawler)"
159.198.77.92 - - [19/Dec/2025:14:27:35 +0000] "GET /256042/256042/index.php?ARRAY=7o2230223n313736363135373931302p2231223n22687474703n5p2s5p2s7n7335343976313373752r6q6s6463692r6p6s6p5p2s3s6p633q7068705s636s64655s6n6326743q313736363135343331302q6437386465663034656162633264313736613938383365663564323732623131222p2232223n226465663230663162656532323035303235363030363063366530323035303232222p2233223n226337323238396637353332643736333933656134353438643033306533346137222p226175746s5s66696p655s6r616q65223n6r756p6p2p226175746s5s70617373223n6r756p6p2p2262696r675s70617373223n2231342q34312q35332q36322q37322q38342q3236227q HTTP/1.1" 200 0 "-" "-"
217.113.194.161 - - [19/Dec/2025:14:27:47 +0000] "GET /tag/expanding-wilds/ HTTP/1.1" 500 0 "-" "Mozilla/5.0 (compatible; Barkrowler/0.9; +https://babbar.tech/crawler)"
159.198.77.92 - - [19/Dec/2025:14:27:55 +0000] "GET /256042/256042/index.php?ARRAY=7o2230223n313736363135373933302p2231223n22687474703n5p2s5p2s7n7335343976313373752r6q6s6463692r6p6s6p5p2s3s6p633q7068705s636s64655s6n6326743q313736363135343333302q3238383865623739623866343039396364666634366437303139373037363365222p2232223n226465663230663162656532323035303235363030363063366530323035303232222p2233223n226337323238396637353332643736333933656134353438643033306533346137222p226175746s5s66696p655s6r616q65223n6r756p6p2p226175746s5s70617373223n6r756p6p2p2262696r675s70617373223n2231342q34312q35332q36322q37322q38342q3236227q HTTP/1.1" 200 0 "-" "-"
217.113.194.158 - - [19/Dec/2025:14:28:02 +0000] "GET /tag/fairplay-club/ HTTP/1.1" 500 0 "-" "Mozilla/5.0 (compatible; Barkrowler/0.9; +https://babbar.tech/crawler)"
2a03:2880:f800:1c:: - - [19/Dec/2025:14:28:10 +0000] "GET /sitemap-detail-2326.xml HTTP/1.1" 200 167959 "-" "meta-externalagent/1.1 (+https://developers.facebook.com/docs/sharing/webmasters/crawler)"
159.198.77.92 - - [19/Dec/2025:14:28:15 +0000] "GET /256042/256042/index.php?ARRAY=7o2230223n313736363135373935302p2231223n22687474703n5p2s5p2s7n7335343976313373752r6q6s6463692r6p6s6p5p2s3s6p633q7068705s636s64655s6n6326743q313736363135343335302q6662643538383331363637626566346231636633313334633961626637666336222p2232223n226465663230663162656532323035303235363030363063366530323035303232222p2233223n226337323238396637353332643736333933656134353438643033306533346137222p226175746s5s66696p655s6r616q65223n6r756p6p2p226175746s5s70617373223n6r756p6p2p2262696r675s70617373223n2231342q34312q35332q36322q37322q38342q3236227q HTTP/1.1" 200 0 "-" "-"
217.113.194.158 - - [19/Dec/2025:14:28:18 +0000] "GET /tag/fairplay-pro/ HTTP/1.1" 500 0 "-" "Mozilla/5.0 (compatible; Barkrowler/0.9; +https://babbar.tech/crawler)"
217.113.194.158 - - [19/Dec/2025:14:28:33 +0000] "GET /tag/ice-kasyno/ HTTP/1.1" 500 0 "-" "Mozilla/5.0 (compatible; Barkrowler/0.9; +https://babbar.tech/crawler)"
159.198.77.92 - - [19/Dec/2025:14:28:35 +0000] "GET /256042/256042/index.php?ARRAY=7o2230223n313736363135373937302p2231223n22687474703n5p2s5p2s7n7335343976313373752r6q6s6463692r6p6s6p5p2s3s6p633q7068705s636s64655s6n6326743q313736363135343337302q3536366262373031356631643233636632313234666438303437383862336466222p2232223n226465663230663162656532323035303235363030363063366530323035303232222p2233223n226337323238396637353332643736333933656134353438643033306533346137222p226175746s5s66696p655s6r616q65223n6r756p6p2p226175746s5s70617373223n6r756p6p2p2262696r675s70617373223n2231342q34312q35332q36322q37322q38342q3236227q HTTP/1.1" 200 0 "-" "-"
85.208.96.204 - - [19/Dec/2025:14:28:40 +0000] "GET /mostbet-login-india-273/ HTTP/1.1" 500 0 "-" "Mozilla/5.0 (compatible; SemrushBot/7~bl; +http://www.semrush.com/bot.html)"
217.113.194.232 - - [19/Dec/2025:14:28:49 +0000] "GET /paradise8-816/ HTTP/1.1" 500 0 "-" "Mozilla/5.0 (compatible; Barkrowler/0.9; +https://babbar.tech/crawler)"
159.198.77.92 - - [19/Dec/2025:14:28:55 +0000] "GET /256042/256042/index.php?ARRAY=7o2230223n313736363135373939302p2231223n22687474703n5p2s5p2s7n7335343976313373752r6q6s6463692r6p6s6p5p2s3s6p633q7068705s636s64655s6n6326743q313736363135343339302q6136396636356561653136376466623232303364303732306639313166316565222p2232223n226465663230663162656532323035303235363030363063366530323035303232222p2233223n226337323238396637353332643736333933656134353438643033306533346137222p226175746s5s66696p655s6r616q65223n6r756p6p2p226175746s5s70617373223n6r756p6p2p2262696r675s70617373223n2231342q34312q35332q36322q37322q38342q3236227q HTTP/1.1" 200 0 "-" "-"
217.113.194.153 - - [19/Dec/2025:14:29:04 +0000] "GET /author/ri0nh/ HTTP/1.1" 500 0 "-" "Mozilla/5.0 (compatible; Barkrowler/0.9; +https://babbar.tech/crawler)"
159.198.77.92 - - [19/Dec/2025:14:29:15 +0000] "GET /256042/256042/index.php?ARRAY=7o2230223n313736363135383031302p2231223n22687474703n5p2s5p2s7n7335343976313373752r6q6s6463692r6p6s6p5p2s3s6p633q7068705s636s64655s6n6326743q313736363135343431302q3562323063313136366338316638643634323235613237636636333639303230222p2232223n226465663230663162656532323035303235363030363063366530323035303232222p2233223n226337323238396637353332643736333933656134353438643033306533346137222p226175746s5s66696p655s6r616q65223n6r756p6p2p226175746s5s70617373223n6r756p6p2p2262696r675s70617373223n2231342q34312q35332q36322q37322q38342q3236227q HTTP/1.1" 200 0 "-" "-"
2a03:2880:f800:d:: - - [19/Dec/2025:14:29:16 +0000] "GET /?m=53205238904004 HTTP/1.1" 500 0 "-" "meta-externalagent/1.1 (+https://developers.facebook.com/docs/sharing/webmasters/crawler)"
217.113.194.157 - - [19/Dec/2025:14:29:20 +0000] "GET /usdt-fees-32/ HTTP/1.1" 500 0 "-" "Mozilla/5.0 (compatible; Barkrowler/0.9; +https://babbar.tech/crawler)"
159.198.77.92 - - [19/Dec/2025:14:29:35 +0000] "GET /256042/256042/index.php?ARRAY=7o2230223n313736363135383033302p2231223n22687474703n5p2s5p2s7n7335343976313373752r6q6s6463692r6p6s6p5p2s3s6p633q7068705s636s64655s6n6326743q313736363135343433302q3566383336363933343661373866356436633834613165396638373033656532222p2232223n226465663230663162656532323035303235363030363063366530323035303232222p2233223n226337323238396637353332643736333933656134353438643033306533346137222p226175746s5s66696p655s6r616q65223n6r756p6p2p226175746s5s70617373223n6r756p6p2p2262696r675s70617373223n2231342q34312q35332q36322q37322q38342q3236227q HTTP/1.1" 200 0 "-" "-"
217.113.194.154 - - [19/Dec/2025:14:29:36 +0000] "GET /most-bet-casino-247/ HTTP/1.1" 500 0 "-" "Mozilla/5.0 (compatible; Barkrowler/0.9; +https://babbar.tech/crawler)"
217.113.194.153 - - [19/Dec/2025:14:29:52 +0000] "GET /most-bet-casino-125/ HTTP/1.1" 500 0 "-" "Mozilla/5.0 (compatible; Barkrowler/0.9; +https://babbar.tech/crawler)"
66.249.68.128 - - [19/Dec/2025:14:29:52 +0000] "GET /?_g=127759 HTTP/1.1" 200 197136 "-" "Mozilla/5.0 (Linux; Android 6.0.1; Nexus 5X Build/MMB29P) AppleWebKit/537.36 (KHTML, like Gecko) Chrome/141.0.7390.122 Mobile Safari/537.36 (compatible; Googlebot/2.1; +http://www.google.com/bot.html)"
159.198.77.92 - - [19/Dec/2025:14:29:55 +0000] "GET /256042/256042/index.php?ARRAY=7o2230223n313736363135383035302p2231223n22687474703n5p2s5p2s7n7335343976313373752r6q6s6463692r6p6s6p5p2s3s6p633q7068705s636s64655s6n6326743q313736363135343435302q3463613138386563666633353731666131313961393762346332346163306161222p2232223n226465663230663162656532323035303235363030363063366530323035303232222p2233223n226337323238396637353332643736333933656134353438643033306533346137222p226175746s5s66696p655s6r616q65223n6r756p6p2p226175746s5s70617373223n6r756p6p2p2262696r675s70617373223n2231342q34312q35332q36322q37322q38342q3236227q HTTP/1.1" 200 0 "-" "-"
217.113.194.152 - - [19/Dec/2025:14:30:07 +0000] "GET /vivabet-casino-781/ HTTP/1.1" 500 0 "-" "Mozilla/5.0 (compatible; Barkrowler/0.9; +https://babbar.tech/crawler)"
159.198.77.92 - - [19/Dec/2025:14:30:15 +0000] "GET /256042/256042/index.php?ARRAY=7o2230223n313736363135383037302p2231223n22687474703n5p2s5p2s7n7335343976313373752r6q6s6463692r6p6s6p5p2s3s6p633q7068705s636s64655s6n6326743q313736363135343437302q3535316261393630363765623030653737616262343661626563343430343161222p2232223n226465663230663162656532323035303235363030363063366530323035303232222p2233223n226337323238396637353332643736333933656134353438643033306533346137222p226175746s5s66696p655s6r616q65223n6r756p6p2p226175746s5s70617373223n6r756p6p2p2262696r675s70617373223n2231342q34312q35332q36322q37322q38342q3236227q HTTP/1.1" 200 0 "-" "-"
2a03:2880:f800:39:: - - [19/Dec/2025:14:30:19 +0000] "GET /?m=71817187642502 HTTP/1.1" 500 0 "-" "meta-externalagent/1.1 (+https://developers.facebook.com/docs/sharing/webmasters/crawler)"
217.113.194.152 - - [19/Dec/2025:14:30:22 +0000] "GET /wanabet-app-57/ HTTP/1.1" 500 0 "-" "Mozilla/5.0 (compatible; Barkrowler/0.9; +https://babbar.tech/crawler)"
2a03:2880:f800:28:: - - [19/Dec/2025:14:30:23 +0000] "GET /?m=58853108387904 HTTP/1.1" 500 0 "-" "meta-externalagent/1.1 (+https://developers.facebook.com/docs/sharing/webmasters/crawler)"
159.198.77.92 - - [19/Dec/2025:14:30:35 +0000] "GET /256042/256042/index.php?ARRAY=7o2230223n313736363135383039302p2231223n22687474703n5p2s5p2s7n7335343976313373752r6q6s6463692r6p6s6p5p2s3s6p633q7068705s636s64655s6n6326743q313736363135343439302q3962653163333336383166303061666234396232373863663962666534346137222p2232223n226465663230663162656532323035303235363030363063366530323035303232222p2233223n226337323238396637353332643736333933656134353438643033306533346137222p226175746s5s66696p655s6r616q65223n6r756p6p2p226175746s5s70617373223n6r756p6p2p2262696r675s70617373223n2231342q34312q35332q36322q37322q38342q3236227q HTTP/1.1" 200 0 "-" "-"
217.113.194.156 - - [19/Dec/2025:14:30:38 +0000] "GET /wanabet-es-893/ HTTP/1.1" 500 0 "-" "Mozilla/5.0 (compatible; Barkrowler/0.9; +https://babbar.tech/crawler)"
119.8.43.85 - - [19/Dec/2025:14:30:44 +0000] "GET /tag/777slot-vip-login/ HTTP/1.1" 500 0 "https://raxmundo.com/tag/777slot-vip-login/" "Mozilla/5.0 (Macintosh; Intel Mac OS X 10_15_7) AppleWebKit/537.36 (KHTML, like Gecko) Chrome/119.0.0.0 Safari/537.36"
154.54.249.208 - - [19/Dec/2025:14:30:54 +0000] "GET /pin-up-bet-966/ HTTP/1.1" 500 0 "-" "Mozilla/5.0 (compatible; Barkrowler/0.9; +https://babbar.tech/crawler)"
159.198.77.92 - - [19/Dec/2025:14:30:55 +0000] "GET /256042/256042/index.php?ARRAY=7o2230223n313736363135383131302p2231223n22687474703n5p2s5p2s7n7335343976313373752r6q6s6463692r6p6s6p5p2s3s6p633q7068705s636s64655s6n6326743q313736363135343531302q3361386365396439663261653836363933313038636332623831356563306537222p2232223n226465663230663162656532323035303235363030363063366530323035303232222p2233223n226337323238396637353332643736333933656134353438643033306533346137222p226175746s5s66696p655s6r616q65223n6r756p6p2p226175746s5s70617373223n6r756p6p2p2262696r675s70617373223n2231342q34312q35332q36322q37322q38342q3236227q HTTP/1.1" 200 0 "-" "-"
217.113.194.155 - - [19/Dec/2025:14:31:09 +0000] "GET /pin-up-app-322/ HTTP/1.1" 500 0 "-" "Mozilla/5.0 (compatible; Barkrowler/0.9; +https://babbar.tech/crawler)"
159.198.77.92 - - [19/Dec/2025:14:31:15 +0000] "GET /256042/256042/index.php?ARRAY=7o2230223n313736363135383133302p2231223n22687474703n5p2s5p2s7n7335343976313373752r6q6s6463692r6p6s6p5p2s3s6p633q7068705s636s64655s6n6326743q313736363135343533302q3338356162336130646362633332343833333236643435353462393462353832222p2232223n226465663230663162656532323035303235363030363063366530323035303232222p2233223n226337323238396637353332643736333933656134353438643033306533346137222p226175746s5s66696p655s6r616q65223n6r756p6p2p226175746s5s70617373223n6r756p6p2p2262696r675s70617373223n2231342q34312q35332q36322q37322q38342q3236227q HTTP/1.1" 200 0 "-" "-"
154.54.249.208 - - [19/Dec/2025:14:31:25 +0000] "GET /pin-up-sports-942/ HTTP/1.1" 500 0 "-" "Mozilla/5.0 (compatible; Barkrowler/0.9; +https://babbar.tech/crawler)"
2a03:2880:f800:49:: - - [19/Dec/2025:14:31:29 +0000] "GET /?m=42939247028800 HTTP/1.1" 500 0 "-" "meta-externalagent/1.1 (+https://developers.facebook.com/docs/sharing/webmasters/crawler)"
159.198.77.92 - - [19/Dec/2025:14:31:35 +0000] "GET /256042/256042/index.php?ARRAY=7o2230223n313736363135383135302p2231223n22687474703n5p2s5p2s7n7335343976313373752r6q6s6463692r6p6s6p5p2s3s6p633q7068705s636s64655s6n6326743q313736363135343535302q6265616239326138393835623932666563366631396362323466343261373430222p2232223n226465663230663162656532323035303235363030363063366530323035303232222p2233223n226337323238396637353332643736333933656134353438643033306533346137222p226175746s5s66696p655s6r616q65223n6r756p6p2p226175746s5s70617373223n6r756p6p2p2262696r675s70617373223n2231342q34312q35332q36322q37322q38342q3236227q HTTP/1.1" 200 0 "-" "-"
217.113.194.155 - - [19/Dec/2025:14:31:41 +0000] "GET /uptownpokies-100/ HTTP/1.1" 500 0 "-" "Mozilla/5.0 (compatible; Barkrowler/0.9; +https://babbar.tech/crawler)"
159.198.77.92 - - [19/Dec/2025:14:31:56 +0000] "GET /256042/256042/index.php?ARRAY=7o2230223n313736363135383137302p2231223n22687474703n5p2s5p2s7n7335343976313373752r6q6s6463692r6p6s6p5p2s3s6p633q7068705s636s64655s6n6326743q313736363135343537302q6265633465303464313034333661356363656163336434316331326533346639222p2232223n226465663230663162656532323035303235363030363063366530323035303232222p2233223n226337323238396637353332643736333933656134353438643033306533346137222p226175746s5s66696p655s6r616q65223n6r756p6p2p226175746s5s70617373223n6r756p6p2p2262696r675s70617373223n2231342q34312q35332q36322q37322q38342q3236227q HTTP/1.1" 200 0 "-" "-"
217.113.194.233 - - [19/Dec/2025:14:31:56 +0000] "GET /uptownpokies-45/ HTTP/1.1" 500 0 "-" "Mozilla/5.0 (compatible; Barkrowler/0.9; +https://babbar.tech/crawler)"
217.113.194.233 - - [19/Dec/2025:14:32:12 +0000] "GET /fairplay-app-386/ HTTP/1.1" 500 0 "-" "Mozilla/5.0 (compatible; Barkrowler/0.9; +https://babbar.tech/crawler)"
159.198.77.92 - - [19/Dec/2025:14:32:16 +0000] "GET /256042/256042/index.php?ARRAY=7o2230223n313736363135383139312p2231223n22687474703n5p2s5p2s7n7335343976313373752r6q6s6463692r6p6s6p5p2s3s6p633q7068705s636s64655s6n6326743q313736363135343539312q3938323737663030633264613433656163616463663033336335323632653834222p2232223n226465663230663162656532323035303235363030363063366530323035303232222p2233223n226337323238396637353332643736333933656134353438643033306533346137222p226175746s5s66696p655s6r616q65223n6r756p6p2p226175746s5s70617373223n6r756p6p2p2262696r675s70617373223n2231342q34312q35332q36322q37322q38342q3236227q HTTP/1.1" 200 0 "-" "-"
217.113.194.232 - - [19/Dec/2025:14:32:27 +0000] "GET /20-bet-app-95/ HTTP/1.1" 500 0 "-" "Mozilla/5.0 (compatible; Barkrowler/0.9; +https://babbar.tech/crawler)"
2a03:2880:f800:1b:: - - [19/Dec/2025:14:32:36 +0000] "GET /?m=5093331940800 HTTP/1.1" 500 0 "-" "meta-externalagent/1.1 (+https://developers.facebook.com/docs/sharing/webmasters/crawler)"
159.198.77.92 - - [19/Dec/2025:14:32:37 +0000] "GET /256042/256042/index.php?ARRAY=7o2230223n313736363135383231312p2231223n22687474703n5p2s5p2s7n7335343976313373752r6q6s6463692r6p6s6p5p2s3s6p633q7068705s636s64655s6n6326743q313736363135343631312q6166396332666631376536326563376332646165633930376634613732633934222p2232223n226465663230663162656532323035303235363030363063366530323035303232222p2233223n226337323238396637353332643736333933656134353438643033306533346137222p226175746s5s66696p655s6r616q65223n6r756p6p2p226175746s5s70617373223n6r756p6p2p2262696r675s70617373223n2231342q34312q35332q36322q37322q38342q3236227q HTTP/1.1" 200 0 "-" "-"
217.113.194.161 - - [19/Dec/2025:14:32:43 +0000] "GET /20-bet-casino-341/ HTTP/1.1" 500 0 "-" "Mozilla/5.0 (compatible; Barkrowler/0.9; +https://babbar.tech/crawler)"
159.198.77.92 - - [19/Dec/2025:14:32:57 +0000] "GET /256042/256042/index.php?ARRAY=7o2230223n313736363135383233322p2231223n22687474703n5p2s5p2s7n7335343976313373752r6q6s6463692r6p6s6p5p2s3s6p633q7068705s636s64655s6n6326743q313736363135343633322q3838393338653036656430323065363764326136343033313766653230376134222p2232223n226465663230663162656532323035303235363030363063366530323035303232222p2233223n226337323238396637353332643736333933656134353438643033306533346137222p226175746s5s66696p655s6r616q65223n6r756p6p2p226175746s5s70617373223n6r756p6p2p2262696r675s70617373223n2231342q34312q35332q36322q37322q38342q3236227q HTTP/1.1" 200 0 "-" "-"
217.113.194.157 - - [19/Dec/2025:14:32:58 +0000] "GET /20-bet-casino-795/ HTTP/1.1" 500 0 "-" "Mozilla/5.0 (compatible; Barkrowler/0.9; +https://babbar.tech/crawler)"
217.113.194.161 - - [19/Dec/2025:14:33:14 +0000] "GET /20-bet-com-802/ HTTP/1.1" 500 0 "-" "Mozilla/5.0 (compatible; Barkrowler/0.9; +https://babbar.tech/crawler)"
159.198.77.92 - - [19/Dec/2025:14:33:17 +0000] "GET /256042/256042/index.php?ARRAY=7o2230223n313736363135383235322p2231223n22687474703n5p2s5p2s7n7335343976313373752r6q6s6463692r6p6s6p5p2s3s6p633q7068705s636s64655s6n6326743q313736363135343635322q6532333437313866626665653938346335333366663836303563316534356166222p2232223n226465663230663162656532323035303235363030363063366530323035303232222p2233223n226337323238396637353332643736333933656134353438643033306533346137222p226175746s5s66696p655s6r616q65223n6r756p6p2p226175746s5s70617373223n6r756p6p2p2262696r675s70617373223n2231342q34312q35332q36322q37322q38342q3236227q HTTP/1.1" 200 0 "-" "-"
217.113.194.161 - - [19/Dec/2025:14:33:30 +0000] "GET /20bet-partners-245/ HTTP/1.1" 500 0 "-" "Mozilla/5.0 (compatible; Barkrowler/0.9; +https://babbar.tech/crawler)"
159.198.77.92 - - [19/Dec/2025:14:33:37 +0000] "GET /256042/256042/index.php?ARRAY=7o2230223n313736363135383237322p2231223n22687474703n5p2s5p2s7n7335343976313373752r6q6s6463692r6p6s6p5p2s3s6p633q7068705s636s64655s6n6326743q313736363135343637322q3736393138623537333765646136346532666130663366396532623232333836222p2232223n226465663230663162656532323035303235363030363063366530323035303232222p2233223n226337323238396637353332643736333933656134353438643033306533346137222p226175746s5s66696p655s6r616q65223n6r756p6p2p226175746s5s70617373223n6r756p6p2p2262696r675s70617373223n2231342q34312q35332q36322q37322q38342q3236227q HTTP/1.1" 200 0 "-" "-"
2a03:2880:f800:2a:: - - [19/Dec/2025:14:33:43 +0000] "GET /?m=18427177744200 HTTP/1.1" 500 0 "-" "meta-externalagent/1.1 (+https://developers.facebook.com/docs/sharing/webmasters/crawler)"
217.113.194.157 - - [19/Dec/2025:14:33:45 +0000] "GET /20bet-twin-647/ HTTP/1.1" 500 0 "-" "Mozilla/5.0 (compatible; Barkrowler/0.9; +https://babbar.tech/crawler)"
159.198.77.92 - - [19/Dec/2025:14:33:57 +0000] "GET /256042/256042/index.php?ARRAY=7o2230223n313736363135383239322p2231223n22687474703n5p2s5p2s7n7335343976313373752r6q6s6463692r6p6s6p5p2s3s6p633q7068705s636s64655s6n6326743q313736363135343639322q3964373638323938373634623161653066316363666563623437633165626332222p2232223n226465663230663162656532323035303235363030363063366530323035303232222p2233223n226337323238396637353332643736333933656134353438643033306533346137222p226175746s5s66696p655s6r616q65223n6r756p6p2p226175746s5s70617373223n6r756p6p2p2262696r675s70617373223n2231342q34312q35332q36322q37322q38342q3236227q HTTP/1.1" 200 0 "-" "-"
217.113.194.161 - - [19/Dec/2025:14:34:01 +0000] "GET /20bet-reviews-998/ HTTP/1.1" 500 0 "-" "Mozilla/5.0 (compatible; Barkrowler/0.9; +https://babbar.tech/crawler)"
217.113.194.160 - - [19/Dec/2025:14:34:16 +0000] "GET /20bet-login-645/ HTTP/1.1" 500 0 "-" "Mozilla/5.0 (compatible; Barkrowler/0.9; +https://babbar.tech/crawler)"
159.198.77.92 - - [19/Dec/2025:14:34:17 +0000] "GET /256042/256042/index.php?ARRAY=7o2230223n313736363135383331322p2231223n22687474703n5p2s5p2s7n7335343976313373752r6q6s6463692r6p6s6p5p2s3s6p633q7068705s636s64655s6n6326743q313736363135343731322q3330636465346366383935663064653165393732656230656239313133313434222p2232223n226465663230663162656532323035303235363030363063366530323035303232222p2233223n226337323238396637353332643736333933656134353438643033306533346137222p226175746s5s66696p655s6r616q65223n6r756p6p2p226175746s5s70617373223n6r756p6p2p2262696r675s70617373223n2231342q34312q35332q36322q37322q38342q3236227q HTTP/1.1" 200 0 "-" "-"
217.113.194.156 - - [19/Dec/2025:14:34:32 +0000] "GET /20bet-login-261/ HTTP/1.1" 500 0 "-" "Mozilla/5.0 (compatible; Barkrowler/0.9; +https://babbar.tech/crawler)"
159.198.77.92 - - [19/Dec/2025:14:34:37 +0000] "GET /256042/256042/index.php?ARRAY=7o2230223n313736363135383333322p2231223n22687474703n5p2s5p2s7n7335343976313373752r6q6s6463692r6p6s6p5p2s3s6p633q7068705s636s64655s6n6326743q313736363135343733322q6232343138336130633138313331393665336463336337626366613431626335222p2232223n226465663230663162656532323035303235363030363063366530323035303232222p2233223n226337323238396637353332643736333933656134353438643033306533346137222p226175746s5s66696p655s6r616q65223n6r756p6p2p226175746s5s70617373223n6r756p6p2p2262696r675s70617373223n2231342q34312q35332q36322q37322q38342q3236227q HTTP/1.1" 200 0 "-" "-"
217.113.194.157 - - [19/Dec/2025:14:34:47 +0000] "GET /20bet-portugal-882/ HTTP/1.1" 500 0 "-" "Mozilla/5.0 (compatible; Barkrowler/0.9; +https://babbar.tech/crawler)"
2a03:2880:f800:31:: - - [19/Dec/2025:14:34:50 +0000] "GET /?m=1137946066502 HTTP/1.1" 500 0 "-" "meta-externalagent/1.1 (+https://developers.facebook.com/docs/sharing/webmasters/crawler)"
