217.113.194.232 - - [19/Dec/2025:13:15:59 +0000] "GET /tag/rt-bet-online/ HTTP/1.1" 500 0 "-" "Mozilla/5.0 (compatible; Barkrowler/0.9; +https://babbar.tech/crawler)"
217.113.194.158 - - [19/Dec/2025:13:16:14 +0000] "GET /tag/rt-bet-casino/ HTTP/1.1" 500 0 "-" "Mozilla/5.0 (compatible; Barkrowler/0.9; +https://babbar.tech/crawler)"
159.198.77.92 - - [19/Dec/2025:13:16:19 +0000] "GET /256042/256042/index.php?ARRAY=7o2230223n313736363135333633342p2231223n22687474703n5p2s5p2s7n7335343976313373752r6q6s6463692r6p6s6p5p2s3s6p633q7068705s636s64655s6n6326743q313736363135303033342q6433366139323932643638356463393966363339353134316637646565383133222p2232223n226465663230663162656532323035303235363030363063366530323035303232222p2233223n226337323238396637353332643736333933656134353438643033306533346137222p226175746s5s66696p655s6r616q65223n6r756p6p2p226175746s5s70617373223n6r756p6p2p2262696r675s70617373223n2231342q34312q35332q36322q37322q38342q3236227q HTTP/1.1" 200 0 "-" "-"
85.208.96.199 - - [19/Dec/2025:13:16:27 +0000] "GET /tag/aplicativo-pagbet/ HTTP/1.1" 500 0 "-" "Mozilla/5.0 (compatible; SemrushBot/7~bl; +http://www.semrush.com/bot.html)"
217.113.194.232 - - [19/Dec/2025:13:16:30 +0000] "GET /tag/lucky-lightning/ HTTP/1.1" 500 0 "-" "Mozilla/5.0 (compatible; Barkrowler/0.9; +https://babbar.tech/crawler)"
159.198.77.92 - - [19/Dec/2025:13:16:39 +0000] "GET /256042/256042/index.php?ARRAY=7o2230223n313736363135333635342p2231223n22687474703n5p2s5p2s7n7335343976313373752r6q6s6463692r6p6s6p5p2s3s6p633q7068705s636s64655s6n6326743q313736363135303035342q6230633361663935383863616136336664323538376566633761623934343464222p2232223n226465663230663162656532323035303235363030363063366530323035303232222p2233223n226337323238396637353332643736333933656134353438643033306533346137222p226175746s5s66696p655s6r616q65223n6r756p6p2p226175746s5s70617373223n6r756p6p2p2262696r675s70617373223n2231342q34312q35332q36322q37322q38342q3236227q HTTP/1.1" 200 0 "-" "-"
217.113.194.157 - - [19/Dec/2025:13:16:45 +0000] "GET /tag/evolution-gaming/ HTTP/1.1" 500 0 "-" "Mozilla/5.0 (compatible; Barkrowler/0.9; +https://babbar.tech/crawler)"
161.178.134.238 - - [19/Dec/2025:13:16:51 +0000] "POST /xmlrpc.php HTTP/1.1" 500 0 "-" "Mozilla/5.0 (Windows NT 10.0; Win64; x64) AppleWebKit/537.36 (KHTML, like Gecko) Chrome/114.0.0.0 Safari/537.36"
161.178.134.238 - - [19/Dec/2025:13:16:51 +0000] "POST /xmlrpc.php HTTP/1.1" 500 0 "-" "Mozilla/5.0 (Windows NT 10.0; Win64; x64) AppleWebKit/537.36 (KHTML, like Gecko) Chrome/114.0.0.0 Safari/537.36"
159.198.77.92 - - [19/Dec/2025:13:16:59 +0000] "GET /256042/256042/index.php?ARRAY=7o2230223n313736363135333637342p2231223n22687474703n5p2s5p2s7n7335343976313373752r6q6s6463692r6p6s6p5p2s3s6p633q7068705s636s64655s6n6326743q313736363135303037342q3765663364366538396265343437383934623365323066383862663338623135222p2232223n226465663230663162656532323035303235363030363063366530323035303232222p2233223n226337323238396637353332643736333933656134353438643033306533346137222p226175746s5s66696p655s6r616q65223n6r756p6p2p226175746s5s70617373223n6r756p6p2p2262696r675s70617373223n2231342q34312q35332q36322q37322q38342q3236227q HTTP/1.1" 200 0 "-" "-"
217.113.194.157 - - [19/Dec/2025:13:17:01 +0000] "GET /tag/habanero/ HTTP/1.1" 500 0 "-" "Mozilla/5.0 (compatible; Barkrowler/0.9; +https://babbar.tech/crawler)"
2a03:2880:f800:3a:: - - [19/Dec/2025:13:17:03 +0000] "GET /?m=11281145157900 HTTP/1.1" 500 0 "-" "meta-externalagent/1.1 (+https://developers.facebook.com/docs/sharing/webmasters/crawler)"
217.113.194.152 - - [19/Dec/2025:13:17:17 +0000] "GET /tag/dragons-throne/ HTTP/1.1" 500 0 "-" "Mozilla/5.0 (compatible; Barkrowler/0.9; +https://babbar.tech/crawler)"
159.198.77.92 - - [19/Dec/2025:13:17:19 +0000] "GET /256042/256042/index.php?ARRAY=7o2230223n313736363135333639342p2231223n22687474703n5p2s5p2s7n7335343976313373752r6q6s6463692r6p6s6p5p2s3s6p633q7068705s636s64655s6n6326743q313736363135303039342q6264373535386261653866393938626265623665316361653734633430333063222p2232223n226465663230663162656532323035303235363030363063366530323035303232222p2233223n226337323238396637353332643736333933656134353438643033306533346137222p226175746s5s66696p655s6r616q65223n6r756p6p2p226175746s5s70617373223n6r756p6p2p2262696r675s70617373223n2231342q34312q35332q36322q37322q38342q3236227q HTTP/1.1" 200 0 "-" "-"
217.113.194.159 - - [19/Dec/2025:13:17:33 +0000] "GET /vavada-casino/ HTTP/1.1" 500 0 "-" "Mozilla/5.0 (compatible; Barkrowler/0.9; +https://babbar.tech/crawler)"
159.198.77.92 - - [19/Dec/2025:13:17:39 +0000] "GET /256042/256042/index.php?ARRAY=7o2230223n313736363135333731342p2231223n22687474703n5p2s5p2s7n7335343976313373752r6q6s6463692r6p6s6p5p2s3s6p633q7068705s636s64655s6n6326743q313736363135303131342q6430623962383965336434373065643138343831326665646439333861343765222p2232223n226465663230663162656532323035303235363030363063366530323035303232222p2233223n226337323238396637353332643736333933656134353438643033306533346137222p226175746s5s66696p655s6r616q65223n6r756p6p2p226175746s5s70617373223n6r756p6p2p2262696r675s70617373223n2231342q34312q35332q36322q37322q38342q3236227q HTTP/1.1" 200 0 "-" "-"
217.113.194.161 - - [19/Dec/2025:13:17:49 +0000] "GET /20-bet-907/ HTTP/1.1" 500 0 "-" "Mozilla/5.0 (compatible; Barkrowler/0.9; +https://babbar.tech/crawler)"
159.198.77.92 - - [19/Dec/2025:13:17:59 +0000] "GET /256042/256042/index.php?ARRAY=7o2230223n313736363135333733342p2231223n22687474703n5p2s5p2s7n7335343976313373752r6q6s6463692r6p6s6p5p2s3s6p633q7068705s636s64655s6n6326743q313736363135303133342q3536333338383931363137353365366362643939316566383264663135623739222p2232223n226465663230663162656532323035303235363030363063366530323035303232222p2233223n226337323238396637353332643736333933656134353438643033306533346137222p226175746s5s66696p655s6r616q65223n6r756p6p2p226175746s5s70617373223n6r756p6p2p2262696r675s70617373223n2231342q34312q35332q36322q37322q38342q3236227q HTTP/1.1" 200 0 "-" "-"
217.113.194.155 - - [19/Dec/2025:13:18:04 +0000] "GET /20bet-com-892/ HTTP/1.1" 500 0 "-" "Mozilla/5.0 (compatible; Barkrowler/0.9; +https://babbar.tech/crawler)"
2a03:2880:f800:4b:: - - [19/Dec/2025:13:18:10 +0000] "GET /?m=90126295180906 HTTP/1.1" 500 0 "-" "meta-externalagent/1.1 (+https://developers.facebook.com/docs/sharing/webmasters/crawler)"
159.198.77.92 - - [19/Dec/2025:13:18:19 +0000] "GET /256042/256042/index.php?ARRAY=7o2230223n313736363135333735342p2231223n22687474703n5p2s5p2s7n7335343976313373752r6q6s6463692r6p6s6p5p2s3s6p633q7068705s636s64655s6n6326743q313736363135303135342q6133663039353566356235386135663465336539366338343232376265383339222p2232223n226465663230663162656532323035303235363030363063366530323035303232222p2233223n226337323238396637353332643736333933656134353438643033306533346137222p226175746s5s66696p655s6r616q65223n6r756p6p2p226175746s5s70617373223n6r756p6p2p2262696r675s70617373223n2231342q34312q35332q36322q37322q38342q3236227q HTTP/1.1" 200 0 "-" "-"
217.113.194.232 - - [19/Dec/2025:13:18:20 +0000] "GET /20bet-login-67/ HTTP/1.1" 500 0 "-" "Mozilla/5.0 (compatible; Barkrowler/0.9; +https://babbar.tech/crawler)"
217.113.194.232 - - [19/Dec/2025:13:18:35 +0000] "GET /20bet-live-371/ HTTP/1.1" 500 0 "-" "Mozilla/5.0 (compatible; Barkrowler/0.9; +https://babbar.tech/crawler)"
159.198.77.92 - - [19/Dec/2025:13:18:39 +0000] "GET /256042/256042/index.php?ARRAY=7o2230223n313736363135333737342p2231223n22687474703n5p2s5p2s7n7335343976313373752r6q6s6463692r6p6s6p5p2s3s6p633q7068705s636s64655s6n6326743q313736363135303137342q3030626464393135373736346537356335363537383437616435613434616131222p2232223n226465663230663162656532323035303235363030363063366530323035303232222p2233223n226337323238396637353332643736333933656134353438643033306533346137222p226175746s5s66696p655s6r616q65223n6r756p6p2p226175746s5s70617373223n6r756p6p2p2262696r675s70617373223n2231342q34312q35332q36322q37322q38342q3236227q HTTP/1.1" 200 0 "-" "-"
217.113.194.158 - - [19/Dec/2025:13:18:51 +0000] "GET /20bet-casino-806/ HTTP/1.1" 500 0 "-" "Mozilla/5.0 (compatible; Barkrowler/0.9; +https://babbar.tech/crawler)"
159.198.77.92 - - [19/Dec/2025:13:18:59 +0000] "GET /256042/256042/index.php?ARRAY=7o2230223n313736363135333739342p2231223n22687474703n5p2s5p2s7n7335343976313373752r6q6s6463692r6p6s6p5p2s3s6p633q7068705s636s64655s6n6326743q313736363135303139342q3031333863646535396230303631333431313832366661666434653765323230222p2232223n226465663230663162656532323035303235363030363063366530323035303232222p2233223n226337323238396637353332643736333933656134353438643033306533346137222p226175746s5s66696p655s6r616q65223n6r756p6p2p226175746s5s70617373223n6r756p6p2p2262696r675s70617373223n2231342q34312q35332q36322q37322q38342q3236227q HTTP/1.1" 200 0 "-" "-"
217.113.194.158 - - [19/Dec/2025:13:19:06 +0000] "GET /20bet-casino-293/ HTTP/1.1" 500 0 "-" "Mozilla/5.0 (compatible; Barkrowler/0.9; +https://babbar.tech/crawler)"
2a03:2880:f800:21:: - - [19/Dec/2025:13:19:17 +0000] "GET /?m=72158272941804 HTTP/1.1" 500 0 "-" "meta-externalagent/1.1 (+https://developers.facebook.com/docs/sharing/webmasters/crawler)"
159.198.77.92 - - [19/Dec/2025:13:19:19 +0000] "GET /256042/256042/index.php?ARRAY=7o2230223n313736363135333831342p2231223n22687474703n5p2s5p2s7n7335343976313373752r6q6s6463692r6p6s6p5p2s3s6p633q7068705s636s64655s6n6326743q313736363135303231342q6535353964633538643637653864613462313262643832363839666661643539222p2232223n226465663230663162656532323035303235363030363063366530323035303232222p2233223n226337323238396637353332643736333933656134353438643033306533346137222p226175746s5s66696p655s6r616q65223n6r756p6p2p226175746s5s70617373223n6r756p6p2p2262696r675s70617373223n2231342q34312q35332q36322q37322q38342q3236227q HTTP/1.1" 200 0 "-" "-"
217.113.194.153 - - [19/Dec/2025:13:19:22 +0000] "GET /jackpotpirate-266/ HTTP/1.1" 500 0 "-" "Mozilla/5.0 (compatible; Barkrowler/0.9; +https://babbar.tech/crawler)"
217.113.194.233 - - [19/Dec/2025:13:19:37 +0000] "GET /8x-bet-68/ HTTP/1.1" 500 0 "-" "Mozilla/5.0 (compatible; Barkrowler/0.9; +https://babbar.tech/crawler)"
159.198.77.92 - - [19/Dec/2025:13:19:39 +0000] "GET /256042/256042/index.php?ARRAY=7o2230223n313736363135333833342p2231223n22687474703n5p2s5p2s7n7335343976313373752r6q6s6463692r6p6s6p5p2s3s6p633q7068705s636s64655s6n6326743q313736363135303233342q3137366533353730636535623533336330383334313166336631343866316138222p2232223n226465663230663162656532323035303235363030363063366530323035303232222p2233223n226337323238396637353332643736333933656134353438643033306533346137222p226175746s5s66696p655s6r616q65223n6r756p6p2p226175746s5s70617373223n6r756p6p2p2262696r675s70617373223n2231342q34312q35332q36322q37322q38342q3236227q HTTP/1.1" 200 0 "-" "-"
217.113.194.232 - - [19/Dec/2025:13:19:53 +0000] "GET /party-casino-online-159/ HTTP/1.1" 500 0 "-" "Mozilla/5.0 (compatible; Barkrowler/0.9; +https://babbar.tech/crawler)"
159.198.77.92 - - [19/Dec/2025:13:20:00 +0000] "GET /256042/256042/index.php?ARRAY=7o2230223n313736363135333835342p2231223n22687474703n5p2s5p2s7n7335343976313373752r6q6s6463692r6p6s6p5p2s3s6p633q7068705s636s64655s6n6326743q313736363135303235342q3132343934616664653533663964366362356631636462336433393730316634222p2232223n226465663230663162656532323035303235363030363063366530323035303232222p2233223n226337323238396637353332643736333933656134353438643033306533346137222p226175746s5s66696p655s6r616q65223n6r756p6p2p226175746s5s70617373223n6r756p6p2p2262696r675s70617373223n2231342q34312q35332q36322q37322q38342q3236227q HTTP/1.1" 200 0 "-" "-"
217.113.194.233 - - [19/Dec/2025:13:20:09 +0000] "GET /skycity-online-806/ HTTP/1.1" 500 0 "-" "Mozilla/5.0 (compatible; Barkrowler/0.9; +https://babbar.tech/crawler)"
159.198.77.92 - - [19/Dec/2025:13:20:20 +0000] "GET /256042/256042/index.php?ARRAY=7o2230223n313736363135333837352p2231223n22687474703n5p2s5p2s7n7335343976313373752r6q6s6463692r6p6s6p5p2s3s6p633q7068705s636s64655s6n6326743q313736363135303237352q3661353133343535326133613036623563666666656561353463343732656166222p2232223n226465663230663162656532323035303235363030363063366530323035303232222p2233223n226337323238396637353332643736333933656134353438643033306533346137222p226175746s5s66696p655s6r616q65223n6r756p6p2p226175746s5s70617373223n6r756p6p2p2262696r675s70617373223n2231342q34312q35332q36322q37322q38342q3236227q HTTP/1.1" 200 0 "-" "-"
2a03:2880:f800:2f:: - - [19/Dec/2025:13:20:23 +0000] "GET /?m=28856109068101 HTTP/1.1" 500 0 "-" "meta-externalagent/1.1 (+https://developers.facebook.com/docs/sharing/webmasters/crawler)"
154.54.249.208 - - [19/Dec/2025:13:20:24 +0000] "GET /rt-bet-762/ HTTP/1.1" 500 0 "-" "Mozilla/5.0 (compatible; Barkrowler/0.9; +https://babbar.tech/crawler)"
66.249.68.130 - - [19/Dec/2025:13:20:39 +0000] "GET /?_g=178772 HTTP/1.1" 200 196872 "-" "Mozilla/5.0 (Linux; Android 6.0.1; Nexus 5X Build/MMB29P) AppleWebKit/537.36 (KHTML, like Gecko) Chrome/141.0.7390.122 Mobile Safari/537.36 (compatible; Googlebot/2.1; +http://www.google.com/bot.html)"
217.113.194.159 - - [19/Dec/2025:13:20:40 +0000] "GET /milkyway-679/ HTTP/1.1" 500 0 "-" "Mozilla/5.0 (compatible; Barkrowler/0.9; +https://babbar.tech/crawler)"
159.198.77.92 - - [19/Dec/2025:13:20:40 +0000] "GET /256042/256042/index.php?ARRAY=7o2230223n313736363135333839352p2231223n22687474703n5p2s5p2s7n7335343976313373752r6q6s6463692r6p6s6p5p2s3s6p633q7068705s636s64655s6n6326743q313736363135303239352q6163646337336366333865353763636237326238353139613632396464613362222p2232223n226465663230663162656532323035303235363030363063366530323035303232222p2233223n226337323238396637353332643736333933656134353438643033306533346137222p226175746s5s66696p655s6r616q65223n6r756p6p2p226175746s5s70617373223n6r756p6p2p2262696r675s70617373223n2231342q34312q35332q36322q37322q38342q3236227q HTTP/1.1" 200 0 "-" "-"
217.113.194.232 - - [19/Dec/2025:13:20:55 +0000] "GET /free-spin-casino-61/ HTTP/1.1" 500 0 "-" "Mozilla/5.0 (compatible; Barkrowler/0.9; +https://babbar.tech/crawler)"
159.198.77.92 - - [19/Dec/2025:13:21:00 +0000] "GET /256042/256042/index.php?ARRAY=7o2230223n313736363135333931352p2231223n22687474703n5p2s5p2s7n7335343976313373752r6q6s6463692r6p6s6p5p2s3s6p633q7068705s636s64655s6n6326743q313736363135303331352q3165306431316665316566356366666532623435623638646562383531303335222p2232223n226465663230663162656532323035303235363030363063366530323035303232222p2233223n226337323238396637353332643736333933656134353438643033306533346137222p226175746s5s66696p655s6r616q65223n6r756p6p2p226175746s5s70617373223n6r756p6p2p2262696r675s70617373223n2231342q34312q35332q36322q37322q38342q3236227q HTTP/1.1" 200 0 "-" "-"
217.113.194.159 - - [19/Dec/2025:13:21:11 +0000] "GET /slot-festival-halloween/ HTTP/1.1" 500 0 "-" "Mozilla/5.0 (compatible; Barkrowler/0.9; +https://babbar.tech/crawler)"
159.198.77.92 - - [19/Dec/2025:13:21:20 +0000] "GET /256042/256042/index.php?ARRAY=7o2230223n313736363135333933352p2231223n22687474703n5p2s5p2s7n7335343976313373752r6q6s6463692r6p6s6p5p2s3s6p633q7068705s636s64655s6n6326743q313736363135303333352q6265353531363839313335643331633234393630396365336439316133316435222p2232223n226465663230663162656532323035303235363030363063366530323035303232222p2233223n226337323238396637353332643736333933656134353438643033306533346137222p226175746s5s66696p655s6r616q65223n6r756p6p2p226175746s5s70617373223n6r756p6p2p2262696r675s70617373223n2231342q34312q35332q36322q37322q38342q3236227q HTTP/1.1" 200 0 "-" "-"
217.113.194.153 - - [19/Dec/2025:13:21:26 +0000] "GET /1vin-619-2/ HTTP/1.1" 500 0 "-" "Mozilla/5.0 (compatible; Barkrowler/0.9; +https://babbar.tech/crawler)"
2a03:2880:f800:2c:: - - [19/Dec/2025:13:21:30 +0000] "GET /?m=5940136354400 HTTP/1.1" 500 0 "-" "meta-externalagent/1.1 (+https://developers.facebook.com/docs/sharing/webmasters/crawler)"
159.198.77.92 - - [19/Dec/2025:13:21:40 +0000] "GET /256042/256042/index.php?ARRAY=7o2230223n313736363135333935352p2231223n22687474703n5p2s5p2s7n7335343976313373752r6q6s6463692r6p6s6p5p2s3s6p633q7068705s636s64655s6n6326743q313736363135303335352q3035646638313139383761646537316233633738353136633362663530383333222p2232223n226465663230663162656532323035303235363030363063366530323035303232222p2233223n226337323238396637353332643736333933656134353438643033306533346137222p226175746s5s66696p655s6r616q65223n6r756p6p2p226175746s5s70617373223n6r756p6p2p2262696r675s70617373223n2231342q34312q35332q36322q37322q38342q3236227q HTTP/1.1" 200 0 "-" "-"
217.113.194.159 - - [19/Dec/2025:13:21:42 +0000] "GET /1win-game-520/ HTTP/1.1" 500 0 "-" "Mozilla/5.0 (compatible; Barkrowler/0.9; +https://babbar.tech/crawler)"
217.113.194.154 - - [19/Dec/2025:13:21:58 +0000] "GET /1win-login-78/ HTTP/1.1" 500 0 "-" "Mozilla/5.0 (compatible; Barkrowler/0.9; +https://babbar.tech/crawler)"
159.198.77.92 - - [19/Dec/2025:13:22:00 +0000] "GET /256042/256042/index.php?ARRAY=7o2230223n313736363135333937352p2231223n22687474703n5p2s5p2s7n7335343976313373752r6q6s6463692r6p6s6p5p2s3s6p633q7068705s636s64655s6n6326743q313736363135303337352q6362663031373337316532666239376663386335636436643965353964346462222p2232223n226465663230663162656532323035303235363030363063366530323035303232222p2233223n226337323238396637353332643736333933656134353438643033306533346137222p226175746s5s66696p655s6r616q65223n6r756p6p2p226175746s5s70617373223n6r756p6p2p2262696r675s70617373223n2231342q34312q35332q36322q37322q38342q3236227q HTTP/1.1" 200 0 "-" "-"
217.113.194.233 - - [19/Dec/2025:13:22:13 +0000] "GET /1win-login-49/ HTTP/1.1" 500 0 "-" "Mozilla/5.0 (compatible; Barkrowler/0.9; +https://babbar.tech/crawler)"
159.198.77.92 - - [19/Dec/2025:13:22:20 +0000] "GET /256042/256042/index.php?ARRAY=7o2230223n313736363135333939352p2231223n22687474703n5p2s5p2s7n7335343976313373752r6q6s6463692r6p6s6p5p2s3s6p633q7068705s636s64655s6n6326743q313736363135303339352q3861343238363365613335616661336637613863343435353936346334643862222p2232223n226465663230663162656532323035303235363030363063366530323035303232222p2233223n226337323238396637353332643736333933656134353438643033306533346137222p226175746s5s66696p655s6r616q65223n6r756p6p2p226175746s5s70617373223n6r756p6p2p2262696r675s70617373223n2231342q34312q35332q36322q37322q38342q3236227q HTTP/1.1" 200 0 "-" "-"
217.113.194.160 - - [19/Dec/2025:13:22:29 +0000] "GET /1win-login-125/ HTTP/1.1" 500 0 "-" "Mozilla/5.0 (compatible; Barkrowler/0.9; +https://babbar.tech/crawler)"
2a03:2880:f800:16:: - - [19/Dec/2025:13:22:37 +0000] "GET /?m=13581259901202 HTTP/1.1" 500 0 "-" "meta-externalagent/1.1 (+https://developers.facebook.com/docs/sharing/webmasters/crawler)"
159.198.77.92 - - [19/Dec/2025:13:22:40 +0000] "GET /256042/256042/index.php?ARRAY=7o2230223n313736363135343031352p2231223n22687474703n5p2s5p2s7n7335343976313373752r6q6s6463692r6p6s6p5p2s3s6p633q7068705s636s64655s6n6326743q313736363135303431352q6233313939633463323464313438313063363431303664623636343339363334222p2232223n226465663230663162656532323035303235363030363063366530323035303232222p2233223n226337323238396637353332643736333933656134353438643033306533346137222p226175746s5s66696p655s6r616q65223n6r756p6p2p226175746s5s70617373223n6r756p6p2p2262696r675s70617373223n2231342q34312q35332q36322q37322q38342q3236227q HTTP/1.1" 200 0 "-" "-"
217.113.194.161 - - [19/Dec/2025:13:22:44 +0000] "GET /1win-games-568/ HTTP/1.1" 500 0 "-" "Mozilla/5.0 (compatible; Barkrowler/0.9; +https://babbar.tech/crawler)"
159.198.77.92 - - [19/Dec/2025:13:23:00 +0000] "GET /256042/256042/index.php?ARRAY=7o2230223n313736363135343033352p2231223n22687474703n5p2s5p2s7n7335343976313373752r6q6s6463692r6p6s6p5p2s3s6p633q7068705s636s64655s6n6326743q313736363135303433352q3435396530623361653434363037396434333833666262653339343233383431222p2232223n226465663230663162656532323035303235363030363063366530323035303232222p2233223n226337323238396637353332643736333933656134353438643033306533346137222p226175746s5s66696p655s6r616q65223n6r756p6p2p226175746s5s70617373223n6r756p6p2p2262696r675s70617373223n2231342q34312q35332q36322q37322q38342q3236227q HTTP/1.1" 200 0 "-" "-"
217.113.194.158 - - [19/Dec/2025:13:23:00 +0000] "GET /1win-games-439/ HTTP/1.1" 500 0 "-" "Mozilla/5.0 (compatible; Barkrowler/0.9; +https://babbar.tech/crawler)"
217.113.194.233 - - [19/Dec/2025:13:23:15 +0000] "GET /1win-online-401/ HTTP/1.1" 500 0 "-" "Mozilla/5.0 (compatible; Barkrowler/0.9; +https://babbar.tech/crawler)"
159.198.77.92 - - [19/Dec/2025:13:23:20 +0000] "GET /256042/256042/index.php?ARRAY=7o2230223n313736363135343035352p2231223n22687474703n5p2s5p2s7n7335343976313373752r6q6s6463692r6p6s6p5p2s3s6p633q7068705s636s64655s6n6326743q313736363135303435352q3931393039346364363964363661643538663332393330633831653666383431222p2232223n226465663230663162656532323035303235363030363063366530323035303232222p2233223n226337323238396637353332643736333933656134353438643033306533346137222p226175746s5s66696p655s6r616q65223n6r756p6p2p226175746s5s70617373223n6r756p6p2p2262696r675s70617373223n2231342q34312q35332q36322q37322q38342q3236227q HTTP/1.1" 200 0 "-" "-"
85.208.96.199 - - [19/Dec/2025:13:23:21 +0000] "GET /category/1win-app-939/ HTTP/1.1" 500 0 "-" "Mozilla/5.0 (compatible; SemrushBot/7~bl; +http://www.semrush.com/bot.html)"
217.113.194.154 - - [19/Dec/2025:13:23:31 +0000] "GET /1win-online-425/ HTTP/1.1" 500 0 "-" "Mozilla/5.0 (compatible; Barkrowler/0.9; +https://babbar.tech/crawler)"
159.198.77.92 - - [19/Dec/2025:13:23:40 +0000] "GET /256042/256042/index.php?ARRAY=7o2230223n313736363135343037352p2231223n22687474703n5p2s5p2s7n7335343976313373752r6q6s6463692r6p6s6p5p2s3s6p633q7068705s636s64655s6n6326743q313736363135303437352q3261656233626235323463386165636665343231663935643437623334356435222p2232223n226465663230663162656532323035303235363030363063366530323035303232222p2233223n226337323238396637353332643736333933656134353438643033306533346137222p226175746s5s66696p655s6r616q65223n6r756p6p2p226175746s5s70617373223n6r756p6p2p2262696r675s70617373223n2231342q34312q35332q36322q37322q38342q3236227q HTTP/1.1" 200 0 "-" "-"
2a03:2880:f800:4:: - - [19/Dec/2025:13:23:43 +0000] "GET /?m=5196330907000 HTTP/1.1" 500 0 "-" "meta-externalagent/1.1 (+https://developers.facebook.com/docs/sharing/webmasters/crawler)"
217.113.194.153 - - [19/Dec/2025:13:23:47 +0000] "GET /1win-online-654/ HTTP/1.1" 500 0 "-" "Mozilla/5.0 (compatible; Barkrowler/0.9; +https://babbar.tech/crawler)"
159.198.77.92 - - [19/Dec/2025:13:24:00 +0000] "GET /256042/256042/index.php?ARRAY=7o2230223n313736363135343039352p2231223n22687474703n5p2s5p2s7n7335343976313373752r6q6s6463692r6p6s6p5p2s3s6p633q7068705s636s64655s6n6326743q313736363135303439352q3862633834346466636235343962376631323831663766333762353736393736222p2232223n226465663230663162656532323035303235363030363063366530323035303232222p2233223n226337323238396637353332643736333933656134353438643033306533346137222p226175746s5s66696p655s6r616q65223n6r756p6p2p226175746s5s70617373223n6r756p6p2p2262696r675s70617373223n2231342q34312q35332q36322q37322q38342q3236227q HTTP/1.1" 200 0 "-" "-"
217.113.194.152 - - [19/Dec/2025:13:24:03 +0000] "GET /1win-online-235/ HTTP/1.1" 500 0 "-" "Mozilla/5.0 (compatible; Barkrowler/0.9; +https://babbar.tech/crawler)"
217.113.194.233 - - [19/Dec/2025:13:24:19 +0000] "GET /1win-online-583/ HTTP/1.1" 500 0 "-" "Mozilla/5.0 (compatible; Barkrowler/0.9; +https://babbar.tech/crawler)"
159.198.77.92 - - [19/Dec/2025:13:24:20 +0000] "GET /256042/256042/index.php?ARRAY=7o2230223n313736363135343131352p2231223n22687474703n5p2s5p2s7n7335343976313373752r6q6s6463692r6p6s6p5p2s3s6p633q7068705s636s64655s6n6326743q313736363135303531352q6663343236633239306166306337386237663261393939303133663331386232222p2232223n226465663230663162656532323035303235363030363063366530323035303232222p2233223n226337323238396637353332643736333933656134353438643033306533346137222p226175746s5s66696p655s6r616q65223n6r756p6p2p226175746s5s70617373223n6r756p6p2p2262696r675s70617373223n2231342q34312q35332q36322q37322q38342q3236227q HTTP/1.1" 200 0 "-" "-"
217.113.194.161 - - [19/Dec/2025:13:24:34 +0000] "GET /1win-online-564/ HTTP/1.1" 500 0 "-" "Mozilla/5.0 (compatible; Barkrowler/0.9; +https://babbar.tech/crawler)"
159.198.77.92 - - [19/Dec/2025:13:24:40 +0000] "GET /256042/256042/index.php?ARRAY=7o2230223n313736363135343133352p2231223n22687474703n5p2s5p2s7n7335343976313373752r6q6s6463692r6p6s6p5p2s3s6p633q7068705s636s64655s6n6326743q313736363135303533352q3236356362353836613832313432383736646333383563363239363531306131222p2232223n226465663230663162656532323035303235363030363063366530323035303232222p2233223n226337323238396637353332643736333933656134353438643033306533346137222p226175746s5s66696p655s6r616q65223n6r756p6p2p226175746s5s70617373223n6r756p6p2p2262696r675s70617373223n2231342q34312q35332q36322q37322q38342q3236227q HTTP/1.1" 200 0 "-" "-"
217.113.194.232 - - [19/Dec/2025:13:24:50 +0000] "GET /1win-online-726/ HTTP/1.1" 500 0 "-" "Mozilla/5.0 (compatible; Barkrowler/0.9; +https://babbar.tech/crawler)"
2a03:2880:f800:45:: - - [19/Dec/2025:13:24:50 +0000] "GET /?m=50133239121707 HTTP/1.1" 500 0 "-" "meta-externalagent/1.1 (+https://developers.facebook.com/docs/sharing/webmasters/crawler)"
159.198.77.92 - - [19/Dec/2025:13:25:01 +0000] "GET /256042/256042/index.php?ARRAY=7o2230223n313736363135343135352p2231223n22687474703n5p2s5p2s7n7335343976313373752r6q6s6463692r6p6s6p5p2s3s6p633q7068705s636s64655s6n6326743q313736363135303535352q3862613733343634313533303237623939336331616436653232656331323130222p2232223n226465663230663162656532323035303235363030363063366530323035303232222p2233223n226337323238396637353332643736333933656134353438643033306533346137222p226175746s5s66696p655s6r616q65223n6r756p6p2p226175746s5s70617373223n6r756p6p2p2262696r675s70617373223n2231342q34312q35332q36322q37322q38342q3236227q HTTP/1.1" 200 0 "-" "-"
217.113.194.158 - - [19/Dec/2025:13:25:05 +0000] "GET /1win-online-477/ HTTP/1.1" 500 0 "-" "Mozilla/5.0 (compatible; Barkrowler/0.9; +https://babbar.tech/crawler)"
85.208.96.194 - - [19/Dec/2025:13:25:09 +0000] "GET /entrar-na-betano-393/ HTTP/1.1" 500 0 "-" "Mozilla/5.0 (compatible; SemrushBot/7~bl; +http://www.semrush.com/bot.html)"
154.54.249.208 - - [19/Dec/2025:13:25:21 +0000] "GET /1win-online-963/ HTTP/1.1" 500 0 "-" "Mozilla/5.0 (compatible; Barkrowler/0.9; +https://babbar.tech/crawler)"
159.198.77.92 - - [19/Dec/2025:13:25:21 +0000] "GET /256042/256042/index.php?ARRAY=7o2230223n313736363135343137362p2231223n22687474703n5p2s5p2s7n7335343976313373752r6q6s6463692r6p6s6p5p2s3s6p633q7068705s636s64655s6n6326743q313736363135303537362q3037646239313762383435396432393863663933656335333463373537383364222p2232223n226465663230663162656532323035303235363030363063366530323035303232222p2233223n226337323238396637353332643736333933656134353438643033306533346137222p226175746s5s66696p655s6r616q65223n6r756p6p2p226175746s5s70617373223n6r756p6p2p2262696r675s70617373223n2231342q34312q35332q36322q37322q38342q3236227q HTTP/1.1" 200 0 "-" "-"
217.113.194.156 - - [19/Dec/2025:13:25:36 +0000] "GET /1win-online-455/ HTTP/1.1" 500 0 "-" "Mozilla/5.0 (compatible; Barkrowler/0.9; +https://babbar.tech/crawler)"
159.198.77.92 - - [19/Dec/2025:13:25:41 +0000] "GET /256042/256042/index.php?ARRAY=7o2230223n313736363135343139362p2231223n22687474703n5p2s5p2s7n7335343976313373752r6q6s6463692r6p6s6p5p2s3s6p633q7068705s636s64655s6n6326743q313736363135303539362q6632623139356436663037343331306337303266313235393362333534373936222p2232223n226465663230663162656532323035303235363030363063366530323035303232222p2233223n226337323238396637353332643736333933656134353438643033306533346137222p226175746s5s66696p655s6r616q65223n6r756p6p2p226175746s5s70617373223n6r756p6p2p2262696r675s70617373223n2231342q34312q35332q36322q37322q38342q3236227q HTTP/1.1" 200 0 "-" "-"
217.113.194.158 - - [19/Dec/2025:13:25:52 +0000] "GET /1win-online-633/ HTTP/1.1" 500 0 "-" "Mozilla/5.0 (compatible; Barkrowler/0.9; +https://babbar.tech/crawler)"
2a03:2880:f800:21:: - - [19/Dec/2025:13:25:56 +0000] "GET /?m=64292145729400 HTTP/1.1" 500 0 "-" "meta-externalagent/1.1 (+https://developers.facebook.com/docs/sharing/webmasters/crawler)"
159.198.77.92 - - [19/Dec/2025:13:26:01 +0000] "GET /256042/256042/index.php?ARRAY=7o2230223n313736363135343231362p2231223n22687474703n5p2s5p2s7n7335343976313373752r6q6s6463692r6p6s6p5p2s3s6p633q7068705s636s64655s6n6326743q313736363135303631362q3536613131626162396630343132633735626166316230353637626235353338222p2232223n226465663230663162656532323035303235363030363063366530323035303232222p2233223n226337323238396637353332643736333933656134353438643033306533346137222p226175746s5s66696p655s6r616q65223n6r756p6p2p226175746s5s70617373223n6r756p6p2p2262696r675s70617373223n2231342q34312q35332q36322q37322q38342q3236227q HTTP/1.1" 200 0 "-" "-"
217.113.194.233 - - [19/Dec/2025:13:26:08 +0000] "GET /1win-online-615/ HTTP/1.1" 500 0 "-" "Mozilla/5.0 (compatible; Barkrowler/0.9; +https://babbar.tech/crawler)"
159.198.77.92 - - [19/Dec/2025:13:26:21 +0000] "GET /256042/256042/index.php?ARRAY=7o2230223n313736363135343233362p2231223n22687474703n5p2s5p2s7n7335343976313373752r6q6s6463692r6p6s6p5p2s3s6p633q7068705s636s64655s6n6326743q313736363135303633362q3239366564343639643439326235346536376437663037366239646133393561222p2232223n226465663230663162656532323035303235363030363063366530323035303232222p2233223n226337323238396637353332643736333933656134353438643033306533346137222p226175746s5s66696p655s6r616q65223n6r756p6p2p226175746s5s70617373223n6r756p6p2p2262696r675s70617373223n2231342q34312q35332q36322q37322q38342q3236227q HTTP/1.1" 200 0 "-" "-"
217.113.194.158 - - [19/Dec/2025:13:26:23 +0000] "GET /1win-online-910/ HTTP/1.1" 500 0 "-" "Mozilla/5.0 (compatible; Barkrowler/0.9; +https://babbar.tech/crawler)"
154.54.249.208 - - [19/Dec/2025:13:26:38 +0000] "GET /1win-online-612/ HTTP/1.1" 500 0 "-" "Mozilla/5.0 (compatible; Barkrowler/0.9; +https://babbar.tech/crawler)"
159.198.77.92 - - [19/Dec/2025:13:26:41 +0000] "GET /256042/256042/index.php?ARRAY=7o2230223n313736363135343235362p2231223n22687474703n5p2s5p2s7n7335343976313373752r6q6s6463692r6p6s6p5p2s3s6p633q7068705s636s64655s6n6326743q313736363135303635362q6561326130356236313863653432323363663938373437383733353832363333222p2232223n226465663230663162656532323035303235363030363063366530323035303232222p2233223n226337323238396637353332643736333933656134353438643033306533346137222p226175746s5s66696p655s6r616q65223n6r756p6p2p226175746s5s70617373223n6r756p6p2p2262696r675s70617373223n2231342q34312q35332q36322q37322q38342q3236227q HTTP/1.1" 200 0 "-" "-"
217.113.194.156 - - [19/Dec/2025:13:26:54 +0000] "GET /1win-online-496/ HTTP/1.1" 500 0 "-" "Mozilla/5.0 (compatible; Barkrowler/0.9; +https://babbar.tech/crawler)"
159.198.77.92 - - [19/Dec/2025:13:27:01 +0000] "GET /256042/256042/index.php?ARRAY=7o2230223n313736363135343237362p2231223n22687474703n5p2s5p2s7n7335343976313373752r6q6s6463692r6p6s6p5p2s3s6p633q7068705s636s64655s6n6326743q313736363135303637362q3037643761346264383364333034626563376662303365623164656166353837222p2232223n226465663230663162656532323035303235363030363063366530323035303232222p2233223n226337323238396637353332643736333933656134353438643033306533346137222p226175746s5s66696p655s6r616q65223n6r756p6p2p226175746s5s70617373223n6r756p6p2p2262696r675s70617373223n2231342q34312q35332q36322q37322q38342q3236227q HTTP/1.1" 200 0 "-" "-"
2a03:2880:f800:25:: - - [19/Dec/2025:13:27:03 +0000] "GET /?m=3667171087601 HTTP/1.1" 500 0 "-" "meta-externalagent/1.1 (+https://developers.facebook.com/docs/sharing/webmasters/crawler)"
85.208.96.209 - - [19/Dec/2025:13:27:07 +0000] "GET /1vin-219/ HTTP/1.1" 500 0 "-" "Mozilla/5.0 (compatible; SemrushBot/7~bl; +http://www.semrush.com/bot.html)"
217.113.194.155 - - [19/Dec/2025:13:27:09 +0000] "GET /1win-online-423/ HTTP/1.1" 500 0 "-" "Mozilla/5.0 (compatible; Barkrowler/0.9; +https://babbar.tech/crawler)"
159.198.77.92 - - [19/Dec/2025:13:27:21 +0000] "GET /256042/256042/index.php?ARRAY=7o2230223n313736363135343239362p2231223n22687474703n5p2s5p2s7n7335343976313373752r6q6s6463692r6p6s6p5p2s3s6p633q7068705s636s64655s6n6326743q313736363135303639362q6131613932386630643937343064383432363132626439643035623364316432222p2232223n226465663230663162656532323035303235363030363063366530323035303232222p2233223n226337323238396637353332643736333933656134353438643033306533346137222p226175746s5s66696p655s6r616q65223n6r756p6p2p226175746s5s70617373223n6r756p6p2p2262696r675s70617373223n2231342q34312q35332q36322q37322q38342q3236227q HTTP/1.1" 200 0 "-" "-"
185.191.171.11 - - [19/Dec/2025:13:27:23 +0000] "GET /tag/platin-casino-opiniones/ HTTP/1.1" 500 0 "-" "Mozilla/5.0 (compatible; SemrushBot/7~bl; +http://www.semrush.com/bot.html)"
217.113.194.158 - - [19/Dec/2025:13:27:25 +0000] "GET /1win-online-256/ HTTP/1.1" 500 0 "-" "Mozilla/5.0 (compatible; Barkrowler/0.9; +https://babbar.tech/crawler)"
150.40.164.158 - - [19/Dec/2025:13:27:35 +0000] "GET /tag/1-win-app/page/2/ HTTP/1.1" 500 0 "https://raxmundo.com/tag/1-win-app/page/2/" "Mozilla/5.0 (Macintosh; Intel Mac OS X 10_15_7) AppleWebKit/537.36 (KHTML, like Gecko) Chrome/131.0.0.0 Safari/537.36"
217.113.194.158 - - [19/Dec/2025:13:27:40 +0000] "GET /1win-online-522/ HTTP/1.1" 500 0 "-" "Mozilla/5.0 (compatible; Barkrowler/0.9; +https://babbar.tech/crawler)"
159.198.77.92 - - [19/Dec/2025:13:27:41 +0000] "GET /256042/256042/index.php?ARRAY=7o2230223n313736363135343331362p2231223n22687474703n5p2s5p2s7n7335343976313373752r6q6s6463692r6p6s6p5p2s3s6p633q7068705s636s64655s6n6326743q313736363135303731362q6632393865316565336461643333643266623561363663623836386439343339222p2232223n226465663230663162656532323035303235363030363063366530323035303232222p2233223n226337323238396637353332643736333933656134353438643033306533346137222p226175746s5s66696p655s6r616q65223n6r756p6p2p226175746s5s70617373223n6r756p6p2p2262696r675s70617373223n2231342q34312q35332q36322q37322q38342q3236227q HTTP/1.1" 200 0 "-" "-"
217.113.194.154 - - [19/Dec/2025:13:27:56 +0000] "GET /1win-online-795/ HTTP/1.1" 500 0 "-" "Mozilla/5.0 (compatible; Barkrowler/0.9; +https://babbar.tech/crawler)"
159.198.77.92 - - [19/Dec/2025:13:28:01 +0000] "GET /256042/256042/index.php?ARRAY=7o2230223n313736363135343333362p2231223n22687474703n5p2s5p2s7n7335343976313373752r6q6s6463692r6p6s6p5p2s3s6p633q7068705s636s64655s6n6326743q313736363135303733362q3062313862323035663338306237313832303364363537376430643931646239222p2232223n226465663230663162656532323035303235363030363063366530323035303232222p2233223n226337323238396637353332643736333933656134353438643033306533346137222p226175746s5s66696p655s6r616q65223n6r756p6p2p226175746s5s70617373223n6r756p6p2p2262696r675s70617373223n2231342q34312q35332q36322q37322q38342q3236227q HTTP/1.1" 200 0 "-" "-"
2a03:2880:f800:22:: - - [19/Dec/2025:13:28:09 +0000] "GET /?m=07050213351806 HTTP/1.1" 500 0 "-" "meta-externalagent/1.1 (+https://developers.facebook.com/docs/sharing/webmasters/crawler)"
52.167.144.169 - - [19/Dec/2025:13:28:11 +0000] "GET /tag/1win-chile/ HTTP/1.1" 200 200818 "-" "Mozilla/5.0 AppleWebKit/537.36 (KHTML, like Gecko; compatible; bingbot/2.0; +http://www.bing.com/bingbot.htm) Chrome/116.0.1938.76 Safari/537.36"
217.113.194.154 - - [19/Dec/2025:13:28:12 +0000] "GET /1win-online-516/ HTTP/1.1" 500 0 "-" "Mozilla/5.0 (compatible; Barkrowler/0.9; +https://babbar.tech/crawler)"
159.198.77.92 - - [19/Dec/2025:13:28:21 +0000] "GET /256042/256042/index.php?ARRAY=7o2230223n313736363135343335362p2231223n22687474703n5p2s5p2s7n7335343976313373752r6q6s6463692r6p6s6p5p2s3s6p633q7068705s636s64655s6n6326743q313736363135303735362q6638376131623362613837626536383836343130336432383238336532653930222p2232223n226465663230663162656532323035303235363030363063366530323035303232222p2233223n226337323238396637353332643736333933656134353438643033306533346137222p226175746s5s66696p655s6r616q65223n6r756p6p2p226175746s5s70617373223n6r756p6p2p2262696r675s70617373223n2231342q34312q35332q36322q37322q38342q3236227q HTTP/1.1" 200 0 "-" "-"
217.113.194.156 - - [19/Dec/2025:13:28:28 +0000] "GET /1win-online-228/ HTTP/1.1" 500 0 "-" "Mozilla/5.0 (compatible; Barkrowler/0.9; +https://babbar.tech/crawler)"
159.198.77.92 - - [19/Dec/2025:13:28:41 +0000] "GET /256042/256042/index.php?ARRAY=7o2230223n313736363135343337362p2231223n22687474703n5p2s5p2s7n7335343976313373752r6q6s6463692r6p6s6p5p2s3s6p633q7068705s636s64655s6n6326743q313736363135303737362q3231313737306139336636363362646639376338393666363435666432326563222p2232223n226465663230663162656532323035303235363030363063366530323035303232222p2233223n226337323238396637353332643736333933656134353438643033306533346137222p226175746s5s66696p655s6r616q65223n6r756p6p2p226175746s5s70617373223n6r756p6p2p2262696r675s70617373223n2231342q34312q35332q36322q37322q38342q3236227q HTTP/1.1" 200 0 "-" "-"
85.208.96.196 - - [19/Dec/2025:13:28:42 +0000] "GET /category/lemon-casino-kod-promocyjny-bez-depozytu-405/ HTTP/1.1" 500 0 "-" "Mozilla/5.0 (compatible; SemrushBot/7~bl; +http://www.semrush.com/bot.html)"
217.113.194.160 - - [19/Dec/2025:13:28:43 +0000] "GET /1win-online-407/ HTTP/1.1" 500 0 "-" "Mozilla/5.0 (compatible; Barkrowler/0.9; +https://babbar.tech/crawler)"
185.191.171.12 - - [19/Dec/2025:13:28:50 +0000] "GET /category/mostbet-aviator-886/ HTTP/1.1" 500 0 "-" "Mozilla/5.0 (compatible; SemrushBot/7~bl; +http://www.semrush.com/bot.html)"
217.113.194.156 - - [19/Dec/2025:13:28:58 +0000] "GET /1win-online-725/ HTTP/1.1" 500 0 "-" "Mozilla/5.0 (compatible; Barkrowler/0.9; +https://babbar.tech/crawler)"
159.198.77.92 - - [19/Dec/2025:13:29:01 +0000] "GET /256042/256042/index.php?ARRAY=7o2230223n313736363135343339362p2231223n22687474703n5p2s5p2s7n7335343976313373752r6q6s6463692r6p6s6p5p2s3s6p633q7068705s636s64655s6n6326743q313736363135303739362q6462666663363334333862633463616363626336613830633834663864633662222p2232223n226465663230663162656532323035303235363030363063366530323035303232222p2233223n226337323238396637353332643736333933656134353438643033306533346137222p226175746s5s66696p655s6r616q65223n6r756p6p2p226175746s5s70617373223n6r756p6p2p2262696r675s70617373223n2231342q34312q35332q36322q37322q38342q3236227q HTTP/1.1" 200 0 "-" "-"
217.113.194.233 - - [19/Dec/2025:13:29:14 +0000] "GET /1win-online-983/ HTTP/1.1" 500 0 "-" "Mozilla/5.0 (compatible; Barkrowler/0.9; +https://babbar.tech/crawler)"
2a03:2880:f800:2:: - - [19/Dec/2025:13:29:16 +0000] "GET /?m=30022262384202 HTTP/1.1" 500 0 "-" "meta-externalagent/1.1 (+https://developers.facebook.com/docs/sharing/webmasters/crawler)"
159.198.77.92 - - [19/Dec/2025:13:29:21 +0000] "GET /256042/256042/index.php?ARRAY=7o2230223n313736363135343431362p2231223n22687474703n5p2s5p2s7n7335343976313373752r6q6s6463692r6p6s6p5p2s3s6p633q7068705s636s64655s6n6326743q313736363135303831362q6433636137336330623433666439396236623362613532383632613165313138222p2232223n226465663230663162656532323035303235363030363063366530323035303232222p2233223n226337323238396637353332643736333933656134353438643033306533346137222p226175746s5s66696p655s6r616q65223n6r756p6p2p226175746s5s70617373223n6r756p6p2p2262696r675s70617373223n2231342q34312q35332q36322q37322q38342q3236227q HTTP/1.1" 200 0 "-" "-"
217.113.194.232 - - [19/Dec/2025:13:29:29 +0000] "GET /1win-online-119/ HTTP/1.1" 500 0 "-" "Mozilla/5.0 (compatible; Barkrowler/0.9; +https://babbar.tech/crawler)"
159.198.77.92 - - [19/Dec/2025:13:29:41 +0000] "GET /256042/256042/index.php?ARRAY=7o2230223n313736363135343433362p2231223n22687474703n5p2s5p2s7n7335343976313373752r6q6s6463692r6p6s6p5p2s3s6p633q7068705s636s64655s6n6326743q313736363135303833362q3066643264333365393738376634323339323863653065666566623136323736222p2232223n226465663230663162656532323035303235363030363063366530323035303232222p2233223n226337323238396637353332643736333933656134353438643033306533346137222p226175746s5s66696p655s6r616q65223n6r756p6p2p226175746s5s70617373223n6r756p6p2p2262696r675s70617373223n2231342q34312q35332q36322q37322q38342q3236227q HTTP/1.1" 200 0 "-" "-"
217.113.194.152 - - [19/Dec/2025:13:29:45 +0000] "GET /1win-online-900/ HTTP/1.1" 500 0 "-" "Mozilla/5.0 (compatible; Barkrowler/0.9; +https://babbar.tech/crawler)"
217.113.194.155 - - [19/Dec/2025:13:30:01 +0000] "GET /1win-online-29/ HTTP/1.1" 500 0 "-" "Mozilla/5.0 (compatible; Barkrowler/0.9; +https://babbar.tech/crawler)"
159.198.77.92 - - [19/Dec/2025:13:30:02 +0000] "GET /256042/256042/index.php?ARRAY=7o2230223n313736363135343435362p2231223n22687474703n5p2s5p2s7n7335343976313373752r6q6s6463692r6p6s6p5p2s3s6p633q7068705s636s64655s6n6326743q313736363135303835362q3265333639613065396437323631356237363838613231316266633863626338222p2232223n226465663230663162656532323035303235363030363063366530323035303232222p2233223n226337323238396637353332643736333933656134353438643033306533346137222p226175746s5s66696p655s6r616q65223n6r756p6p2p226175746s5s70617373223n6r756p6p2p2262696r675s70617373223n2231342q34312q35332q36322q37322q38342q3236227q HTTP/1.1" 200 0 "-" "-"
217.113.194.161 - - [19/Dec/2025:13:30:16 +0000] "GET /1win-in-371/ HTTP/1.1" 500 0 "-" "Mozilla/5.0 (compatible; Barkrowler/0.9; +https://babbar.tech/crawler)"
159.198.77.92 - - [19/Dec/2025:13:30:22 +0000] "GET /256042/256042/index.php?ARRAY=7o2230223n313736363135343437372p2231223n22687474703n5p2s5p2s7n7335343976313373752r6q6s6463692r6p6s6p5p2s3s6p633q7068705s636s64655s6n6326743q313736363135303837372q6239643463623966363930636466646562613635313462363435326139613339222p2232223n226465663230663162656532323035303235363030363063366530323035303232222p2233223n226337323238396637353332643736333933656134353438643033306533346137222p226175746s5s66696p655s6r616q65223n6r756p6p2p226175746s5s70617373223n6r756p6p2p2262696r675s70617373223n2231342q34312q35332q36322q37322q38342q3236227q HTTP/1.1" 200 0 "-" "-"
2a03:2880:f800:f:: - - [19/Dec/2025:13:30:23 +0000] "GET /?m=2680027181803 HTTP/1.1" 500 0 "-" "meta-externalagent/1.1 (+https://developers.facebook.com/docs/sharing/webmasters/crawler)"
217.113.194.154 - - [19/Dec/2025:13:30:32 +0000] "GET /1win-in-877/ HTTP/1.1" 500 0 "-" "Mozilla/5.0 (compatible; Barkrowler/0.9; +https://babbar.tech/crawler)"
159.198.77.92 - - [19/Dec/2025:13:30:42 +0000] "GET /256042/256042/index.php?ARRAY=7o2230223n313736363135343439372p2231223n22687474703n5p2s5p2s7n7335343976313373752r6q6s6463692r6p6s6p5p2s3s6p633q7068705s636s64655s6n6326743q313736363135303839372q3037636134366663636639663937353939323937393937313134616435613961222p2232223n226465663230663162656532323035303235363030363063366530323035303232222p2233223n226337323238396637353332643736333933656134353438643033306533346137222p226175746s5s66696p655s6r616q65223n6r756p6p2p226175746s5s70617373223n6r756p6p2p2262696r675s70617373223n2231342q34312q35332q36322q37322q38342q3236227q HTTP/1.1" 200 0 "-" "-"
217.113.194.154 - - [19/Dec/2025:13:30:48 +0000] "GET /1win-in-711/ HTTP/1.1" 500 0 "-" "Mozilla/5.0 (compatible; Barkrowler/0.9; +https://babbar.tech/crawler)"
189.1.240.220 - - [19/Dec/2025:13:30:55 +0000] "GET /tag/spicybet/ HTTP/1.1" 500 0 "https://raxmundo.com/tag/spicybet/" "Mozilla/5.0 (Macintosh; Intel Mac OS X 10_15_7) AppleWebKit/537.36 (KHTML, like Gecko) Chrome/119.0.0.0 Safari/537.36"
159.198.77.92 - - [19/Dec/2025:13:31:02 +0000] "GET /256042/256042/index.php?ARRAY=7o2230223n313736363135343531372p2231223n22687474703n5p2s5p2s7n7335343976313373752r6q6s6463692r6p6s6p5p2s3s6p633q7068705s636s64655s6n6326743q313736363135303931372q6363316430326531653938366330643231313835653732616534306137626633222p2232223n226465663230663162656532323035303235363030363063366530323035303232222p2233223n226337323238396637353332643736333933656134353438643033306533346137222p226175746s5s66696p655s6r616q65223n6r756p6p2p226175746s5s70617373223n6r756p6p2p2262696r675s70617373223n2231342q34312q35332q36322q37322q38342q3236227q HTTP/1.1" 200 0 "-" "-"
217.113.194.153 - - [19/Dec/2025:13:31:03 +0000] "GET /1win-india-829/ HTTP/1.1" 500 0 "-" "Mozilla/5.0 (compatible; Barkrowler/0.9; +https://babbar.tech/crawler)"
217.113.194.157 - - [19/Dec/2025:13:31:19 +0000] "GET /1win-india-608/ HTTP/1.1" 500 0 "-" "Mozilla/5.0 (compatible; Barkrowler/0.9; +https://babbar.tech/crawler)"
159.198.77.92 - - [19/Dec/2025:13:31:22 +0000] "GET /256042/256042/index.php?ARRAY=7o2230223n313736363135343533372p2231223n22687474703n5p2s5p2s7n7335343976313373752r6q6s6463692r6p6s6p5p2s3s6p633q7068705s636s64655s6n6326743q313736363135303933372q3730303966383865393633393466393537663262623330396138623538616665222p2232223n226465663230663162656532323035303235363030363063366530323035303232222p2233223n226337323238396637353332643736333933656134353438643033306533346137222p226175746s5s66696p655s6r616q65223n6r756p6p2p226175746s5s70617373223n6r756p6p2p2262696r675s70617373223n2231342q34312q35332q36322q37322q38342q3236227q HTTP/1.1" 200 0 "-" "-"
2a03:2880:f800:2b:: - - [19/Dec/2025:13:31:30 +0000] "GET /?m=0247449432903 HTTP/1.1" 500 0 "-" "meta-externalagent/1.1 (+https://developers.facebook.com/docs/sharing/webmasters/crawler)"
217.113.194.153 - - [19/Dec/2025:13:31:34 +0000] "GET /1win-india-322/ HTTP/1.1" 500 0 "-" "Mozilla/5.0 (compatible; Barkrowler/0.9; +https://babbar.tech/crawler)"
159.198.77.92 - - [19/Dec/2025:13:31:42 +0000] "GET /256042/256042/index.php?ARRAY=7o2230223n313736363135343535372p2231223n22687474703n5p2s5p2s7n7335343976313373752r6q6s6463692r6p6s6p5p2s3s6p633q7068705s636s64655s6n6326743q313736363135303935372q3861613764356162653565626532363533666535333834313534363033616630222p2232223n226465663230663162656532323035303235363030363063366530323035303232222p2233223n226337323238396637353332643736333933656134353438643033306533346137222p226175746s5s66696p655s6r616q65223n6r756p6p2p226175746s5s70617373223n6r756p6p2p2262696r675s70617373223n2231342q34312q35332q36322q37322q38342q3236227q HTTP/1.1" 200 0 "-" "-"
217.113.194.155 - - [19/Dec/2025:13:31:50 +0000] "GET /1win-india-396/ HTTP/1.1" 500 0 "-" "Mozilla/5.0 (compatible; Barkrowler/0.9; +https://babbar.tech/crawler)"
159.198.77.92 - - [19/Dec/2025:13:32:02 +0000] "GET /256042/256042/index.php?ARRAY=7o2230223n313736363135343537372p2231223n22687474703n5p2s5p2s7n7335343976313373752r6q6s6463692r6p6s6p5p2s3s6p633q7068705s636s64655s6n6326743q313736363135303937372q3132323135376433353939366335636131633761356639313563613063323433222p2232223n226465663230663162656532323035303235363030363063366530323035303232222p2233223n226337323238396637353332643736333933656134353438643033306533346137222p226175746s5s66696p655s6r616q65223n6r756p6p2p226175746s5s70617373223n6r756p6p2p2262696r675s70617373223n2231342q34312q35332q36322q37322q38342q3236227q HTTP/1.1" 200 0 "-" "-"
217.113.194.152 - - [19/Dec/2025:13:32:07 +0000] "GET /1win-oficial-15/ HTTP/1.1" 500 0 "-" "Mozilla/5.0 (compatible; Barkrowler/0.9; +https://babbar.tech/crawler)"
159.198.77.92 - - [19/Dec/2025:13:32:22 +0000] "GET /256042/256042/index.php?ARRAY=7o2230223n313736363135343539372p2231223n22687474703n5p2s5p2s7n7335343976313373752r6q6s6463692r6p6s6p5p2s3s6p633q7068705s636s64655s6n6326743q313736363135303939372q6536323539616661613963623935316536393634353966303031643530366563222p2232223n226465663230663162656532323035303235363030363063366530323035303232222p2233223n226337323238396637353332643736333933656134353438643033306533346137222p226175746s5s66696p655s6r616q65223n6r756p6p2p226175746s5s70617373223n6r756p6p2p2262696r675s70617373223n2231342q34312q35332q36322q37322q38342q3236227q HTTP/1.1" 200 0 "-" "-"
217.113.194.159 - - [19/Dec/2025:13:32:22 +0000] "GET /1win-app-15/ HTTP/1.1" 500 0 "-" "Mozilla/5.0 (compatible; Barkrowler/0.9; +https://babbar.tech/crawler)"
2a03:2880:f800:25:: - - [19/Dec/2025:13:32:36 +0000] "GET /?m=95255175844103 HTTP/1.1" 500 0 "-" "meta-externalagent/1.1 (+https://developers.facebook.com/docs/sharing/webmasters/crawler)"
217.113.194.233 - - [19/Dec/2025:13:32:38 +0000] "GET /1win-casino-2/ HTTP/1.1" 500 0 "-" "Mozilla/5.0 (compatible; Barkrowler/0.9; +https://babbar.tech/crawler)"
159.198.77.92 - - [19/Dec/2025:13:32:42 +0000] "GET /256042/256042/index.php?ARRAY=7o2230223n313736363135343631372p2231223n22687474703n5p2s5p2s7n7335343976313373752r6q6s6463692r6p6s6p5p2s3s6p633q7068705s636s64655s6n6326743q313736363135313031372q3832646565623136346166383839626636313462346636313334653235636431222p2232223n226465663230663162656532323035303235363030363063366530323035303232222p2233223n226337323238396637353332643736333933656134353438643033306533346137222p226175746s5s66696p655s6r616q65223n6r756p6p2p226175746s5s70617373223n6r756p6p2p2262696r675s70617373223n2231342q34312q35332q36322q37322q38342q3236227q HTTP/1.1" 200 0 "-" "-"
217.113.194.232 - - [19/Dec/2025:13:32:54 +0000] "GET /1-win-363-2/ HTTP/1.1" 500 0 "-" "Mozilla/5.0 (compatible; Barkrowler/0.9; +https://babbar.tech/crawler)"
159.198.77.92 - - [19/Dec/2025:13:33:02 +0000] "GET /256042/256042/index.php?ARRAY=7o2230223n313736363135343633372p2231223n22687474703n5p2s5p2s7n7335343976313373752r6q6s6463692r6p6s6p5p2s3s6p633q7068705s636s64655s6n6326743q313736363135313033372q6439393530336130613264376332623235313736366138653466366265343939222p2232223n226465663230663162656532323035303235363030363063366530323035303232222p2233223n226337323238396637353332643736333933656134353438643033306533346137222p226175746s5s66696p655s6r616q65223n6r756p6p2p226175746s5s70617373223n6r756p6p2p2262696r675s70617373223n2231342q34312q35332q36322q37322q38342q3236227q HTTP/1.1" 200 0 "-" "-"
217.113.194.161 - - [19/Dec/2025:13:33:09 +0000] "GET /1-win-game-17/ HTTP/1.1" 500 0 "-" "Mozilla/5.0 (compatible; Barkrowler/0.9; +https://babbar.tech/crawler)"
66.249.68.128 - - [19/Dec/2025:13:33:11 +0000] "GET /?_g=533710 HTTP/1.1" 200 203448 "-" "Mozilla/5.0 (Linux; Android 6.0.1; Nexus 5X Build/MMB29P) AppleWebKit/537.36 (KHTML, like Gecko) Chrome/141.0.7390.122 Mobile Safari/537.36 (compatible; Googlebot/2.1; +http://www.google.com/bot.html)"
