66.249.75.4 - - [19/Dec/2025:22:39:34 +0000] "GET /?i=141421335b9050b HTTP/1.1" 500 0 "-" "Mozilla/5.0 (Linux; Android 6.0.1; Nexus 5X Build/MMB29P) AppleWebKit/537.36 (KHTML, like Gecko) Chrome/141.0.7390.122 Mobile Safari/537.36 (compatible; GoogleOther)"
66.249.75.5 - - [19/Dec/2025:22:39:39 +0000] "GET /?i=1166682833fde4 HTTP/1.1" 500 0 "-" "Mozilla/5.0 (Linux; Android 6.0.1; Nexus 5X Build/MMB29P) AppleWebKit/537.36 (KHTML, like Gecko) Chrome/141.0.7390.122 Mobile Safari/537.36 (compatible; GoogleOther)"
66.249.75.6 - - [19/Dec/2025:22:40:28 +0000] "GET /?i=061638139f648f3 HTTP/1.1" 500 0 "-" "Mozilla/5.0 (Linux; Android 6.0.1; Nexus 5X Build/MMB29P) AppleWebKit/537.36 (KHTML, like Gecko) Chrome/141.0.7390.122 Mobile Safari/537.36 (compatible; GoogleOther)"
66.249.75.5 - - [19/Dec/2025:22:40:38 +0000] "GET /?i=001049826556225 HTTP/1.1" 500 0 "-" "Mozilla/5.0 (Linux; Android 6.0.1; Nexus 5X Build/MMB29P) AppleWebKit/537.36 (KHTML, like Gecko) Chrome/141.0.7390.122 Mobile Safari/537.36 (compatible; GoogleOther)"
66.249.75.6 - - [19/Dec/2025:22:41:13 +0000] "GET /?i=179762875db7 HTTP/1.1" 200 253200 "-" "Mozilla/5.0 (Linux; Android 6.0.1; Nexus 5X Build/MMB29P) AppleWebKit/537.36 (KHTML, like Gecko) Chrome/141.0.7390.122 Mobile Safari/537.36 (compatible; Googlebot/2.1; +http://www.google.com/bot.html)"
66.249.75.5 - - [19/Dec/2025:22:41:22 +0000] "GET /?i=026641555f5d93 HTTP/1.1" 500 0 "-" "Mozilla/5.0 (Linux; Android 6.0.1; Nexus 5X Build/MMB29P) AppleWebKit/537.36 (KHTML, like Gecko) Chrome/141.0.7390.122 Mobile Safari/537.36 (compatible; GoogleOther)"
77.74.177.114 - - [19/Dec/2025:22:41:34 +0000] "GET / HTTP/1.1" 500 0 "-" "Mozilla/5.0 (Linux; arm_64; Android 12; CPH2205) AppleWebKit/537.36 (KHTML, like Gecko) Chrome/110.0.0.0 YaBrowser/23.3.3.86.00 SA/3 Mobile Safari/537.36"
66.249.75.4 - - [19/Dec/2025:22:41:37 +0000] "GET /?i=056195664c9d5b HTTP/1.1" 500 0 "-" "Mozilla/5.0 (Linux; Android 6.0.1; Nexus 5X Build/MMB29P) AppleWebKit/537.36 (KHTML, like Gecko) Chrome/141.0.7390.122 Mobile Safari/537.36 (compatible; GoogleOther)"
220.158.233.50 - - [19/Dec/2025:22:41:43 +0000] "GET /wp-login.php HTTP/1.1" 500 0 "-" "Mozilla/5.0 (Windows NT 6.3; Win64; x64; Trident/7.0; TNJB; rv:11.0) like Gecko"
220.158.233.50 - - [19/Dec/2025:22:41:48 +0000] "POST /wp-login.php HTTP/1.1" 500 0 "https://plixendo.com/wp-login.php" "Mozilla/5.0 (Windows NT 6.3; Win64; x64; Trident/7.0; TNJB; rv:11.0) like Gecko"
66.249.75.4 - - [19/Dec/2025:22:42:16 +0000] "GET /?i=14668664b0d21e HTTP/1.1" 500 0 "-" "Mozilla/5.0 (Linux; Android 6.0.1; Nexus 5X Build/MMB29P) AppleWebKit/537.36 (KHTML, like Gecko) Chrome/141.0.7390.122 Mobile Safari/537.36 (compatible; GoogleOther)"
66.249.75.5 - - [19/Dec/2025:22:42:36 +0000] "GET /?i=00192621234c2fa HTTP/1.1" 500 0 "-" "Mozilla/5.0 (Linux; Android 6.0.1; Nexus 5X Build/MMB29P) AppleWebKit/537.36 (KHTML, like Gecko) Chrome/141.0.7390.122 Mobile Safari/537.36 (compatible; GoogleOther)"
66.249.75.5 - - [19/Dec/2025:22:43:11 +0000] "GET /?i=041495416182a4b HTTP/1.1" 500 0 "-" "Mozilla/5.0 (Linux; Android 6.0.1; Nexus 5X Build/MMB29P) AppleWebKit/537.36 (KHTML, like Gecko) Chrome/141.0.7390.122 Mobile Safari/537.36 (compatible; GoogleOther)"
66.249.75.4 - - [19/Dec/2025:22:43:35 +0000] "GET /?i=11666801ac89dc HTTP/1.1" 500 0 "-" "Mozilla/5.0 (Linux; Android 6.0.1; Nexus 5X Build/MMB29P) AppleWebKit/537.36 (KHTML, like Gecko) Chrome/141.0.7390.122 Mobile Safari/537.36 (compatible; GoogleOther)"
66.249.75.4 - - [19/Dec/2025:22:44:04 +0000] "GET /?i=005803855941b9 HTTP/1.1" 500 0 "-" "Mozilla/5.0 (Linux; Android 6.0.1; Nexus 5X Build/MMB29P) AppleWebKit/537.36 (KHTML, like Gecko) Chrome/141.0.7390.122 Mobile Safari/537.36 (compatible; GoogleOther)"
66.249.75.4 - - [19/Dec/2025:22:44:33 +0000] "GET /?i=066666588d50e4 HTTP/1.1" 500 0 "-" "Mozilla/5.0 (Linux; Android 6.0.1; Nexus 5X Build/MMB29P) AppleWebKit/537.36 (KHTML, like Gecko) Chrome/141.0.7390.122 Mobile Safari/537.36 (compatible; GoogleOther)"
66.249.75.4 - - [19/Dec/2025:22:44:58 +0000] "GET /?i=001041258007d43 HTTP/1.1" 500 0 "-" "Mozilla/5.0 (Linux; Android 6.0.1; Nexus 5X Build/MMB29P) AppleWebKit/537.36 (KHTML, like Gecko) Chrome/141.0.7390.122 Mobile Safari/537.36 (compatible; GoogleOther)"
66.249.75.6 - - [19/Dec/2025:22:45:32 +0000] "GET /?i=12401451d51e10 HTTP/1.1" 500 0 "-" "Mozilla/5.0 (Linux; Android 6.0.1; Nexus 5X Build/MMB29P) AppleWebKit/537.36 (KHTML, like Gecko) Chrome/141.0.7390.122 Mobile Safari/537.36 (compatible; GoogleOther)"
66.249.75.4 - - [19/Dec/2025:22:45:53 +0000] "GET /?i=08147088185aee8 HTTP/1.1" 500 0 "-" "Mozilla/5.0 (Linux; Android 6.0.1; Nexus 5X Build/MMB29P) AppleWebKit/537.36 (KHTML, like Gecko) Chrome/141.0.7390.122 Mobile Safari/537.36 (compatible; GoogleOther)"
194.242.10.226 - - [19/Dec/2025:22:46:07 +0000] "GET /wp-login.php HTTP/1.1" 500 0 "-" "Mozilla/5.0 (SAP NetWeaverBusinessClient; Windows NT 6.2; WOW64; Trident/7.0; rv:11.0) like Gecko"
194.242.10.226 - - [19/Dec/2025:22:46:16 +0000] "POST /wp-login.php HTTP/1.1" 500 0 "https://plixendo.com/wp-login.php" "Mozilla/5.0 (SAP NetWeaverBusinessClient; Windows NT 6.2; WOW64; Trident/7.0; rv:11.0) like Gecko"
66.249.75.5 - - [19/Dec/2025:22:46:25 +0000] "GET /?i=01933521d4dde9 HTTP/1.1" 500 0 "-" "Mozilla/5.0 (Linux; Android 6.0.1; Nexus 5X Build/MMB29P) AppleWebKit/537.36 (KHTML, like Gecko) Chrome/141.0.7390.122 Mobile Safari/537.36 (compatible; GoogleOther)"
66.249.75.4 - - [19/Dec/2025:22:46:31 +0000] "GET /?i=00580547f3f83f HTTP/1.1" 500 0 "-" "Mozilla/5.0 (Linux; Android 6.0.1; Nexus 5X Build/MMB29P) AppleWebKit/537.36 (KHTML, like Gecko) Chrome/141.0.7390.122 Mobile Safari/537.36 (compatible; GoogleOther)"
66.249.75.4 - - [19/Dec/2025:22:46:47 +0000] "GET /?i=0366761178f1a0 HTTP/1.1" 500 0 "-" "Mozilla/5.0 (Linux; Android 6.0.1; Nexus 5X Build/MMB29P) AppleWebKit/537.36 (KHTML, like Gecko) Chrome/141.0.7390.122 Mobile Safari/537.36 (compatible; GoogleOther)"
66.249.75.6 - - [19/Dec/2025:22:47:14 +0000] "GET /?i=0462326312a05a HTTP/1.1" 200 236822 "-" "Mozilla/5.0 (Linux; Android 6.0.1; Nexus 5X Build/MMB29P) AppleWebKit/537.36 (KHTML, like Gecko) Chrome/141.0.7390.122 Mobile Safari/537.36 (compatible; Googlebot/2.1; +http://www.google.com/bot.html)"
66.249.75.4 - - [19/Dec/2025:22:47:30 +0000] "GET /?i=1517685586e045a HTTP/1.1" 500 0 "-" "Mozilla/5.0 (Linux; Android 6.0.1; Nexus 5X Build/MMB29P) AppleWebKit/537.36 (KHTML, like Gecko) Chrome/141.0.7390.122 Mobile Safari/537.36 (compatible; GoogleOther)"
66.249.75.4 - - [19/Dec/2025:22:47:41 +0000] "GET /?i=069805211af717 HTTP/1.1" 500 0 "-" "Mozilla/5.0 (Linux; Android 6.0.1; Nexus 5X Build/MMB29P) AppleWebKit/537.36 (KHTML, like Gecko) Chrome/141.0.7390.122 Mobile Safari/537.36 (compatible; GoogleOther)"
40.77.167.19 - - [19/Dec/2025:22:48:28 +0000] "GET /petualangan-mitologi-dalam-game-spade/ HTTP/1.1" 200 224473 "-" "Mozilla/5.0 AppleWebKit/537.36 (KHTML, like Gecko; compatible; bingbot/2.0; +http://www.bing.com/bingbot.htm) Chrome/116.0.1938.76 Safari/537.36"
66.249.75.7 - - [19/Dec/2025:22:48:29 +0000] "GET /?i=07590355c7fcd2 HTTP/1.1" 500 0 "-" "Mozilla/5.0 (Linux; Android 6.0.1; Nexus 5X Build/MMB29P) AppleWebKit/537.36 (KHTML, like Gecko) Chrome/141.0.7390.122 Mobile Safari/537.36 (compatible; GoogleOther)"
66.249.75.8 - - [19/Dec/2025:22:48:30 +0000] "GET /?i=0616363043acfac HTTP/1.1" 500 0 "-" "Mozilla/5.0 (Linux; Android 6.0.1; Nexus 5X Build/MMB29P) AppleWebKit/537.36 (KHTML, like Gecko) Chrome/141.0.7390.122 Mobile Safari/537.36 (compatible; GoogleOther)"
66.249.75.6 - - [19/Dec/2025:22:48:35 +0000] "GET /?i=007723998ce449 HTTP/1.1" 500 0 "-" "Mozilla/5.0 (Linux; Android 6.0.1; Nexus 5X Build/MMB29P) AppleWebKit/537.36 (KHTML, like Gecko) Chrome/141.0.7390.122 Mobile Safari/537.36 (compatible; GoogleOther)"
66.249.75.8 - - [19/Dec/2025:22:49:28 +0000] "GET /?i=0015435960699ae HTTP/1.1" 500 0 "-" "Mozilla/5.0 (Linux; Android 6.0.1; Nexus 5X Build/MMB29P) AppleWebKit/537.36 (KHTML, like Gecko) Chrome/141.0.7390.122 Mobile Safari/537.36 (compatible; GoogleOther)"
66.249.75.8 - - [19/Dec/2025:22:49:29 +0000] "GET /?i=111634412784433 HTTP/1.1" 500 0 "-" "Mozilla/5.0 (Linux; Android 6.0.1; Nexus 5X Build/MMB29P) AppleWebKit/537.36 (KHTML, like Gecko) Chrome/141.0.7390.122 Mobile Safari/537.36 (compatible; GoogleOther)"
72.167.222.59 - - [19/Dec/2025:22:50:01 +0000] "GET /wp-login.php HTTP/1.1" 500 0 "-" "Mozilla/5.0 (Windows NT 6.3; WOW64) AppleWebKit/537.36 (KHTML, like Gecko) Chrome/66.0.3359.139 Safari/537.36"
72.167.222.59 - - [19/Dec/2025:22:50:06 +0000] "POST /wp-login.php HTTP/1.1" 500 0 "https://plixendo.com/wp-login.php" "Mozilla/5.0 (Windows NT 6.3; WOW64) AppleWebKit/537.36 (KHTML, like Gecko) Chrome/66.0.3359.139 Safari/537.36"
66.249.75.7 - - [19/Dec/2025:22:50:24 +0000] "GET /?i=06257219343fdb HTTP/1.1" 500 0 "-" "Mozilla/5.0 (Linux; Android 6.0.1; Nexus 5X Build/MMB29P) AppleWebKit/537.36 (KHTML, like Gecko) Chrome/141.0.7390.122 Mobile Safari/537.36 (compatible; GoogleOther)"
66.249.75.7 - - [19/Dec/2025:22:50:26 +0000] "GET /?i=1161945581567c HTTP/1.1" 500 0 "-" "Mozilla/5.0 (Linux; Android 6.0.1; Nexus 5X Build/MMB29P) AppleWebKit/537.36 (KHTML, like Gecko) Chrome/141.0.7390.122 Mobile Safari/537.36 (compatible; GoogleOther)"
62.171.183.138 - - [19/Dec/2025:22:50:35 +0000] "POST /xmlrpc.php HTTP/1.1" 500 0 "-" "Mozilla/5.0 (Windows NT 6.3; WOW64) AppleWebKit/537.36 (KHTML, like Gecko) Chrome/66.0.3359.181 Safari/537.36"
62.171.183.138 - - [19/Dec/2025:22:50:37 +0000] "POST /xmlrpc.php HTTP/1.1" 500 0 "-" "Mozilla/5.0 (Windows NT 6.3; WOW64) AppleWebKit/537.36 (KHTML, like Gecko) Chrome/66.0.3359.181 Safari/537.36"
62.171.183.138 - - [19/Dec/2025:22:50:40 +0000] "POST /xmlrpc.php HTTP/1.1" 500 0 "-" "Mozilla/5.0 (Windows NT 6.3; WOW64) AppleWebKit/537.36 (KHTML, like Gecko) Chrome/66.0.3359.181 Safari/537.36"
66.249.75.6 - - [19/Dec/2025:22:51:19 +0000] "GET /?i=1325757623cc35 HTTP/1.1" 500 0 "-" "Mozilla/5.0 (Linux; Android 6.0.1; Nexus 5X Build/MMB29P) AppleWebKit/537.36 (KHTML, like Gecko) Chrome/141.0.7390.122 Mobile Safari/537.36 (compatible; GoogleOther)"
66.249.75.7 - - [19/Dec/2025:22:51:25 +0000] "GET /?i=007625224161fb HTTP/1.1" 500 0 "-" "Mozilla/5.0 (Linux; Android 6.0.1; Nexus 5X Build/MMB29P) AppleWebKit/537.36 (KHTML, like Gecko) Chrome/141.0.7390.122 Mobile Safari/537.36 (compatible; GoogleOther)"
66.249.75.6 - - [19/Dec/2025:22:52:13 +0000] "GET /?i=041639740fddbd2 HTTP/1.1" 500 0 "-" "Mozilla/5.0 (Linux; Android 6.0.1; Nexus 5X Build/MMB29P) AppleWebKit/537.36 (KHTML, like Gecko) Chrome/141.0.7390.122 Mobile Safari/537.36 (compatible; GoogleOther)"
66.249.75.6 - - [19/Dec/2025:22:52:15 +0000] "GET /?i=021552507e882 HTTP/1.1" 200 248017 "-" "Mozilla/5.0 (Linux; Android 6.0.1; Nexus 5X Build/MMB29P) AppleWebKit/537.36 (KHTML, like Gecko) Chrome/141.0.7390.122 Mobile Safari/537.36 (compatible; Googlebot/2.1; +http://www.google.com/bot.html)"
66.249.75.7 - - [19/Dec/2025:22:52:24 +0000] "GET /?i=12163675182d1fc HTTP/1.1" 500 0 "-" "Mozilla/5.0 (Linux; Android 6.0.1; Nexus 5X Build/MMB29P) AppleWebKit/537.36 (KHTML, like Gecko) Chrome/141.0.7390.122 Mobile Safari/537.36 (compatible; GoogleOther)"
66.249.75.8 - - [19/Dec/2025:22:53:07 +0000] "GET /?i=011638237d4cc75 HTTP/1.1" 500 0 "-" "Mozilla/5.0 (Linux; Android 6.0.1; Nexus 5X Build/MMB29P) AppleWebKit/537.36 (KHTML, like Gecko) Chrome/141.0.7390.122 Mobile Safari/537.36 (compatible; GoogleOther)"
148.251.75.141 - - [19/Dec/2025:22:53:20 +0000] "POST /wp-login.php HTTP/1.1" 500 0 "-" "Mozilla/5.0 (Windows NT 10.0; Win64; x64; rv:91.0) Gecko/20100101 Firefox/91.0"
66.249.75.7 - - [19/Dec/2025:22:53:23 +0000] "GET /?i=072175425217422 HTTP/1.1" 500 0 "-" "Mozilla/5.0 (Linux; Android 6.0.1; Nexus 5X Build/MMB29P) AppleWebKit/537.36 (KHTML, like Gecko) Chrome/141.0.7390.122 Mobile Safari/537.36 (compatible; GoogleOther)"
185.191.171.15 - - [19/Dec/2025:22:53:46 +0000] "GET /robots.txt HTTP/1.1" 200 77 "-" "Mozilla/5.0 (compatible; SemrushBot/7~bl; +http://www.semrush.com/bot.html)"
185.191.171.10 - - [19/Dec/2025:22:53:48 +0000] "GET /tag/3-warlords/ HTTP/1.1" 500 0 "-" "Mozilla/5.0 (compatible; SemrushBot/7~bl; +http://www.semrush.com/bot.html)"
66.249.75.5 - - [19/Dec/2025:22:54:01 +0000] "GET /?i=0316378373176cc HTTP/1.1" 500 0 "-" "Mozilla/5.0 (Linux; Android 6.0.1; Nexus 5X Build/MMB29P) AppleWebKit/537.36 (KHTML, like Gecko) Chrome/141.0.7390.122 Mobile Safari/537.36 (compatible; GoogleOther)"
66.249.75.4 - - [19/Dec/2025:22:54:16 +0000] "GET /?i=0021208618ee82b HTTP/1.1" 200 251131 "-" "Mozilla/5.0 (Linux; Android 6.0.1; Nexus 5X Build/MMB29P) AppleWebKit/537.36 (KHTML, like Gecko) Chrome/141.0.7390.122 Mobile Safari/537.36 (compatible; Googlebot/2.1; +http://www.google.com/bot.html)"
66.249.75.4 - - [19/Dec/2025:22:54:22 +0000] "GET /?i=02163364234116e HTTP/1.1" 500 0 "-" "Mozilla/5.0 (Linux; Android 6.0.1; Nexus 5X Build/MMB29P) AppleWebKit/537.36 (KHTML, like Gecko) Chrome/141.0.7390.122 Mobile Safari/537.36 (compatible; GoogleOther)"
66.249.75.4 - - [19/Dec/2025:22:54:55 +0000] "GET /?i=00659530e1ab6c HTTP/1.1" 500 0 "-" "Mozilla/5.0 (Linux; Android 6.0.1; Nexus 5X Build/MMB29P) AppleWebKit/537.36 (KHTML, like Gecko) Chrome/141.0.7390.122 Mobile Safari/537.36 (compatible; GoogleOther)"
66.249.75.5 - - [19/Dec/2025:22:55:21 +0000] "GET /?i=00429911140846 HTTP/1.1" 500 0 "-" "Mozilla/5.0 (Linux; Android 6.0.1; Nexus 5X Build/MMB29P) AppleWebKit/537.36 (KHTML, like Gecko) Chrome/141.0.7390.122 Mobile Safari/537.36 (compatible; GoogleOther)"
66.249.75.5 - - [19/Dec/2025:22:55:49 +0000] "GET /?i=001868858aeb026 HTTP/1.1" 500 0 "-" "Mozilla/5.0 (Linux; Android 6.0.1; Nexus 5X Build/MMB29P) AppleWebKit/537.36 (KHTML, like Gecko) Chrome/141.0.7390.122 Mobile Safari/537.36 (compatible; GoogleOther)"
66.249.75.5 - - [19/Dec/2025:22:56:19 +0000] "GET /?i=05666838f1bde9 HTTP/1.1" 500 0 "-" "Mozilla/5.0 (Linux; Android 6.0.1; Nexus 5X Build/MMB29P) AppleWebKit/537.36 (KHTML, like Gecko) Chrome/141.0.7390.122 Mobile Safari/537.36 (compatible; GoogleOther)"
66.249.75.4 - - [19/Dec/2025:22:56:43 +0000] "GET /?i=082056733af7aef HTTP/1.1" 500 0 "-" "Mozilla/5.0 (Linux; Android 6.0.1; Nexus 5X Build/MMB29P) AppleWebKit/537.36 (KHTML, like Gecko) Chrome/141.0.7390.122 Mobile Safari/537.36 (compatible; GoogleOther)"
17.246.19.24 - - [19/Dec/2025:22:56:59 +0000] "GET /robots.txt HTTP/1.1" 200 77 "-" "Mozilla/5.0 (Macintosh; Intel Mac OS X 10_15_7) AppleWebKit/605.1.15 (KHTML, like Gecko) Version/17.4 Safari/605.1.15 (Applebot/0.1; +http://www.apple.com/go/applebot)"
17.246.19.24 - - [19/Dec/2025:22:57:00 +0000] "GET /tomb-of-madness-slot-playngo/ HTTP/1.1" 500 0 "-" "Mozilla/5.0 (Macintosh; Intel Mac OS X 10_15_7) AppleWebKit/605.1.15 (KHTML, like Gecko) Version/17.4 Safari/605.1.15 (Applebot/0.1; +http://www.apple.com/go/applebot)"
66.249.75.6 - - [19/Dec/2025:22:57:18 +0000] "GET /?i=0158840512dbac HTTP/1.1" 500 0 "-" "Mozilla/5.0 (Linux; Android 6.0.1; Nexus 5X Build/MMB29P) AppleWebKit/537.36 (KHTML, like Gecko) Chrome/141.0.7390.122 Mobile Safari/537.36 (compatible; GoogleOther)"
66.249.75.5 - - [19/Dec/2025:22:57:38 +0000] "GET /?i=001633525dd7416 HTTP/1.1" 500 0 "-" "Mozilla/5.0 (Linux; Android 6.0.1; Nexus 5X Build/MMB29P) AppleWebKit/537.36 (KHTML, like Gecko) Chrome/141.0.7390.122 Mobile Safari/537.36 (compatible; GoogleOther)"
15.235.140.141 - - [19/Dec/2025:22:57:49 +0000] "GET /wp-login.php HTTP/1.1" 500 0 "-" "Mozilla/5.0 (Windows NT 10.0; WOW64; Trident/7.0; Touch; MAARJS; rv:11.0) like Gecko"
15.235.140.141 - - [19/Dec/2025:22:57:57 +0000] "POST /wp-login.php HTTP/1.1" 500 0 "https://plixendo.com/wp-login.php" "Mozilla/5.0 (Windows NT 10.0; WOW64; Trident/7.0; Touch; MAARJS; rv:11.0) like Gecko"
66.249.75.4 - - [19/Dec/2025:22:58:17 +0000] "GET /?i=07668920ea68f4 HTTP/1.1" 200 237777 "-" "Mozilla/5.0 (Linux; Android 6.0.1; Nexus 5X Build/MMB29P) AppleWebKit/537.36 (KHTML, like Gecko) Chrome/141.0.7390.122 Mobile Safari/537.36 (compatible; Googlebot/2.1; +http://www.google.com/bot.html)"
66.249.75.4 - - [19/Dec/2025:22:58:17 +0000] "GET /?i=021319936a61433 HTTP/1.1" 500 0 "-" "Mozilla/5.0 (Linux; Android 6.0.1; Nexus 5X Build/MMB29P) AppleWebKit/537.36 (KHTML, like Gecko) Chrome/141.0.7390.122 Mobile Safari/537.36 (compatible; GoogleOther)"
66.249.75.5 - - [19/Dec/2025:22:58:32 +0000] "GET /?i=03675404aebc0d HTTP/1.1" 500 0 "-" "Mozilla/5.0 (Linux; Android 6.0.1; Nexus 5X Build/MMB29P) AppleWebKit/537.36 (KHTML, like Gecko) Chrome/141.0.7390.122 Mobile Safari/537.36 (compatible; GoogleOther)"
66.249.75.4 - - [19/Dec/2025:22:59:16 +0000] "GET /?i=0766568337ba09 HTTP/1.1" 500 0 "-" "Mozilla/5.0 (Linux; Android 6.0.1; Nexus 5X Build/MMB29P) AppleWebKit/537.36 (KHTML, like Gecko) Chrome/141.0.7390.122 Mobile Safari/537.36 (compatible; GoogleOther)"
66.249.75.5 - - [19/Dec/2025:22:59:26 +0000] "GET /?i=0316396032b7d78 HTTP/1.1" 500 0 "-" "Mozilla/5.0 (Linux; Android 6.0.1; Nexus 5X Build/MMB29P) AppleWebKit/537.36 (KHTML, like Gecko) Chrome/141.0.7390.122 Mobile Safari/537.36 (compatible; GoogleOther)"
66.249.75.4 - - [19/Dec/2025:23:00:15 +0000] "GET /?i=11974282caad HTTP/1.1" 500 0 "-" "Mozilla/5.0 (Linux; Android 6.0.1; Nexus 5X Build/MMB29P) AppleWebKit/537.36 (KHTML, like Gecko) Chrome/141.0.7390.122 Mobile Safari/537.36 (compatible; GoogleOther)"
66.249.75.4 - - [19/Dec/2025:23:00:20 +0000] "GET /?i=0741950756d9 HTTP/1.1" 500 0 "-" "Mozilla/5.0 (Linux; Android 6.0.1; Nexus 5X Build/MMB29P) AppleWebKit/537.36 (KHTML, like Gecko) Chrome/141.0.7390.122 Mobile Safari/537.36 (compatible; GoogleOther)"
66.249.75.6 - - [19/Dec/2025:23:01:14 +0000] "GET /?i=001970985ea0ff1 HTTP/1.1" 500 0 "-" "Mozilla/5.0 (Linux; Android 6.0.1; Nexus 5X Build/MMB29P) AppleWebKit/537.36 (KHTML, like Gecko) Chrome/141.0.7390.122 Mobile Safari/537.36 (compatible; GoogleOther)"
66.249.75.5 - - [19/Dec/2025:23:01:15 +0000] "GET /?i=06163801358ec1d HTTP/1.1" 500 0 "-" "Mozilla/5.0 (Linux; Android 6.0.1; Nexus 5X Build/MMB29P) AppleWebKit/537.36 (KHTML, like Gecko) Chrome/141.0.7390.122 Mobile Safari/537.36 (compatible; GoogleOther)"
66.249.75.5 - - [19/Dec/2025:23:02:09 +0000] "GET /?i=0116775998b3a98 HTTP/1.1" 500 0 "-" "Mozilla/5.0 (Linux; Android 6.0.1; Nexus 5X Build/MMB29P) AppleWebKit/537.36 (KHTML, like Gecko) Chrome/141.0.7390.122 Mobile Safari/537.36 (compatible; GoogleOther)"
66.249.75.4 - - [19/Dec/2025:23:02:12 +0000] "GET /?i=096681268daf79 HTTP/1.1" 500 0 "-" "Mozilla/5.0 (Linux; Android 6.0.1; Nexus 5X Build/MMB29P) AppleWebKit/537.36 (KHTML, like Gecko) Chrome/141.0.7390.122 Mobile Safari/537.36 (compatible; GoogleOther)"
66.249.75.4 - - [19/Dec/2025:23:03:03 +0000] "GET /?i=08619386f99b9f HTTP/1.1" 500 0 "-" "Mozilla/5.0 (Linux; Android 6.0.1; Nexus 5X Build/MMB29P) AppleWebKit/537.36 (KHTML, like Gecko) Chrome/141.0.7390.122 Mobile Safari/537.36 (compatible; GoogleOther)"
66.249.75.4 - - [19/Dec/2025:23:03:11 +0000] "GET /?i=1055599a6c7ed HTTP/1.1" 500 0 "-" "Mozilla/5.0 (Linux; Android 6.0.1; Nexus 5X Build/MMB29P) AppleWebKit/537.36 (KHTML, like Gecko) Chrome/141.0.7390.122 Mobile Safari/537.36 (compatible; GoogleOther)"
66.249.75.4 - - [19/Dec/2025:23:03:17 +0000] "GET /?i=0666856020b1ae HTTP/1.1" 200 232266 "-" "Mozilla/5.0 (Linux; Android 6.0.1; Nexus 5X Build/MMB29P) AppleWebKit/537.36 (KHTML, like Gecko) Chrome/141.0.7390.122 Mobile Safari/537.36 (compatible; Googlebot/2.1; +http://www.google.com/bot.html)"
66.249.75.4 - - [19/Dec/2025:23:03:57 +0000] "GET /?i=07670087a59a6a HTTP/1.1" 500 0 "-" "Mozilla/5.0 (Linux; Android 6.0.1; Nexus 5X Build/MMB29P) AppleWebKit/537.36 (KHTML, like Gecko) Chrome/141.0.7390.122 Mobile Safari/537.36 (compatible; GoogleOther)"
61.219.140.50 - - [19/Dec/2025:23:04:10 +0000] "POST /xmlrpc.php HTTP/1.1" 500 0 "-" "Mozilla/5.0 (Windows NT 6.1; WOW64) AppleWebKit/537.36 (KHTML, like Gecko) Chrome/67.0.3396.79 Safari/537.36"
66.249.75.4 - - [19/Dec/2025:23:04:10 +0000] "GET /?i=071681388b83228 HTTP/1.1" 500 0 "-" "Mozilla/5.0 (Linux; Android 6.0.1; Nexus 5X Build/MMB29P) AppleWebKit/537.36 (KHTML, like Gecko) Chrome/141.0.7390.122 Mobile Safari/537.36 (compatible; GoogleOther)"
66.249.75.4 - - [19/Dec/2025:23:04:53 +0000] "GET /?i=0885787530459d HTTP/1.1" 500 0 "-" "Mozilla/5.0 (Linux; Android 6.0.1; Nexus 5X Build/MMB29P) AppleWebKit/537.36 (KHTML, like Gecko) Chrome/141.0.7390.122 Mobile Safari/537.36 (compatible; GoogleOther)"
66.249.75.6 - - [19/Dec/2025:23:05:09 +0000] "GET /?i=0058010937906e HTTP/1.1" 500 0 "-" "Mozilla/5.0 (Linux; Android 6.0.1; Nexus 5X Build/MMB29P) AppleWebKit/537.36 (KHTML, like Gecko) Chrome/141.0.7390.122 Mobile Safari/537.36 (compatible; GoogleOther)"
66.249.75.4 - - [19/Dec/2025:23:05:46 +0000] "GET /?i=06621306e8c0c1 HTTP/1.1" 500 0 "-" "Mozilla/5.0 (Linux; Android 6.0.1; Nexus 5X Build/MMB29P) AppleWebKit/537.36 (KHTML, like Gecko) Chrome/141.0.7390.122 Mobile Safari/537.36 (compatible; GoogleOther)"
66.249.75.6 - - [19/Dec/2025:23:06:07 +0000] "GET /?i=015874048e9ab4 HTTP/1.1" 500 0 "-" "Mozilla/5.0 (Linux; Android 6.0.1; Nexus 5X Build/MMB29P) AppleWebKit/537.36 (KHTML, like Gecko) Chrome/141.0.7390.122 Mobile Safari/537.36 (compatible; GoogleOther)"
66.249.75.4 - - [19/Dec/2025:23:06:40 +0000] "GET /?i=00182509982618d HTTP/1.1" 500 0 "-" "Mozilla/5.0 (Linux; Android 6.0.1; Nexus 5X Build/MMB29P) AppleWebKit/537.36 (KHTML, like Gecko) Chrome/141.0.7390.122 Mobile Safari/537.36 (compatible; GoogleOther)"
185.191.171.3 - - [19/Dec/2025:23:06:42 +0000] "GET /rahasia-maxwin-dari-pemain-pro-di-dunia-slot-online/ HTTP/1.1" 500 0 "-" "Mozilla/5.0 (compatible; SemrushBot/7~bl; +http://www.semrush.com/bot.html)"
66.249.75.5 - - [19/Dec/2025:23:07:06 +0000] "GET /?i=1655102d60921 HTTP/1.1" 500 0 "-" "Mozilla/5.0 (Linux; Android 6.0.1; Nexus 5X Build/MMB29P) AppleWebKit/537.36 (KHTML, like Gecko) Chrome/141.0.7390.122 Mobile Safari/537.36 (compatible; GoogleOther)"
66.249.75.4 - - [19/Dec/2025:23:07:18 +0000] "GET /?i=1055599a6c7ed HTTP/1.1" 200 251569 "-" "Mozilla/5.0 (Linux; Android 6.0.1; Nexus 5X Build/MMB29P) AppleWebKit/537.36 (KHTML, like Gecko) Chrome/141.0.7390.122 Mobile Safari/537.36 (compatible; Googlebot/2.1; +http://www.google.com/bot.html)"
66.249.75.4 - - [19/Dec/2025:23:07:34 +0000] "GET /?i=07667253a4083a HTTP/1.1" 500 0 "-" "Mozilla/5.0 (Linux; Android 6.0.1; Nexus 5X Build/MMB29P) AppleWebKit/537.36 (KHTML, like Gecko) Chrome/141.0.7390.122 Mobile Safari/537.36 (compatible; GoogleOther)"
66.249.75.6 - - [19/Dec/2025:23:08:06 +0000] "GET /?i=0020909512c1055 HTTP/1.1" 500 0 "-" "Mozilla/5.0 (Linux; Android 6.0.1; Nexus 5X Build/MMB29P) AppleWebKit/537.36 (KHTML, like Gecko) Chrome/141.0.7390.122 Mobile Safari/537.36 (compatible; GoogleOther)"
66.249.75.5 - - [19/Dec/2025:23:08:28 +0000] "GET /?i=03619352dd8392 HTTP/1.1" 500 0 "-" "Mozilla/5.0 (Linux; Android 6.0.1; Nexus 5X Build/MMB29P) AppleWebKit/537.36 (KHTML, like Gecko) Chrome/141.0.7390.122 Mobile Safari/537.36 (compatible; GoogleOther)"
62.210.113.184 - - [19/Dec/2025:23:09:01 +0000] "POST /xmlrpc.php HTTP/1.1" 500 0 "-" "Mozilla/5.0 (Windows NT 10.0; Win64; x64) AppleWebKit/537.36 (KHTML, like Gecko) Chrome/65.0.3325.146 Safari/537.36"
66.249.75.6 - - [19/Dec/2025:23:09:04 +0000] "GET /?i=07112998cf5a6 HTTP/1.1" 500 0 "-" "Mozilla/5.0 (Linux; Android 6.0.1; Nexus 5X Build/MMB29P) AppleWebKit/537.36 (KHTML, like Gecko) Chrome/141.0.7390.122 Mobile Safari/537.36 (compatible; GoogleOther)"
66.249.75.4 - - [19/Dec/2025:23:09:18 +0000] "GET /?i=006688276b520d HTTP/1.1" 200 298259 "-" "Mozilla/5.0 (Linux; Android 6.0.1; Nexus 5X Build/MMB29P) AppleWebKit/537.36 (KHTML, like Gecko) Chrome/141.0.7390.122 Mobile Safari/537.36 (compatible; Googlebot/2.1; +http://www.google.com/bot.html)"
66.249.75.4 - - [19/Dec/2025:23:09:22 +0000] "GET /?i=0577278252ac2f HTTP/1.1" 500 0 "-" "Mozilla/5.0 (Linux; Android 6.0.1; Nexus 5X Build/MMB29P) AppleWebKit/537.36 (KHTML, like Gecko) Chrome/141.0.7390.122 Mobile Safari/537.36 (compatible; GoogleOther)"
66.249.75.5 - - [19/Dec/2025:23:10:03 +0000] "GET /?i=106667767f42cc HTTP/1.1" 500 0 "-" "Mozilla/5.0 (Linux; Android 6.0.1; Nexus 5X Build/MMB29P) AppleWebKit/537.36 (KHTML, like Gecko) Chrome/141.0.7390.122 Mobile Safari/537.36 (compatible; GoogleOther)"
66.249.75.5 - - [19/Dec/2025:23:10:16 +0000] "GET /?i=00109805889bbf3 HTTP/1.1" 500 0 "-" "Mozilla/5.0 (Linux; Android 6.0.1; Nexus 5X Build/MMB29P) AppleWebKit/537.36 (KHTML, like Gecko) Chrome/141.0.7390.122 Mobile Safari/537.36 (compatible; GoogleOther)"
66.249.75.4 - - [19/Dec/2025:23:10:18 +0000] "GET /?i=042121151d20842 HTTP/1.1" 200 239410 "-" "Mozilla/5.0 (Linux; Android 6.0.1; Nexus 5X Build/MMB29P) AppleWebKit/537.36 (KHTML, like Gecko) Chrome/141.0.7390.122 Mobile Safari/537.36 (compatible; Googlebot/2.1; +http://www.google.com/bot.html)"
66.249.75.5 - - [19/Dec/2025:23:11:02 +0000] "GET /?i=03212117147e13d HTTP/1.1" 500 0 "-" "Mozilla/5.0 (Linux; Android 6.0.1; Nexus 5X Build/MMB29P) AppleWebKit/537.36 (KHTML, like Gecko) Chrome/141.0.7390.122 Mobile Safari/537.36 (compatible; GoogleOther)"
66.249.75.4 - - [19/Dec/2025:23:11:11 +0000] "GET /?i=00514904827dd8 HTTP/1.1" 500 0 "-" "Mozilla/5.0 (Linux; Android 6.0.1; Nexus 5X Build/MMB29P) AppleWebKit/537.36 (KHTML, like Gecko) Chrome/141.0.7390.122 Mobile Safari/537.36 (compatible; GoogleOther)"
66.249.75.5 - - [19/Dec/2025:23:11:12 +0000] "GET /?i=06628748b0da13 HTTP/1.1" 500 0 "-" "Mozilla/5.0 (Linux; Android 6.0.1; Nexus 5X Build/MMB29P) AppleWebKit/537.36 (KHTML, like Gecko) Chrome/141.0.7390.122 Mobile Safari/537.36 (compatible; GoogleOther)"
66.249.75.5 - - [19/Dec/2025:23:11:14 +0000] "GET /?i=127697812c4ad8 HTTP/1.1" 500 0 "-" "Mozilla/5.0 (Linux; Android 6.0.1; Nexus 5X Build/MMB29P) AppleWebKit/537.36 (KHTML, like Gecko) Chrome/141.0.7390.122 Mobile Safari/537.36 (compatible; GoogleOther)"
66.249.75.4 - - [19/Dec/2025:23:11:50 +0000] "GET /?i=02665503b00d97 HTTP/1.1" 500 0 "-" "Mozilla/5.0 (Linux; Android 6.0.1; Nexus 5X Build/MMB29P) AppleWebKit/537.36 (KHTML, like Gecko) Chrome/141.0.7390.122 Mobile Safari/537.36 (compatible; GoogleOther)"
66.249.75.4 - - [19/Dec/2025:23:11:58 +0000] "GET /?i=026668937cabca HTTP/1.1" 500 0 "-" "Mozilla/5.0 (Linux; Android 6.0.1; Nexus 5X Build/MMB29P) AppleWebKit/537.36 (KHTML, like Gecko) Chrome/141.0.7390.122 Mobile Safari/537.36 (compatible; GoogleOther)"
66.249.75.6 - - [19/Dec/2025:23:12:24 +0000] "GET /?i=02665521358618 HTTP/1.1" 500 0 "-" "Mozilla/5.0 (Linux; Android 6.0.1; Nexus 5X Build/MMB29P) AppleWebKit/537.36 (KHTML, like Gecko) Chrome/141.0.7390.122 Mobile Safari/537.36 (compatible; GoogleOther)"
66.249.75.4 - - [19/Dec/2025:23:12:38 +0000] "GET /?i=08212031148ebc7 HTTP/1.1" 500 0 "-" "Mozilla/5.0 (Linux; Android 6.0.1; Nexus 5X Build/MMB29P) AppleWebKit/537.36 (KHTML, like Gecko) Chrome/141.0.7390.122 Mobile Safari/537.36 (compatible; GoogleOther)"
66.249.75.4 - - [19/Dec/2025:23:12:49 +0000] "GET /?i=0016393794ad7d9 HTTP/1.1" 500 0 "-" "Mozilla/5.0 (Linux; Android 6.0.1; Nexus 5X Build/MMB29P) AppleWebKit/537.36 (KHTML, like Gecko) Chrome/141.0.7390.122 Mobile Safari/537.36 (compatible; GoogleOther)"
66.249.75.5 - - [19/Dec/2025:23:13:26 +0000] "GET /?i=121677532527be6 HTTP/1.1" 500 0 "-" "Mozilla/5.0 (Linux; Android 6.0.1; Nexus 5X Build/MMB29P) AppleWebKit/537.36 (KHTML, like Gecko) Chrome/141.0.7390.122 Mobile Safari/537.36 (compatible; GoogleOther)"
66.249.75.4 - - [19/Dec/2025:23:13:37 +0000] "GET /?i=152120691793561 HTTP/1.1" 500 0 "-" "Mozilla/5.0 (Linux; Android 6.0.1; Nexus 5X Build/MMB29P) AppleWebKit/537.36 (KHTML, like Gecko) Chrome/141.0.7390.122 Mobile Safari/537.36 (compatible; GoogleOther)"
66.249.75.4 - - [19/Dec/2025:23:13:40 +0000] "GET /?i=0562884075389c HTTP/1.1" 500 0 "-" "Mozilla/5.0 (Linux; Android 6.0.1; Nexus 5X Build/MMB29P) AppleWebKit/537.36 (KHTML, like Gecko) Chrome/141.0.7390.122 Mobile Safari/537.36 (compatible; GoogleOther)"
66.249.75.4 - - [19/Dec/2025:23:14:14 +0000] "GET /?i=051222332904e86 HTTP/1.1" 500 0 "-" "Mozilla/5.0 (Linux; Android 6.0.1; Nexus 5X Build/MMB29P) AppleWebKit/537.36 (KHTML, like Gecko) Chrome/141.0.7390.122 Mobile Safari/537.36 (compatible; GoogleOther)"
66.249.75.4 - - [19/Dec/2025:23:14:19 +0000] "GET /?i=12591097ea0a10 HTTP/1.1" 200 247012 "-" "Mozilla/5.0 (Linux; Android 6.0.1; Nexus 5X Build/MMB29P) AppleWebKit/537.36 (KHTML, like Gecko) Chrome/141.0.7390.122 Mobile Safari/537.36 (compatible; Googlebot/2.1; +http://www.google.com/bot.html)"
66.249.75.4 - - [19/Dec/2025:23:14:31 +0000] "GET /?i=064355b5b077 HTTP/1.1" 500 0 "-" "Mozilla/5.0 (Linux; Android 6.0.1; Nexus 5X Build/MMB29P) AppleWebKit/537.36 (KHTML, like Gecko) Chrome/141.0.7390.122 Mobile Safari/537.36 (compatible; GoogleOther)"
66.249.75.4 - - [19/Dec/2025:23:14:51 +0000] "GET /?i=10769187dc9649 HTTP/1.1" 500 0 "-" "Mozilla/5.0 (Linux; Android 6.0.1; Nexus 5X Build/MMB29P) AppleWebKit/537.36 (KHTML, like Gecko) Chrome/141.0.7390.122 Mobile Safari/537.36 (compatible; GoogleOther)"
66.249.75.4 - - [19/Dec/2025:23:15:04 +0000] "GET /?i=15664923877873 HTTP/1.1" 500 0 "-" "Mozilla/5.0 (Linux; Android 6.0.1; Nexus 5X Build/MMB29P) AppleWebKit/537.36 (KHTML, like Gecko) Chrome/141.0.7390.122 Mobile Safari/537.36 (compatible; GoogleOther)"
66.249.75.4 - - [19/Dec/2025:23:15:22 +0000] "GET /?i=0918501670b2228 HTTP/1.1" 500 0 "-" "Mozilla/5.0 (Linux; Android 6.0.1; Nexus 5X Build/MMB29P) AppleWebKit/537.36 (KHTML, like Gecko) Chrome/141.0.7390.122 Mobile Safari/537.36 (compatible; GoogleOther)"
66.249.75.4 - - [19/Dec/2025:23:15:50 +0000] "GET /?i=007702904bd408 HTTP/1.1" 500 0 "-" "Mozilla/5.0 (Linux; Android 6.0.1; Nexus 5X Build/MMB29P) AppleWebKit/537.36 (KHTML, like Gecko) Chrome/141.0.7390.122 Mobile Safari/537.36 (compatible; GoogleOther)"
66.249.75.5 - - [19/Dec/2025:23:16:04 +0000] "GET /?i=122120241632584 HTTP/1.1" 500 0 "-" "Mozilla/5.0 (Linux; Android 6.0.1; Nexus 5X Build/MMB29P) AppleWebKit/537.36 (KHTML, like Gecko) Chrome/141.0.7390.122 Mobile Safari/537.36 (compatible; GoogleOther)"
66.249.75.4 - - [19/Dec/2025:23:16:13 +0000] "GET /?i=00895503804dd0 HTTP/1.1" 500 0 "-" "Mozilla/5.0 (Linux; Android 6.0.1; Nexus 5X Build/MMB29P) AppleWebKit/537.36 (KHTML, like Gecko) Chrome/141.0.7390.122 Mobile Safari/537.36 (compatible; GoogleOther)"
66.249.75.4 - - [19/Dec/2025:23:16:25 +0000] "GET /?i=0016982468cd7f3 HTTP/1.1" 500 0 "-" "Mozilla/5.0 (Linux; Android 6.0.1; Nexus 5X Build/MMB29P) AppleWebKit/537.36 (KHTML, like Gecko) Chrome/141.0.7390.122 Mobile Safari/537.36 (compatible; GoogleOther)"
66.249.75.4 - - [19/Dec/2025:23:16:38 +0000] "GET /?i=121468878706d9b HTTP/1.1" 500 0 "-" "Mozilla/5.0 (Linux; Android 6.0.1; Nexus 5X Build/MMB29P) AppleWebKit/537.36 (KHTML, like Gecko) Chrome/141.0.7390.122 Mobile Safari/537.36 (compatible; GoogleOther)"
66.249.75.4 - - [19/Dec/2025:23:17:04 +0000] "GET /?i=101471048e2896e HTTP/1.1" 500 0 "-" "Mozilla/5.0 (Linux; Android 6.0.1; Nexus 5X Build/MMB29P) AppleWebKit/537.36 (KHTML, like Gecko) Chrome/141.0.7390.122 Mobile Safari/537.36 (compatible; GoogleOther)"
66.249.75.5 - - [19/Dec/2025:23:17:16 +0000] "GET /?i=182119601fd0abb HTTP/1.1" 500 0 "-" "Mozilla/5.0 (Linux; Android 6.0.1; Nexus 5X Build/MMB29P) AppleWebKit/537.36 (KHTML, like Gecko) Chrome/141.0.7390.122 Mobile Safari/537.36 (compatible; GoogleOther)"
66.249.75.4 - - [19/Dec/2025:23:17:26 +0000] "GET /?i=066657434ee7f3 HTTP/1.1" 500 0 "-" "Mozilla/5.0 (Linux; Android 6.0.1; Nexus 5X Build/MMB29P) AppleWebKit/537.36 (KHTML, like Gecko) Chrome/141.0.7390.122 Mobile Safari/537.36 (compatible; GoogleOther)"
66.240.223.230 - - [19/Dec/2025:23:17:55 +0000] "POST /xmlrpc.php HTTP/1.1" 500 0 "-" "Mozilla/5.0 (Windows NT 10.0; WOW64; Trident/7.0; NMTE; rv:11.0) like Gecko"
66.249.75.4 - - [19/Dec/2025:23:17:55 +0000] "GET /?i=031494871810a9f HTTP/1.1" 500 0 "-" "Mozilla/5.0 (Linux; Android 6.0.1; Nexus 5X Build/MMB29P) AppleWebKit/537.36 (KHTML, like Gecko) Chrome/141.0.7390.122 Mobile Safari/537.36 (compatible; GoogleOther)"
66.240.223.230 - - [19/Dec/2025:23:17:58 +0000] "POST /xmlrpc.php HTTP/1.1" 500 0 "-" "Mozilla/5.0 (Windows NT 10.0; WOW64; Trident/7.0; NMTE; rv:11.0) like Gecko"
66.240.223.230 - - [19/Dec/2025:23:18:00 +0000] "POST /xmlrpc.php HTTP/1.1" 500 0 "-" "Mozilla/5.0 (Windows NT 10.0; WOW64; Trident/7.0; NMTE; rv:11.0) like Gecko"
66.249.75.6 - - [19/Dec/2025:23:18:15 +0000] "GET /?i=051222422dfe8ed HTTP/1.1" 500 0 "-" "Mozilla/5.0 (Linux; Android 6.0.1; Nexus 5X Build/MMB29P) AppleWebKit/537.36 (KHTML, like Gecko) Chrome/141.0.7390.122 Mobile Safari/537.36 (compatible; GoogleOther)"
66.249.75.5 - - [19/Dec/2025:23:18:23 +0000] "GET /?i=082119921a30faa HTTP/1.1" 200 245475 "-" "Mozilla/5.0 (Linux; Android 6.0.1; Nexus 5X Build/MMB29P) AppleWebKit/537.36 (KHTML, like Gecko) Chrome/141.0.7390.122 Mobile Safari/537.36 (compatible; Googlebot/2.1; +http://www.google.com/bot.html)"
66.249.75.5 - - [19/Dec/2025:23:18:23 +0000] "GET /?i=015874048e9ab4 HTTP/1.1" 200 257329 "-" "Mozilla/5.0 (Linux; Android 6.0.1; Nexus 5X Build/MMB29P) AppleWebKit/537.36 (KHTML, like Gecko) Chrome/141.0.7390.122 Mobile Safari/537.36 (compatible; Googlebot/2.1; +http://www.google.com/bot.html)"
66.249.75.5 - - [19/Dec/2025:23:18:24 +0000] "GET /?i=001586418e1a0a8 HTTP/1.1" 200 241530 "-" "Mozilla/5.0 (Linux; Android 6.0.1; Nexus 5X Build/MMB29P) AppleWebKit/537.36 (KHTML, like Gecko) Chrome/141.0.7390.122 Mobile Safari/537.36 (compatible; Googlebot/2.1; +http://www.google.com/bot.html)"
185.191.171.2 - - [19/Dec/2025:23:18:26 +0000] "GET /tag/boom-of-prosperity/ HTTP/1.1" 500 0 "-" "Mozilla/5.0 (compatible; SemrushBot/7~bl; +http://www.semrush.com/bot.html)"
66.249.75.4 - - [19/Dec/2025:23:18:29 +0000] "GET /?i=00666768d8d3ee HTTP/1.1" 500 0 "-" "Mozilla/5.0 (Linux; Android 6.0.1; Nexus 5X Build/MMB29P) AppleWebKit/537.36 (KHTML, like Gecko) Chrome/141.0.7390.122 Mobile Safari/537.36 (compatible; GoogleOther)"
66.249.75.4 - - [19/Dec/2025:23:18:30 +0000] "GET /?i=122119781ee0437 HTTP/1.1" 500 0 "-" "Mozilla/5.0 (Linux; Android 6.0.1; Nexus 5X Build/MMB29P) AppleWebKit/537.36 (KHTML, like Gecko) Chrome/141.0.7390.122 Mobile Safari/537.36 (compatible; GoogleOther)"
66.249.75.4 - - [19/Dec/2025:23:18:46 +0000] "GET /?i=001659362cfdb03 HTTP/1.1" 500 0 "-" "Mozilla/5.0 (Linux; Android 6.0.1; Nexus 5X Build/MMB29P) AppleWebKit/537.36 (KHTML, like Gecko) Chrome/141.0.7390.122 Mobile Safari/537.36 (compatible; GoogleOther)"
66.249.75.4 - - [19/Dec/2025:23:19:03 +0000] "GET /?i=0061274fe3489 HTTP/1.1" 500 0 "-" "Mozilla/5.0 (Linux; Android 6.0.1; Nexus 5X Build/MMB29P) AppleWebKit/537.36 (KHTML, like Gecko) Chrome/141.0.7390.122 Mobile Safari/537.36 (compatible; GoogleOther)"
66.249.75.5 - - [19/Dec/2025:23:19:38 +0000] "GET /?i=051498583c6733a HTTP/1.1" 500 0 "-" "Mozilla/5.0 (Linux; Android 6.0.1; Nexus 5X Build/MMB29P) AppleWebKit/537.36 (KHTML, like Gecko) Chrome/141.0.7390.122 Mobile Safari/537.36 (compatible; GoogleOther)"
66.249.75.4 - - [19/Dec/2025:23:19:51 +0000] "GET /?i=007352171fae12 HTTP/1.1" 500 0 "-" "Mozilla/5.0 (Linux; Android 6.0.1; Nexus 5X Build/MMB29P) AppleWebKit/537.36 (KHTML, like Gecko) Chrome/141.0.7390.122 Mobile Safari/537.36 (compatible; GoogleOther)"
66.249.75.6 - - [19/Dec/2025:23:20:26 +0000] "GET /?i=002120841f360d3 HTTP/1.1" 200 248309 "-" "Mozilla/5.0 (Linux; Android 6.0.1; Nexus 5X Build/MMB29P) AppleWebKit/537.36 (KHTML, like Gecko) Chrome/141.0.7390.122 Mobile Safari/537.36 (compatible; Googlebot/2.1; +http://www.google.com/bot.html)"
66.249.75.4 - - [19/Dec/2025:23:20:28 +0000] "GET /?i=04619599093b8b HTTP/1.1" 500 0 "-" "Mozilla/5.0 (Linux; Android 6.0.1; Nexus 5X Build/MMB29P) AppleWebKit/537.36 (KHTML, like Gecko) Chrome/141.0.7390.122 Mobile Safari/537.36 (compatible; GoogleOther)"
66.249.75.5 - - [19/Dec/2025:23:20:39 +0000] "GET /?i=04167904821031e HTTP/1.1" 500 0 "-" "Mozilla/5.0 (Linux; Android 6.0.1; Nexus 5X Build/MMB29P) AppleWebKit/537.36 (KHTML, like Gecko) Chrome/141.0.7390.122 Mobile Safari/537.36 (compatible; GoogleOther)"
66.249.75.4 - - [19/Dec/2025:23:20:54 +0000] "GET /?i=082121481b518f1 HTTP/1.1" 500 0 "-" "Mozilla/5.0 (Linux; Android 6.0.1; Nexus 5X Build/MMB29P) AppleWebKit/537.36 (KHTML, like Gecko) Chrome/141.0.7390.122 Mobile Safari/537.36 (compatible; GoogleOther)"
66.249.75.4 - - [19/Dec/2025:23:21:19 +0000] "GET /?i=0867616363ae70 HTTP/1.1" 500 0 "-" "Mozilla/5.0 (Linux; Android 6.0.1; Nexus 5X Build/MMB29P) AppleWebKit/537.36 (KHTML, like Gecko) Chrome/141.0.7390.122 Mobile Safari/537.36 (compatible; GoogleOther)"
66.249.75.4 - - [19/Dec/2025:23:21:27 +0000] "GET /?i=07830245ee2ef HTTP/1.1" 500 0 "-" "Mozilla/5.0 (Linux; Android 6.0.1; Nexus 5X Build/MMB29P) AppleWebKit/537.36 (KHTML, like Gecko) Chrome/141.0.7390.122 Mobile Safari/537.36 (compatible; GoogleOther)"
66.249.75.5 - - [19/Dec/2025:23:21:29 +0000] "GET /?i=021630413704820 HTTP/1.1" 200 235594 "-" "Mozilla/5.0 (Linux; Android 6.0.1; Nexus 5X Build/MMB29P) AppleWebKit/537.36 (KHTML, like Gecko) Chrome/141.0.7390.122 Mobile Safari/537.36 (compatible; Googlebot/2.1; +http://www.google.com/bot.html)"
66.249.75.5 - - [19/Dec/2025:23:21:29 +0000] "GET /?i=08586897306dfa HTTP/1.1" 200 232982 "-" "Mozilla/5.0 (Linux; Android 6.0.1; Nexus 5X Build/MMB29P) AppleWebKit/537.36 (KHTML, like Gecko) Chrome/141.0.7390.122 Mobile Safari/537.36 (compatible; Googlebot/2.1; +http://www.google.com/bot.html)"
66.249.75.4 - - [19/Dec/2025:23:22:11 +0000] "GET /?i=101468818ec8f50 HTTP/1.1" 500 0 "-" "Mozilla/5.0 (Linux; Android 6.0.1; Nexus 5X Build/MMB29P) AppleWebKit/537.36 (KHTML, like Gecko) Chrome/141.0.7390.122 Mobile Safari/537.36 (compatible; GoogleOther)"
66.249.75.5 - - [19/Dec/2025:23:22:15 +0000] "GET /?i=18770203252f47 HTTP/1.1" 500 0 "-" "Mozilla/5.0 (Linux; Android 6.0.1; Nexus 5X Build/MMB29P) AppleWebKit/537.36 (KHTML, like Gecko) Chrome/141.0.7390.122 Mobile Safari/537.36 (compatible; GoogleOther)"
66.249.75.4 - - [19/Dec/2025:23:23:02 +0000] "GET /?i=0721749526efa36 HTTP/1.1" 500 0 "-" "Mozilla/5.0 (Linux; Android 6.0.1; Nexus 5X Build/MMB29P) AppleWebKit/537.36 (KHTML, like Gecko) Chrome/141.0.7390.122 Mobile Safari/537.36 (compatible; GoogleOther)"
66.249.75.4 - - [19/Dec/2025:23:23:03 +0000] "GET /?i=0421202119fc0be HTTP/1.1" 500 0 "-" "Mozilla/5.0 (Linux; Android 6.0.1; Nexus 5X Build/MMB29P) AppleWebKit/537.36 (KHTML, like Gecko) Chrome/141.0.7390.122 Mobile Safari/537.36 (compatible; GoogleOther)"
66.249.75.5 - - [19/Dec/2025:23:23:20 +0000] "GET /?i=162119601fd0abb HTTP/1.1" 500 0 "-" "Mozilla/5.0 (Linux; Android 6.0.1; Nexus 5X Build/MMB29P) AppleWebKit/537.36 (KHTML, like Gecko) Chrome/141.0.7390.122 Mobile Safari/537.36 (compatible; GoogleOther)"
66.249.75.4 - - [19/Dec/2025:23:23:52 +0000] "GET /?i=066696172ee682 HTTP/1.1" 500 0 "-" "Mozilla/5.0 (Linux; Android 6.0.1; Nexus 5X Build/MMB29P) AppleWebKit/537.36 (KHTML, like Gecko) Chrome/141.0.7390.122 Mobile Safari/537.36 (compatible; GoogleOther)"
66.249.75.4 - - [19/Dec/2025:23:23:53 +0000] "GET /?i=0020768386c23f8 HTTP/1.1" 500 0 "-" "Mozilla/5.0 (Linux; Android 6.0.1; Nexus 5X Build/MMB29P) AppleWebKit/537.36 (KHTML, like Gecko) Chrome/141.0.7390.122 Mobile Safari/537.36 (compatible; GoogleOther)"
66.249.75.5 - - [19/Dec/2025:23:24:04 +0000] "GET /?i=0421214418d4fa4 HTTP/1.1" 200 235409 "-" "Mozilla/5.0 (Linux; Android 6.0.1; Nexus 5X Build/MMB29P) AppleWebKit/537.36 (KHTML, like Gecko) Chrome/141.0.7390.122 Mobile Safari/537.36 (compatible; Googlebot/2.1; +http://www.google.com/bot.html)"
66.249.75.5 - - [19/Dec/2025:23:24:40 +0000] "GET /?i=001422322548724 HTTP/1.1" 500 0 "-" "Mozilla/5.0 (Linux; Android 6.0.1; Nexus 5X Build/MMB29P) AppleWebKit/537.36 (KHTML, like Gecko) Chrome/141.0.7390.122 Mobile Safari/537.36 (compatible; GoogleOther)"
66.249.75.4 - - [19/Dec/2025:23:24:45 +0000] "GET /?i=0314990295905fa HTTP/1.1" 500 0 "-" "Mozilla/5.0 (Linux; Android 6.0.1; Nexus 5X Build/MMB29P) AppleWebKit/537.36 (KHTML, like Gecko) Chrome/141.0.7390.122 Mobile Safari/537.36 (compatible; GoogleOther)"
66.249.75.6 - - [19/Dec/2025:23:25:28 +0000] "GET /?i=086668758b0327 HTTP/1.1" 500 0 "-" "Mozilla/5.0 (Linux; Android 6.0.1; Nexus 5X Build/MMB29P) AppleWebKit/537.36 (KHTML, like Gecko) Chrome/141.0.7390.122 Mobile Safari/537.36 (compatible; GoogleOther)"
66.249.75.7 - - [19/Dec/2025:23:25:34 +0000] "GET /?i=04217578893f527 HTTP/1.1" 500 0 "-" "Mozilla/5.0 (Linux; Android 6.0.1; Nexus 5X Build/MMB29P) AppleWebKit/537.36 (KHTML, like Gecko) Chrome/141.0.7390.122 Mobile Safari/537.36 (compatible; GoogleOther)"
66.249.75.6 - - [19/Dec/2025:23:25:41 +0000] "GET /?i=072119601fd0abb HTTP/1.1" 200 278349 "-" "Mozilla/5.0 (Linux; Android 6.0.1; Nexus 5X Build/MMB29P) AppleWebKit/537.36 (KHTML, like Gecko) Chrome/141.0.7390.122 Mobile Safari/537.36 (compatible; Googlebot/2.1; +http://www.google.com/bot.html)"
66.249.75.7 - - [19/Dec/2025:23:26:11 +0000] "GET /?i=02796352e0487b HTTP/1.1" 500 0 "-" "Mozilla/5.0 (Linux; Android 6.0.1; Nexus 5X Build/MMB29P) AppleWebKit/537.36 (KHTML, like Gecko) Chrome/141.0.7390.122 Mobile Safari/537.36 (compatible; GoogleOther)"
66.249.75.6 - - [19/Dec/2025:23:26:16 +0000] "GET /?i=051629073bd482d HTTP/1.1" 500 0 "-" "Mozilla/5.0 (Linux; Android 6.0.1; Nexus 5X Build/MMB29P) AppleWebKit/537.36 (KHTML, like Gecko) Chrome/141.0.7390.122 Mobile Safari/537.36 (compatible; GoogleOther)"
66.249.75.6 - - [19/Dec/2025:23:26:25 +0000] "GET /?i=07667027952cc6 HTTP/1.1" 500 0 "-" "Mozilla/5.0 (Linux; Android 6.0.1; Nexus 5X Build/MMB29P) AppleWebKit/537.36 (KHTML, like Gecko) Chrome/141.0.7390.122 Mobile Safari/537.36 (compatible; GoogleOther)"
213.32.29.234 - - [19/Dec/2025:23:26:35 +0000] "POST /xmlrpc.php HTTP/1.1" 500 0 "-" "Mozilla/5.0 (Windows NT 6.3) AppleWebKit/537.36 (KHTML, like Gecko) Chrome/66.0.3359.139 Safari/537.36"
66.249.75.7 - - [19/Dec/2025:23:27:04 +0000] "GET /?i=016748037cd802 HTTP/1.1" 500 0 "-" "Mozilla/5.0 (Linux; Android 6.0.1; Nexus 5X Build/MMB29P) AppleWebKit/537.36 (KHTML, like Gecko) Chrome/141.0.7390.122 Mobile Safari/537.36 (compatible; GoogleOther)"
66.249.75.6 - - [19/Dec/2025:23:27:15 +0000] "GET /?i=02196957424654d HTTP/1.1" 200 249658 "-" "Mozilla/5.0 (Linux; Android 6.0.1; Nexus 5X Build/MMB29P) AppleWebKit/537.36 (KHTML, like Gecko) Chrome/141.0.7390.122 Mobile Safari/537.36 (compatible; Googlebot/2.1; +http://www.google.com/bot.html)"
66.249.75.6 - - [19/Dec/2025:23:27:16 +0000] "GET /?i=00163429726cfbb HTTP/1.1" 500 0 "-" "Mozilla/5.0 (Linux; Android 6.0.1; Nexus 5X Build/MMB29P) AppleWebKit/537.36 (KHTML, like Gecko) Chrome/141.0.7390.122 Mobile Safari/537.36 (compatible; GoogleOther)"
66.249.75.6 - - [19/Dec/2025:23:27:19 +0000] "GET /?i=102120081c35f14 HTTP/1.1" 200 247884 "-" "Mozilla/5.0 (Linux; Android 6.0.1; Nexus 5X Build/MMB29P) AppleWebKit/537.36 (KHTML, like Gecko) Chrome/141.0.7390.122 Mobile Safari/537.36 (compatible; Googlebot/2.1; +http://www.google.com/bot.html)"
66.249.75.6 - - [19/Dec/2025:23:27:52 +0000] "GET /?i=04163034656a4b9 HTTP/1.1" 500 0 "-" "Mozilla/5.0 (Linux; Android 6.0.1; Nexus 5X Build/MMB29P) AppleWebKit/537.36 (KHTML, like Gecko) Chrome/141.0.7390.122 Mobile Safari/537.36 (compatible; GoogleOther)"
66.249.75.8 - - [19/Dec/2025:23:28:07 +0000] "GET /?i=001997141019c14 HTTP/1.1" 500 0 "-" "Mozilla/5.0 (Linux; Android 6.0.1; Nexus 5X Build/MMB29P) AppleWebKit/537.36 (KHTML, like Gecko) Chrome/141.0.7390.122 Mobile Safari/537.36 (compatible; GoogleOther)"
66.249.75.7 - - [19/Dec/2025:23:28:17 +0000] "GET /?i=0015435960699ae HTTP/1.1" 200 250650 "-" "Mozilla/5.0 (Linux; Android 6.0.1; Nexus 5X Build/MMB29P) AppleWebKit/537.36 (KHTML, like Gecko) Chrome/141.0.7390.122 Mobile Safari/537.36 (compatible; Googlebot/2.1; +http://www.google.com/bot.html)"
66.249.75.6 - - [19/Dec/2025:23:28:40 +0000] "GET /?i=042119601fd0abb HTTP/1.1" 500 0 "-" "Mozilla/5.0 (Linux; Android 6.0.1; Nexus 5X Build/MMB29P) AppleWebKit/537.36 (KHTML, like Gecko) Chrome/141.0.7390.122 Mobile Safari/537.36 (compatible; GoogleOther)"
66.249.75.6 - - [19/Dec/2025:23:28:58 +0000] "GET /?i=114309641cef61 HTTP/1.1" 500 0 "-" "Mozilla/5.0 (Linux; Android 6.0.1; Nexus 5X Build/MMB29P) AppleWebKit/537.36 (KHTML, like Gecko) Chrome/141.0.7390.122 Mobile Safari/537.36 (compatible; GoogleOther)"
66.249.75.6 - - [19/Dec/2025:23:29:28 +0000] "GET /?i=03286338b18367 HTTP/1.1" 500 0 "-" "Mozilla/5.0 (Linux; Android 6.0.1; Nexus 5X Build/MMB29P) AppleWebKit/537.36 (KHTML, like Gecko) Chrome/141.0.7390.122 Mobile Safari/537.36 (compatible; GoogleOther)"
66.249.75.7 - - [19/Dec/2025:23:29:46 +0000] "GET /?i=002121531edfe8d HTTP/1.1" 200 242016 "-" "Mozilla/5.0 (Linux; Android 6.0.1; Nexus 5X Build/MMB29P) AppleWebKit/537.36 (KHTML, like Gecko) Chrome/141.0.7390.122 Mobile Safari/537.36 (compatible; Googlebot/2.1; +http://www.google.com/bot.html)"
66.249.75.6 - - [19/Dec/2025:23:29:50 +0000] "GET /?i=101608170ba0960 HTTP/1.1" 500 0 "-" "Mozilla/5.0 (Linux; Android 6.0.1; Nexus 5X Build/MMB29P) AppleWebKit/537.36 (KHTML, like Gecko) Chrome/141.0.7390.122 Mobile Safari/537.36 (compatible; GoogleOther)"
66.249.75.8 - - [19/Dec/2025:23:30:16 +0000] "GET /?i=021630270882f0d HTTP/1.1" 500 0 "-" "Mozilla/5.0 (Linux; Android 6.0.1; Nexus 5X Build/MMB29P) AppleWebKit/537.36 (KHTML, like Gecko) Chrome/141.0.7390.122 Mobile Safari/537.36 (compatible; GoogleOther)"
66.249.75.7 - - [19/Dec/2025:23:30:40 +0000] "GET /?i=034234154ce0c4 HTTP/1.1" 500 0 "-" "Mozilla/5.0 (Linux; Android 6.0.1; Nexus 5X Build/MMB29P) AppleWebKit/537.36 (KHTML, like Gecko) Chrome/141.0.7390.122 Mobile Safari/537.36 (compatible; GoogleOther)"
85.208.96.195 - - [19/Dec/2025:23:30:47 +0000] "GET /tag/tomb-of-madness/ HTTP/1.1" 500 0 "-" "Mozilla/5.0 (compatible; SemrushBot/7~bl; +http://www.semrush.com/bot.html)"
66.249.75.7 - - [19/Dec/2025:23:31:04 +0000] "GET /?i=00212089146e655 HTTP/1.1" 500 0 "-" "Mozilla/5.0 (Linux; Android 6.0.1; Nexus 5X Build/MMB29P) AppleWebKit/537.36 (KHTML, like Gecko) Chrome/141.0.7390.122 Mobile Safari/537.36 (compatible; GoogleOther)"
66.249.75.7 - - [19/Dec/2025:23:31:31 +0000] "GET /?i=06151750e2b36a HTTP/1.1" 500 0 "-" "Mozilla/5.0 (Linux; Android 6.0.1; Nexus 5X Build/MMB29P) AppleWebKit/537.36 (KHTML, like Gecko) Chrome/141.0.7390.122 Mobile Safari/537.36 (compatible; GoogleOther)"
66.249.75.6 - - [19/Dec/2025:23:31:53 +0000] "GET /?i=01592481f99860 HTTP/1.1" 500 0 "-" "Mozilla/5.0 (Linux; Android 6.0.1; Nexus 5X Build/MMB29P) AppleWebKit/537.36 (KHTML, like Gecko) Chrome/141.0.7390.122 Mobile Safari/537.36 (compatible; GoogleOther)"
66.249.75.8 - - [19/Dec/2025:23:32:22 +0000] "GET /?i=00581105f52845 HTTP/1.1" 500 0 "-" "Mozilla/5.0 (Linux; Android 6.0.1; Nexus 5X Build/MMB29P) AppleWebKit/537.36 (KHTML, like Gecko) Chrome/141.0.7390.122 Mobile Safari/537.36 (compatible; GoogleOther)"
66.249.75.7 - - [19/Dec/2025:23:32:41 +0000] "GET /?i=182119601fd0abb HTTP/1.1" 500 0 "-" "Mozilla/5.0 (Linux; Android 6.0.1; Nexus 5X Build/MMB29P) AppleWebKit/537.36 (KHTML, like Gecko) Chrome/141.0.7390.122 Mobile Safari/537.36 (compatible; GoogleOther)"
66.249.75.8 - - [19/Dec/2025:23:33:02 +0000] "GET /?i=082121481b518f1 HTTP/1.1" 200 240130 "-" "Mozilla/5.0 (Linux; Android 6.0.1; Nexus 5X Build/MMB29P) AppleWebKit/537.36 (KHTML, like Gecko) Chrome/141.0.7390.122 Mobile Safari/537.36 (compatible; Googlebot/2.1; +http://www.google.com/bot.html)"
66.249.75.7 - - [19/Dec/2025:23:33:13 +0000] "GET /?i=031495627533fee HTTP/1.1" 500 0 "-" "Mozilla/5.0 (Linux; Android 6.0.1; Nexus 5X Build/MMB29P) AppleWebKit/537.36 (KHTML, like Gecko) Chrome/141.0.7390.122 Mobile Safari/537.36 (compatible; GoogleOther)"
66.249.75.6 - - [19/Dec/2025:23:33:29 +0000] "GET /?i=02402503d362c8 HTTP/1.1" 500 0 "-" "Mozilla/5.0 (Linux; Android 6.0.1; Nexus 5X Build/MMB29P) AppleWebKit/537.36 (KHTML, like Gecko) Chrome/141.0.7390.122 Mobile Safari/537.36 (compatible; GoogleOther)"
66.249.75.6 - - [19/Dec/2025:23:33:46 +0000] "GET /?i=025892401888d1 HTTP/1.1" 200 256026 "-" "Mozilla/5.0 (Linux; Android 6.0.1; Nexus 5X Build/MMB29P) AppleWebKit/537.36 (KHTML, like Gecko) Chrome/141.0.7390.122 Mobile Safari/537.36 (compatible; Googlebot/2.1; +http://www.google.com/bot.html)"
66.249.75.7 - - [19/Dec/2025:23:34:04 +0000] "GET /?i=0016771777dd20e HTTP/1.1" 500 0 "-" "Mozilla/5.0 (Linux; Android 6.0.1; Nexus 5X Build/MMB29P) AppleWebKit/537.36 (KHTML, like Gecko) Chrome/141.0.7390.122 Mobile Safari/537.36 (compatible; GoogleOther)"
66.249.75.6 - - [19/Dec/2025:23:34:17 +0000] "GET /?i=036726377c90f9 HTTP/1.1" 500 0 "-" "Mozilla/5.0 (Linux; Android 6.0.1; Nexus 5X Build/MMB29P) AppleWebKit/537.36 (KHTML, like Gecko) Chrome/141.0.7390.122 Mobile Safari/537.36 (compatible; GoogleOther)"
66.249.75.6 - - [19/Dec/2025:23:34:56 +0000] "GET /?i=004116787b2a94 HTTP/1.1" 500 0 "-" "Mozilla/5.0 (Linux; Android 6.0.1; Nexus 5X Build/MMB29P) AppleWebKit/537.36 (KHTML, like Gecko) Chrome/141.0.7390.122 Mobile Safari/537.36 (compatible; GoogleOther)"
185.191.171.12 - - [19/Dec/2025:23:35:00 +0000] "GET /simbol-buah-klasik-tapi-menguntungkan-di-dunia-slot-online/ HTTP/1.1" 500 0 "-" "Mozilla/5.0 (compatible; SemrushBot/7~bl; +http://www.semrush.com/bot.html)"
66.249.75.8 - - [19/Dec/2025:23:35:05 +0000] "GET /?i=12212028128522f HTTP/1.1" 500 0 "-" "Mozilla/5.0 (Linux; Android 6.0.1; Nexus 5X Build/MMB29P) AppleWebKit/537.36 (KHTML, like Gecko) Chrome/141.0.7390.122 Mobile Safari/537.36 (compatible; GoogleOther)"
66.249.75.4 - - [19/Dec/2025:23:35:47 +0000] "GET /?i=04622886ef7b04 HTTP/1.1" 500 0 "-" "Mozilla/5.0 (Linux; Android 6.0.1; Nexus 5X Build/MMB29P) AppleWebKit/537.36 (KHTML, like Gecko) Chrome/141.0.7390.122 Mobile Safari/537.36 (compatible; GoogleOther)"
66.249.75.4 - - [19/Dec/2025:23:35:53 +0000] "GET /?i=032119491348744 HTTP/1.1" 500 0 "-" "Mozilla/5.0 (Linux; Android 6.0.1; Nexus 5X Build/MMB29P) AppleWebKit/537.36 (KHTML, like Gecko) Chrome/141.0.7390.122 Mobile Safari/537.36 (compatible; GoogleOther)"
164.90.154.188 - - [19/Dec/2025:23:36:08 +0000] "POST /xmlrpc.php HTTP/1.1" 500 0 "-" "Mozilla/5.0 (Windows NT 10.0; Win64; x64) AppleWebKit/537.36 (KHTML, like Gecko) Chrome/66.0.3359.181 Safari/537.36"
