2a03:2880:f800:45:: - - [19/Dec/2025:00:33:11 +0000] "GET /page/3/?products=1482262968 HTTP/1.1" 404 355 "-" "meta-externalagent/1.1 (+https://developers.facebook.com/docs/sharing/webmasters/crawler)"
2a03:2880:f800:d:: - - [19/Dec/2025:00:33:13 +0000] "GET /page/22/?products=2029391320 HTTP/1.1" 404 355 "-" "meta-externalagent/1.1 (+https://developers.facebook.com/docs/sharing/webmasters/crawler)"
2a03:2880:f800:5:: - - [19/Dec/2025:00:33:14 +0000] "GET /page/3/?products=2029391320 HTTP/1.1" 404 355 "-" "meta-externalagent/1.1 (+https://developers.facebook.com/docs/sharing/webmasters/crawler)"
2a03:2880:f800:3a:: - - [19/Dec/2025:00:33:14 +0000] "GET /?products=1260482916 HTTP/1.1" 200 74062 "-" "meta-externalagent/1.1 (+https://developers.facebook.com/docs/sharing/webmasters/crawler)"
2a03:2880:f800:28:: - - [19/Dec/2025:00:33:15 +0000] "GET /page/2/?products=464124740 HTTP/1.1" 404 355 "-" "meta-externalagent/1.1 (+https://developers.facebook.com/docs/sharing/webmasters/crawler)"
2a03:2880:f800:27:: - - [19/Dec/2025:00:33:16 +0000] "GET /page/22/?products=464124740 HTTP/1.1" 404 355 "-" "meta-externalagent/1.1 (+https://developers.facebook.com/docs/sharing/webmasters/crawler)"
2a03:2880:f800:35:: - - [19/Dec/2025:00:33:18 +0000] "GET /page/2/?products=694425204 HTTP/1.1" 404 355 "-" "meta-externalagent/1.1 (+https://developers.facebook.com/docs/sharing/webmasters/crawler)"
2a03:2880:f800:2c:: - - [19/Dec/2025:00:33:19 +0000] "GET /page/3/?products=694425204 HTTP/1.1" 404 355 "-" "meta-externalagent/1.1 (+https://developers.facebook.com/docs/sharing/webmasters/crawler)"
2a03:2880:f800:f:: - - [19/Dec/2025:00:33:19 +0000] "GET /page/3/?products=464124740 HTTP/1.1" 404 355 "-" "meta-externalagent/1.1 (+https://developers.facebook.com/docs/sharing/webmasters/crawler)"
2a03:2880:f800:d:: - - [19/Dec/2025:00:33:20 +0000] "GET /page/22/?products=694425204 HTTP/1.1" 404 355 "-" "meta-externalagent/1.1 (+https://developers.facebook.com/docs/sharing/webmasters/crawler)"
2a03:2880:f800:1f:: - - [19/Dec/2025:00:33:21 +0000] "GET /page/2/?products=1614351672 HTTP/1.1" 404 355 "-" "meta-externalagent/1.1 (+https://developers.facebook.com/docs/sharing/webmasters/crawler)"
2a03:2880:f800:2:: - - [19/Dec/2025:00:33:22 +0000] "GET /page/3/?products=1614351672 HTTP/1.1" 404 355 "-" "meta-externalagent/1.1 (+https://developers.facebook.com/docs/sharing/webmasters/crawler)"
66.249.66.162 - - [19/Dec/2025:00:33:22 +0000] "GET /?products=927838808 HTTP/1.1" 200 207069 "-" "Mozilla/5.0 (Linux; Android 6.0.1; Nexus 5X Build/MMB29P) AppleWebKit/537.36 (KHTML, like Gecko) Chrome/141.0.7390.122 Mobile Safari/537.36 (compatible; Googlebot/2.1; +http://www.google.com/bot.html)"
2a03:2880:f800:b:: - - [19/Dec/2025:00:33:22 +0000] "GET /page/22/?products=1614351672 HTTP/1.1" 404 355 "-" "meta-externalagent/1.1 (+https://developers.facebook.com/docs/sharing/webmasters/crawler)"
2a03:2880:f800:18:: - - [19/Dec/2025:00:33:23 +0000] "GET /page/2/?products=2029391320 HTTP/1.1" 404 355 "-" "meta-externalagent/1.1 (+https://developers.facebook.com/docs/sharing/webmasters/crawler)"
2a03:2880:f800:29:: - - [19/Dec/2025:00:33:24 +0000] "GET /page/2/?products=236469588 HTTP/1.1" 404 355 "-" "meta-externalagent/1.1 (+https://developers.facebook.com/docs/sharing/webmasters/crawler)"
2a03:2880:f800:25:: - - [19/Dec/2025:00:33:25 +0000] "GET /page/22/?products=236469588 HTTP/1.1" 404 355 "-" "meta-externalagent/1.1 (+https://developers.facebook.com/docs/sharing/webmasters/crawler)"
2a03:2880:f800:2d:: - - [19/Dec/2025:00:33:25 +0000] "GET /page/3/?products=236469588 HTTP/1.1" 404 355 "-" "meta-externalagent/1.1 (+https://developers.facebook.com/docs/sharing/webmasters/crawler)"
2a03:2880:f800:6:: - - [19/Dec/2025:00:33:26 +0000] "GET /page/2/?products=1898362844 HTTP/1.1" 404 355 "-" "meta-externalagent/1.1 (+https://developers.facebook.com/docs/sharing/webmasters/crawler)"
2a03:2880:f800:2b:: - - [19/Dec/2025:00:33:27 +0000] "GET /page/22/?products=1898362844 HTTP/1.1" 404 355 "-" "meta-externalagent/1.1 (+https://developers.facebook.com/docs/sharing/webmasters/crawler)"
2a03:2880:f800:3b:: - - [19/Dec/2025:00:33:28 +0000] "GET /page/2/?products=1624120612 HTTP/1.1" 404 355 "-" "meta-externalagent/1.1 (+https://developers.facebook.com/docs/sharing/webmasters/crawler)"
2a03:2880:f800:1c:: - - [19/Dec/2025:00:33:29 +0000] "GET /page/3/?products=1624120612 HTTP/1.1" 404 355 "-" "meta-externalagent/1.1 (+https://developers.facebook.com/docs/sharing/webmasters/crawler)"
2a03:2880:f800:2b:: - - [19/Dec/2025:00:33:30 +0000] "GET /page/2/?products=293594768 HTTP/1.1" 404 355 "-" "meta-externalagent/1.1 (+https://developers.facebook.com/docs/sharing/webmasters/crawler)"
2a03:2880:f800:9:: - - [19/Dec/2025:00:33:30 +0000] "GET /page/22/?products=293594768 HTTP/1.1" 404 355 "-" "meta-externalagent/1.1 (+https://developers.facebook.com/docs/sharing/webmasters/crawler)"
2a03:2880:f800:36:: - - [19/Dec/2025:00:33:31 +0000] "GET /page/3/?products=293594768 HTTP/1.1" 404 355 "-" "meta-externalagent/1.1 (+https://developers.facebook.com/docs/sharing/webmasters/crawler)"
2a03:2880:f800:2d:: - - [19/Dec/2025:00:33:32 +0000] "GET /page/3/?products=1898362844 HTTP/1.1" 404 355 "-" "meta-externalagent/1.1 (+https://developers.facebook.com/docs/sharing/webmasters/crawler)"
2a03:2880:f800:11:: - - [19/Dec/2025:00:33:33 +0000] "GET /page/22/?products=1624120612 HTTP/1.1" 404 355 "-" "meta-externalagent/1.1 (+https://developers.facebook.com/docs/sharing/webmasters/crawler)"
2a03:2880:f800:3:: - - [19/Dec/2025:00:33:34 +0000] "GET /page/2/?products=1538548116 HTTP/1.1" 404 355 "-" "meta-externalagent/1.1 (+https://developers.facebook.com/docs/sharing/webmasters/crawler)"
2a03:2880:f800:4b:: - - [19/Dec/2025:00:33:35 +0000] "GET /page/22/?products=1538548116 HTTP/1.1" 404 355 "-" "meta-externalagent/1.1 (+https://developers.facebook.com/docs/sharing/webmasters/crawler)"
2a03:2880:f800:12:: - - [19/Dec/2025:00:33:36 +0000] "GET /page/3/?products=1538548116 HTTP/1.1" 404 355 "-" "meta-externalagent/1.1 (+https://developers.facebook.com/docs/sharing/webmasters/crawler)"
2a03:2880:f800:24:: - - [19/Dec/2025:00:33:37 +0000] "GET /page/3/?products=888967752 HTTP/1.1" 404 355 "-" "meta-externalagent/1.1 (+https://developers.facebook.com/docs/sharing/webmasters/crawler)"
2a03:2880:f800:2d:: - - [19/Dec/2025:00:33:38 +0000] "GET /page/2/?products=1260094952 HTTP/1.1" 404 355 "-" "meta-externalagent/1.1 (+https://developers.facebook.com/docs/sharing/webmasters/crawler)"
2a03:2880:f800:20:: - - [19/Dec/2025:00:33:39 +0000] "GET /page/2/?products=888967752 HTTP/1.1" 404 355 "-" "meta-externalagent/1.1 (+https://developers.facebook.com/docs/sharing/webmasters/crawler)"
2a03:2880:f800:3d:: - - [19/Dec/2025:00:33:39 +0000] "GET /page/22/?products=888967752 HTTP/1.1" 404 355 "-" "meta-externalagent/1.1 (+https://developers.facebook.com/docs/sharing/webmasters/crawler)"
2a03:2880:f800:3b:: - - [19/Dec/2025:00:33:40 +0000] "GET /page/22/?products=1260094952 HTTP/1.1" 404 355 "-" "meta-externalagent/1.1 (+https://developers.facebook.com/docs/sharing/webmasters/crawler)"
2a03:2880:f800:1b:: - - [19/Dec/2025:00:33:41 +0000] "GET /page/3/?products=1260094952 HTTP/1.1" 404 355 "-" "meta-externalagent/1.1 (+https://developers.facebook.com/docs/sharing/webmasters/crawler)"
2a03:2880:f800:13:: - - [19/Dec/2025:00:33:42 +0000] "GET /page/3/?products=1918701120 HTTP/1.1" 404 355 "-" "meta-externalagent/1.1 (+https://developers.facebook.com/docs/sharing/webmasters/crawler)"
2a03:2880:f800:1e:: - - [19/Dec/2025:00:33:43 +0000] "GET /page/22/?products=1918701120 HTTP/1.1" 404 355 "-" "meta-externalagent/1.1 (+https://developers.facebook.com/docs/sharing/webmasters/crawler)"
2a03:2880:f800:2c:: - - [19/Dec/2025:00:33:44 +0000] "GET /page/2/?products=1918701120 HTTP/1.1" 404 355 "-" "meta-externalagent/1.1 (+https://developers.facebook.com/docs/sharing/webmasters/crawler)"
2a03:2880:f800:36:: - - [19/Dec/2025:00:33:44 +0000] "GET /page/3/?products=1720482572 HTTP/1.1" 404 355 "-" "meta-externalagent/1.1 (+https://developers.facebook.com/docs/sharing/webmasters/crawler)"
2a03:2880:f800:16:: - - [19/Dec/2025:00:33:45 +0000] "GET /page/22/?products=1720482572 HTTP/1.1" 404 355 "-" "meta-externalagent/1.1 (+https://developers.facebook.com/docs/sharing/webmasters/crawler)"
2a03:2880:f800:4c:: - - [19/Dec/2025:00:33:46 +0000] "GET /page/2/?products=1720482572 HTTP/1.1" 404 355 "-" "meta-externalagent/1.1 (+https://developers.facebook.com/docs/sharing/webmasters/crawler)"
2a03:2880:f800:4:: - - [19/Dec/2025:00:33:47 +0000] "GET /page/2/?products=755910312 HTTP/1.1" 404 355 "-" "meta-externalagent/1.1 (+https://developers.facebook.com/docs/sharing/webmasters/crawler)"
2a03:2880:f800:1d:: - - [19/Dec/2025:00:33:47 +0000] "GET /page/3/?products=755910312 HTTP/1.1" 404 355 "-" "meta-externalagent/1.1 (+https://developers.facebook.com/docs/sharing/webmasters/crawler)"
2a03:2880:f800:19:: - - [19/Dec/2025:00:33:49 +0000] "GET /page/22/?products=755910312 HTTP/1.1" 404 355 "-" "meta-externalagent/1.1 (+https://developers.facebook.com/docs/sharing/webmasters/crawler)"
2a03:2880:f800:1e:: - - [19/Dec/2025:00:33:50 +0000] "GET /page/22/?products=296580192 HTTP/1.1" 404 355 "-" "meta-externalagent/1.1 (+https://developers.facebook.com/docs/sharing/webmasters/crawler)"
2a03:2880:f800:3a:: - - [19/Dec/2025:00:33:51 +0000] "GET /page/3/?products=296580192 HTTP/1.1" 404 355 "-" "meta-externalagent/1.1 (+https://developers.facebook.com/docs/sharing/webmasters/crawler)"
2a03:2880:f800:13:: - - [19/Dec/2025:00:33:51 +0000] "GET /page/2/?products=296580192 HTTP/1.1" 404 355 "-" "meta-externalagent/1.1 (+https://developers.facebook.com/docs/sharing/webmasters/crawler)"
2a03:2880:f800:a:: - - [19/Dec/2025:00:33:52 +0000] "GET /page/22/?products=1288245448 HTTP/1.1" 404 355 "-" "meta-externalagent/1.1 (+https://developers.facebook.com/docs/sharing/webmasters/crawler)"
2a03:2880:f800:26:: - - [19/Dec/2025:00:33:53 +0000] "GET /page/2/?products=1288245448 HTTP/1.1" 404 355 "-" "meta-externalagent/1.1 (+https://developers.facebook.com/docs/sharing/webmasters/crawler)"
2a03:2880:f800:3e:: - - [19/Dec/2025:00:33:54 +0000] "GET /page/22/?products=785596364 HTTP/1.1" 404 355 "-" "meta-externalagent/1.1 (+https://developers.facebook.com/docs/sharing/webmasters/crawler)"
2a03:2880:f800:24:: - - [19/Dec/2025:00:33:55 +0000] "GET /page/2/?products=316079560 HTTP/1.1" 404 355 "-" "meta-externalagent/1.1 (+https://developers.facebook.com/docs/sharing/webmasters/crawler)"
2a03:2880:f800:7:: - - [19/Dec/2025:00:33:55 +0000] "GET /page/22/?products=316079560 HTTP/1.1" 404 355 "-" "meta-externalagent/1.1 (+https://developers.facebook.com/docs/sharing/webmasters/crawler)"
2a03:2880:f800:3b:: - - [19/Dec/2025:00:33:57 +0000] "GET /page/3/?products=1288245448 HTTP/1.1" 404 355 "-" "meta-externalagent/1.1 (+https://developers.facebook.com/docs/sharing/webmasters/crawler)"
2a03:2880:f800:35:: - - [19/Dec/2025:00:33:57 +0000] "GET /page/2/?products=785596364 HTTP/1.1" 404 355 "-" "meta-externalagent/1.1 (+https://developers.facebook.com/docs/sharing/webmasters/crawler)"
2a03:2880:f800:a:: - - [19/Dec/2025:00:33:58 +0000] "GET /page/3/?products=316079560 HTTP/1.1" 404 355 "-" "meta-externalagent/1.1 (+https://developers.facebook.com/docs/sharing/webmasters/crawler)"
2a03:2880:f800:21:: - - [19/Dec/2025:00:33:59 +0000] "GET /page/3/?products=785596364 HTTP/1.1" 404 355 "-" "meta-externalagent/1.1 (+https://developers.facebook.com/docs/sharing/webmasters/crawler)"
2a03:2880:f800:48:: - - [19/Dec/2025:00:34:00 +0000] "GET /page/2/?products=655710424 HTTP/1.1" 404 355 "-" "meta-externalagent/1.1 (+https://developers.facebook.com/docs/sharing/webmasters/crawler)"
2a03:2880:f800:3e:: - - [19/Dec/2025:00:34:00 +0000] "GET /page/3/?products=1204042336 HTTP/1.1" 404 355 "-" "meta-externalagent/1.1 (+https://developers.facebook.com/docs/sharing/webmasters/crawler)"
2a03:2880:f800:3d:: - - [19/Dec/2025:00:34:01 +0000] "GET /page/3/?products=964703796 HTTP/1.1" 404 355 "-" "meta-externalagent/1.1 (+https://developers.facebook.com/docs/sharing/webmasters/crawler)"
2a03:2880:f800:3b:: - - [19/Dec/2025:00:34:02 +0000] "GET /page/2/?products=1204042336 HTTP/1.1" 404 355 "-" "meta-externalagent/1.1 (+https://developers.facebook.com/docs/sharing/webmasters/crawler)"
2a03:2880:f800:2:: - - [19/Dec/2025:00:34:03 +0000] "GET /page/22/?products=1204042336 HTTP/1.1" 404 355 "-" "meta-externalagent/1.1 (+https://developers.facebook.com/docs/sharing/webmasters/crawler)"
2a03:2880:f800:b:: - - [19/Dec/2025:00:34:04 +0000] "GET /page/22/?products=964703796 HTTP/1.1" 404 355 "-" "meta-externalagent/1.1 (+https://developers.facebook.com/docs/sharing/webmasters/crawler)"
2a03:2880:f800:10:: - - [19/Dec/2025:00:34:04 +0000] "GET /page/22/?products=655710424 HTTP/1.1" 404 355 "-" "meta-externalagent/1.1 (+https://developers.facebook.com/docs/sharing/webmasters/crawler)"
2a03:2880:f800:3e:: - - [19/Dec/2025:00:34:06 +0000] "GET /page/3/?products=655710424 HTTP/1.1" 404 355 "-" "meta-externalagent/1.1 (+https://developers.facebook.com/docs/sharing/webmasters/crawler)"
2a03:2880:f800:2a:: - - [19/Dec/2025:00:34:06 +0000] "GET /page/2/?products=964703796 HTTP/1.1" 404 355 "-" "meta-externalagent/1.1 (+https://developers.facebook.com/docs/sharing/webmasters/crawler)"
2a03:2880:f800:49:: - - [19/Dec/2025:00:34:07 +0000] "GET /page/2/?products=315733336 HTTP/1.1" 404 355 "-" "meta-externalagent/1.1 (+https://developers.facebook.com/docs/sharing/webmasters/crawler)"
2a03:2880:f800:9:: - - [19/Dec/2025:00:34:08 +0000] "GET /page/3/?products=315733336 HTTP/1.1" 404 355 "-" "meta-externalagent/1.1 (+https://developers.facebook.com/docs/sharing/webmasters/crawler)"
2a03:2880:f800:1c:: - - [19/Dec/2025:00:34:09 +0000] "GET /page/22/?products=315733336 HTTP/1.1" 404 355 "-" "meta-externalagent/1.1 (+https://developers.facebook.com/docs/sharing/webmasters/crawler)"
2a03:2880:f800:e:: - - [19/Dec/2025:00:34:11 +0000] "GET /page/22/?products=1405530848 HTTP/1.1" 404 355 "-" "meta-externalagent/1.1 (+https://developers.facebook.com/docs/sharing/webmasters/crawler)"
2a03:2880:f800:3e:: - - [19/Dec/2025:00:34:11 +0000] "GET /?products=1405530848 HTTP/1.1" 200 74062 "-" "meta-externalagent/1.1 (+https://developers.facebook.com/docs/sharing/webmasters/crawler)"
2a03:2880:f800:2b:: - - [19/Dec/2025:00:34:12 +0000] "GET /page/3/?products=1405530848 HTTP/1.1" 404 355 "-" "meta-externalagent/1.1 (+https://developers.facebook.com/docs/sharing/webmasters/crawler)"
2a03:2880:f800:6:: - - [19/Dec/2025:00:34:12 +0000] "GET /page/2/?products=1405530848 HTTP/1.1" 404 355 "-" "meta-externalagent/1.1 (+https://developers.facebook.com/docs/sharing/webmasters/crawler)"
2a03:2880:f800:1b:: - - [19/Dec/2025:00:34:14 +0000] "GET /page/22/?products=1614493436 HTTP/1.1" 404 355 "-" "meta-externalagent/1.1 (+https://developers.facebook.com/docs/sharing/webmasters/crawler)"
2a03:2880:f800:28:: - - [19/Dec/2025:00:34:14 +0000] "GET /page/2/?products=1614493436 HTTP/1.1" 404 355 "-" "meta-externalagent/1.1 (+https://developers.facebook.com/docs/sharing/webmasters/crawler)"
2a03:2880:f800:15:: - - [19/Dec/2025:00:34:15 +0000] "GET /page/2/?products=645477860 HTTP/1.1" 404 355 "-" "meta-externalagent/1.1 (+https://developers.facebook.com/docs/sharing/webmasters/crawler)"
142.44.220.19 - - [19/Dec/2025:00:34:16 +0000] "GET /?products=592948600 HTTP/1.1" 200 74057 "-" "Mozilla/5.0 (compatible; AhrefsBot/7.0; +http://ahrefs.com/robot/)"
2a03:2880:f800:4:: - - [19/Dec/2025:00:34:16 +0000] "GET /page/3/?products=1614493436 HTTP/1.1" 404 355 "-" "meta-externalagent/1.1 (+https://developers.facebook.com/docs/sharing/webmasters/crawler)"
2a03:2880:f800:45:: - - [19/Dec/2025:00:34:16 +0000] "GET /page/3/?products=645477860 HTTP/1.1" 404 355 "-" "meta-externalagent/1.1 (+https://developers.facebook.com/docs/sharing/webmasters/crawler)"
2a03:2880:f800:4a:: - - [19/Dec/2025:00:34:18 +0000] "GET /page/22/?products=645477860 HTTP/1.1" 404 355 "-" "meta-externalagent/1.1 (+https://developers.facebook.com/docs/sharing/webmasters/crawler)"
2a03:2880:f800:23:: - - [19/Dec/2025:00:34:18 +0000] "GET /page/22/?products=666401204 HTTP/1.1" 404 355 "-" "meta-externalagent/1.1 (+https://developers.facebook.com/docs/sharing/webmasters/crawler)"
2a03:2880:f800:11:: - - [19/Dec/2025:00:34:19 +0000] "GET /page/3/?products=666401204 HTTP/1.1" 404 355 "-" "meta-externalagent/1.1 (+https://developers.facebook.com/docs/sharing/webmasters/crawler)"
2a03:2880:f800:3:: - - [19/Dec/2025:00:34:21 +0000] "GET /page/2/?products=666401204 HTTP/1.1" 404 355 "-" "meta-externalagent/1.1 (+https://developers.facebook.com/docs/sharing/webmasters/crawler)"
2a03:2880:f800:9:: - - [19/Dec/2025:00:34:21 +0000] "GET /page/2/?products=1719388832 HTTP/1.1" 404 355 "-" "meta-externalagent/1.1 (+https://developers.facebook.com/docs/sharing/webmasters/crawler)"
2a03:2880:f800:26:: - - [19/Dec/2025:00:34:22 +0000] "GET /page/3/?products=1136605060 HTTP/1.1" 404 355 "-" "meta-externalagent/1.1 (+https://developers.facebook.com/docs/sharing/webmasters/crawler)"
2a03:2880:f800:2c:: - - [19/Dec/2025:00:34:23 +0000] "GET /page/22/?products=1719388832 HTTP/1.1" 404 355 "-" "meta-externalagent/1.1 (+https://developers.facebook.com/docs/sharing/webmasters/crawler)"
66.249.66.163 - - [19/Dec/2025:00:34:23 +0000] "GET /?products=928046116 HTTP/1.1" 200 206551 "-" "Mozilla/5.0 (Linux; Android 6.0.1; Nexus 5X Build/MMB29P) AppleWebKit/537.36 (KHTML, like Gecko) Chrome/141.0.7390.122 Mobile Safari/537.36 (compatible; Googlebot/2.1; +http://www.google.com/bot.html)"
2a03:2880:f800:15:: - - [19/Dec/2025:00:34:24 +0000] "GET /page/3/?products=1719388832 HTTP/1.1" 404 355 "-" "meta-externalagent/1.1 (+https://developers.facebook.com/docs/sharing/webmasters/crawler)"
2a03:2880:f800:12:: - - [19/Dec/2025:00:34:25 +0000] "GET /page/2/?products=1136605060 HTTP/1.1" 404 355 "-" "meta-externalagent/1.1 (+https://developers.facebook.com/docs/sharing/webmasters/crawler)"
2a03:2880:f800:33:: - - [19/Dec/2025:00:34:25 +0000] "GET /page/22/?products=1136605060 HTTP/1.1" 404 355 "-" "meta-externalagent/1.1 (+https://developers.facebook.com/docs/sharing/webmasters/crawler)"
2a03:2880:f800:19:: - - [19/Dec/2025:00:34:26 +0000] "GET /page/2/?products=288771236 HTTP/1.1" 404 355 "-" "meta-externalagent/1.1 (+https://developers.facebook.com/docs/sharing/webmasters/crawler)"
2a03:2880:f800:16:: - - [19/Dec/2025:00:34:27 +0000] "GET /page/3/?products=288771236 HTTP/1.1" 404 355 "-" "meta-externalagent/1.1 (+https://developers.facebook.com/docs/sharing/webmasters/crawler)"
2a03:2880:f800:d:: - - [19/Dec/2025:00:34:28 +0000] "GET /page/22/?products=288771236 HTTP/1.1" 404 355 "-" "meta-externalagent/1.1 (+https://developers.facebook.com/docs/sharing/webmasters/crawler)"
2a03:2880:f800:e:: - - [19/Dec/2025:00:34:29 +0000] "GET /page/3/?products=832444128 HTTP/1.1" 404 355 "-" "meta-externalagent/1.1 (+https://developers.facebook.com/docs/sharing/webmasters/crawler)"
2a03:2880:f800:4b:: - - [19/Dec/2025:00:34:30 +0000] "GET /page/2/?products=832444128 HTTP/1.1" 404 355 "-" "meta-externalagent/1.1 (+https://developers.facebook.com/docs/sharing/webmasters/crawler)"
2a03:2880:f800:2:: - - [19/Dec/2025:00:34:30 +0000] "GET /page/22/?products=832444128 HTTP/1.1" 404 355 "-" "meta-externalagent/1.1 (+https://developers.facebook.com/docs/sharing/webmasters/crawler)"
2a03:2880:f800:28:: - - [19/Dec/2025:00:34:31 +0000] "GET /page/22/?products=685287888 HTTP/1.1" 404 355 "-" "meta-externalagent/1.1 (+https://developers.facebook.com/docs/sharing/webmasters/crawler)"
2a03:2880:f800:26:: - - [19/Dec/2025:00:34:32 +0000] "GET /page/3/?products=685287888 HTTP/1.1" 404 355 "-" "meta-externalagent/1.1 (+https://developers.facebook.com/docs/sharing/webmasters/crawler)"
2a03:2880:f800:10:: - - [19/Dec/2025:00:34:33 +0000] "GET /page/2/?products=685287888 HTTP/1.1" 404 355 "-" "meta-externalagent/1.1 (+https://developers.facebook.com/docs/sharing/webmasters/crawler)"
2a03:2880:f800:20:: - - [19/Dec/2025:00:34:34 +0000] "GET /page/2/?products=397282044 HTTP/1.1" 404 355 "-" "meta-externalagent/1.1 (+https://developers.facebook.com/docs/sharing/webmasters/crawler)"
2a03:2880:f800:8:: - - [19/Dec/2025:00:34:35 +0000] "GET /page/22/?products=6159756 HTTP/1.1" 404 355 "-" "meta-externalagent/1.1 (+https://developers.facebook.com/docs/sharing/webmasters/crawler)"
2a03:2880:f800:34:: - - [19/Dec/2025:00:34:35 +0000] "GET /page/2/?products=6159756 HTTP/1.1" 404 355 "-" "meta-externalagent/1.1 (+https://developers.facebook.com/docs/sharing/webmasters/crawler)"
2a03:2880:f800:25:: - - [19/Dec/2025:00:34:37 +0000] "GET /page/3/?products=397282044 HTTP/1.1" 404 355 "-" "meta-externalagent/1.1 (+https://developers.facebook.com/docs/sharing/webmasters/crawler)"
2a03:2880:f800:2f:: - - [19/Dec/2025:00:34:37 +0000] "GET /page/22/?products=397282044 HTTP/1.1" 404 355 "-" "meta-externalagent/1.1 (+https://developers.facebook.com/docs/sharing/webmasters/crawler)"
2a03:2880:f800:49:: - - [19/Dec/2025:00:34:38 +0000] "GET /page/3/?products=6159756 HTTP/1.1" 404 355 "-" "meta-externalagent/1.1 (+https://developers.facebook.com/docs/sharing/webmasters/crawler)"
2a03:2880:f800:23:: - - [19/Dec/2025:00:34:39 +0000] "GET /page/3/?products=955737768 HTTP/1.1" 404 355 "-" "meta-externalagent/1.1 (+https://developers.facebook.com/docs/sharing/webmasters/crawler)"
2a03:2880:f800:35:: - - [19/Dec/2025:00:34:40 +0000] "GET /page/22/?products=955737768 HTTP/1.1" 404 355 "-" "meta-externalagent/1.1 (+https://developers.facebook.com/docs/sharing/webmasters/crawler)"
2a03:2880:f800:27:: - - [19/Dec/2025:00:34:40 +0000] "GET /page/2/?products=955737768 HTTP/1.1" 404 355 "-" "meta-externalagent/1.1 (+https://developers.facebook.com/docs/sharing/webmasters/crawler)"
2a03:2880:f800:3b:: - - [19/Dec/2025:00:34:42 +0000] "GET /page/2/?products=1753798868 HTTP/1.1" 404 355 "-" "meta-externalagent/1.1 (+https://developers.facebook.com/docs/sharing/webmasters/crawler)"
2a03:2880:f800:3d:: - - [19/Dec/2025:00:34:42 +0000] "GET /page/3/?products=6932352 HTTP/1.1" 404 355 "-" "meta-externalagent/1.1 (+https://developers.facebook.com/docs/sharing/webmasters/crawler)"
2a03:2880:f800:22:: - - [19/Dec/2025:00:34:43 +0000] "GET /page/22/?products=6932352 HTTP/1.1" 404 355 "-" "meta-externalagent/1.1 (+https://developers.facebook.com/docs/sharing/webmasters/crawler)"
2a03:2880:f800:5:: - - [19/Dec/2025:00:34:44 +0000] "GET /page/2/?products=6932352 HTTP/1.1" 404 355 "-" "meta-externalagent/1.1 (+https://developers.facebook.com/docs/sharing/webmasters/crawler)"
2a03:2880:f800:31:: - - [19/Dec/2025:00:34:45 +0000] "GET /page/3/?products=417234052 HTTP/1.1" 404 355 "-" "meta-externalagent/1.1 (+https://developers.facebook.com/docs/sharing/webmasters/crawler)"
2a03:2880:f800:2e:: - - [19/Dec/2025:00:34:45 +0000] "GET /page/3/?products=998232496 HTTP/1.1" 404 355 "-" "meta-externalagent/1.1 (+https://developers.facebook.com/docs/sharing/webmasters/crawler)"
2a03:2880:f800:34:: - - [19/Dec/2025:00:34:47 +0000] "GET /page/2/?products=998232496 HTTP/1.1" 404 355 "-" "meta-externalagent/1.1 (+https://developers.facebook.com/docs/sharing/webmasters/crawler)"
2a03:2880:f800:14:: - - [19/Dec/2025:00:34:47 +0000] "GET /page/2/?products=392184740 HTTP/1.1" 404 355 "-" "meta-externalagent/1.1 (+https://developers.facebook.com/docs/sharing/webmasters/crawler)"
2a03:2880:f800:3d:: - - [19/Dec/2025:00:34:48 +0000] "GET /page/3/?products=392184740 HTTP/1.1" 404 355 "-" "meta-externalagent/1.1 (+https://developers.facebook.com/docs/sharing/webmasters/crawler)"
2a03:2880:f800:28:: - - [19/Dec/2025:00:34:49 +0000] "GET /page/22/?products=1252461904 HTTP/1.1" 404 355 "-" "meta-externalagent/1.1 (+https://developers.facebook.com/docs/sharing/webmasters/crawler)"
2a03:2880:f800:e:: - - [19/Dec/2025:00:34:50 +0000] "GET /page/3/?products=1252461904 HTTP/1.1" 404 355 "-" "meta-externalagent/1.1 (+https://developers.facebook.com/docs/sharing/webmasters/crawler)"
2a03:2880:f800:2f:: - - [19/Dec/2025:00:34:51 +0000] "GET /page/2/?products=1252461904 HTTP/1.1" 404 355 "-" "meta-externalagent/1.1 (+https://developers.facebook.com/docs/sharing/webmasters/crawler)"
2a03:2880:f800:31:: - - [19/Dec/2025:00:34:51 +0000] "GET /page/22/?products=76455588 HTTP/1.1" 404 355 "-" "meta-externalagent/1.1 (+https://developers.facebook.com/docs/sharing/webmasters/crawler)"
2a03:2880:f800:7:: - - [19/Dec/2025:00:34:52 +0000] "GET /page/22/?products=1473356504 HTTP/1.1" 404 355 "-" "meta-externalagent/1.1 (+https://developers.facebook.com/docs/sharing/webmasters/crawler)"
2a03:2880:f800:1a:: - - [19/Dec/2025:00:34:54 +0000] "GET /page/2/?products=1064980716 HTTP/1.1" 404 355 "-" "meta-externalagent/1.1 (+https://developers.facebook.com/docs/sharing/webmasters/crawler)"
2a03:2880:f800:36:: - - [19/Dec/2025:00:34:54 +0000] "GET /page/22/?products=1064980716 HTTP/1.1" 404 355 "-" "meta-externalagent/1.1 (+https://developers.facebook.com/docs/sharing/webmasters/crawler)"
2a03:2880:f800:37:: - - [19/Dec/2025:00:34:55 +0000] "GET /page/2/?products=562860940 HTTP/1.1" 404 355 "-" "meta-externalagent/1.1 (+https://developers.facebook.com/docs/sharing/webmasters/crawler)"
2a03:2880:f800:16:: - - [19/Dec/2025:00:34:56 +0000] "GET /page/3/?products=562860940 HTTP/1.1" 404 355 "-" "meta-externalagent/1.1 (+https://developers.facebook.com/docs/sharing/webmasters/crawler)"
2a03:2880:f800:24:: - - [19/Dec/2025:00:34:57 +0000] "GET /page/2/?products=955103212 HTTP/1.1" 404 355 "-" "meta-externalagent/1.1 (+https://developers.facebook.com/docs/sharing/webmasters/crawler)"
2a03:2880:f800:38:: - - [19/Dec/2025:00:34:57 +0000] "GET /page/2/?products=1461786264 HTTP/1.1" 404 355 "-" "meta-externalagent/1.1 (+https://developers.facebook.com/docs/sharing/webmasters/crawler)"
2a03:2880:f800:6:: - - [19/Dec/2025:00:34:58 +0000] "GET /page/3/?products=1461786264 HTTP/1.1" 404 355 "-" "meta-externalagent/1.1 (+https://developers.facebook.com/docs/sharing/webmasters/crawler)"
2a03:2880:f800:9:: - - [19/Dec/2025:00:34:59 +0000] "GET /page/3/?products=489005364 HTTP/1.1" 404 355 "-" "meta-externalagent/1.1 (+https://developers.facebook.com/docs/sharing/webmasters/crawler)"
2a03:2880:f800:11:: - - [19/Dec/2025:00:35:00 +0000] "GET /2025/08/25/cara-menggunakan-mode-tactical-board-di-game-sport/ HTTP/1.1" 404 355 "-" "meta-externalagent/1.1 (+https://developers.facebook.com/docs/sharing/webmasters/crawler)"
2a03:2880:f800:49:: - - [19/Dec/2025:00:35:01 +0000] "GET /tag/tactical-board/ HTTP/1.1" 404 355 "-" "meta-externalagent/1.1 (+https://developers.facebook.com/docs/sharing/webmasters/crawler)"
2a03:2880:f800:15:: - - [19/Dec/2025:00:35:02 +0000] "GET /2025/08/ HTTP/1.1" 404 355 "-" "meta-externalagent/1.1 (+https://developers.facebook.com/docs/sharing/webmasters/crawler)"
2a03:2880:f800:1a:: - - [19/Dec/2025:00:35:03 +0000] "GET /2025/07/ HTTP/1.1" 404 355 "-" "meta-externalagent/1.1 (+https://developers.facebook.com/docs/sharing/webmasters/crawler)"
2a03:2880:f800:1b:: - - [19/Dec/2025:00:35:04 +0000] "GET /2025/06/ HTTP/1.1" 404 355 "-" "meta-externalagent/1.1 (+https://developers.facebook.com/docs/sharing/webmasters/crawler)"
2a03:2880:f800:33:: - - [19/Dec/2025:00:35:05 +0000] "GET /wp-login.php HTTP/1.1" 200 6145 "-" "meta-externalagent/1.1 (+https://developers.facebook.com/docs/sharing/webmasters/crawler)"
2a03:2880:f800:21:: - - [19/Dec/2025:00:35:05 +0000] "GET /page/2/ HTTP/1.1" 404 355 "-" "meta-externalagent/1.1 (+https://developers.facebook.com/docs/sharing/webmasters/crawler)"
2a03:2880:f800:21:: - - [19/Dec/2025:00:35:07 +0000] "GET /feed/ HTTP/1.1" 404 355 "-" "meta-externalagent/1.1 (+https://developers.facebook.com/docs/sharing/webmasters/crawler)"
2a03:2880:f800:33:: - - [19/Dec/2025:00:35:07 +0000] "GET /comments/feed/ HTTP/1.1" 404 355 "-" "meta-externalagent/1.1 (+https://developers.facebook.com/docs/sharing/webmasters/crawler)"
2a03:2880:f800:44:: - - [19/Dec/2025:00:35:08 +0000] "GET /wp-json/ HTTP/1.1" 404 355 "-" "meta-externalagent/1.1 (+https://developers.facebook.com/docs/sharing/webmasters/crawler)"
2a03:2880:f800:18:: - - [19/Dec/2025:00:35:09 +0000] "GET /xmlrpc.php?rsd HTTP/1.1" 200 793 "-" "meta-externalagent/1.1 (+https://developers.facebook.com/docs/sharing/webmasters/crawler)"
2a03:2880:f800:1a:: - - [19/Dec/2025:00:35:10 +0000] "GET /tag/game-sport/ HTTP/1.1" 404 355 "-" "meta-externalagent/1.1 (+https://developers.facebook.com/docs/sharing/webmasters/crawler)"
2a03:2880:f800:22:: - - [19/Dec/2025:00:35:10 +0000] "GET /tag/strategi-kompetisi/ HTTP/1.1" 404 355 "-" "meta-externalagent/1.1 (+https://developers.facebook.com/docs/sharing/webmasters/crawler)"
2a03:2880:f800:49:: - - [19/Dec/2025:00:35:12 +0000] "GET /2025/08/25/cara-menggunakan-mode-co-op-online-di-game-sport/ HTTP/1.1" 404 355 "-" "meta-externalagent/1.1 (+https://developers.facebook.com/docs/sharing/webmasters/crawler)"
2a03:2880:f800:44:: - - [19/Dec/2025:00:35:12 +0000] "GET /tag/kerjasama-tim/ HTTP/1.1" 404 355 "-" "meta-externalagent/1.1 (+https://developers.facebook.com/docs/sharing/webmasters/crawler)"
2a03:2880:f800:3a:: - - [19/Dec/2025:00:35:13 +0000] "GET /tag/mode-co-op-online/ HTTP/1.1" 404 355 "-" "meta-externalagent/1.1 (+https://developers.facebook.com/docs/sharing/webmasters/crawler)"
2a03:2880:f800:22:: - - [19/Dec/2025:00:35:14 +0000] "GET /2025/08/25/strategi-mengatur-serangan-balik-cepat-di-liga-virtual/ HTTP/1.1" 404 355 "-" "meta-externalagent/1.1 (+https://developers.facebook.com/docs/sharing/webmasters/crawler)"
2a03:2880:f800:: - - [19/Dec/2025:00:35:14 +0000] "GET /tag/liga-virtual/ HTTP/1.1" 404 355 "-" "meta-externalagent/1.1 (+https://developers.facebook.com/docs/sharing/webmasters/crawler)"
2a03:2880:f800:49:: - - [19/Dec/2025:00:35:16 +0000] "GET /tag/serangan-balik-cepat/ HTTP/1.1" 404 355 "-" "meta-externalagent/1.1 (+https://developers.facebook.com/docs/sharing/webmasters/crawler)"
2a03:2880:f800:49:: - - [19/Dec/2025:00:35:16 +0000] "GET /tag/strategi-tim/ HTTP/1.1" 404 355 "-" "meta-externalagent/1.1 (+https://developers.facebook.com/docs/sharing/webmasters/crawler)"
2a03:2880:f800:37:: - - [19/Dec/2025:00:35:17 +0000] "GET /2025/08/25/memahami-fungsi-statistik-passing-di-mode-career/ HTTP/1.1" 404 355 "-" "meta-externalagent/1.1 (+https://developers.facebook.com/docs/sharing/webmasters/crawler)"
2a03:2880:f800:18:: - - [19/Dec/2025:00:35:18 +0000] "GET /tag/mode-career/ HTTP/1.1" 404 355 "-" "meta-externalagent/1.1 (+https://developers.facebook.com/docs/sharing/webmasters/crawler)"
2a03:2880:f800:4c:: - - [19/Dec/2025:00:35:19 +0000] "GET /tag/statistik-passing/ HTTP/1.1" 404 355 "-" "meta-externalagent/1.1 (+https://developers.facebook.com/docs/sharing/webmasters/crawler)"
2a03:2880:f800:a:: - - [19/Dec/2025:00:35:20 +0000] "GET /tag/strategi-permainan/ HTTP/1.1" 404 355 "-" "meta-externalagent/1.1 (+https://developers.facebook.com/docs/sharing/webmasters/crawler)"
2a03:2880:f800:15:: - - [19/Dec/2025:00:35:20 +0000] "GET /2025/08/25/panduan-mengikuti-event-liga-virtual-berskala-nasional/ HTTP/1.1" 404 355 "-" "meta-externalagent/1.1 (+https://developers.facebook.com/docs/sharing/webmasters/crawler)"
2a03:2880:f800:1d:: - - [19/Dec/2025:00:35:22 +0000] "GET /tag/event-liga-virtual/ HTTP/1.1" 404 355 "-" "meta-externalagent/1.1 (+https://developers.facebook.com/docs/sharing/webmasters/crawler)"
2a03:2880:f800:f:: - - [19/Dec/2025:00:35:23 +0000] "GET /tag/kompetisi-nasional/ HTTP/1.1" 404 355 "-" "meta-externalagent/1.1 (+https://developers.facebook.com/docs/sharing/webmasters/crawler)"
2a03:2880:f800:36:: - - [19/Dec/2025:00:35:23 +0000] "GET / HTTP/1.1" 200 66837 "-" "meta-externalagent/1.1 (+https://developers.facebook.com/docs/sharing/webmasters/crawler)"
2a03:2880:f800:3b:: - - [19/Dec/2025:00:35:24 +0000] "GET /2025/08/25/panduan-mengikuti-event-online-championship-di-game-sport/ HTTP/1.1" 404 355 "-" "meta-externalagent/1.1 (+https://developers.facebook.com/docs/sharing/webmasters/crawler)"
2a03:2880:f800:2:: - - [19/Dec/2025:00:35:25 +0000] "GET /author/vkln4/ HTTP/1.1" 404 355 "-" "meta-externalagent/1.1 (+https://developers.facebook.com/docs/sharing/webmasters/crawler)"
2a03:2880:f800:2e:: - - [19/Dec/2025:00:35:26 +0000] "GET /category/worldwide/ HTTP/1.1" 404 355 "-" "meta-externalagent/1.1 (+https://developers.facebook.com/docs/sharing/webmasters/crawler)"
2a03:2880:f800:22:: - - [19/Dec/2025:00:35:27 +0000] "GET /tag/event-online-championship/ HTTP/1.1" 404 355 "-" "meta-externalagent/1.1 (+https://developers.facebook.com/docs/sharing/webmasters/crawler)"
66.249.66.15 - - [19/Dec/2025:00:35:27 +0000] "GET /?products=927960600 HTTP/1.1" 200 205890 "-" "Mozilla/5.0 (Linux; Android 6.0.1; Nexus 5X Build/MMB29P) AppleWebKit/537.36 (KHTML, like Gecko) Chrome/141.0.7390.122 Mobile Safari/537.36 (compatible; Googlebot/2.1; +http://www.google.com/bot.html)"
2a03:2880:f800:2:: - - [19/Dec/2025:00:35:27 +0000] "GET /privacy-policy/ HTTP/1.1" 404 355 "-" "meta-externalagent/1.1 (+https://developers.facebook.com/docs/sharing/webmasters/crawler)"
2a03:2880:f800:2:: - - [19/Dec/2025:00:35:28 +0000] "GET /contact-us/ HTTP/1.1" 404 355 "-" "meta-externalagent/1.1 (+https://developers.facebook.com/docs/sharing/webmasters/crawler)"
2a03:2880:f800:11:: - - [19/Dec/2025:00:35:29 +0000] "GET /page/3/?products=1260482916 HTTP/1.1" 404 355 "-" "meta-externalagent/1.1 (+https://developers.facebook.com/docs/sharing/webmasters/crawler)"
2a03:2880:f800:1a:: - - [19/Dec/2025:00:35:30 +0000] "GET /page/2/?products=1260482916 HTTP/1.1" 404 355 "-" "meta-externalagent/1.1 (+https://developers.facebook.com/docs/sharing/webmasters/crawler)"
2a03:2880:f800:9:: - - [19/Dec/2025:00:35:30 +0000] "GET /page/22/?products=1260482916 HTTP/1.1" 404 355 "-" "meta-externalagent/1.1 (+https://developers.facebook.com/docs/sharing/webmasters/crawler)"
2a03:2880:f800:a:: - - [19/Dec/2025:00:35:32 +0000] "GET /page/2/?products=1405530848 HTTP/1.1" 404 355 "-" "meta-externalagent/1.1 (+https://developers.facebook.com/docs/sharing/webmasters/crawler)"
2a03:2880:f800:8:: - - [19/Dec/2025:00:35:33 +0000] "GET /page/3/?products=1405530848 HTTP/1.1" 404 355 "-" "meta-externalagent/1.1 (+https://developers.facebook.com/docs/sharing/webmasters/crawler)"
2a03:2880:f800:12:: - - [19/Dec/2025:00:35:34 +0000] "GET /?products=132490672 HTTP/1.1" 200 74057 "-" "meta-externalagent/1.1 (+https://developers.facebook.com/docs/sharing/webmasters/crawler)"
2a03:2880:f800:d:: - - [19/Dec/2025:00:35:35 +0000] "GET /page/22/?products=636889184 HTTP/1.1" 404 355 "-" "meta-externalagent/1.1 (+https://developers.facebook.com/docs/sharing/webmasters/crawler)"
2a03:2880:f800:1b:: - - [19/Dec/2025:00:35:35 +0000] "GET /page/22/?products=453705288 HTTP/1.1" 404 355 "-" "meta-externalagent/1.1 (+https://developers.facebook.com/docs/sharing/webmasters/crawler)"
2a03:2880:f800:2d:: - - [19/Dec/2025:00:35:36 +0000] "GET /page/2/?products=58706148 HTTP/1.1" 404 355 "-" "meta-externalagent/1.1 (+https://developers.facebook.com/docs/sharing/webmasters/crawler)"
2a03:2880:f800:21:: - - [19/Dec/2025:00:35:37 +0000] "GET /page/3/?products=368286188 HTTP/1.1" 404 355 "-" "meta-externalagent/1.1 (+https://developers.facebook.com/docs/sharing/webmasters/crawler)"
2a03:2880:f800:4a:: - - [19/Dec/2025:00:35:38 +0000] "GET /page/2/?products=96628812 HTTP/1.1" 404 355 "-" "meta-externalagent/1.1 (+https://developers.facebook.com/docs/sharing/webmasters/crawler)"
2a03:2880:f800:2b:: - - [19/Dec/2025:00:35:39 +0000] "GET /page/2/?products=2073623408 HTTP/1.1" 404 355 "-" "meta-externalagent/1.1 (+https://developers.facebook.com/docs/sharing/webmasters/crawler)"
2a03:2880:f800:6:: - - [19/Dec/2025:00:35:40 +0000] "GET /page/3/?products=1113560468 HTTP/1.1" 404 355 "-" "meta-externalagent/1.1 (+https://developers.facebook.com/docs/sharing/webmasters/crawler)"
2a03:2880:f800:36:: - - [19/Dec/2025:00:35:41 +0000] "GET /page/3/?products=1442757392 HTTP/1.1" 404 355 "-" "meta-externalagent/1.1 (+https://developers.facebook.com/docs/sharing/webmasters/crawler)"
2a03:2880:f800:35:: - - [19/Dec/2025:00:35:41 +0000] "GET /page/22/?products=514656904 HTTP/1.1" 404 355 "-" "meta-externalagent/1.1 (+https://developers.facebook.com/docs/sharing/webmasters/crawler)"
2a03:2880:f800:3:: - - [19/Dec/2025:00:35:42 +0000] "GET /page/3/?products=493579968 HTTP/1.1" 404 355 "-" "meta-externalagent/1.1 (+https://developers.facebook.com/docs/sharing/webmasters/crawler)"
2a03:2880:f800:20:: - - [19/Dec/2025:00:35:43 +0000] "GET /page/2/?products=1598820392 HTTP/1.1" 404 355 "-" "meta-externalagent/1.1 (+https://developers.facebook.com/docs/sharing/webmasters/crawler)"
2a03:2880:f800:e:: - - [19/Dec/2025:00:35:44 +0000] "GET /page/22/?products=1903809960 HTTP/1.1" 404 355 "-" "meta-externalagent/1.1 (+https://developers.facebook.com/docs/sharing/webmasters/crawler)"
2a03:2880:f800:7:: - - [19/Dec/2025:00:35:45 +0000] "GET /page/2/?products=799332700 HTTP/1.1" 404 355 "-" "meta-externalagent/1.1 (+https://developers.facebook.com/docs/sharing/webmasters/crawler)"
2a03:2880:f800:3b:: - - [19/Dec/2025:00:35:45 +0000] "GET /page/2/?products=1711975220 HTTP/1.1" 404 355 "-" "meta-externalagent/1.1 (+https://developers.facebook.com/docs/sharing/webmasters/crawler)"
2a03:2880:f800:13:: - - [19/Dec/2025:00:35:46 +0000] "GET /page/3/?products=1819923068 HTTP/1.1" 404 355 "-" "meta-externalagent/1.1 (+https://developers.facebook.com/docs/sharing/webmasters/crawler)"
2a03:2880:f800:37:: - - [19/Dec/2025:00:35:47 +0000] "GET /page/3/?products=415724568 HTTP/1.1" 404 355 "-" "meta-externalagent/1.1 (+https://developers.facebook.com/docs/sharing/webmasters/crawler)"
2a03:2880:f800:28:: - - [19/Dec/2025:00:35:49 +0000] "GET /?products=121359860 HTTP/1.1" 200 74057 "-" "meta-externalagent/1.1 (+https://developers.facebook.com/docs/sharing/webmasters/crawler)"
2a03:2880:f800:4a:: - - [19/Dec/2025:00:35:49 +0000] "GET /page/3/?products=112506480 HTTP/1.1" 404 355 "-" "meta-externalagent/1.1 (+https://developers.facebook.com/docs/sharing/webmasters/crawler)"
2a03:2880:f800:b:: - - [19/Dec/2025:00:35:50 +0000] "GET /page/2/?products=1427637616 HTTP/1.1" 404 355 "-" "meta-externalagent/1.1 (+https://developers.facebook.com/docs/sharing/webmasters/crawler)"
2a03:2880:f800:4a:: - - [19/Dec/2025:00:35:51 +0000] "GET /page/3/?products=765263092 HTTP/1.1" 404 355 "-" "meta-externalagent/1.1 (+https://developers.facebook.com/docs/sharing/webmasters/crawler)"
2a03:2880:f800:e:: - - [19/Dec/2025:00:35:51 +0000] "GET /page/2/?products=636120640 HTTP/1.1" 404 355 "-" "meta-externalagent/1.1 (+https://developers.facebook.com/docs/sharing/webmasters/crawler)"
2a03:2880:f800:14:: - - [19/Dec/2025:00:35:52 +0000] "GET /page/22/?products=1320990272 HTTP/1.1" 404 355 "-" "meta-externalagent/1.1 (+https://developers.facebook.com/docs/sharing/webmasters/crawler)"
2a03:2880:f800:31:: - - [19/Dec/2025:00:35:53 +0000] "GET /?products=871963000 HTTP/1.1" 200 74057 "-" "meta-externalagent/1.1 (+https://developers.facebook.com/docs/sharing/webmasters/crawler)"
2a03:2880:f800:d:: - - [19/Dec/2025:00:35:54 +0000] "GET /page/2/?products=777799656 HTTP/1.1" 404 355 "-" "meta-externalagent/1.1 (+https://developers.facebook.com/docs/sharing/webmasters/crawler)"
2a03:2880:f800:27:: - - [19/Dec/2025:00:35:55 +0000] "GET /?products=1127680772 HTTP/1.1" 200 74062 "-" "meta-externalagent/1.1 (+https://developers.facebook.com/docs/sharing/webmasters/crawler)"
2a03:2880:f800:37:: - - [19/Dec/2025:00:35:56 +0000] "GET /?products=1694014968 HTTP/1.1" 200 74062 "-" "meta-externalagent/1.1 (+https://developers.facebook.com/docs/sharing/webmasters/crawler)"
2a03:2880:f800:b:: - - [19/Dec/2025:00:35:57 +0000] "GET /?products=926564760 HTTP/1.1" 200 74057 "-" "meta-externalagent/1.1 (+https://developers.facebook.com/docs/sharing/webmasters/crawler)"
2a03:2880:f800:26:: - - [19/Dec/2025:00:35:58 +0000] "GET /page/22/?products=1247677640 HTTP/1.1" 404 355 "-" "meta-externalagent/1.1 (+https://developers.facebook.com/docs/sharing/webmasters/crawler)"
2a03:2880:f800:25:: - - [19/Dec/2025:00:35:58 +0000] "GET /?products=737581968 HTTP/1.1" 200 74057 "-" "meta-externalagent/1.1 (+https://developers.facebook.com/docs/sharing/webmasters/crawler)"
2a03:2880:f800:4a:: - - [19/Dec/2025:00:36:00 +0000] "GET /?products=977407384 HTTP/1.1" 200 74057 "-" "meta-externalagent/1.1 (+https://developers.facebook.com/docs/sharing/webmasters/crawler)"
2a03:2880:f800:3d:: - - [19/Dec/2025:00:36:00 +0000] "GET /page/2/?products=1595290096 HTTP/1.1" 404 355 "-" "meta-externalagent/1.1 (+https://developers.facebook.com/docs/sharing/webmasters/crawler)"
2a03:2880:f800:39:: - - [19/Dec/2025:00:36:02 +0000] "GET /?products=1609357740 HTTP/1.1" 200 74062 "-" "meta-externalagent/1.1 (+https://developers.facebook.com/docs/sharing/webmasters/crawler)"
2a03:2880:f800:c:: - - [19/Dec/2025:00:36:02 +0000] "GET /?products=878575720 HTTP/1.1" 200 74057 "-" "meta-externalagent/1.1 (+https://developers.facebook.com/docs/sharing/webmasters/crawler)"
2a03:2880:f800:3b:: - - [19/Dec/2025:00:36:03 +0000] "GET /page/2/?products=1772184312 HTTP/1.1" 404 355 "-" "meta-externalagent/1.1 (+https://developers.facebook.com/docs/sharing/webmasters/crawler)"
2a03:2880:f800:17:: - - [19/Dec/2025:00:36:04 +0000] "GET /page/2/?products=233298548 HTTP/1.1" 404 355 "-" "meta-externalagent/1.1 (+https://developers.facebook.com/docs/sharing/webmasters/crawler)"
2a03:2880:f800:14:: - - [19/Dec/2025:00:36:04 +0000] "GET /page/22/?products=493374908 HTTP/1.1" 404 355 "-" "meta-externalagent/1.1 (+https://developers.facebook.com/docs/sharing/webmasters/crawler)"
2a03:2880:f800:7:: - - [19/Dec/2025:00:36:05 +0000] "GET /page/2/?products=1928299520 HTTP/1.1" 404 355 "-" "meta-externalagent/1.1 (+https://developers.facebook.com/docs/sharing/webmasters/crawler)"
2a03:2880:f800:31:: - - [19/Dec/2025:00:36:06 +0000] "GET /page/22/?products=556436444 HTTP/1.1" 404 355 "-" "meta-externalagent/1.1 (+https://developers.facebook.com/docs/sharing/webmasters/crawler)"
2a03:2880:f800:3:: - - [19/Dec/2025:00:36:07 +0000] "GET /page/2/?products=1993349992 HTTP/1.1" 404 355 "-" "meta-externalagent/1.1 (+https://developers.facebook.com/docs/sharing/webmasters/crawler)"
2a03:2880:f800:39:: - - [19/Dec/2025:00:36:08 +0000] "GET /page/2/?products=1331266928 HTTP/1.1" 404 355 "-" "meta-externalagent/1.1 (+https://developers.facebook.com/docs/sharing/webmasters/crawler)"
2a03:2880:f800:19:: - - [19/Dec/2025:00:36:09 +0000] "GET /page/3/?products=1964163008 HTTP/1.1" 404 355 "-" "meta-externalagent/1.1 (+https://developers.facebook.com/docs/sharing/webmasters/crawler)"
2a03:2880:f800:14:: - - [19/Dec/2025:00:36:09 +0000] "GET /page/22/?products=1726356980 HTTP/1.1" 404 355 "-" "meta-externalagent/1.1 (+https://developers.facebook.com/docs/sharing/webmasters/crawler)"
2a03:2880:f800:3:: - - [19/Dec/2025:00:36:10 +0000] "GET /page/6/?products=351794084 HTTP/1.1" 404 355 "-" "meta-externalagent/1.1 (+https://developers.facebook.com/docs/sharing/webmasters/crawler)"
2a03:2880:f800:38:: - - [19/Dec/2025:00:36:11 +0000] "GET /page/3/?products=711981832 HTTP/1.1" 404 355 "-" "meta-externalagent/1.1 (+https://developers.facebook.com/docs/sharing/webmasters/crawler)"
2a03:2880:f800:9:: - - [19/Dec/2025:00:36:12 +0000] "GET /page/3/?products=351808352 HTTP/1.1" 404 355 "-" "meta-externalagent/1.1 (+https://developers.facebook.com/docs/sharing/webmasters/crawler)"
2a03:2880:f800:20:: - - [19/Dec/2025:00:36:13 +0000] "GET /page/2/?products=539338932 HTTP/1.1" 404 355 "-" "meta-externalagent/1.1 (+https://developers.facebook.com/docs/sharing/webmasters/crawler)"
2a03:2880:f800:6:: - - [19/Dec/2025:00:36:14 +0000] "GET /page/22/?products=19706156 HTTP/1.1" 404 355 "-" "meta-externalagent/1.1 (+https://developers.facebook.com/docs/sharing/webmasters/crawler)"
2a03:2880:f800:2b:: - - [19/Dec/2025:00:36:14 +0000] "GET /?products=1333359076 HTTP/1.1" 200 74062 "-" "meta-externalagent/1.1 (+https://developers.facebook.com/docs/sharing/webmasters/crawler)"
2a03:2880:f800:9:: - - [19/Dec/2025:00:36:16 +0000] "GET /page/2/?products=1896288364 HTTP/1.1" 404 355 "-" "meta-externalagent/1.1 (+https://developers.facebook.com/docs/sharing/webmasters/crawler)"
2a03:2880:f800:21:: - - [19/Dec/2025:00:36:16 +0000] "GET /page/2/?products=1669559964 HTTP/1.1" 404 355 "-" "meta-externalagent/1.1 (+https://developers.facebook.com/docs/sharing/webmasters/crawler)"
2a03:2880:f800:17:: - - [19/Dec/2025:00:36:17 +0000] "GET /page/22/?products=106374868 HTTP/1.1" 404 355 "-" "meta-externalagent/1.1 (+https://developers.facebook.com/docs/sharing/webmasters/crawler)"
2a03:2880:f800:7:: - - [19/Dec/2025:00:36:18 +0000] "GET /page/2/?products=1833909688 HTTP/1.1" 404 355 "-" "meta-externalagent/1.1 (+https://developers.facebook.com/docs/sharing/webmasters/crawler)"
2a03:2880:f800:19:: - - [19/Dec/2025:00:36:19 +0000] "GET /?products=2020420708 HTTP/1.1" 200 74062 "-" "meta-externalagent/1.1 (+https://developers.facebook.com/docs/sharing/webmasters/crawler)"
2a03:2880:f800:19:: - - [19/Dec/2025:00:36:20 +0000] "GET /?products=1183304776 HTTP/1.1" 200 74062 "-" "meta-externalagent/1.1 (+https://developers.facebook.com/docs/sharing/webmasters/crawler)"
2a03:2880:f800:45:: - - [19/Dec/2025:00:36:21 +0000] "GET /?products=1401308656 HTTP/1.1" 200 74062 "-" "meta-externalagent/1.1 (+https://developers.facebook.com/docs/sharing/webmasters/crawler)"
2a03:2880:f800:b:: - - [19/Dec/2025:00:36:21 +0000] "GET /page/22/?products=1538808440 HTTP/1.1" 404 355 "-" "meta-externalagent/1.1 (+https://developers.facebook.com/docs/sharing/webmasters/crawler)"
2a03:2880:f800:18:: - - [19/Dec/2025:00:36:22 +0000] "GET /page/22/?products=66866980 HTTP/1.1" 404 355 "-" "meta-externalagent/1.1 (+https://developers.facebook.com/docs/sharing/webmasters/crawler)"
2a03:2880:f800:9:: - - [19/Dec/2025:00:36:23 +0000] "GET /page/3/?products=627211540 HTTP/1.1" 404 355 "-" "meta-externalagent/1.1 (+https://developers.facebook.com/docs/sharing/webmasters/crawler)"
2a03:2880:f800:30:: - - [19/Dec/2025:00:36:24 +0000] "GET /page/3/?products=1206335228 HTTP/1.1" 404 355 "-" "meta-externalagent/1.1 (+https://developers.facebook.com/docs/sharing/webmasters/crawler)"
142.44.228.10 - - [19/Dec/2025:00:36:24 +0000] "GET /?products=59273300 HTTP/1.1" 200 74052 "-" "Mozilla/5.0 (compatible; AhrefsBot/7.0; +http://ahrefs.com/robot/)"
2a03:2880:f800:18:: - - [19/Dec/2025:00:36:25 +0000] "GET /?products=1364119436 HTTP/1.1" 200 74062 "-" "meta-externalagent/1.1 (+https://developers.facebook.com/docs/sharing/webmasters/crawler)"
2a03:2880:f800:: - - [19/Dec/2025:00:36:26 +0000] "GET /page/22/?products=1860516148 HTTP/1.1" 404 355 "-" "meta-externalagent/1.1 (+https://developers.facebook.com/docs/sharing/webmasters/crawler)"
2a03:2880:f800:1f:: - - [19/Dec/2025:00:36:27 +0000] "GET /page/3/?products=1814559012 HTTP/1.1" 404 355 "-" "meta-externalagent/1.1 (+https://developers.facebook.com/docs/sharing/webmasters/crawler)"
2a03:2880:f800:15:: - - [19/Dec/2025:00:36:27 +0000] "GET /?products=1702423832 HTTP/1.1" 200 74062 "-" "meta-externalagent/1.1 (+https://developers.facebook.com/docs/sharing/webmasters/crawler)"
2a03:2880:f800:4a:: - - [19/Dec/2025:00:36:28 +0000] "GET /page/2/?products=1903653980 HTTP/1.1" 404 355 "-" "meta-externalagent/1.1 (+https://developers.facebook.com/docs/sharing/webmasters/crawler)"
2a03:2880:f800:3d:: - - [19/Dec/2025:00:36:30 +0000] "GET /?products=1167903880 HTTP/1.1" 200 74062 "-" "meta-externalagent/1.1 (+https://developers.facebook.com/docs/sharing/webmasters/crawler)"
2a03:2880:f800:2f:: - - [19/Dec/2025:00:36:30 +0000] "GET /page/22/?products=1268589360 HTTP/1.1" 404 355 "-" "meta-externalagent/1.1 (+https://developers.facebook.com/docs/sharing/webmasters/crawler)"
66.249.66.42 - - [19/Dec/2025:00:36:30 +0000] "GET /?products=928182040 HTTP/1.1" 200 202665 "-" "Mozilla/5.0 (Linux; Android 6.0.1; Nexus 5X Build/MMB29P) AppleWebKit/537.36 (KHTML, like Gecko) Chrome/141.0.7390.122 Mobile Safari/537.36 (compatible; Googlebot/2.1; +http://www.google.com/bot.html)"
2a03:2880:f800:1c:: - - [19/Dec/2025:00:36:31 +0000] "GET /page/3/?products=1392959004 HTTP/1.1" 404 355 "-" "meta-externalagent/1.1 (+https://developers.facebook.com/docs/sharing/webmasters/crawler)"
2a03:2880:f800:36:: - - [19/Dec/2025:00:36:31 +0000] "GET /page/2/?products=1435144740 HTTP/1.1" 404 355 "-" "meta-externalagent/1.1 (+https://developers.facebook.com/docs/sharing/webmasters/crawler)"
2a03:2880:f800:12:: - - [19/Dec/2025:00:36:32 +0000] "GET /page/22/?products=1860335100 HTTP/1.1" 404 355 "-" "meta-externalagent/1.1 (+https://developers.facebook.com/docs/sharing/webmasters/crawler)"
2a03:2880:f800:1f:: - - [19/Dec/2025:00:36:33 +0000] "GET /?products=777339080 HTTP/1.1" 200 74057 "-" "meta-externalagent/1.1 (+https://developers.facebook.com/docs/sharing/webmasters/crawler)"
2a03:2880:f800:21:: - - [19/Dec/2025:00:36:34 +0000] "GET /page/3/?products=823577644 HTTP/1.1" 404 355 "-" "meta-externalagent/1.1 (+https://developers.facebook.com/docs/sharing/webmasters/crawler)"
2a03:2880:f800:3e:: - - [19/Dec/2025:00:36:35 +0000] "GET /page/3/?products=1356704784 HTTP/1.1" 404 355 "-" "meta-externalagent/1.1 (+https://developers.facebook.com/docs/sharing/webmasters/crawler)"
2a03:2880:f800:38:: - - [19/Dec/2025:00:36:35 +0000] "GET /page/20/?products=1313563364 HTTP/1.1" 404 355 "-" "meta-externalagent/1.1 (+https://developers.facebook.com/docs/sharing/webmasters/crawler)"
2a03:2880:f800:1f:: - - [19/Dec/2025:00:36:36 +0000] "GET /page/3/?products=167972588 HTTP/1.1" 404 355 "-" "meta-externalagent/1.1 (+https://developers.facebook.com/docs/sharing/webmasters/crawler)"
2a03:2880:f800:29:: - - [19/Dec/2025:00:36:37 +0000] "GET /page/2/?products=424019168 HTTP/1.1" 404 355 "-" "meta-externalagent/1.1 (+https://developers.facebook.com/docs/sharing/webmasters/crawler)"
