20.78.177.7 - - [19/Dec/2025:14:25:25 +0000] "GET /wp-conflg/function.php HTTP/1.1" 404 35804 "https://www.google.de/" "Mozilla/5.0 (Linux; Android 12; V2134) AppleWebKit/537.36 (KHTML, like Gecko) Chrome/116.0.0.0 Mobile Safari/537.36"
20.78.177.7 - - [19/Dec/2025:14:25:25 +0000] "GET /wp-content/admin.php HTTP/1.1" 404 35804 "https://www.google.co.uk/" "Mozilla/5.0 (Linux; Android 12; 2201116SG) AppleWebKit/537.36 (KHTML, like Gecko) Chrome/116.0.0.0 Mobile Safari/537.36"
20.78.177.7 - - [19/Dec/2025:14:25:25 +0000] "GET /wp-content/languages/index.php HTTP/1.1" 200 313 "https://www.google.com/" "Mozilla/5.0 (Linux; Android 14; Pixel 8 Pro) AppleWebKit/537.36 (KHTML, like Gecko) Chrome/119.0.0.0 Mobile Safari/537.36"
20.78.177.7 - - [19/Dec/2025:14:25:26 +0000] "GET /wp-includes/PHPMailer/index.php HTTP/1.1" 301 0 "https://duckduckgo.com/" "Mozilla/5.0 (iPhone; CPU iPhone OS 17_1 like Mac OS X) AppleWebKit/605.1.15 (KHTML, like Gecko) CriOS/119.0.6045.109 Mobile/15E148 Safari/604.1"
20.78.177.7 - - [19/Dec/2025:14:25:26 +0000] "GET /wp-includes/PHPMailer/ HTTP/1.1" 200 679 "https://duckduckgo.com/" "Mozilla/5.0 (iPhone; CPU iPhone OS 17_1 like Mac OS X) AppleWebKit/605.1.15 (KHTML, like Gecko) CriOS/119.0.6045.109 Mobile/15E148 Safari/604.1"
20.78.177.7 - - [19/Dec/2025:14:25:26 +0000] "GET /wp-includes/images HTTP/1.1" 301 286 "https://www.yahoo.com/" "Mozilla/5.0 (Linux; Android 13; M2101K6G) AppleWebKit/537.36 (KHTML, like Gecko) Chrome/116.0.0.0 Mobile Safari/537.36"
20.78.177.7 - - [19/Dec/2025:14:25:26 +0000] "GET /wp-includes/images/ HTTP/1.1" 200 6358 "https://www.yahoo.com/" "Mozilla/5.0 (Linux; Android 13; M2101K6G) AppleWebKit/537.36 (KHTML, like Gecko) Chrome/116.0.0.0 Mobile Safari/537.36"
20.78.177.7 - - [19/Dec/2025:14:25:27 +0000] "GET /wp-includes/images/index.php HTTP/1.1" 301 0 "https://www.google.co.uk/" "Mozilla/5.0 (iPad; CPU OS 17_0_3 like Mac OS X) AppleWebKit/605.1.15 (KHTML, like Gecko) Version/17.0.1 Mobile/15E148 Safari/604.1"
20.78.177.7 - - [19/Dec/2025:14:25:27 +0000] "GET /wp-includes/images/ HTTP/1.1" 200 6358 "https://www.google.co.uk/" "Mozilla/5.0 (iPad; CPU OS 17_0_3 like Mac OS X) AppleWebKit/605.1.15 (KHTML, like Gecko) Version/17.0.1 Mobile/15E148 Safari/604.1"
20.78.177.7 - - [19/Dec/2025:14:25:27 +0000] "GET /wp-includes/js/dist/development HTTP/1.1" 301 299 "https://www.google.fr/" "Mozilla/5.0 (iPhone; CPU iPhone OS 16_0 like Mac OS X) AppleWebKit/605.1.15 (KHTML, like Gecko) FxiOS/118.0 Mobile/15E148 Safari/605.1.15"
20.78.177.7 - - [19/Dec/2025:14:25:27 +0000] "GET /wp-includes/js/dist/development/ HTTP/1.1" 200 1488 "https://www.google.fr/" "Mozilla/5.0 (iPhone; CPU iPhone OS 16_0 like Mac OS X) AppleWebKit/605.1.15 (KHTML, like Gecko) FxiOS/118.0 Mobile/15E148 Safari/605.1.15"
20.78.177.7 - - [19/Dec/2025:14:25:28 +0000] "GET /wp-user.php HTTP/1.1" 404 35804 "https://duckduckgo.com/" "Mozilla/5.0 (Linux; Android 13; SM-S908E) AppleWebKit/537.36 (KHTML, like Gecko) Chrome/116.0.0.0 Mobile Safari/537.36"
20.78.177.7 - - [19/Dec/2025:14:25:28 +0000] "GET /404.php HTTP/1.1" 404 35804 "https://www.google.co.uk/" "Mozilla/5.0 (Linux; Android 12; V2134) AppleWebKit/537.36 (KHTML, like Gecko) Chrome/116.0.0.0 Mobile Safari/537.36"
20.78.177.7 - - [19/Dec/2025:14:25:29 +0000] "GET /akcc.php HTTP/1.1" 404 35804 "https://www.google.co.uk/" "Mozilla/5.0 (Linux; Android 12; SM-A525F) AppleWebKit/537.36 (KHTML, like Gecko) Chrome/117.0.0.0 Mobile Safari/537.36"
20.78.177.7 - - [19/Dec/2025:14:25:29 +0000] "GET /gg.php HTTP/1.1" 403 309 "https://www.google.com/" "Mozilla/5.0 (Linux; Android 14; Pixel 8 Pro) AppleWebKit/537.36 (KHTML, like Gecko) Chrome/119.0.0.0 Mobile Safari/537.36"
20.78.177.7 - - [19/Dec/2025:14:25:30 +0000] "GET /mah.php HTTP/1.1" 200 313 "https://www.bing.com/" "Mozilla/5.0 (Linux; Android 10; K) AppleWebKit/537.36 (KHTML, like Gecko) Chrome/117.0.0.0 Mobile Safari/537.36"
20.78.177.7 - - [19/Dec/2025:14:25:30 +0000] "GET /new.php HTTP/1.1" 404 35804 "https://www.google.de/" "Mozilla/5.0 (Linux; Android 12; 2201116SG) AppleWebKit/537.36 (KHTML, like Gecko) Chrome/116.0.0.0 Mobile Safari/537.36"
20.78.177.7 - - [19/Dec/2025:14:25:30 +0000] "GET /themes.php HTTP/1.1" 404 35804 "https://www.yahoo.com/" "Mozilla/5.g (Linux; Android 13; Pixel 7) AppleWebKit/537.36 (KHTML, like Gecko) Chrome/116.0.0.0 Mobile Safari/537.36"
20.78.177.7 - - [19/Dec/2025:14:25:31 +0000] "GET /uploads/index.php HTTP/1.1" 301 0 "https://www.google.de/" "Mozilla/5.0 (iPad; CPU OS 16_7_2 like Mac OS X) AppleWebKit/605.1.15 (KHTML, like Gecko) Version/16.6 Mobile/15E148 Safari/604.1"
20.78.177.7 - - [19/Dec/2025:14:25:31 +0000] "GET /uploads/ HTTP/1.1" 404 35804 "https://www.google.de/" "Mozilla/5.0 (iPad; CPU OS 16_7_2 like Mac OS X) AppleWebKit/605.1.15 (KHTML, like Gecko) Version/16.6 Mobile/15E148 Safari/604.1"
20.78.177.7 - - [19/Dec/2025:14:25:32 +0000] "GET /wp-admin HTTP/1.1" 301 276 "https://www.google.com/" "Mozilla/5.0 (Linux; Android 12; 2201116SG) AppleWebKit/537.36 (KHTML, like Gecko) Chrome/116.0.0.0 Mobile Safari/537.36"
20.78.177.7 - - [19/Dec/2025:14:25:32 +0000] "GET /wp-admin/ HTTP/1.1" 200 1896 "https://www.google.com/" "Mozilla/5.0 (Linux; Android 12; 2201116SG) AppleWebKit/537.36 (KHTML, like Gecko) Chrome/116.0.0.0 Mobile Safari/537.36"
66.249.66.168 - - [19/Dec/2025:14:26:21 +0000] "GET /?products=707066988 HTTP/1.1" 200 149615 "-" "Mozilla/5.0 (Linux; Android 6.0.1; Nexus 5X Build/MMB29P) AppleWebKit/537.36 (KHTML, like Gecko) Chrome/141.0.7390.122 Mobile Safari/537.36 (compatible; Googlebot/2.1; +http://www.google.com/bot.html)"
69.197.179.242 - - [19/Dec/2025:14:26:28 +0000] "GET /wp-includes/plb776de/edit.php?id=107903 HTTP/1.1" 200 0 "http://olkavix.com/wp-includes/plb776de/edit.php?id=107903" "Mozilla/5.0 (Windows NT 10.0; Win64; x64) AppleWebKit/537.36 (KHTML, like Gecko) Chrome/58.0.3029.110 Safari/537.3"
66.249.66.12 - - [19/Dec/2025:14:27:17 +0000] "GET /?products=707058908 HTTP/1.1" 200 156121 "-" "Mozilla/5.0 (Linux; Android 6.0.1; Nexus 5X Build/MMB29P) AppleWebKit/537.36 (KHTML, like Gecko) Chrome/141.0.7390.122 Mobile Safari/537.36 (compatible; Googlebot/2.1; +http://www.google.com/bot.html)"
66.249.66.13 - - [19/Dec/2025:14:27:21 +0000] "GET /?products=46191404 HTTP/1.1" 200 160257 "-" "Mozilla/5.0 (Linux; Android 6.0.1; Nexus 5X Build/MMB29P) AppleWebKit/537.36 (KHTML, like Gecko) Chrome/141.0.7390.122 Mobile Safari/537.36 (compatible; Googlebot/2.1; +http://www.google.com/bot.html)"
216.244.66.239 - - [19/Dec/2025:14:27:36 +0000] "GET /robots.txt HTTP/1.1" 304 0 "-" "Mozilla/5.0 (compatible; DotBot/1.2; +https://opensiteexplorer.org/dotbot; help@moz.com)"
66.249.66.42 - - [19/Dec/2025:14:27:38 +0000] "GET /?products=707105072 HTTP/1.1" 200 147274 "-" "Mozilla/5.0 (Linux; Android 6.0.1; Nexus 5X Build/MMB29P) AppleWebKit/537.36 (KHTML, like Gecko) Chrome/141.0.7390.122 Mobile Safari/537.36 (compatible; Googlebot/2.1; +http://www.google.com/bot.html)"
66.249.66.192 - - [19/Dec/2025:14:27:57 +0000] "GET /?products=707129492 HTTP/1.1" 200 148423 "-" "Mozilla/5.0 (Linux; Android 6.0.1; Nexus 5X Build/MMB29P) AppleWebKit/537.36 (KHTML, like Gecko) Chrome/141.0.7390.122 Mobile Safari/537.36 (compatible; Googlebot/2.1; +http://www.google.com/bot.html)"
69.197.179.242 - - [19/Dec/2025:14:27:58 +0000] "GET /wp-includes/plb776de/edit.php?id=107903 HTTP/1.1" 200 0 "http://olkavix.com/wp-includes/plb776de/edit.php?id=107903" "Mozilla/5.0 (Windows NT 10.0; Win64; x64) AppleWebKit/537.36 (KHTML, like Gecko) Chrome/58.0.3029.110 Safari/537.3"
66.249.66.166 - - [19/Dec/2025:14:28:23 +0000] "GET /?products=707064840 HTTP/1.1" 200 149850 "-" "Mozilla/5.0 (Linux; Android 6.0.1; Nexus 5X Build/MMB29P) AppleWebKit/537.36 (KHTML, like Gecko) Chrome/141.0.7390.122 Mobile Safari/537.36 (compatible; Googlebot/2.1; +http://www.google.com/bot.html)"
66.249.66.14 - - [19/Dec/2025:14:29:03 +0000] "GET /?products=707101228 HTTP/1.1" 200 148880 "-" "Mozilla/5.0 (Linux; Android 6.0.1; Nexus 5X Build/MMB29P) AppleWebKit/537.36 (KHTML, like Gecko) Chrome/141.0.7390.122 Mobile Safari/537.36 (compatible; Googlebot/2.1; +http://www.google.com/bot.html)"
69.197.179.242 - - [19/Dec/2025:14:29:27 +0000] "GET /wp-includes/plb776de/edit.php?id=107903 HTTP/1.1" 200 0 "http://olkavix.com/wp-includes/plb776de/edit.php?id=107903" "Mozilla/5.0 (Windows NT 10.0; Win64; x64) AppleWebKit/537.36 (KHTML, like Gecko) Chrome/58.0.3029.110 Safari/537.3"
66.249.66.13 - - [19/Dec/2025:14:30:02 +0000] "GET /?products=707054024 HTTP/1.1" 200 149780 "-" "Mozilla/5.0 (Linux; Android 6.0.1; Nexus 5X Build/MMB29P) AppleWebKit/537.36 (KHTML, like Gecko) Chrome/141.0.7390.122 Mobile Safari/537.36 (compatible; Googlebot/2.1; +http://www.google.com/bot.html)"
69.197.179.242 - - [19/Dec/2025:14:30:59 +0000] "GET /wp-includes/plb776de/edit.php?id=107903 HTTP/1.1" 200 0 "http://olkavix.com/wp-includes/plb776de/edit.php?id=107903" "Mozilla/5.0 (Windows NT 10.0; Win64; x64) AppleWebKit/537.36 (KHTML, like Gecko) Chrome/58.0.3029.110 Safari/537.3"
66.249.66.169 - - [19/Dec/2025:14:31:01 +0000] "GET /?products=707124608 HTTP/1.1" 200 154433 "-" "Mozilla/5.0 (Linux; Android 6.0.1; Nexus 5X Build/MMB29P) AppleWebKit/537.36 (KHTML, like Gecko) Chrome/141.0.7390.122 Mobile Safari/537.36 (compatible; Googlebot/2.1; +http://www.google.com/bot.html)"
152.42.181.79 - - [19/Dec/2025:14:31:09 +0000] "GET /license.txt HTTP/1.1" 200 19903 "-" "python-requests/2.27.1"
69.197.179.242 - - [19/Dec/2025:14:32:30 +0000] "GET /wp-includes/plb776de/edit.php?id=107903 HTTP/1.1" 200 0 "http://olkavix.com/wp-includes/plb776de/edit.php?id=107903" "Mozilla/5.0 (Windows NT 10.0; Win64; x64) AppleWebKit/537.36 (KHTML, like Gecko) Chrome/58.0.3029.110 Safari/537.3"
66.249.66.197 - - [19/Dec/2025:14:32:35 +0000] "GET /?products=707139608 HTTP/1.1" 200 149435 "-" "Mozilla/5.0 (Linux; Android 6.0.1; Nexus 5X Build/MMB29P) AppleWebKit/537.36 (KHTML, like Gecko) Chrome/141.0.7390.122 Mobile Safari/537.36 (compatible; Googlebot/2.1; +http://www.google.com/bot.html)"
66.249.66.5 - - [19/Dec/2025:14:32:55 +0000] "GET /?products=707074900 HTTP/1.1" 200 146738 "-" "Mozilla/5.0 (Linux; Android 6.0.1; Nexus 5X Build/MMB29P) AppleWebKit/537.36 (KHTML, like Gecko) Chrome/141.0.7390.122 Mobile Safari/537.36 (compatible; Googlebot/2.1; +http://www.google.com/bot.html)"
66.249.66.6 - - [19/Dec/2025:14:33:15 +0000] "GET /?products=707077584 HTTP/1.1" 200 150039 "-" "Mozilla/5.0 (Linux; Android 6.0.1; Nexus 5X Build/MMB29P) AppleWebKit/537.36 (KHTML, like Gecko) Chrome/141.0.7390.122 Mobile Safari/537.36 (compatible; Googlebot/2.1; +http://www.google.com/bot.html)"
66.249.66.5 - - [19/Dec/2025:14:33:36 +0000] "GET /?products=707079476 HTTP/1.1" 200 156237 "-" "Mozilla/5.0 (Linux; Android 6.0.1; Nexus 5X Build/MMB29P) AppleWebKit/537.36 (KHTML, like Gecko) Chrome/141.0.7390.122 Mobile Safari/537.36 (compatible; Googlebot/2.1; +http://www.google.com/bot.html)"
66.249.66.45 - - [19/Dec/2025:14:33:56 +0000] "GET /?products=707101876 HTTP/1.1" 200 151238 "-" "Mozilla/5.0 (Linux; Android 6.0.1; Nexus 5X Build/MMB29P) AppleWebKit/537.36 (KHTML, like Gecko) Chrome/141.0.7390.122 Mobile Safari/537.36 (compatible; Googlebot/2.1; +http://www.google.com/bot.html)"
69.197.179.242 - - [19/Dec/2025:14:33:58 +0000] "GET /wp-includes/plb776de/edit.php?id=107903 HTTP/1.1" 200 0 "http://olkavix.com/wp-includes/plb776de/edit.php?id=107903" "Mozilla/5.0 (Windows NT 10.0; Win64; x64) AppleWebKit/537.36 (KHTML, like Gecko) Chrome/58.0.3029.110 Safari/537.3"
216.244.66.239 - - [19/Dec/2025:14:34:14 +0000] "GET /category/worldwide/page/4/ HTTP/1.1" 200 75884 "-" "Mozilla/5.0 (compatible; DotBot/1.2; +https://opensiteexplorer.org/dotbot; help@moz.com)"
66.249.66.195 - - [19/Dec/2025:14:34:23 +0000] "GET /?products=707076936 HTTP/1.1" 200 150080 "-" "Mozilla/5.0 (Linux; Android 6.0.1; Nexus 5X Build/MMB29P) AppleWebKit/537.36 (KHTML, like Gecko) Chrome/141.0.7390.122 Mobile Safari/537.36 (compatible; Googlebot/2.1; +http://www.google.com/bot.html)"
69.197.179.242 - - [19/Dec/2025:14:35:27 +0000] "GET /wp-includes/plb776de/edit.php?id=107903 HTTP/1.1" 200 0 "http://olkavix.com/wp-includes/plb776de/edit.php?id=107903" "Mozilla/5.0 (Windows NT 10.0; Win64; x64) AppleWebKit/537.36 (KHTML, like Gecko) Chrome/58.0.3029.110 Safari/537.3"
66.249.66.44 - - [19/Dec/2025:14:36:18 +0000] "GET /?products=707056208 HTTP/1.1" 200 162745 "-" "Mozilla/5.0 (Linux; Android 6.0.1; Nexus 5X Build/MMB29P) AppleWebKit/537.36 (KHTML, like Gecko) Chrome/141.0.7390.122 Mobile Safari/537.36 (compatible; Googlebot/2.1; +http://www.google.com/bot.html)"
69.197.179.242 - - [19/Dec/2025:14:37:02 +0000] "GET /wp-includes/plb776de/edit.php?id=107903 HTTP/1.1" 200 0 "http://olkavix.com/wp-includes/plb776de/edit.php?id=107903" "Mozilla/5.0 (Windows NT 10.0; Win64; x64) AppleWebKit/537.36 (KHTML, like Gecko) Chrome/58.0.3029.110 Safari/537.3"
66.249.66.76 - - [19/Dec/2025:14:37:15 +0000] "GET /?products=707090548 HTTP/1.1" 200 151911 "-" "Mozilla/5.0 (Linux; Android 6.0.1; Nexus 5X Build/MMB29P) AppleWebKit/537.36 (KHTML, like Gecko) Chrome/141.0.7390.122 Mobile Safari/537.36 (compatible; Googlebot/2.1; +http://www.google.com/bot.html)"
66.249.66.76 - - [19/Dec/2025:14:37:31 +0000] "GET /?products=43658908 HTTP/1.1" 200 155981 "-" "Mozilla/5.0 (Linux; Android 6.0.1; Nexus 5X Build/MMB29P) AppleWebKit/537.36 (KHTML, like Gecko) Chrome/141.0.7390.122 Mobile Safari/537.36 (compatible; Googlebot/2.1; +http://www.google.com/bot.html)"
66.249.66.42 - - [19/Dec/2025:14:37:34 +0000] "GET /?products=953675904 HTTP/1.1" 200 152662 "-" "Mozilla/5.0 (Linux; Android 6.0.1; Nexus 5X Build/MMB29P) AppleWebKit/537.36 (KHTML, like Gecko) Chrome/141.0.7390.122 Mobile Safari/537.36 (compatible; Googlebot/2.1; +http://www.google.com/bot.html)"
66.249.66.13 - - [19/Dec/2025:14:37:34 +0000] "GET /?products=707109820 HTTP/1.1" 200 157179 "-" "Mozilla/5.0 (Linux; Android 6.0.1; Nexus 5X Build/MMB29P) AppleWebKit/537.36 (KHTML, like Gecko) Chrome/141.0.7390.122 Mobile Safari/537.36 (compatible; Googlebot/2.1; +http://www.google.com/bot.html)"
66.249.66.12 - - [19/Dec/2025:14:37:55 +0000] "GET /?products=707101176 HTTP/1.1" 200 156688 "-" "Mozilla/5.0 (Linux; Android 6.0.1; Nexus 5X Build/MMB29P) AppleWebKit/537.36 (KHTML, like Gecko) Chrome/141.0.7390.122 Mobile Safari/537.36 (compatible; Googlebot/2.1; +http://www.google.com/bot.html)"
69.197.179.242 - - [19/Dec/2025:14:38:30 +0000] "GET /wp-includes/plb776de/edit.php?id=107903 HTTP/1.1" 200 0 "http://olkavix.com/wp-includes/plb776de/edit.php?id=107903" "Mozilla/5.0 (Windows NT 10.0; Win64; x64) AppleWebKit/537.36 (KHTML, like Gecko) Chrome/58.0.3029.110 Safari/537.3"
66.249.66.44 - - [19/Dec/2025:14:39:29 +0000] "GET /?products=707135416 HTTP/1.1" 200 151296 "-" "Mozilla/5.0 (Linux; Android 6.0.1; Nexus 5X Build/MMB29P) AppleWebKit/537.36 (KHTML, like Gecko) Chrome/141.0.7390.122 Mobile Safari/537.36 (compatible; Googlebot/2.1; +http://www.google.com/bot.html)"
66.249.66.42 - - [19/Dec/2025:14:39:29 +0000] "GET /?products=40411512 HTTP/1.1" 200 153188 "-" "Mozilla/5.0 (Linux; Android 6.0.1; Nexus 5X Build/MMB29P) AppleWebKit/537.36 (KHTML, like Gecko) Chrome/141.0.7390.122 Mobile Safari/537.36 (compatible; Googlebot/2.1; +http://www.google.com/bot.html)"
66.249.66.12 - - [19/Dec/2025:14:39:49 +0000] "GET /?products=707113280 HTTP/1.1" 200 147054 "-" "Mozilla/5.0 (Linux; Android 6.0.1; Nexus 5X Build/MMB29P) AppleWebKit/537.36 (KHTML, like Gecko) Chrome/141.0.7390.122 Mobile Safari/537.36 (compatible; Googlebot/2.1; +http://www.google.com/bot.html)"
69.197.179.242 - - [19/Dec/2025:14:39:58 +0000] "GET /wp-includes/plb776de/edit.php?id=107903 HTTP/1.1" 200 0 "http://olkavix.com/wp-includes/plb776de/edit.php?id=107903" "Mozilla/5.0 (Windows NT 10.0; Win64; x64) AppleWebKit/537.36 (KHTML, like Gecko) Chrome/58.0.3029.110 Safari/537.3"
66.249.66.75 - - [19/Dec/2025:14:40:09 +0000] "GET /?products=707141756 HTTP/1.1" 200 152163 "-" "Mozilla/5.0 (Linux; Android 6.0.1; Nexus 5X Build/MMB29P) AppleWebKit/537.36 (KHTML, like Gecko) Chrome/141.0.7390.122 Mobile Safari/537.36 (compatible; Googlebot/2.1; +http://www.google.com/bot.html)"
66.249.66.12 - - [19/Dec/2025:14:40:29 +0000] "GET /?products=707120892 HTTP/1.1" 200 146480 "-" "Mozilla/5.0 (Linux; Android 6.0.1; Nexus 5X Build/MMB29P) AppleWebKit/537.36 (KHTML, like Gecko) Chrome/141.0.7390.122 Mobile Safari/537.36 (compatible; Googlebot/2.1; +http://www.google.com/bot.html)"
66.249.66.192 - - [19/Dec/2025:14:40:49 +0000] "GET /?products=707150384 HTTP/1.1" 200 153477 "-" "Mozilla/5.0 (Linux; Android 6.0.1; Nexus 5X Build/MMB29P) AppleWebKit/537.36 (KHTML, like Gecko) Chrome/141.0.7390.122 Mobile Safari/537.36 (compatible; Googlebot/2.1; +http://www.google.com/bot.html)"
69.197.179.242 - - [19/Dec/2025:14:41:27 +0000] "GET /wp-includes/plb776de/edit.php?id=107903 HTTP/1.1" 200 0 "http://olkavix.com/wp-includes/plb776de/edit.php?id=107903" "Mozilla/5.0 (Windows NT 10.0; Win64; x64) AppleWebKit/537.36 (KHTML, like Gecko) Chrome/58.0.3029.110 Safari/537.3"
69.197.179.242 - - [19/Dec/2025:14:42:56 +0000] "GET /wp-includes/plb776de/edit.php?id=107903 HTTP/1.1" 200 0 "http://olkavix.com/wp-includes/plb776de/edit.php?id=107903" "Mozilla/5.0 (Windows NT 10.0; Win64; x64) AppleWebKit/537.36 (KHTML, like Gecko) Chrome/58.0.3029.110 Safari/537.3"
66.249.66.44 - - [19/Dec/2025:14:43:01 +0000] "GET /?products=56957232 HTTP/1.1" 200 152467 "-" "Mozilla/5.0 (Linux; Android 6.0.1; Nexus 5X Build/MMB29P) AppleWebKit/537.36 (KHTML, like Gecko) Chrome/141.0.7390.122 Mobile Safari/537.36 (compatible; Googlebot/2.1; +http://www.google.com/bot.html)"
66.249.66.168 - - [19/Dec/2025:14:43:01 +0000] "GET /?products=707093148 HTTP/1.1" 200 153226 "-" "Mozilla/5.0 (Linux; Android 6.0.1; Nexus 5X Build/MMB29P) AppleWebKit/537.36 (KHTML, like Gecko) Chrome/141.0.7390.122 Mobile Safari/537.36 (compatible; Googlebot/2.1; +http://www.google.com/bot.html)"
66.249.66.42 - - [19/Dec/2025:14:43:20 +0000] "GET /?products=707148200 HTTP/1.1" 200 157727 "-" "Mozilla/5.0 (Linux; Android 6.0.1; Nexus 5X Build/MMB29P) AppleWebKit/537.36 (KHTML, like Gecko) Chrome/141.0.7390.122 Mobile Safari/537.36 (compatible; Googlebot/2.1; +http://www.google.com/bot.html)"
66.249.66.192 - - [19/Dec/2025:14:43:43 +0000] "GET /?products=707136872 HTTP/1.1" 200 148943 "-" "Mozilla/5.0 (Linux; Android 6.0.1; Nexus 5X Build/MMB29P) AppleWebKit/537.36 (KHTML, like Gecko) Chrome/141.0.7390.122 Mobile Safari/537.36 (compatible; Googlebot/2.1; +http://www.google.com/bot.html)"
66.249.66.42 - - [19/Dec/2025:14:44:02 +0000] "GET /?products=707075580 HTTP/1.1" 200 162666 "-" "Mozilla/5.0 (Linux; Android 6.0.1; Nexus 5X Build/MMB29P) AppleWebKit/537.36 (KHTML, like Gecko) Chrome/141.0.7390.122 Mobile Safari/537.36 (compatible; Googlebot/2.1; +http://www.google.com/bot.html)"
66.249.66.12 - - [19/Dec/2025:14:44:23 +0000] "GET /?products=707096344 HTTP/1.1" 200 147437 "-" "Mozilla/5.0 (Linux; Android 6.0.1; Nexus 5X Build/MMB29P) AppleWebKit/537.36 (KHTML, like Gecko) Chrome/141.0.7390.122 Mobile Safari/537.36 (compatible; Googlebot/2.1; +http://www.google.com/bot.html)"
69.197.179.242 - - [19/Dec/2025:14:44:24 +0000] "GET /wp-includes/plb776de/edit.php?id=107903 HTTP/1.1" 200 0 "http://olkavix.com/wp-includes/plb776de/edit.php?id=107903" "Mozilla/5.0 (Windows NT 10.0; Win64; x64) AppleWebKit/537.36 (KHTML, like Gecko) Chrome/58.0.3029.110 Safari/537.3"
66.249.66.192 - - [19/Dec/2025:14:44:42 +0000] "GET /?products=707062104 HTTP/1.1" 200 157655 "-" "Mozilla/5.0 (Linux; Android 6.0.1; Nexus 5X Build/MMB29P) AppleWebKit/537.36 (KHTML, like Gecko) Chrome/141.0.7390.122 Mobile Safari/537.36 (compatible; Googlebot/2.1; +http://www.google.com/bot.html)"
66.249.66.42 - - [19/Dec/2025:14:45:03 +0000] "GET /?products=707139568 HTTP/1.1" 200 147793 "-" "Mozilla/5.0 (Linux; Android 6.0.1; Nexus 5X Build/MMB29P) AppleWebKit/537.36 (KHTML, like Gecko) Chrome/141.0.7390.122 Mobile Safari/537.36 (compatible; Googlebot/2.1; +http://www.google.com/bot.html)"
66.249.66.13 - - [19/Dec/2025:14:45:43 +0000] "GET /?products=707071720 HTTP/1.1" 200 150177 "-" "Mozilla/5.0 (Linux; Android 6.0.1; Nexus 5X Build/MMB29P) AppleWebKit/537.36 (KHTML, like Gecko) Chrome/141.0.7390.122 Mobile Safari/537.36 (compatible; Googlebot/2.1; +http://www.google.com/bot.html)"
69.197.179.242 - - [19/Dec/2025:14:45:52 +0000] "GET /wp-includes/plb776de/edit.php?id=107903 HTTP/1.1" 200 0 "http://olkavix.com/wp-includes/plb776de/edit.php?id=107903" "Mozilla/5.0 (Windows NT 10.0; Win64; x64) AppleWebKit/537.36 (KHTML, like Gecko) Chrome/58.0.3029.110 Safari/537.3"
66.249.66.43 - - [19/Dec/2025:14:46:23 +0000] "GET /?products=707146164 HTTP/1.1" 200 147270 "-" "Mozilla/5.0 (Linux; Android 6.0.1; Nexus 5X Build/MMB29P) AppleWebKit/537.36 (KHTML, like Gecko) Chrome/141.0.7390.122 Mobile Safari/537.36 (compatible; Googlebot/2.1; +http://www.google.com/bot.html)"
204.12.208.18 - - [19/Dec/2025:14:47:06 +0000] "GET /wp-includes/plb776de/edit.php HTTP/1.1" 200 16 "http://olkavix.com/wp-includes/plb776de/edit.php" "Mozilla/5.0 (Macintosh; Intel Mac OS X 10.7; rv:7.0.1) Gecko/20100101 Firefox/7.0.1"
66.249.66.193 - - [19/Dec/2025:14:47:06 +0000] "GET /?products=707103196 HTTP/1.1" 200 146333 "-" "Mozilla/5.0 (Linux; Android 6.0.1; Nexus 5X Build/MMB29P) AppleWebKit/537.36 (KHTML, like Gecko) Chrome/141.0.7390.122 Mobile Safari/537.36 (compatible; Googlebot/2.1; +http://www.google.com/bot.html)"
161.97.175.20 - - [19/Dec/2025:14:47:23 +0000] "GET / HTTP/1.1" 200 73934 "-" "-"
161.97.175.20 - - [19/Dec/2025:14:47:23 +0000] "GET / HTTP/1.1" 200 73934 "-" "-"
159.198.77.92 - - [19/Dec/2025:14:47:23 +0000] "POST /wp-cron.php?doing_wp_cron=1766155643.6279740333557128906250 HTTP/1.1" 404 35804 "-" "WordPress/6.9; https://olkavix.com"
161.97.175.20 - - [19/Dec/2025:14:47:23 +0000] "GET /wp-admin/install.php HTTP/1.1" 200 1258 "-" "-"
161.97.175.20 - - [19/Dec/2025:14:47:24 +0000] "GET /wp-admin/setup-config.php HTTP/1.1" 404 35804 "-" "-"
159.198.77.92 - - [19/Dec/2025:14:47:24 +0000] "POST /wp-cron.php?doing_wp_cron=1766155644.3560309410095214843750 HTTP/1.1" 404 35804 "-" "WordPress/6.9; https://olkavix.com"
161.97.175.20 - - [19/Dec/2025:14:47:24 +0000] "GET /wp-admin/install.php HTTP/1.1" 200 1258 "-" "-"
161.97.175.20 - - [19/Dec/2025:14:47:25 +0000] "GET /wp-admin/setup-config.php HTTP/1.1" 404 35804 "-" "-"
69.197.179.242 - - [19/Dec/2025:14:47:30 +0000] "GET /wp-includes/plb776de/edit.php?id=107903 HTTP/1.1" 200 0 "http://olkavix.com/wp-includes/plb776de/edit.php?id=107903" "Mozilla/5.0 (Windows NT 10.0; Win64; x64) AppleWebKit/537.36 (KHTML, like Gecko) Chrome/58.0.3029.110 Safari/537.3"
66.249.66.42 - - [19/Dec/2025:14:47:44 +0000] "GET /?products=97341308 HTTP/1.1" 200 153601 "-" "Mozilla/5.0 (Linux; Android 6.0.1; Nexus 5X Build/MMB29P) AppleWebKit/537.36 (KHTML, like Gecko) Chrome/141.0.7390.122 Mobile Safari/537.36 (compatible; Googlebot/2.1; +http://www.google.com/bot.html)"
69.197.179.242 - - [19/Dec/2025:14:49:14 +0000] "GET /wp-includes/plb776de/edit.php?id=107903 HTTP/1.1" 200 0 "http://olkavix.com/wp-includes/plb776de/edit.php?id=107903" "Mozilla/5.0 (Windows NT 10.0; Win64; x64) AppleWebKit/537.36 (KHTML, like Gecko) Chrome/58.0.3029.110 Safari/537.3"
66.249.66.192 - - [19/Dec/2025:14:49:38 +0000] "GET /?products=954446496 HTTP/1.1" 200 142325 "-" "Mozilla/5.0 (Linux; Android 6.0.1; Nexus 5X Build/MMB29P) AppleWebKit/537.36 (KHTML, like Gecko) Chrome/141.0.7390.122 Mobile Safari/537.36 (compatible; Googlebot/2.1; +http://www.google.com/bot.html)"
66.249.66.193 - - [19/Dec/2025:14:49:38 +0000] "GET /?pid=27744391872&channel=chill-buy-embarrassed&cate_id=3648&page=http://olkavix.com/site.htm?048005000 HTTP/1.1" 200 147390 "-" "Mozilla/5.0 (Linux; Android 6.0.1; Nexus 5X Build/MMB29P) AppleWebKit/537.36 (KHTML, like Gecko) Chrome/141.0.7390.122 Mobile Safari/537.36 (compatible; Googlebot/2.1; +http://www.google.com/bot.html)"
66.249.66.12 - - [19/Dec/2025:14:49:58 +0000] "GET /?products=97454456 HTTP/1.1" 200 147694 "-" "Mozilla/5.0 (Linux; Android 6.0.1; Nexus 5X Build/MMB29P) AppleWebKit/537.36 (KHTML, like Gecko) Chrome/141.0.7390.122 Mobile Safari/537.36 (compatible; Googlebot/2.1; +http://www.google.com/bot.html)"
66.249.66.168 - - [19/Dec/2025:14:50:18 +0000] "GET /?products=97327320 HTTP/1.1" 200 149447 "-" "Mozilla/5.0 (Linux; Android 6.0.1; Nexus 5X Build/MMB29P) AppleWebKit/537.36 (KHTML, like Gecko) Chrome/141.0.7390.122 Mobile Safari/537.36 (compatible; Googlebot/2.1; +http://www.google.com/bot.html)"
66.249.66.193 - - [19/Dec/2025:14:50:37 +0000] "GET /?products=97468096 HTTP/1.1" 200 149786 "-" "Mozilla/5.0 (Linux; Android 6.0.1; Nexus 5X Build/MMB29P) AppleWebKit/537.36 (KHTML, like Gecko) Chrome/141.0.7390.122 Mobile Safari/537.36 (compatible; Googlebot/2.1; +http://www.google.com/bot.html)"
69.197.179.242 - - [19/Dec/2025:14:50:44 +0000] "GET /wp-includes/plb776de/edit.php?id=107903 HTTP/1.1" 200 0 "http://olkavix.com/wp-includes/plb776de/edit.php?id=107903" "Mozilla/5.0 (Windows NT 10.0; Win64; x64) AppleWebKit/537.36 (KHTML, like Gecko) Chrome/58.0.3029.110 Safari/537.3"
66.249.66.168 - - [19/Dec/2025:14:51:03 +0000] "GET /?products=97320400 HTTP/1.1" 200 158776 "-" "Mozilla/5.0 (Linux; Android 6.0.1; Nexus 5X Build/MMB29P) AppleWebKit/537.36 (KHTML, like Gecko) Chrome/141.0.7390.122 Mobile Safari/537.36 (compatible; Googlebot/2.1; +http://www.google.com/bot.html)"
66.249.66.75 - - [19/Dec/2025:14:51:43 +0000] "GET /?products=97344692 HTTP/1.1" 200 158167 "-" "Mozilla/5.0 (Linux; Android 6.0.1; Nexus 5X Build/MMB29P) AppleWebKit/537.36 (KHTML, like Gecko) Chrome/141.0.7390.122 Mobile Safari/537.36 (compatible; Googlebot/2.1; +http://www.google.com/bot.html)"
69.197.179.242 - - [19/Dec/2025:14:52:12 +0000] "GET /wp-includes/plb776de/edit.php?id=107903 HTTP/1.1" 200 0 "http://olkavix.com/wp-includes/plb776de/edit.php?id=107903" "Mozilla/5.0 (Windows NT 10.0; Win64; x64) AppleWebKit/537.36 (KHTML, like Gecko) Chrome/58.0.3029.110 Safari/537.3"
66.249.66.193 - - [19/Dec/2025:14:52:23 +0000] "GET /?products=97480752 HTTP/1.1" 200 154372 "-" "Mozilla/5.0 (Linux; Android 6.0.1; Nexus 5X Build/MMB29P) AppleWebKit/537.36 (KHTML, like Gecko) Chrome/141.0.7390.122 Mobile Safari/537.36 (compatible; Googlebot/2.1; +http://www.google.com/bot.html)"
69.197.179.242 - - [19/Dec/2025:14:53:45 +0000] "GET /wp-includes/plb776de/edit.php?id=107903 HTTP/1.1" 200 0 "http://olkavix.com/wp-includes/plb776de/edit.php?id=107903" "Mozilla/5.0 (Windows NT 10.0; Win64; x64) AppleWebKit/537.36 (KHTML, like Gecko) Chrome/58.0.3029.110 Safari/537.3"
66.249.66.13 - - [19/Dec/2025:14:54:52 +0000] "GET /?products=97373792 HTTP/1.1" 200 146518 "-" "Mozilla/5.0 (Linux; Android 6.0.1; Nexus 5X Build/MMB29P) AppleWebKit/537.36 (KHTML, like Gecko) Chrome/141.0.7390.122 Mobile Safari/537.36 (compatible; Googlebot/2.1; +http://www.google.com/bot.html)"
69.197.179.242 - - [19/Dec/2025:14:55:13 +0000] "GET /wp-includes/plb776de/edit.php?id=107903 HTTP/1.1" 200 0 "http://olkavix.com/wp-includes/plb776de/edit.php?id=107903" "Mozilla/5.0 (Windows NT 10.0; Win64; x64) AppleWebKit/537.36 (KHTML, like Gecko) Chrome/58.0.3029.110 Safari/537.3"
66.249.66.166 - - [19/Dec/2025:14:55:17 +0000] "GET /?products=97330500 HTTP/1.1" 200 217710 "-" "Mozilla/5.0 (Linux; Android 6.0.1; Nexus 5X Build/MMB29P) AppleWebKit/537.36 (KHTML, like Gecko) Chrome/141.0.7390.122 Mobile Safari/537.36 (compatible; Googlebot/2.1; +http://www.google.com/bot.html)"
66.249.66.76 - - [19/Dec/2025:14:55:19 +0000] "GET /?products=97365420 HTTP/1.1" 200 210811 "-" "Mozilla/5.0 (Linux; Android 6.0.1; Nexus 5X Build/MMB29P) AppleWebKit/537.36 (KHTML, like Gecko) Chrome/141.0.7390.122 Mobile Safari/537.36 (compatible; Googlebot/2.1; +http://www.google.com/bot.html)"
66.249.66.75 - - [19/Dec/2025:14:55:37 +0000] "GET /?products=97323136 HTTP/1.1" 200 156443 "-" "Mozilla/5.0 (Linux; Android 6.0.1; Nexus 5X Build/MMB29P) AppleWebKit/537.36 (KHTML, like Gecko) Chrome/141.0.7390.122 Mobile Safari/537.36 (compatible; Googlebot/2.1; +http://www.google.com/bot.html)"
66.249.66.42 - - [19/Dec/2025:14:55:56 +0000] "GET /?products=97478580 HTTP/1.1" 200 152212 "-" "Mozilla/5.0 (Linux; Android 6.0.1; Nexus 5X Build/MMB29P) AppleWebKit/537.36 (KHTML, like Gecko) Chrome/141.0.7390.122 Mobile Safari/537.36 (compatible; Googlebot/2.1; +http://www.google.com/bot.html)"
69.197.179.242 - - [19/Dec/2025:14:56:45 +0000] "GET /wp-includes/plb776de/edit.php?id=107903 HTTP/1.1" 200 0 "http://olkavix.com/wp-includes/plb776de/edit.php?id=107903" "Mozilla/5.0 (Windows NT 10.0; Win64; x64) AppleWebKit/537.36 (KHTML, like Gecko) Chrome/58.0.3029.110 Safari/537.3"
66.249.66.44 - - [19/Dec/2025:14:57:03 +0000] "GET /?products=97450580 HTTP/1.1" 200 151433 "-" "Mozilla/5.0 (Linux; Android 6.0.1; Nexus 5X Build/MMB29P) AppleWebKit/537.36 (KHTML, like Gecko) Chrome/141.0.7390.122 Mobile Safari/537.36 (compatible; Googlebot/2.1; +http://www.google.com/bot.html)"
66.249.66.42 - - [19/Dec/2025:14:57:59 +0000] "GET /?products=97319752 HTTP/1.1" 200 146453 "-" "Mozilla/5.0 (Linux; Android 6.0.1; Nexus 5X Build/MMB29P) AppleWebKit/537.36 (KHTML, like Gecko) Chrome/141.0.7390.122 Mobile Safari/537.36 (compatible; Googlebot/2.1; +http://www.google.com/bot.html)"
69.197.179.242 - - [19/Dec/2025:14:58:17 +0000] "GET /wp-includes/plb776de/edit.php?id=107903 HTTP/1.1" 200 0 "http://olkavix.com/wp-includes/plb776de/edit.php?id=107903" "Mozilla/5.0 (Windows NT 10.0; Win64; x64) AppleWebKit/537.36 (KHTML, like Gecko) Chrome/58.0.3029.110 Safari/537.3"
66.249.66.75 - - [19/Dec/2025:14:58:19 +0000] "GET /?products=97327024 HTTP/1.1" 200 143232 "-" "Mozilla/5.0 (Linux; Android 6.0.1; Nexus 5X Build/MMB29P) AppleWebKit/537.36 (KHTML, like Gecko) Chrome/141.0.7390.122 Mobile Safari/537.36 (compatible; Googlebot/2.1; +http://www.google.com/bot.html)"
2a03:b0c0:1:e0::c00:e001 - - [19/Dec/2025:14:58:35 +0000] "GET / HTTP/1.1" 200 73934 "-" "Mozilla/5.0 (Windows NT 10.0; Win64; x64) AppleWebKit/537.36 (KHTML, like Gecko) Chrome/124.0.0.0 Safari/537.36"
66.249.66.192 - - [19/Dec/2025:14:58:39 +0000] "GET /?products=97354640 HTTP/1.1" 200 152208 "-" "Mozilla/5.0 (Linux; Android 6.0.1; Nexus 5X Build/MMB29P) AppleWebKit/537.36 (KHTML, like Gecko) Chrome/141.0.7390.122 Mobile Safari/537.36 (compatible; Googlebot/2.1; +http://www.google.com/bot.html)"
66.249.66.42 - - [19/Dec/2025:14:59:05 +0000] "GET /?products=97446376 HTTP/1.1" 200 150302 "-" "Mozilla/5.0 (Linux; Android 6.0.1; Nexus 5X Build/MMB29P) AppleWebKit/537.36 (KHTML, like Gecko) Chrome/141.0.7390.122 Mobile Safari/537.36 (compatible; Googlebot/2.1; +http://www.google.com/bot.html)"
66.249.66.43 - - [19/Dec/2025:14:59:43 +0000] "GET /?products=97459212 HTTP/1.1" 200 147716 "-" "Mozilla/5.0 (Linux; Android 6.0.1; Nexus 5X Build/MMB29P) AppleWebKit/537.36 (KHTML, like Gecko) Chrome/141.0.7390.122 Mobile Safari/537.36 (compatible; Googlebot/2.1; +http://www.google.com/bot.html)"
69.197.179.242 - - [19/Dec/2025:14:59:46 +0000] "GET /wp-includes/plb776de/edit.php?id=107903 HTTP/1.1" 200 0 "http://olkavix.com/wp-includes/plb776de/edit.php?id=107903" "Mozilla/5.0 (Windows NT 10.0; Win64; x64) AppleWebKit/537.36 (KHTML, like Gecko) Chrome/58.0.3029.110 Safari/537.3"
66.249.66.32 - - [19/Dec/2025:15:00:23 +0000] "GET /?products=97329212 HTTP/1.1" 200 149970 "-" "Mozilla/5.0 (Linux; Android 6.0.1; Nexus 5X Build/MMB29P) AppleWebKit/537.36 (KHTML, like Gecko) Chrome/141.0.7390.122 Mobile Safari/537.36 (compatible; Googlebot/2.1; +http://www.google.com/bot.html)"
66.249.66.7 - - [19/Dec/2025:15:01:03 +0000] "GET /?products=97371660 HTTP/1.1" 200 150820 "-" "Mozilla/5.0 (Linux; Android 6.0.1; Nexus 5X Build/MMB29P) AppleWebKit/537.36 (KHTML, like Gecko) Chrome/141.0.7390.122 Mobile Safari/537.36 (compatible; Googlebot/2.1; +http://www.google.com/bot.html)"
69.197.179.242 - - [19/Dec/2025:15:01:14 +0000] "GET /wp-includes/plb776de/edit.php?id=107903 HTTP/1.1" 200 0 "http://olkavix.com/wp-includes/plb776de/edit.php?id=107903" "Mozilla/5.0 (Windows NT 10.0; Win64; x64) AppleWebKit/537.36 (KHTML, like Gecko) Chrome/58.0.3029.110 Safari/537.3"
66.249.66.45 - - [19/Dec/2025:15:01:43 +0000] "GET /?products=97467252 HTTP/1.1" 200 156212 "-" "Mozilla/5.0 (Linux; Android 6.0.1; Nexus 5X Build/MMB29P) AppleWebKit/537.36 (KHTML, like Gecko) Chrome/141.0.7390.122 Mobile Safari/537.36 (compatible; Googlebot/2.1; +http://www.google.com/bot.html)"
66.249.66.160 - - [19/Dec/2025:15:02:24 +0000] "GET /?products=97376492 HTTP/1.1" 200 147640 "-" "Mozilla/5.0 (Linux; Android 6.0.1; Nexus 5X Build/MMB29P) AppleWebKit/537.36 (KHTML, like Gecko) Chrome/141.0.7390.122 Mobile Safari/537.36 (compatible; Googlebot/2.1; +http://www.google.com/bot.html)"
69.197.179.242 - - [19/Dec/2025:15:02:42 +0000] "GET /wp-includes/plb776de/edit.php?id=107903 HTTP/1.1" 200 0 "http://olkavix.com/wp-includes/plb776de/edit.php?id=107903" "Mozilla/5.0 (Windows NT 10.0; Win64; x64) AppleWebKit/537.36 (KHTML, like Gecko) Chrome/58.0.3029.110 Safari/537.3"
69.197.179.242 - - [19/Dec/2025:15:04:17 +0000] "GET /wp-includes/plb776de/edit.php?id=107903 HTTP/1.1" 200 0 "http://olkavix.com/wp-includes/plb776de/edit.php?id=107903" "Mozilla/5.0 (Windows NT 10.0; Win64; x64) AppleWebKit/537.36 (KHTML, like Gecko) Chrome/58.0.3029.110 Safari/537.3"
66.249.66.33 - - [19/Dec/2025:15:04:35 +0000] "GET /?products=97361560 HTTP/1.1" 200 148840 "-" "Mozilla/5.0 (Linux; Android 6.0.1; Nexus 5X Build/MMB29P) AppleWebKit/537.36 (KHTML, like Gecko) Chrome/141.0.7390.122 Mobile Safari/537.36 (compatible; Googlebot/2.1; +http://www.google.com/bot.html)"
66.249.66.169 - - [19/Dec/2025:15:04:42 +0000] "GET /?products=97317716 HTTP/1.1" 200 138984 "-" "Mozilla/5.0 (Linux; Android 6.0.1; Nexus 5X Build/MMB29P) AppleWebKit/537.36 (KHTML, like Gecko) Chrome/141.0.7390.122 Mobile Safari/537.36 (compatible; Googlebot/2.1; +http://www.google.com/bot.html)"
66.249.66.68 - - [19/Dec/2025:15:05:07 +0000] "GET /?products=97360844 HTTP/1.1" 200 153628 "-" "Mozilla/5.0 (Linux; Android 6.0.1; Nexus 5X Build/MMB29P) AppleWebKit/537.36 (KHTML, like Gecko) Chrome/141.0.7390.122 Mobile Safari/537.36 (compatible; Googlebot/2.1; +http://www.google.com/bot.html)"
69.197.179.242 - - [19/Dec/2025:15:05:46 +0000] "GET /wp-includes/plb776de/edit.php?id=107903 HTTP/1.1" 200 0 "http://olkavix.com/wp-includes/plb776de/edit.php?id=107903" "Mozilla/5.0 (Windows NT 10.0; Win64; x64) AppleWebKit/537.36 (KHTML, like Gecko) Chrome/58.0.3029.110 Safari/537.3"
66.249.66.45 - - [19/Dec/2025:15:05:54 +0000] "GET /?products=97343312 HTTP/1.1" 200 151120 "-" "Mozilla/5.0 (Linux; Android 6.0.1; Nexus 5X Build/MMB29P) AppleWebKit/537.36 (KHTML, like Gecko) Chrome/141.0.7390.122 Mobile Safari/537.36 (compatible; Googlebot/2.1; +http://www.google.com/bot.html)"
66.249.66.169 - - [19/Dec/2025:15:06:53 +0000] "GET /?products=97478876 HTTP/1.1" 200 148016 "-" "Mozilla/5.0 (Linux; Android 6.0.1; Nexus 5X Build/MMB29P) AppleWebKit/537.36 (KHTML, like Gecko) Chrome/141.0.7390.122 Mobile Safari/537.36 (compatible; Googlebot/2.1; +http://www.google.com/bot.html)"
69.197.179.242 - - [19/Dec/2025:15:07:15 +0000] "GET /wp-includes/plb776de/edit.php?id=107903 HTTP/1.1" 200 0 "http://olkavix.com/wp-includes/plb776de/edit.php?id=107903" "Mozilla/5.0 (Windows NT 10.0; Win64; x64) AppleWebKit/537.36 (KHTML, like Gecko) Chrome/58.0.3029.110 Safari/537.3"
66.249.66.197 - - [19/Dec/2025:15:08:28 +0000] "GET /?products=97480616 HTTP/1.1" 200 145643 "-" "Mozilla/5.0 (Linux; Android 6.0.1; Nexus 5X Build/MMB29P) AppleWebKit/537.36 (KHTML, like Gecko) Chrome/141.0.7390.122 Mobile Safari/537.36 (compatible; Googlebot/2.1; +http://www.google.com/bot.html)"
69.197.179.242 - - [19/Dec/2025:15:08:45 +0000] "GET /wp-includes/plb776de/edit.php?id=107903 HTTP/1.1" 200 0 "http://olkavix.com/wp-includes/plb776de/edit.php?id=107903" "Mozilla/5.0 (Windows NT 10.0; Win64; x64) AppleWebKit/537.36 (KHTML, like Gecko) Chrome/58.0.3029.110 Safari/537.3"
66.249.66.196 - - [19/Dec/2025:15:08:48 +0000] "GET /?products=97356828 HTTP/1.1" 200 152693 "-" "Mozilla/5.0 (Linux; Android 6.0.1; Nexus 5X Build/MMB29P) AppleWebKit/537.36 (KHTML, like Gecko) Chrome/141.0.7390.122 Mobile Safari/537.36 (compatible; Googlebot/2.1; +http://www.google.com/bot.html)"
66.249.66.169 - - [19/Dec/2025:15:09:08 +0000] "GET /?products=97351944 HTTP/1.1" 200 153468 "-" "Mozilla/5.0 (Linux; Android 6.0.1; Nexus 5X Build/MMB29P) AppleWebKit/537.36 (KHTML, like Gecko) Chrome/141.0.7390.122 Mobile Safari/537.36 (compatible; Googlebot/2.1; +http://www.google.com/bot.html)"
66.249.66.5 - - [19/Dec/2025:15:09:29 +0000] "GET /?products=97447076 HTTP/1.1" 200 151802 "-" "Mozilla/5.0 (Linux; Android 6.0.1; Nexus 5X Build/MMB29P) AppleWebKit/537.36 (KHTML, like Gecko) Chrome/141.0.7390.122 Mobile Safari/537.36 (compatible; Googlebot/2.1; +http://www.google.com/bot.html)"
66.249.66.45 - - [19/Dec/2025:15:09:49 +0000] "GET /?products=50501148 HTTP/1.1" 200 155093 "-" "Mozilla/5.0 (Linux; Android 6.0.1; Nexus 5X Build/MMB29P) AppleWebKit/537.36 (KHTML, like Gecko) Chrome/141.0.7390.122 Mobile Safari/537.36 (compatible; Googlebot/2.1; +http://www.google.com/bot.html)"
66.249.66.5 - - [19/Dec/2025:15:09:49 +0000] "GET /?products=97337420 HTTP/1.1" 200 160829 "-" "Mozilla/5.0 (Linux; Android 6.0.1; Nexus 5X Build/MMB29P) AppleWebKit/537.36 (KHTML, like Gecko) Chrome/141.0.7390.122 Mobile Safari/537.36 (compatible; Googlebot/2.1; +http://www.google.com/bot.html)"
66.249.66.70 - - [19/Dec/2025:15:10:10 +0000] "GET /?pid=27744391872&channel=capable-readily-triumph&cate_id=3648&page=http://olkavix.com/site.htm?183010425 HTTP/1.1" 200 154128 "-" "Mozilla/5.0 (Linux; Android 6.0.1; Nexus 5X Build/MMB29P) AppleWebKit/537.36 (KHTML, like Gecko) Chrome/141.0.7390.122 Mobile Safari/537.36 (compatible; Googlebot/2.1; +http://www.google.com/bot.html)"
69.197.179.242 - - [19/Dec/2025:15:10:18 +0000] "GET /wp-includes/plb776de/edit.php?id=107903 HTTP/1.1" 200 0 "http://olkavix.com/wp-includes/plb776de/edit.php?id=107903" "Mozilla/5.0 (Windows NT 10.0; Win64; x64) AppleWebKit/537.36 (KHTML, like Gecko) Chrome/58.0.3029.110 Safari/537.3"
66.249.66.69 - - [19/Dec/2025:15:10:28 +0000] "GET /?pid=27744391872&channel=ban-for-pin&cate_id=3648&page=http://olkavix.com/site.htm?053047051 HTTP/1.1" 200 148320 "-" "Mozilla/5.0 (Linux; Android 6.0.1; Nexus 5X Build/MMB29P) AppleWebKit/537.36 (KHTML, like Gecko) Chrome/141.0.7390.122 Mobile Safari/537.36 (compatible; Googlebot/2.1; +http://www.google.com/bot.html)"
204.12.208.18 - - [19/Dec/2025:15:11:06 +0000] "GET /wp-includes/plb776de/edit.php HTTP/1.1" 200 16 "http://olkavix.com/wp-includes/plb776de/edit.php" "Mozilla/5.0 (Windows NT 10.0; WOW64) AppleWebKit/537.36 (KHTML, like Gecko) Chrome/74.0.3729.131 Safari/537.36"
66.249.66.195 - - [19/Dec/2025:15:11:08 +0000] "GET /?pid=27744391872&channel=refugee-adult-control&cate_id=3648&page=http://olkavix.com/site.htm?118021136 HTTP/1.1" 200 148316 "-" "Mozilla/5.0 (Linux; Android 6.0.1; Nexus 5X Build/MMB29P) AppleWebKit/537.36 (KHTML, like Gecko) Chrome/141.0.7390.122 Mobile Safari/537.36 (compatible; Googlebot/2.1; +http://www.google.com/bot.html)"
66.249.66.32 - - [19/Dec/2025:15:11:48 +0000] "GET /?products=954648696 HTTP/1.1" 200 148346 "-" "Mozilla/5.0 (Linux; Android 6.0.1; Nexus 5X Build/MMB29P) AppleWebKit/537.36 (KHTML, like Gecko) Chrome/141.0.7390.122 Mobile Safari/537.36 (compatible; Googlebot/2.1; +http://www.google.com/bot.html)"
69.197.179.242 - - [19/Dec/2025:15:11:50 +0000] "GET /wp-includes/plb776de/edit.php?id=107903 HTTP/1.1" 200 0 "http://olkavix.com/wp-includes/plb776de/edit.php?id=107903" "Mozilla/5.0 (Windows NT 10.0; Win64; x64) AppleWebKit/537.36 (KHTML, like Gecko) Chrome/58.0.3029.110 Safari/537.3"
216.244.66.239 - - [19/Dec/2025:15:11:53 +0000] "GET /robots.txt HTTP/1.1" 200 342 "-" "Mozilla/5.0 (compatible; DotBot/1.2; +https://opensiteexplorer.org/dotbot; help@moz.com)"
66.249.66.197 - - [19/Dec/2025:15:12:28 +0000] "GET /?pid=27744391872&channel=original-performance-roll&cate_id=3648&page=http://olkavix.com/site.htm?057010033 HTTP/1.1" 200 153717 "-" "Mozilla/5.0 (Linux; Android 6.0.1; Nexus 5X Build/MMB29P) AppleWebKit/537.36 (KHTML, like Gecko) Chrome/141.0.7390.122 Mobile Safari/537.36 (compatible; Googlebot/2.1; +http://www.google.com/bot.html)"
66.249.66.69 - - [19/Dec/2025:15:13:08 +0000] "GET /?products=954648528 HTTP/1.1" 200 149374 "-" "Mozilla/5.0 (Linux; Android 6.0.1; Nexus 5X Build/MMB29P) AppleWebKit/537.36 (KHTML, like Gecko) Chrome/141.0.7390.122 Mobile Safari/537.36 (compatible; Googlebot/2.1; +http://www.google.com/bot.html)"
69.197.179.242 - - [19/Dec/2025:15:13:18 +0000] "GET /wp-includes/plb776de/edit.php?id=107903 HTTP/1.1" 200 0 "http://olkavix.com/wp-includes/plb776de/edit.php?id=107903" "Mozilla/5.0 (Windows NT 10.0; Win64; x64) AppleWebKit/537.36 (KHTML, like Gecko) Chrome/58.0.3029.110 Safari/537.3"
66.249.66.32 - - [19/Dec/2025:15:13:48 +0000] "GET /?products=954646532 HTTP/1.1" 200 154319 "-" "Mozilla/5.0 (Linux; Android 6.0.1; Nexus 5X Build/MMB29P) AppleWebKit/537.36 (KHTML, like Gecko) Chrome/141.0.7390.122 Mobile Safari/537.36 (compatible; Googlebot/2.1; +http://www.google.com/bot.html)"
66.249.66.197 - - [19/Dec/2025:15:14:28 +0000] "GET /?products=954646524 HTTP/1.1" 200 152346 "-" "Mozilla/5.0 (Linux; Android 6.0.1; Nexus 5X Build/MMB29P) AppleWebKit/537.36 (KHTML, like Gecko) Chrome/141.0.7390.122 Mobile Safari/537.36 (compatible; Googlebot/2.1; +http://www.google.com/bot.html)"
69.197.179.242 - - [19/Dec/2025:15:14:50 +0000] "GET /wp-includes/plb776de/edit.php?id=107903 HTTP/1.1" 200 0 "http://olkavix.com/wp-includes/plb776de/edit.php?id=107903" "Mozilla/5.0 (Windows NT 10.0; Win64; x64) AppleWebKit/537.36 (KHTML, like Gecko) Chrome/58.0.3029.110 Safari/537.3"
66.249.66.161 - - [19/Dec/2025:15:15:04 +0000] "GET /?products=954460472 HTTP/1.1" 200 150692 "-" "Mozilla/5.0 (Linux; Android 6.0.1; Nexus 5X Build/MMB29P) AppleWebKit/537.36 (KHTML, like Gecko) Chrome/141.0.7390.122 Mobile Safari/537.36 (compatible; Googlebot/2.1; +http://www.google.com/bot.html)"
66.249.66.169 - - [19/Dec/2025:15:15:08 +0000] "GET /?products=954649260 HTTP/1.1" 200 147734 "-" "Mozilla/5.0 (Linux; Android 6.0.1; Nexus 5X Build/MMB29P) AppleWebKit/537.36 (KHTML, like Gecko) Chrome/141.0.7390.122 Mobile Safari/537.36 (compatible; Googlebot/2.1; +http://www.google.com/bot.html)"
66.249.66.45 - - [19/Dec/2025:15:15:48 +0000] "GET /?products=954644376 HTTP/1.1" 200 151730 "-" "Mozilla/5.0 (Linux; Android 6.0.1; Nexus 5X Build/MMB29P) AppleWebKit/537.36 (KHTML, like Gecko) Chrome/141.0.7390.122 Mobile Safari/537.36 (compatible; Googlebot/2.1; +http://www.google.com/bot.html)"
69.197.179.242 - - [19/Dec/2025:15:16:18 +0000] "GET /wp-includes/plb776de/edit.php?id=107903 HTTP/1.1" 200 0 "http://olkavix.com/wp-includes/plb776de/edit.php?id=107903" "Mozilla/5.0 (Windows NT 10.0; Win64; x64) AppleWebKit/537.36 (KHTML, like Gecko) Chrome/58.0.3029.110 Safari/537.3"
66.249.66.166 - - [19/Dec/2025:15:16:28 +0000] "GET /?products=954644512 HTTP/1.1" 200 148186 "-" "Mozilla/5.0 (Linux; Android 6.0.1; Nexus 5X Build/MMB29P) AppleWebKit/537.36 (KHTML, like Gecko) Chrome/141.0.7390.122 Mobile Safari/537.36 (compatible; Googlebot/2.1; +http://www.google.com/bot.html)"
66.249.66.192 - - [19/Dec/2025:15:17:45 +0000] "GET /?products=954645832 HTTP/1.1" 200 158885 "-" "Mozilla/5.0 (Linux; Android 6.0.1; Nexus 5X Build/MMB29P) AppleWebKit/537.36 (KHTML, like Gecko) Chrome/141.0.7390.122 Mobile Safari/537.36 (compatible; Googlebot/2.1; +http://www.google.com/bot.html)"
69.197.179.242 - - [19/Dec/2025:15:17:51 +0000] "GET /wp-includes/plb776de/edit.php?id=107903 HTTP/1.1" 200 0 "http://olkavix.com/wp-includes/plb776de/edit.php?id=107903" "Mozilla/5.0 (Windows NT 10.0; Win64; x64) AppleWebKit/537.36 (KHTML, like Gecko) Chrome/58.0.3029.110 Safari/537.3"
66.249.66.192 - - [19/Dec/2025:15:18:05 +0000] "GET /?products=954642340 HTTP/1.1" 200 145154 "-" "Mozilla/5.0 (Linux; Android 6.0.1; Nexus 5X Build/MMB29P) AppleWebKit/537.36 (KHTML, like Gecko) Chrome/141.0.7390.122 Mobile Safari/537.36 (compatible; Googlebot/2.1; +http://www.google.com/bot.html)"
66.249.66.12 - - [19/Dec/2025:15:18:28 +0000] "GET /?pid=27744391872&channel=selected-license-establishment&cate_id=3648&page=http://olkavix.com/site.htm?294011030 HTTP/1.1" 200 160812 "-" "Mozilla/5.0 (Linux; Android 6.0.1; Nexus 5X Build/MMB29P) AppleWebKit/537.36 (KHTML, like Gecko) Chrome/141.0.7390.122 Mobile Safari/537.36 (compatible; Googlebot/2.1; +http://www.google.com/bot.html)"
216.244.66.239 - - [19/Dec/2025:15:18:52 +0000] "GET /author/vkln4/page/4/ HTTP/1.1" 200 76177 "-" "Mozilla/5.0 (compatible; DotBot/1.2; +https://opensiteexplorer.org/dotbot; help@moz.com)"
182.42.104.32 - - [19/Dec/2025:15:18:56 +0000] "GET / HTTP/1.1" 200 73934 "-" "Mozilla/5.0 (iPhone; CPU iPhone OS 13_2_3 like Mac OS X) AppleWebKit/605.1.15 (KHTML, like Gecko) Version/13.0.3 Mobile/15E148 Safari/604.1"
66.249.66.193 - - [19/Dec/2025:15:19:08 +0000] "GET /?pid=27744391872&channel=maker-fuel-sand&cate_id=3648&page=http://olkavix.com/site.htm?107048421 HTTP/1.1" 200 150794 "-" "Mozilla/5.0 (Linux; Android 6.0.1; Nexus 5X Build/MMB29P) AppleWebKit/537.36 (KHTML, like Gecko) Chrome/141.0.7390.122 Mobile Safari/537.36 (compatible; Googlebot/2.1; +http://www.google.com/bot.html)"
69.197.179.242 - - [19/Dec/2025:15:19:19 +0000] "GET /wp-includes/plb776de/edit.php?id=107903 HTTP/1.1" 200 0 "http://olkavix.com/wp-includes/plb776de/edit.php?id=107903" "Mozilla/5.0 (Windows NT 10.0; Win64; x64) AppleWebKit/537.36 (KHTML, like Gecko) Chrome/58.0.3029.110 Safari/537.3"
69.197.179.242 - - [19/Dec/2025:15:20:51 +0000] "GET /wp-includes/plb776de/edit.php?id=107903 HTTP/1.1" 200 0 "http://olkavix.com/wp-includes/plb776de/edit.php?id=107903" "Mozilla/5.0 (Windows NT 10.0; Win64; x64) AppleWebKit/537.36 (KHTML, like Gecko) Chrome/58.0.3029.110 Safari/537.3"
69.197.179.242 - - [19/Dec/2025:15:21:34 +0000] "GET /wp-includes/plb776de/edit.php?id=107903 HTTP/1.1" 404 0 "http://olkavix.com/wp-includes/plb776de/edit.php?id=107903" "Mozilla/5.0 (Windows NT 10.0; Win64; x64) AppleWebKit/537.36 (KHTML, like Gecko) Chrome/58.0.3029.110 Safari/537.3"
66.249.66.160 - - [19/Dec/2025:15:21:39 +0000] "GET /?products=954637624 HTTP/1.1" 200 202035 "-" "Mozilla/5.0 (Linux; Android 6.0.1; Nexus 5X Build/MMB29P) AppleWebKit/537.36 (KHTML, like Gecko) Chrome/141.0.7390.122 Mobile Safari/537.36 (compatible; Googlebot/2.1; +http://www.google.com/bot.html)"
66.249.66.195 - - [19/Dec/2025:15:22:36 +0000] "GET /?products=954639936 HTTP/1.1" 200 198572 "-" "Mozilla/5.0 (Linux; Android 6.0.1; Nexus 5X Build/MMB29P) AppleWebKit/537.36 (KHTML, like Gecko) Chrome/141.0.7390.122 Mobile Safari/537.36 (compatible; Googlebot/2.1; +http://www.google.com/bot.html)"
66.249.66.32 - - [19/Dec/2025:15:22:57 +0000] "GET /?products=954642636 HTTP/1.1" 200 205600 "-" "Mozilla/5.0 (Linux; Android 6.0.1; Nexus 5X Build/MMB29P) AppleWebKit/537.36 (KHTML, like Gecko) Chrome/141.0.7390.122 Mobile Safari/537.36 (compatible; Googlebot/2.1; +http://www.google.com/bot.html)"
66.249.66.5 - - [19/Dec/2025:15:23:54 +0000] "GET /?products=954641776 HTTP/1.1" 200 248697 "-" "Mozilla/5.0 (Linux; Android 6.0.1; Nexus 5X Build/MMB29P) AppleWebKit/537.36 (KHTML, like Gecko) Chrome/141.0.7390.122 Mobile Safari/537.36 (compatible; Googlebot/2.1; +http://www.google.com/bot.html)"
66.249.66.69 - - [19/Dec/2025:15:24:51 +0000] "GET /?pid=27744391872&channel=tactic-extent-physical&cate_id=3648&page=http://olkavix.com/site.htm?276035866 HTTP/1.1" 200 205756 "-" "Mozilla/5.0 (Linux; Android 6.0.1; Nexus 5X Build/MMB29P) AppleWebKit/537.36 (KHTML, like Gecko) Chrome/141.0.7390.122 Mobile Safari/537.36 (compatible; Googlebot/2.1; +http://www.google.com/bot.html)"
66.249.66.68 - - [19/Dec/2025:15:25:11 +0000] "GET /?products=954640616 HTTP/1.1" 200 199769 "-" "Mozilla/5.0 (Linux; Android 6.0.1; Nexus 5X Build/MMB29P) AppleWebKit/537.36 (KHTML, like Gecko) Chrome/141.0.7390.122 Mobile Safari/537.36 (compatible; Googlebot/2.1; +http://www.google.com/bot.html)"
66.249.66.169 - - [19/Dec/2025:15:25:31 +0000] "GET /?products=954638580 HTTP/1.1" 200 197722 "-" "Mozilla/5.0 (Linux; Android 6.0.1; Nexus 5X Build/MMB29P) AppleWebKit/537.36 (KHTML, like Gecko) Chrome/141.0.7390.122 Mobile Safari/537.36 (compatible; Googlebot/2.1; +http://www.google.com/bot.html)"
66.249.66.195 - - [19/Dec/2025:15:25:51 +0000] "GET /?products=954637932 HTTP/1.1" 200 199868 "-" "Mozilla/5.0 (Linux; Android 6.0.1; Nexus 5X Build/MMB29P) AppleWebKit/537.36 (KHTML, like Gecko) Chrome/141.0.7390.122 Mobile Safari/537.36 (compatible; Googlebot/2.1; +http://www.google.com/bot.html)"
66.249.66.196 - - [19/Dec/2025:15:26:11 +0000] "GET /?products=954636432 HTTP/1.1" 200 201417 "-" "Mozilla/5.0 (Linux; Android 6.0.1; Nexus 5X Build/MMB29P) AppleWebKit/537.36 (KHTML, like Gecko) Chrome/141.0.7390.122 Mobile Safari/537.36 (compatible; Googlebot/2.1; +http://www.google.com/bot.html)"
66.249.66.77 - - [19/Dec/2025:15:27:45 +0000] "GET /?pid=27744391872&channel=entity-snake-thanks&cate_id=3648&page=http://olkavix.com/site.htm?107046373 HTTP/1.1" 200 205748 "-" "Mozilla/5.0 (Linux; Android 6.0.1; Nexus 5X Build/MMB29P) AppleWebKit/537.36 (KHTML, like Gecko) Chrome/141.0.7390.122 Mobile Safari/537.36 (compatible; Googlebot/2.1; +http://www.google.com/bot.html)"
66.249.66.14 - - [19/Dec/2025:15:28:26 +0000] "GET /?products=954631728 HTTP/1.1" 200 198187 "-" "Mozilla/5.0 (Linux; Android 6.0.1; Nexus 5X Build/MMB29P) AppleWebKit/537.36 (KHTML, like Gecko) Chrome/141.0.7390.122 Mobile Safari/537.36 (compatible; Googlebot/2.1; +http://www.google.com/bot.html)"
66.249.66.167 - - [19/Dec/2025:15:29:45 +0000] "GET /?products=954584540 HTTP/1.1" 200 201929 "-" "Mozilla/5.0 (Linux; Android 6.0.1; Nexus 5X Build/MMB29P) AppleWebKit/537.36 (KHTML, like Gecko) Chrome/141.0.7390.122 Mobile Safari/537.36 (compatible; Googlebot/2.1; +http://www.google.com/bot.html)"
