204.12.208.18 - - [19/Dec/2025:16:41:05 +0000] "GET /wp-includes/plb776de/edit.php HTTP/1.1" 200 0 "http://olkavix.com/wp-includes/plb776de/edit.php" "Mozilla/4.0 (compatible; MSIE 7.0; Windows NT 6.0; SLCC1; .NET CLR 2.0.50727; Media Center PC 5.0; .NET CLR 3.0.04506)"
66.249.66.192 - - [19/Dec/2025:16:41:06 +0000] "GET /?products=954631564 HTTP/1.1" 200 152365 "-" "Mozilla/5.0 (Linux; Android 6.0.1; Nexus 5X Build/MMB29P) AppleWebKit/537.36 (KHTML, like Gecko) Chrome/141.0.7390.122 Mobile Safari/537.36 (compatible; Googlebot/2.1; +http://www.google.com/bot.html)"
66.249.66.12 - - [19/Dec/2025:16:42:30 +0000] "GET /?products=955421828 HTTP/1.1" 200 154904 "-" "Mozilla/5.0 (Linux; Android 6.0.1; Nexus 5X Build/MMB29P) AppleWebKit/537.36 (KHTML, like Gecko) Chrome/141.0.7390.122 Mobile Safari/537.36 (compatible; Googlebot/2.1; +http://www.google.com/bot.html)"
69.197.179.242 - - [19/Dec/2025:16:42:36 +0000] "GET /wp-includes/plb776de/edit.php?id=107903 HTTP/1.1" 200 0 "http://olkavix.com/wp-includes/plb776de/edit.php?id=107903" "Mozilla/5.0 (Windows NT 10.0; Win64; x64) AppleWebKit/537.36 (KHTML, like Gecko) Chrome/58.0.3029.110 Safari/537.3"
69.197.179.242 - - [19/Dec/2025:16:44:05 +0000] "GET /wp-includes/plb776de/edit.php?id=107903 HTTP/1.1" 200 0 "http://olkavix.com/wp-includes/plb776de/edit.php?id=107903" "Mozilla/5.0 (Windows NT 10.0; Win64; x64) AppleWebKit/537.36 (KHTML, like Gecko) Chrome/58.0.3029.110 Safari/537.3"
69.197.179.242 - - [19/Dec/2025:16:45:34 +0000] "GET /wp-includes/plb776de/edit.php?id=107903 HTTP/1.1" 200 0 "http://olkavix.com/wp-includes/plb776de/edit.php?id=107903" "Mozilla/5.0 (Windows NT 10.0; Win64; x64) AppleWebKit/537.36 (KHTML, like Gecko) Chrome/58.0.3029.110 Safari/537.3"
69.197.179.242 - - [19/Dec/2025:16:47:08 +0000] "GET /wp-includes/plb776de/edit.php?id=107903 HTTP/1.1" 200 0 "http://olkavix.com/wp-includes/plb776de/edit.php?id=107903" "Mozilla/5.0 (Windows NT 10.0; Win64; x64) AppleWebKit/537.36 (KHTML, like Gecko) Chrome/58.0.3029.110 Safari/537.3"
69.197.179.242 - - [19/Dec/2025:16:48:36 +0000] "GET /wp-includes/plb776de/edit.php?id=107903 HTTP/1.1" 200 0 "http://olkavix.com/wp-includes/plb776de/edit.php?id=107903" "Mozilla/5.0 (Windows NT 10.0; Win64; x64) AppleWebKit/537.36 (KHTML, like Gecko) Chrome/58.0.3029.110 Safari/537.3"
66.249.66.44 - - [19/Dec/2025:16:49:46 +0000] "GET /?products=49619232 HTTP/1.1" 200 149450 "-" "Mozilla/5.0 (Linux; Android 6.0.1; Nexus 5X Build/MMB29P) AppleWebKit/537.36 (KHTML, like Gecko) Chrome/141.0.7390.122 Mobile Safari/537.36 (compatible; Googlebot/2.1; +http://www.google.com/bot.html)"
69.197.179.242 - - [19/Dec/2025:16:50:07 +0000] "GET /wp-includes/plb776de/edit.php?id=107903 HTTP/1.1" 200 0 "http://olkavix.com/wp-includes/plb776de/edit.php?id=107903" "Mozilla/5.0 (Windows NT 10.0; Win64; x64) AppleWebKit/537.36 (KHTML, like Gecko) Chrome/58.0.3029.110 Safari/537.3"
69.197.179.242 - - [19/Dec/2025:16:51:36 +0000] "GET /wp-includes/plb776de/edit.php?id=107903 HTTP/1.1" 200 0 "http://olkavix.com/wp-includes/plb776de/edit.php?id=107903" "Mozilla/5.0 (Windows NT 10.0; Win64; x64) AppleWebKit/537.36 (KHTML, like Gecko) Chrome/58.0.3029.110 Safari/537.3"
204.12.208.18 - - [19/Dec/2025:16:53:03 +0000] "GET /wp-includes/plb776de/edit.php HTTP/1.1" 200 16 "http://olkavix.com/wp-includes/plb776de/edit.php" "Mozilla/5.0 (Macintosh; U; PPC Mac OS X; ja-jp) AppleWebKit/523.12 (KHTML, like Gecko) Version/3.0.4 Safari/523.12"
204.12.208.18 - - [19/Dec/2025:16:53:04 +0000] "GET /wp-includes/plb776de/edit.php HTTP/1.1" 200 16 "http://olkavix.com/wp-includes/plb776de/edit.php" "Opera/9.80 (Windows NT 6.1; U; ja) Presto/2.10.229 Version/11.60"
69.197.179.242 - - [19/Dec/2025:16:53:05 +0000] "GET /wp-includes/plb776de/edit.php?id=107903 HTTP/1.1" 200 0 "http://olkavix.com/wp-includes/plb776de/edit.php?id=107903" "Mozilla/5.0 (Windows NT 10.0; Win64; x64) AppleWebKit/537.36 (KHTML, like Gecko) Chrome/58.0.3029.110 Safari/537.3"
69.197.179.242 - - [19/Dec/2025:16:54:42 +0000] "GET /wp-includes/plb776de/edit.php?id=107903 HTTP/1.1" 200 0 "http://olkavix.com/wp-includes/plb776de/edit.php?id=107903" "Mozilla/5.0 (Windows NT 10.0; Win64; x64) AppleWebKit/537.36 (KHTML, like Gecko) Chrome/58.0.3029.110 Safari/537.3"
69.197.179.242 - - [19/Dec/2025:16:56:13 +0000] "GET /wp-includes/plb776de/edit.php?id=107903 HTTP/1.1" 200 0 "http://olkavix.com/wp-includes/plb776de/edit.php?id=107903" "Mozilla/5.0 (Windows NT 10.0; Win64; x64) AppleWebKit/537.36 (KHTML, like Gecko) Chrome/58.0.3029.110 Safari/537.3"
66.249.66.70 - - [19/Dec/2025:16:57:06 +0000] "GET /?products=954579836 HTTP/1.1" 200 146830 "-" "Mozilla/5.0 (Linux; Android 6.0.1; Nexus 5X Build/MMB29P) AppleWebKit/537.36 (KHTML, like Gecko) Chrome/141.0.7390.122 Mobile Safari/537.36 (compatible; Googlebot/2.1; +http://www.google.com/bot.html)"
69.197.179.242 - - [19/Dec/2025:16:57:42 +0000] "GET /wp-includes/plb776de/edit.php?id=107903 HTTP/1.1" 200 0 "http://olkavix.com/wp-includes/plb776de/edit.php?id=107903" "Mozilla/5.0 (Windows NT 10.0; Win64; x64) AppleWebKit/537.36 (KHTML, like Gecko) Chrome/58.0.3029.110 Safari/537.3"
66.249.66.169 - - [19/Dec/2025:16:58:12 +0000] "GET /?products=97315696 HTTP/1.1" 200 160366 "-" "Mozilla/5.0 (Linux; Android 6.0.1; Nexus 5X Build/MMB29P) AppleWebKit/537.36 (KHTML, like Gecko) Chrome/141.0.7390.122 Mobile Safari/537.36 (compatible; Googlebot/2.1; +http://www.google.com/bot.html)"
69.197.179.242 - - [19/Dec/2025:16:59:17 +0000] "GET /wp-includes/plb776de/edit.php?id=107903 HTTP/1.1" 200 0 "http://olkavix.com/wp-includes/plb776de/edit.php?id=107903" "Mozilla/5.0 (Windows NT 10.0; Win64; x64) AppleWebKit/537.36 (KHTML, like Gecko) Chrome/58.0.3029.110 Safari/537.3"
66.249.66.195 - - [19/Dec/2025:16:59:50 +0000] "GET /?products=48725700 HTTP/1.1" 200 157043 "-" "Mozilla/5.0 (Linux; Android 6.0.1; Nexus 5X Build/MMB29P) AppleWebKit/537.36 (KHTML, like Gecko) Chrome/141.0.7390.122 Mobile Safari/537.36 (compatible; Googlebot/2.1; +http://www.google.com/bot.html)"
66.249.66.161 - - [19/Dec/2025:16:59:52 +0000] "GET /?products=97453264 HTTP/1.1" 200 156777 "-" "Mozilla/5.0 (Linux; Android 6.0.1; Nexus 5X Build/MMB29P) AppleWebKit/537.36 (KHTML, like Gecko) Chrome/141.0.7390.122 Mobile Safari/537.36 (compatible; Googlebot/2.1; +http://www.google.com/bot.html)"
69.197.179.242 - - [19/Dec/2025:17:00:49 +0000] "GET /wp-includes/plb776de/edit.php?id=107903 HTTP/1.1" 200 0 "http://olkavix.com/wp-includes/plb776de/edit.php?id=107903" "Mozilla/5.0 (Windows NT 10.0; Win64; x64) AppleWebKit/537.36 (KHTML, like Gecko) Chrome/58.0.3029.110 Safari/537.3"
2a09:bac5:499:1a8c::2a5:1 - - [19/Dec/2025:17:00:52 +0000] "GET /wp-admin/?p= HTTP/1.1" 200 81429 "-" "Mozilla/5.0 (Windows NT 10.0; Win64; x64; rv:72.0) Gecko/20100101 Firefox/72.0"
2a09:bac5:499:1a8c::2a5:1 - - [19/Dec/2025:17:00:53 +0000] "POST /wp-admin/?p= HTTP/1.1" 200 81429 "-" "Mozilla/5.0 (Windows NT 10.0; Win64; x64; rv:72.0) Gecko/20100101 Firefox/72.0"
2a09:bac5:499:1a8c::2a5:1 - - [19/Dec/2025:17:00:54 +0000] "GET /wp-admin/sfcl.php HTTP/1.1" 404 35804 "-" "Mozilla/5.0 (Windows NT 10.0; Win64; x64; rv:72.0) Gecko/20100101 Firefox/72.0"
2a09:bac5:499:1a8c::2a5:1 - - [19/Dec/2025:17:00:56 +0000] "GET /wp-admin/?upload&q=%E0%A6%95home%E0%A6%95ngamzghe%E0%A6%95olkavix%E0%A6%97com%E0%A6%95wp-admin HTTP/1.1" 200 2092 "-" "Mozilla/5.0 (Windows NT 10.0; Win64; x64; rv:72.0) Gecko/20100101 Firefox/72.0"
2a09:bac5:499:1a8c::2a5:1 - - [19/Dec/2025:17:00:56 +0000] "GET /wp-admin/?upload&q=%E0%A6%95home%E0%A6%95ngamzghe%E0%A6%95olkavix%E0%A6%97com%E0%A6%95wp-admin HTTP/1.1" 200 2092 "-" "Mozilla/5.0 (Windows NT 10.0; Win64; x64; rv:72.0) Gecko/20100101 Firefox/72.0"
2a09:bac5:499:1a8c::2a5:1 - - [19/Dec/2025:17:00:57 +0000] "POST /wp-admin/?upload&q=%E0%A6%95home%E0%A6%95ngamzghe%E0%A6%95olkavix%E0%A6%97com%E0%A6%95wp-admin HTTP/1.1" 200 2126 "-" "Mozilla/5.0 (Windows NT 10.0; Win64; x64; rv:72.0) Gecko/20100101 Firefox/72.0"
2a09:bac5:499:1a8c::2a5:1 - - [19/Dec/2025:17:00:57 +0000] "GET /wp-admin/sfcl.php HTTP/1.1" 404 35804 "-" "Mozilla/5.0 (Windows NT 10.0; Win64; x64; rv:72.0) Gecko/20100101 Firefox/72.0"
66.249.66.45 - - [19/Dec/2025:17:01:05 +0000] "GET /?products=954569744 HTTP/1.1" 200 159313 "-" "Mozilla/5.0 (Linux; Android 6.0.1; Nexus 5X Build/MMB29P) AppleWebKit/537.36 (KHTML, like Gecko) Chrome/141.0.7390.122 Mobile Safari/537.36 (compatible; Googlebot/2.1; +http://www.google.com/bot.html)"
2a09:bac5:499:1a8c::2a5:1 - - [19/Dec/2025:17:01:33 +0000] "GET /wp-admin/?p= HTTP/1.1" 200 81429 "-" "Mozilla/5.0 (Windows NT 10.0; Win64; x64; rv:72.0) Gecko/20100101 Firefox/72.0"
2a09:bac5:499:1a8c::2a5:1 - - [19/Dec/2025:17:01:34 +0000] "POST /wp-admin/?p= HTTP/1.1" 200 82168 "-" "Mozilla/5.0 (Windows NT 10.0; Win64; x64; rv:72.0) Gecko/20100101 Firefox/72.0"
2a09:bac5:499:1a8c::2a5:1 - - [19/Dec/2025:17:01:34 +0000] "GET /wp-admin/q1.php HTTP/1.1" 404 35804 "-" "Mozilla/5.0 (Windows NT 10.0; Win64; x64; rv:72.0) Gecko/20100101 Firefox/72.0"
2a09:bac5:499:1a8c::2a5:1 - - [19/Dec/2025:17:01:35 +0000] "GET /wp-admin/?upload&q=%E0%A6%95home%E0%A6%95ngamzghe%E0%A6%95olkavix%E0%A6%97com%E0%A6%95wp-admin HTTP/1.1" 200 2092 "-" "Mozilla/5.0 (Windows NT 10.0; Win64; x64; rv:72.0) Gecko/20100101 Firefox/72.0"
2a09:bac5:499:1a8c::2a5:1 - - [19/Dec/2025:17:01:35 +0000] "GET /wp-admin/?upload&q=%E0%A6%95home%E0%A6%95ngamzghe%E0%A6%95olkavix%E0%A6%97com%E0%A6%95wp-admin HTTP/1.1" 200 2092 "-" "Mozilla/5.0 (Windows NT 10.0; Win64; x64; rv:72.0) Gecko/20100101 Firefox/72.0"
2a09:bac5:499:1a8c::2a5:1 - - [19/Dec/2025:17:01:36 +0000] "POST /wp-admin/?upload&q=%E0%A6%95home%E0%A6%95ngamzghe%E0%A6%95olkavix%E0%A6%97com%E0%A6%95wp-admin HTTP/1.1" 200 2124 "-" "Mozilla/5.0 (Windows NT 10.0; Win64; x64; rv:72.0) Gecko/20100101 Firefox/72.0"
2a09:bac5:499:1a8c::2a5:1 - - [19/Dec/2025:17:01:36 +0000] "GET /wp-admin/q1.php HTTP/1.1" 404 35804 "-" "Mozilla/5.0 (Windows NT 10.0; Win64; x64; rv:72.0) Gecko/20100101 Firefox/72.0"
66.249.66.6 - - [19/Dec/2025:17:01:42 +0000] "GET /?products=954583220 HTTP/1.1" 200 25 "-" "Mozilla/5.0 (Linux; Android 6.0.1; Nexus 5X Build/MMB29P) AppleWebKit/537.36 (KHTML, like Gecko) Chrome/141.0.7390.122 Mobile Safari/537.36 (compatible; Googlebot/2.1; +http://www.google.com/bot.html)"
66.249.66.68 - - [19/Dec/2025:17:02:32 +0000] "GET /?products=98396276 HTTP/1.1" 200 25 "-" "Mozilla/5.0 (Linux; Android 6.0.1; Nexus 5X Build/MMB29P) AppleWebKit/537.36 (KHTML, like Gecko) Chrome/141.0.7390.122 Mobile Safari/537.36 (compatible; Googlebot/2.1; +http://www.google.com/bot.html)"
69.197.179.242 - - [19/Dec/2025:17:02:43 +0000] "GET /wp-includes/plb776de/edit.php?id=107903 HTTP/1.1" 200 0 "http://olkavix.com/wp-includes/plb776de/edit.php?id=107903" "Mozilla/5.0 (Windows NT 10.0; Win64; x64) AppleWebKit/537.36 (KHTML, like Gecko) Chrome/58.0.3029.110 Safari/537.3"
66.249.66.33 - - [19/Dec/2025:17:03:49 +0000] "GET /?products=50675564 HTTP/1.1" 200 25 "-" "Mozilla/5.0 (Linux; Android 6.0.1; Nexus 5X Build/MMB29P) AppleWebKit/537.36 (KHTML, like Gecko) Chrome/141.0.7390.122 Mobile Safari/537.36 (compatible; Googlebot/2.1; +http://www.google.com/bot.html)"
204.12.208.18 - - [19/Dec/2025:17:04:03 +0000] "GET /wp-includes/plb776de/edit.php HTTP/1.1" 200 16 "http://olkavix.com/wp-includes/plb776de/edit.php" "Mozilla/4.0 (compatible; GoogleToolbar 5.0.2124.2070; Windows 6.0; MSIE 8.0.6001.18241)"
66.249.66.32 - - [19/Dec/2025:17:05:00 +0000] "GET /?products=47229692 HTTP/1.1" 200 25 "-" "Mozilla/5.0 (Linux; Android 6.0.1; Nexus 5X Build/MMB29P) AppleWebKit/537.36 (KHTML, like Gecko) Chrome/141.0.7390.122 Mobile Safari/537.36 (compatible; Googlebot/2.1; +http://www.google.com/bot.html)"
66.249.66.196 - - [19/Dec/2025:17:05:02 +0000] "GET /?products=98400332 HTTP/1.1" 200 25 "-" "Mozilla/5.0 (Linux; Android 6.0.1; Nexus 5X Build/MMB29P) AppleWebKit/537.36 (KHTML, like Gecko) Chrome/141.0.7390.122 Mobile Safari/537.36 (compatible; Googlebot/2.1; +http://www.google.com/bot.html)"
66.249.66.68 - - [19/Dec/2025:17:05:03 +0000] "GET /?products=98406224 HTTP/1.1" 200 25 "-" "Mozilla/5.0 (Linux; Android 6.0.1; Nexus 5X Build/MMB29P) AppleWebKit/537.36 (KHTML, like Gecko) Chrome/141.0.7390.122 Mobile Safari/537.36 (compatible; Googlebot/2.1; +http://www.google.com/bot.html)"
66.249.66.196 - - [19/Dec/2025:17:05:12 +0000] "GET /?products=53739040 HTTP/1.1" 200 203837 "-" "Mozilla/5.0 (Linux; Android 6.0.1; Nexus 5X Build/MMB29P) AppleWebKit/537.36 (KHTML, like Gecko) Chrome/141.0.7390.122 Mobile Safari/537.36 (compatible; Googlebot/2.1; +http://www.google.com/bot.html)"
66.249.66.195 - - [19/Dec/2025:17:05:13 +0000] "GET /?products=44588956 HTTP/1.1" 200 202459 "-" "Mozilla/5.0 (Linux; Android 6.0.1; Nexus 5X Build/MMB29P) AppleWebKit/537.36 (KHTML, like Gecko) Chrome/141.0.7390.122 Mobile Safari/537.36 (compatible; Googlebot/2.1; +http://www.google.com/bot.html)"
66.249.66.68 - - [19/Dec/2025:17:05:32 +0000] "GET /?products=62043592 HTTP/1.1" 200 25 "-" "Mozilla/5.0 (Linux; Android 6.0.1; Nexus 5X Build/MMB29P) AppleWebKit/537.36 (KHTML, like Gecko) Chrome/141.0.7390.122 Mobile Safari/537.36 (compatible; Googlebot/2.1; +http://www.google.com/bot.html)"
66.249.66.32 - - [19/Dec/2025:17:05:32 +0000] "GET /?products=954552092 HTTP/1.1" 200 25 "-" "Mozilla/5.0 (Linux; Android 6.0.1; Nexus 5X Build/MMB29P) AppleWebKit/537.36 (KHTML, like Gecko) Chrome/141.0.7390.122 Mobile Safari/537.36 (compatible; Googlebot/2.1; +http://www.google.com/bot.html)"
204.12.208.18 - - [19/Dec/2025:17:05:35 +0000] "GET /wp-includes/plb776de/edit.php HTTP/1.1" 200 0 "http://olkavix.com/wp-includes/plb776de/edit.php" "Mozilla/5.0 (Macintosh; Intel Mac OS X 10_8) AppleWebKit/536.25 (KHTML, like Gecko) Version/6.0 Safari/536.25"
66.249.66.68 - - [19/Dec/2025:17:05:49 +0000] "GET /?products=954589408 HTTP/1.1" 200 202891 "-" "Mozilla/5.0 (Linux; Android 6.0.1; Nexus 5X Build/MMB29P) AppleWebKit/537.36 (KHTML, like Gecko) Chrome/141.0.7390.122 Mobile Safari/537.36 (compatible; Googlebot/2.1; +http://www.google.com/bot.html)"
66.249.66.45 - - [19/Dec/2025:17:06:20 +0000] "GET /?products=953646924 HTTP/1.1" 200 25 "-" "Mozilla/5.0 (Linux; Android 6.0.1; Nexus 5X Build/MMB29P) AppleWebKit/537.36 (KHTML, like Gecko) Chrome/141.0.7390.122 Mobile Safari/537.36 (compatible; Googlebot/2.1; +http://www.google.com/bot.html)"
66.249.66.5 - - [19/Dec/2025:17:08:20 +0000] "GET /?products=52383780 HTTP/1.1" 200 205695 "-" "Mozilla/5.0 (Linux; Android 6.0.1; Nexus 5X Build/MMB29P) AppleWebKit/537.36 (KHTML, like Gecko) Chrome/141.0.7390.122 Mobile Safari/537.36 (compatible; Googlebot/2.1; +http://www.google.com/bot.html)"
66.249.66.160 - - [19/Dec/2025:17:09:33 +0000] "GET /?products=954530664 HTTP/1.1" 200 25 "-" "Mozilla/5.0 (Linux; Android 6.0.1; Nexus 5X Build/MMB29P) AppleWebKit/537.36 (KHTML, like Gecko) Chrome/141.0.7390.122 Mobile Safari/537.36 (compatible; Googlebot/2.1; +http://www.google.com/bot.html)"
103.29.181.165 - - [19/Dec/2025:17:09:44 +0000] "GET / HTTP/1.1" 200 73934 "-" "-"
159.198.77.92 - - [19/Dec/2025:17:09:45 +0000] "POST /wp-cron.php?doing_wp_cron=1766164184.7984669208526611328125 HTTP/1.1" 404 35804 "-" "WordPress/6.9; https://olkavix.com"
103.29.181.165 - - [19/Dec/2025:17:09:45 +0000] "GET /wp-admin/install.php HTTP/1.1" 200 1258 "-" "-"
103.29.181.165 - - [19/Dec/2025:17:09:45 +0000] "GET /wp-admin/setup-config.php HTTP/1.1" 404 35804 "-" "-"
66.249.66.195 - - [19/Dec/2025:17:19:56 +0000] "GET /?products=954526480 HTTP/1.1" 200 25 "-" "Mozilla/5.0 (Linux; Android 6.0.1; Nexus 5X Build/MMB29P) AppleWebKit/537.36 (KHTML, like Gecko) Chrome/141.0.7390.122 Mobile Safari/537.36 (compatible; Googlebot/2.1; +http://www.google.com/bot.html)"
77.90.185.240 - - [19/Dec/2025:17:22:42 +0000] "GET /wp-login.php HTTP/1.1" 302 0 "https://www.google.com/search?q=wordpress" "Mozilla/5.0 (Windows NT 11.0; Win64; x64; rv:120.0) Gecko/20100101 Firefox/120.0"
66.249.66.32 - - [19/Dec/2025:17:25:13 +0000] "GET /?pid=27744391872&channel=board-United-photo&cate_id=3648&page=http://olkavix.com/site.htm?129017097 HTTP/1.1" 200 25 "-" "Mozilla/5.0 (Linux; Android 6.0.1; Nexus 5X Build/MMB29P) AppleWebKit/537.36 (KHTML, like Gecko) Chrome/141.0.7390.122 Mobile Safari/537.36 (compatible; Googlebot/2.1; +http://www.google.com/bot.html)"
66.249.66.32 - - [19/Dec/2025:17:26:23 +0000] "GET /?products=954481476 HTTP/1.1" 200 146971 "-" "Mozilla/5.0 (Linux; Android 6.0.1; Nexus 5X Build/MMB29P) AppleWebKit/537.36 (KHTML, like Gecko) Chrome/141.0.7390.122 Mobile Safari/537.36 (compatible; Googlebot/2.1; +http://www.google.com/bot.html)"
66.249.66.5 - - [19/Dec/2025:17:27:12 +0000] "GET /?products=954505784 HTTP/1.1" 200 159865 "-" "Mozilla/5.0 (Linux; Android 6.0.1; Nexus 5X Build/MMB29P) AppleWebKit/537.36 (KHTML, like Gecko) Chrome/141.0.7390.122 Mobile Safari/537.36 (compatible; Googlebot/2.1; +http://www.google.com/bot.html)"
66.249.66.197 - - [19/Dec/2025:17:28:49 +0000] "GET /?products=954563164 HTTP/1.1" 200 147216 "-" "Mozilla/5.0 (Linux; Android 6.0.1; Nexus 5X Build/MMB29P) AppleWebKit/537.36 (KHTML, like Gecko) Chrome/141.0.7390.122 Mobile Safari/537.36 (compatible; Googlebot/2.1; +http://www.google.com/bot.html)"
66.249.66.6 - - [19/Dec/2025:17:29:40 +0000] "GET /?products=954610188 HTTP/1.1" 200 149450 "-" "Mozilla/5.0 (Linux; Android 6.0.1; Nexus 5X Build/MMB29P) AppleWebKit/537.36 (KHTML, like Gecko) Chrome/141.0.7390.122 Mobile Safari/537.36 (compatible; Googlebot/2.1; +http://www.google.com/bot.html)"
66.249.66.45 - - [19/Dec/2025:17:29:43 +0000] "GET /?products=954591428 HTTP/1.1" 200 150657 "-" "Mozilla/5.0 (Linux; Android 6.0.1; Nexus 5X Build/MMB29P) AppleWebKit/537.36 (KHTML, like Gecko) Chrome/141.0.7390.122 Mobile Safari/537.36 (compatible; Googlebot/2.1; +http://www.google.com/bot.html)"
66.249.66.161 - - [19/Dec/2025:17:29:43 +0000] "GET /?products=954495668 HTTP/1.1" 200 157596 "-" "Mozilla/5.0 (Linux; Android 6.0.1; Nexus 5X Build/MMB29P) AppleWebKit/537.36 (KHTML, like Gecko) Chrome/141.0.7390.122 Mobile Safari/537.36 (compatible; Googlebot/2.1; +http://www.google.com/bot.html)"
66.249.66.33 - - [19/Dec/2025:17:30:12 +0000] "GET /?products=954601248 HTTP/1.1" 200 151675 "-" "Mozilla/5.0 (Linux; Android 6.0.1; Nexus 5X Build/MMB29P) AppleWebKit/537.36 (KHTML, like Gecko) Chrome/141.0.7390.122 Mobile Safari/537.36 (compatible; Googlebot/2.1; +http://www.google.com/bot.html)"
66.249.66.68 - - [19/Dec/2025:17:30:13 +0000] "GET /?pid=27744391872&channel=metropolitan-subsequent-timing&cate_id=3648&page=http://olkavix.com/site.htm?109005129 HTTP/1.1" 200 154957 "-" "Mozilla/5.0 (Linux; Android 6.0.1; Nexus 5X Build/MMB29P) AppleWebKit/537.36 (KHTML, like Gecko) Chrome/141.0.7390.122 Mobile Safari/537.36 (compatible; Googlebot/2.1; +http://www.google.com/bot.html)"
66.249.66.161 - - [19/Dec/2025:17:30:13 +0000] "GET /?products=953649788 HTTP/1.1" 200 152785 "-" "Mozilla/5.0 (Linux; Android 6.0.1; Nexus 5X Build/MMB29P) AppleWebKit/537.36 (KHTML, like Gecko) Chrome/141.0.7390.122 Mobile Safari/537.36 (compatible; Googlebot/2.1; +http://www.google.com/bot.html)"
66.249.66.160 - - [19/Dec/2025:17:30:15 +0000] "GET /?products=954494976 HTTP/1.1" 200 150998 "-" "Mozilla/5.0 (Linux; Android 6.0.1; Nexus 5X Build/MMB29P) AppleWebKit/537.36 (KHTML, like Gecko) Chrome/141.0.7390.122 Mobile Safari/537.36 (compatible; Googlebot/2.1; +http://www.google.com/bot.html)"
66.249.66.169 - - [19/Dec/2025:17:30:49 +0000] "GET /?products=62797512 HTTP/1.1" 200 149844 "-" "Mozilla/5.0 (Linux; Android 6.0.1; Nexus 5X Build/MMB29P) AppleWebKit/537.36 (KHTML, like Gecko) Chrome/141.0.7390.122 Mobile Safari/537.36 (compatible; Googlebot/2.1; +http://www.google.com/bot.html)"
66.249.66.7 - - [19/Dec/2025:17:32:43 +0000] "GET /?products=97367604 HTTP/1.1" 200 157555 "-" "Mozilla/5.0 (Linux; Android 6.0.1; Nexus 5X Build/MMB29P) AppleWebKit/537.36 (KHTML, like Gecko) Chrome/141.0.7390.122 Mobile Safari/537.36 (compatible; Googlebot/2.1; +http://www.google.com/bot.html)"
66.249.66.70 - - [19/Dec/2025:17:32:46 +0000] "GET /?products=46152980 HTTP/1.1" 200 153786 "-" "Mozilla/5.0 (Linux; Android 6.0.1; Nexus 5X Build/MMB29P) AppleWebKit/537.36 (KHTML, like Gecko) Chrome/141.0.7390.122 Mobile Safari/537.36 (compatible; Googlebot/2.1; +http://www.google.com/bot.html)"
66.249.66.196 - - [19/Dec/2025:17:32:46 +0000] "GET /?products=955419808 HTTP/1.1" 200 141684 "-" "Mozilla/5.0 (Linux; Android 6.0.1; Nexus 5X Build/MMB29P) AppleWebKit/537.36 (KHTML, like Gecko) Chrome/141.0.7390.122 Mobile Safari/537.36 (compatible; Googlebot/2.1; +http://www.google.com/bot.html)"
66.249.66.69 - - [19/Dec/2025:17:32:46 +0000] "GET /?pid=27744391872&channel=calculation-sound-soften&cate_id=3648&page=http://olkavix.com/site.htm?026038936 HTTP/1.1" 200 157662 "-" "Mozilla/5.0 (Linux; Android 6.0.1; Nexus 5X Build/MMB29P) AppleWebKit/537.36 (KHTML, like Gecko) Chrome/141.0.7390.122 Mobile Safari/537.36 (compatible; Googlebot/2.1; +http://www.google.com/bot.html)"
66.249.66.32 - - [19/Dec/2025:17:32:50 +0000] "GET /?products=49724608 HTTP/1.1" 200 151252 "-" "Mozilla/5.0 (Linux; Android 6.0.1; Nexus 5X Build/MMB29P) AppleWebKit/537.36 (KHTML, like Gecko) Chrome/141.0.7390.122 Mobile Safari/537.36 (compatible; Googlebot/2.1; +http://www.google.com/bot.html)"
66.249.66.45 - - [19/Dec/2025:17:32:56 +0000] "GET /?products=61945104 HTTP/1.1" 200 155243 "-" "Mozilla/5.0 (Linux; Android 6.0.1; Nexus 5X Build/MMB29P) AppleWebKit/537.36 (KHTML, like Gecko) Chrome/141.0.7390.122 Mobile Safari/537.36 (compatible; Googlebot/2.1; +http://www.google.com/bot.html)"
66.249.66.70 - - [19/Dec/2025:17:33:52 +0000] "GET /?products=64017716 HTTP/1.1" 200 157364 "-" "Mozilla/5.0 (Linux; Android 6.0.1; Nexus 5X Build/MMB29P) AppleWebKit/537.36 (KHTML, like Gecko) Chrome/141.0.7390.122 Mobile Safari/537.36 (compatible; Googlebot/2.1; +http://www.google.com/bot.html)"
66.249.66.69 - - [19/Dec/2025:17:33:53 +0000] "GET /?products=51467864 HTTP/1.1" 200 150110 "-" "Mozilla/5.0 (Linux; Android 6.0.1; Nexus 5X Build/MMB29P) AppleWebKit/537.36 (KHTML, like Gecko) Chrome/141.0.7390.122 Mobile Safari/537.36 (compatible; Googlebot/2.1; +http://www.google.com/bot.html)"
66.249.66.7 - - [19/Dec/2025:17:33:53 +0000] "GET /?products=44520248 HTTP/1.1" 200 158374 "-" "Mozilla/5.0 (Linux; Android 6.0.1; Nexus 5X Build/MMB29P) AppleWebKit/537.36 (KHTML, like Gecko) Chrome/141.0.7390.122 Mobile Safari/537.36 (compatible; Googlebot/2.1; +http://www.google.com/bot.html)"
66.249.66.6 - - [19/Dec/2025:17:33:56 +0000] "GET /?products=708624980 HTTP/1.1" 200 161753 "-" "Mozilla/5.0 (Linux; Android 6.0.1; Nexus 5X Build/MMB29P) AppleWebKit/537.36 (KHTML, like Gecko) Chrome/141.0.7390.122 Mobile Safari/537.36 (compatible; Googlebot/2.1; +http://www.google.com/bot.html)"
66.249.66.6 - - [19/Dec/2025:17:34:24 +0000] "GET /m85124068187 HTTP/1.1" 200 142734 "-" "Mozilla/5.0 (Linux; Android 6.0.1; Nexus 5X Build/MMB29P) AppleWebKit/537.36 (KHTML, like Gecko) Chrome/141.0.7390.122 Mobile Safari/537.36 (compatible; Googlebot/2.1; +http://www.google.com/bot.html)"
66.249.66.197 - - [19/Dec/2025:17:34:24 +0000] "GET /m96540911286 HTTP/1.1" 200 160764 "-" "Mozilla/5.0 (Linux; Android 6.0.1; Nexus 5X Build/MMB29P) AppleWebKit/537.36 (KHTML, like Gecko) Chrome/141.0.7390.122 Mobile Safari/537.36 (compatible; Googlebot/2.1; +http://www.google.com/bot.html)"
66.249.66.169 - - [19/Dec/2025:17:34:24 +0000] "GET /?products=43585980 HTTP/1.1" 200 148350 "-" "Mozilla/5.0 (Linux; Android 6.0.1; Nexus 5X Build/MMB29P) AppleWebKit/537.36 (KHTML, like Gecko) Chrome/141.0.7390.122 Mobile Safari/537.36 (compatible; Googlebot/2.1; +http://www.google.com/bot.html)"
66.249.66.196 - - [19/Dec/2025:17:34:27 +0000] "GET /?products=953673900 HTTP/1.1" 200 146830 "-" "Mozilla/5.0 (Linux; Android 6.0.1; Nexus 5X Build/MMB29P) AppleWebKit/537.36 (KHTML, like Gecko) Chrome/141.0.7390.122 Mobile Safari/537.36 (compatible; Googlebot/2.1; +http://www.google.com/bot.html)"
66.249.66.5 - - [19/Dec/2025:17:34:31 +0000] "GET /?products=954597488 HTTP/1.1" 200 141191 "-" "Mozilla/5.0 (Linux; Android 6.0.1; Nexus 5X Build/MMB29P) AppleWebKit/537.36 (KHTML, like Gecko) Chrome/141.0.7390.122 Mobile Safari/537.36 (compatible; Googlebot/2.1; +http://www.google.com/bot.html)"
66.249.66.45 - - [19/Dec/2025:17:34:37 +0000] "GET /?products=43560676 HTTP/1.1" 200 138154 "-" "Mozilla/5.0 (Linux; Android 6.0.1; Nexus 5X Build/MMB29P) AppleWebKit/537.36 (KHTML, like Gecko) Chrome/141.0.7390.122 Mobile Safari/537.36 (compatible; Googlebot/2.1; +http://www.google.com/bot.html)"
204.12.208.18 - - [19/Dec/2025:17:34:47 +0000] "GET /wp-includes/plb776de/edit.php HTTP/1.1" 200 16 "http://olkavix.com/wp-includes/plb776de/edit.php" "Mozilla/5.0 (Windows NT 6.1) AppleWebKit/535.1 (KHTML, like Gecko) Chrome/13.0.782.107 Safari/535.1"
66.249.66.45 - - [19/Dec/2025:17:34:50 +0000] "GET /?products=62272100 HTTP/1.1" 200 153174 "-" "Mozilla/5.0 (Linux; Android 6.0.1; Nexus 5X Build/MMB29P) AppleWebKit/537.36 (KHTML, like Gecko) Chrome/141.0.7390.122 Mobile Safari/537.36 (compatible; Googlebot/2.1; +http://www.google.com/bot.html)"
66.249.66.45 - - [19/Dec/2025:17:34:56 +0000] "GET /143019161 HTTP/1.1" 200 150999 "-" "Mozilla/5.0 (Linux; Android 6.0.1; Nexus 5X Build/MMB29P) AppleWebKit/537.36 (KHTML, like Gecko) Chrome/141.0.7390.122 Mobile Safari/537.36 (compatible; Googlebot/2.1; +http://www.google.com/bot.html)"
66.249.66.45 - - [19/Dec/2025:17:35:02 +0000] "GET /?products=63044700 HTTP/1.1" 200 155253 "-" "Mozilla/5.0 (Linux; Android 6.0.1; Nexus 5X Build/MMB29P) AppleWebKit/537.36 (KHTML, like Gecko) Chrome/141.0.7390.122 Mobile Safari/537.36 (compatible; Googlebot/2.1; +http://www.google.com/bot.html)"
66.249.66.69 - - [19/Dec/2025:17:35:08 +0000] "GET /?products=54974236 HTTP/1.1" 200 152801 "-" "Mozilla/5.0 (Linux; Android 6.0.1; Nexus 5X Build/MMB29P) AppleWebKit/537.36 (KHTML, like Gecko) Chrome/141.0.7390.122 Mobile Safari/537.36 (compatible; Googlebot/2.1; +http://www.google.com/bot.html)"
66.249.66.192 - - [19/Dec/2025:17:35:23 +0000] "GET /?products=97344044 HTTP/1.1" 200 153738 "-" "Mozilla/5.0 (Linux; Android 6.0.1; Nexus 5X Build/MMB29P) AppleWebKit/537.36 (KHTML, like Gecko) Chrome/141.0.7390.122 Mobile Safari/537.36 (compatible; Googlebot/2.1; +http://www.google.com/bot.html)"
66.249.66.166 - - [19/Dec/2025:17:35:23 +0000] "GET /?products=47045660 HTTP/1.1" 200 149429 "-" "Mozilla/5.0 (Linux; Android 6.0.1; Nexus 5X Build/MMB29P) AppleWebKit/537.36 (KHTML, like Gecko) Chrome/141.0.7390.122 Mobile Safari/537.36 (compatible; Googlebot/2.1; +http://www.google.com/bot.html)"
204.12.208.18 - - [19/Dec/2025:17:35:53 +0000] "GET /wp-includes/plb776de/edit.php HTTP/1.1" 200 0 "http://olkavix.com/wp-includes/plb776de/edit.php" "Mozilla/5.0 (Macintosh; Intel Mac OS X 10.7; rv:7.0.1) Gecko/20100101 Firefox/7.0.1"
66.249.66.44 - - [19/Dec/2025:17:37:17 +0000] "GET /?products=954531312 HTTP/1.1" 200 151036 "-" "Mozilla/5.0 (Linux; Android 6.0.1; Nexus 5X Build/MMB29P) AppleWebKit/537.36 (KHTML, like Gecko) Chrome/141.0.7390.122 Mobile Safari/537.36 (compatible; Googlebot/2.1; +http://www.google.com/bot.html)"
69.197.179.242 - - [19/Dec/2025:17:37:22 +0000] "GET /wp-includes/plb776de/edit.php?id=107903 HTTP/1.1" 200 0 "http://olkavix.com/wp-includes/plb776de/edit.php?id=107903" "Mozilla/5.0 (Windows NT 10.0; Win64; x64) AppleWebKit/537.36 (KHTML, like Gecko) Chrome/58.0.3029.110 Safari/537.3"
69.197.179.242 - - [19/Dec/2025:17:38:50 +0000] "GET /wp-includes/plb776de/edit.php?id=107903 HTTP/1.1" 200 0 "http://olkavix.com/wp-includes/plb776de/edit.php?id=107903" "Mozilla/5.0 (Windows NT 10.0; Win64; x64) AppleWebKit/537.36 (KHTML, like Gecko) Chrome/58.0.3029.110 Safari/537.3"
66.249.66.77 - - [19/Dec/2025:17:39:25 +0000] "GET /?products=954620912 HTTP/1.1" 200 147389 "-" "Mozilla/5.0 (Linux; Android 6.0.1; Nexus 5X Build/MMB29P) AppleWebKit/537.36 (KHTML, like Gecko) Chrome/141.0.7390.122 Mobile Safari/537.36 (compatible; Googlebot/2.1; +http://www.google.com/bot.html)"
66.249.66.13 - - [19/Dec/2025:17:40:05 +0000] "GET /?pid=27744391872&channel=column-main-consumer&cate_id=3648&page=http://olkavix.com/site.htm?107000557 HTTP/1.1" 200 147842 "-" "Mozilla/5.0 (Linux; Android 6.0.1; Nexus 5X Build/MMB29P) AppleWebKit/537.36 (KHTML, like Gecko) Chrome/141.0.7390.122 Mobile Safari/537.36 (compatible; Googlebot/2.1; +http://www.google.com/bot.html)"
69.197.179.242 - - [19/Dec/2025:17:40:18 +0000] "GET /wp-includes/plb776de/edit.php?id=107903 HTTP/1.1" 200 0 "http://olkavix.com/wp-includes/plb776de/edit.php?id=107903" "Mozilla/5.0 (Windows NT 10.0; Win64; x64) AppleWebKit/537.36 (KHTML, like Gecko) Chrome/58.0.3029.110 Safari/537.3"
66.249.66.196 - - [19/Dec/2025:17:40:59 +0000] "GET /?products=62478708 HTTP/1.1" 200 149682 "-" "Mozilla/5.0 (Linux; Android 6.0.1; Nexus 5X Build/MMB29P) AppleWebKit/537.36 (KHTML, like Gecko) Chrome/141.0.7390.122 Mobile Safari/537.36 (compatible; Googlebot/2.1; +http://www.google.com/bot.html)"
66.249.66.195 - - [19/Dec/2025:17:41:02 +0000] "GET /?products=954612028 HTTP/1.1" 200 148740 "-" "Mozilla/5.0 (Linux; Android 6.0.1; Nexus 5X Build/MMB29P) AppleWebKit/537.36 (KHTML, like Gecko) Chrome/141.0.7390.122 Mobile Safari/537.36 (compatible; Googlebot/2.1; +http://www.google.com/bot.html)"
66.249.66.195 - - [19/Dec/2025:17:41:02 +0000] "GET /?products=954635784 HTTP/1.1" 200 146886 "-" "Mozilla/5.0 (Linux; Android 6.0.1; Nexus 5X Build/MMB29P) AppleWebKit/537.36 (KHTML, like Gecko) Chrome/141.0.7390.122 Mobile Safari/537.36 (compatible; Googlebot/2.1; +http://www.google.com/bot.html)"
66.249.66.5 - - [19/Dec/2025:17:41:06 +0000] "GET /?products=48503236 HTTP/1.1" 200 149414 "-" "Mozilla/5.0 (Linux; Android 6.0.1; Nexus 5X Build/MMB29P) AppleWebKit/537.36 (KHTML, like Gecko) Chrome/141.0.7390.122 Mobile Safari/537.36 (compatible; Googlebot/2.1; +http://www.google.com/bot.html)"
66.249.66.195 - - [19/Dec/2025:17:41:20 +0000] "GET /?pid=27744391872&channel=access-wave-proportion&cate_id=3648&page=http://olkavix.com/site.htm?080047176 HTTP/1.1" 200 156053 "-" "Mozilla/5.0 (Linux; Android 6.0.1; Nexus 5X Build/MMB29P) AppleWebKit/537.36 (KHTML, like Gecko) Chrome/141.0.7390.122 Mobile Safari/537.36 (compatible; Googlebot/2.1; +http://www.google.com/bot.html)"
66.249.66.169 - - [19/Dec/2025:17:41:35 +0000] "GET /?products=954528628 HTTP/1.1" 200 151272 "-" "Mozilla/5.0 (Linux; Android 6.0.1; Nexus 5X Build/MMB29P) AppleWebKit/537.36 (KHTML, like Gecko) Chrome/141.0.7390.122 Mobile Safari/537.36 (compatible; Googlebot/2.1; +http://www.google.com/bot.html)"
69.197.179.242 - - [19/Dec/2025:17:41:47 +0000] "GET /wp-includes/plb776de/edit.php?id=107903 HTTP/1.1" 200 0 "http://olkavix.com/wp-includes/plb776de/edit.php?id=107903" "Mozilla/5.0 (Windows NT 10.0; Win64; x64) AppleWebKit/537.36 (KHTML, like Gecko) Chrome/58.0.3029.110 Safari/537.3"
66.249.66.33 - - [19/Dec/2025:17:42:02 +0000] "GET /?products=61972848 HTTP/1.1" 200 149943 "-" "Mozilla/5.0 (Linux; Android 6.0.1; Nexus 5X Build/MMB29P) AppleWebKit/537.36 (KHTML, like Gecko) Chrome/141.0.7390.122 Mobile Safari/537.36 (compatible; Googlebot/2.1; +http://www.google.com/bot.html)"
66.249.66.69 - - [19/Dec/2025:17:42:43 +0000] "GET /?products=44366784 HTTP/1.1" 200 162091 "-" "Mozilla/5.0 (Linux; Android 6.0.1; Nexus 5X Build/MMB29P) AppleWebKit/537.36 (KHTML, like Gecko) Chrome/141.0.7390.122 Mobile Safari/537.36 (compatible; Googlebot/2.1; +http://www.google.com/bot.html)"
69.197.179.242 - - [19/Dec/2025:17:43:15 +0000] "GET /wp-includes/plb776de/edit.php?id=107903 HTTP/1.1" 200 0 "http://olkavix.com/wp-includes/plb776de/edit.php?id=107903" "Mozilla/5.0 (Windows NT 10.0; Win64; x64) AppleWebKit/537.36 (KHTML, like Gecko) Chrome/58.0.3029.110 Safari/537.3"
66.249.66.32 - - [19/Dec/2025:17:43:45 +0000] "GET /?products=48804344 HTTP/1.1" 200 148449 "-" "Mozilla/5.0 (Linux; Android 6.0.1; Nexus 5X Build/MMB29P) AppleWebKit/537.36 (KHTML, like Gecko) Chrome/141.0.7390.122 Mobile Safari/537.36 (compatible; Googlebot/2.1; +http://www.google.com/bot.html)"
66.249.66.69 - - [19/Dec/2025:17:44:36 +0000] "GET /?products=954546144 HTTP/1.1" 200 156160 "-" "Mozilla/5.0 (Linux; Android 6.0.1; Nexus 5X Build/MMB29P) AppleWebKit/537.36 (KHTML, like Gecko) Chrome/141.0.7390.122 Mobile Safari/537.36 (compatible; Googlebot/2.1; +http://www.google.com/bot.html)"
66.249.66.32 - - [19/Dec/2025:17:44:42 +0000] "GET /?products=710317580 HTTP/1.1" 200 149263 "-" "Mozilla/5.0 (Linux; Android 6.0.1; Nexus 5X Build/MMB29P) AppleWebKit/537.36 (KHTML, like Gecko) Chrome/141.0.7390.122 Mobile Safari/537.36 (compatible; Googlebot/2.1; +http://www.google.com/bot.html)"
69.197.179.242 - - [19/Dec/2025:17:44:43 +0000] "GET /wp-includes/plb776de/edit.php?id=107903 HTTP/1.1" 200 0 "http://olkavix.com/wp-includes/plb776de/edit.php?id=107903" "Mozilla/5.0 (Windows NT 10.0; Win64; x64) AppleWebKit/537.36 (KHTML, like Gecko) Chrome/58.0.3029.110 Safari/537.3"
66.249.66.195 - - [19/Dec/2025:17:44:47 +0000] "GET /?products=62277996 HTTP/1.1" 200 159022 "-" "Mozilla/5.0 (Linux; Android 6.0.1; Nexus 5X Build/MMB29P) AppleWebKit/537.36 (KHTML, like Gecko) Chrome/141.0.7390.122 Mobile Safari/537.36 (compatible; Googlebot/2.1; +http://www.google.com/bot.html)"
66.249.66.169 - - [19/Dec/2025:17:44:48 +0000] "GET /?products=47944164 HTTP/1.1" 200 166087 "-" "Mozilla/5.0 (Linux; Android 6.0.1; Nexus 5X Build/MMB29P) AppleWebKit/537.36 (KHTML, like Gecko) Chrome/141.0.7390.122 Mobile Safari/537.36 (compatible; Googlebot/2.1; +http://www.google.com/bot.html)"
34.27.181.80 - - [19/Dec/2025:17:45:07 +0000] "GET / HTTP/1.1" 200 73934 "-" "Mozilla/5.0 (Windows NT 10.0; Win64; x64) AppleWebKit/537.36 (KHTML, like Gecko) Chrome/88.0.4240.193 Safari/537.36"
34.27.181.80 - - [19/Dec/2025:17:45:07 +0000] "GET /?author=1 HTTP/1.1" 301 0 "-" "Mozilla/5.0 (Windows NT 10.0; Win64; x64) AppleWebKit/537.36 (KHTML, like Gecko) Chrome/88.0.4240.193 Safari/537.36"
34.27.181.80 - - [19/Dec/2025:17:45:07 +0000] "GET /?author=2 HTTP/1.1" 200 35701 "-" "Mozilla/5.0 (Windows NT 10.0; Win64; x64) AppleWebKit/537.36 (KHTML, like Gecko) Chrome/88.0.4240.193 Safari/537.36"
34.27.181.80 - - [19/Dec/2025:17:45:08 +0000] "GET /?author=3 HTTP/1.1" 404 35804 "-" "Mozilla/5.0 (Windows NT 10.0; Win64; x64) AppleWebKit/537.36 (KHTML, like Gecko) Chrome/88.0.4240.193 Safari/537.36"
34.27.181.80 - - [19/Dec/2025:17:45:08 +0000] "GET /wp-json/wp/v2/users/ HTTP/1.1" 200 4806 "-" "Mozilla/5.0 (Windows NT 10.0; Win64; x64) AppleWebKit/537.36 (KHTML, like Gecko) Chrome/88.0.4240.193 Safari/537.36"
34.27.181.80 - - [19/Dec/2025:17:45:09 +0000] "GET /wp-json/oembed/1.0/embed?url=http://olkavix.com HTTP/1.1" 404 84 "-" "Mozilla/5.0 (Windows NT 10.0; Win64; x64) AppleWebKit/537.36 (KHTML, like Gecko) Chrome/88.0.4240.193 Safari/537.36"
34.27.181.80 - - [19/Dec/2025:17:45:09 +0000] "POST /xmlrpc.php HTTP/1.1" 404 35804 "-" "Mozilla/5.0 (Windows NT 10.0; Win64; x64) AppleWebKit/537.36 (KHTML, like Gecko) Chrome/88.0.4240.193 Safari/537.36"
66.249.66.32 - - [19/Dec/2025:17:45:33 +0000] "GET /?products=46129420 HTTP/1.1" 200 151271 "-" "Mozilla/5.0 (Linux; Android 6.0.1; Nexus 5X Build/MMB29P) AppleWebKit/537.36 (KHTML, like Gecko) Chrome/141.0.7390.122 Mobile Safari/537.36 (compatible; Googlebot/2.1; +http://www.google.com/bot.html)"
69.197.179.242 - - [19/Dec/2025:17:46:13 +0000] "GET /wp-includes/plb776de/edit.php?id=107903 HTTP/1.1" 200 0 "http://olkavix.com/wp-includes/plb776de/edit.php?id=107903" "Mozilla/5.0 (Windows NT 10.0; Win64; x64) AppleWebKit/537.36 (KHTML, like Gecko) Chrome/58.0.3029.110 Safari/537.3"
66.249.66.166 - - [19/Dec/2025:17:46:29 +0000] "GET /category/32_557/1 HTTP/1.1" 200 153665 "-" "Mozilla/5.0 (Linux; Android 6.0.1; Nexus 5X Build/MMB29P) AppleWebKit/537.36 (KHTML, like Gecko) Chrome/141.0.7390.122 Mobile Safari/537.36 (compatible; Googlebot/2.1; +http://www.google.com/bot.html)"
66.249.66.166 - - [19/Dec/2025:17:46:30 +0000] "GET /?products=52400580 HTTP/1.1" 200 155828 "-" "Mozilla/5.0 (Linux; Android 6.0.1; Nexus 5X Build/MMB29P) AppleWebKit/537.36 (KHTML, like Gecko) Chrome/141.0.7390.122 Mobile Safari/537.36 (compatible; Googlebot/2.1; +http://www.google.com/bot.html)"
66.249.66.42 - - [19/Dec/2025:17:46:57 +0000] "GET /?products=97370288 HTTP/1.1" 200 152362 "-" "Mozilla/5.0 (Linux; Android 6.0.1; Nexus 5X Build/MMB29P) AppleWebKit/537.36 (KHTML, like Gecko) Chrome/141.0.7390.122 Mobile Safari/537.36 (compatible; Googlebot/2.1; +http://www.google.com/bot.html)"
66.249.66.167 - - [19/Dec/2025:17:47:41 +0000] "GET /?products=954473564 HTTP/1.1" 200 150001 "-" "Mozilla/5.0 (Linux; Android 6.0.1; Nexus 5X Build/MMB29P) AppleWebKit/537.36 (KHTML, like Gecko) Chrome/141.0.7390.122 Mobile Safari/537.36 (compatible; Googlebot/2.1; +http://www.google.com/bot.html)"
69.197.179.242 - - [19/Dec/2025:17:47:43 +0000] "GET /wp-includes/plb776de/edit.php?id=107903 HTTP/1.1" 200 0 "http://olkavix.com/wp-includes/plb776de/edit.php?id=107903" "Mozilla/5.0 (Windows NT 10.0; Win64; x64) AppleWebKit/537.36 (KHTML, like Gecko) Chrome/58.0.3029.110 Safari/537.3"
66.249.66.42 - - [19/Dec/2025:17:48:12 +0000] "GET /?products=954602236 HTTP/1.1" 200 148593 "-" "Mozilla/5.0 (Linux; Android 6.0.1; Nexus 5X Build/MMB29P) AppleWebKit/537.36 (KHTML, like Gecko) Chrome/141.0.7390.122 Mobile Safari/537.36 (compatible; Googlebot/2.1; +http://www.google.com/bot.html)"
66.249.66.192 - - [19/Dec/2025:17:48:12 +0000] "GET /?products=62799352 HTTP/1.1" 200 149197 "-" "Mozilla/5.0 (Linux; Android 6.0.1; Nexus 5X Build/MMB29P) AppleWebKit/537.36 (KHTML, like Gecko) Chrome/141.0.7390.122 Mobile Safari/537.36 (compatible; Googlebot/2.1; +http://www.google.com/bot.html)"
69.197.179.242 - - [19/Dec/2025:17:49:14 +0000] "GET /wp-includes/plb776de/edit.php?id=107903 HTTP/1.1" 200 0 "http://olkavix.com/wp-includes/plb776de/edit.php?id=107903" "Mozilla/5.0 (Windows NT 10.0; Win64; x64) AppleWebKit/537.36 (KHTML, like Gecko) Chrome/58.0.3029.110 Safari/537.3"
69.197.179.242 - - [19/Dec/2025:17:50:43 +0000] "GET /wp-includes/plb776de/edit.php?id=107903 HTTP/1.1" 200 0 "http://olkavix.com/wp-includes/plb776de/edit.php?id=107903" "Mozilla/5.0 (Windows NT 10.0; Win64; x64) AppleWebKit/537.36 (KHTML, like Gecko) Chrome/58.0.3029.110 Safari/537.3"
66.249.66.192 - - [19/Dec/2025:17:51:04 +0000] "GET /?products=955417124 HTTP/1.1" 200 147610 "-" "Mozilla/5.0 (Linux; Android 6.0.1; Nexus 5X Build/MMB29P) AppleWebKit/537.36 (KHTML, like Gecko) Chrome/141.0.7390.122 Mobile Safari/537.36 (compatible; Googlebot/2.1; +http://www.google.com/bot.html)"
159.198.77.92 - - [19/Dec/2025:17:51:16 +0000] "POST /wp-cron.php?doing_wp_cron=1766166675.9018800258636474609375 HTTP/1.1" 404 35804 "-" "WordPress/6.9; https://olkavix.com"
188.0.167.195 - - [19/Dec/2025:17:51:16 +0000] "GET /wp-json/wp/v2/posts HTTP/1.1" 200 165899 "-" "Mozilla/5.0 (Windows NT 10.0; Win64; x64) AppleWebKit/537.36 (KHTML, like Gecko) Chrome/120.0.0.0 Safari/537.36"
66.249.66.12 - - [19/Dec/2025:17:51:42 +0000] "GET /?products=953619956 HTTP/1.1" 200 146907 "-" "Mozilla/5.0 (Linux; Android 6.0.1; Nexus 5X Build/MMB29P) AppleWebKit/537.36 (KHTML, like Gecko) Chrome/141.0.7390.122 Mobile Safari/537.36 (compatible; Googlebot/2.1; +http://www.google.com/bot.html)"
66.249.66.166 - - [19/Dec/2025:17:51:45 +0000] "GET /?products=60506476 HTTP/1.1" 200 155449 "-" "Mozilla/5.0 (Linux; Android 6.0.1; Nexus 5X Build/MMB29P) AppleWebKit/537.36 (KHTML, like Gecko) Chrome/141.0.7390.122 Mobile Safari/537.36 (compatible; Googlebot/2.1; +http://www.google.com/bot.html)"
66.249.66.75 - - [19/Dec/2025:17:51:46 +0000] "GET /?products=953558000 HTTP/1.1" 200 150754 "-" "Mozilla/5.0 (Linux; Android 6.0.1; Nexus 5X Build/MMB29P) AppleWebKit/537.36 (KHTML, like Gecko) Chrome/141.0.7390.122 Mobile Safari/537.36 (compatible; Googlebot/2.1; +http://www.google.com/bot.html)"
66.249.66.77 - - [19/Dec/2025:17:52:01 +0000] "GET /?products=954486376 HTTP/1.1" 200 151937 "-" "Mozilla/5.0 (Linux; Android 6.0.1; Nexus 5X Build/MMB29P) AppleWebKit/537.36 (KHTML, like Gecko) Chrome/141.0.7390.122 Mobile Safari/537.36 (compatible; Googlebot/2.1; +http://www.google.com/bot.html)"
69.197.179.242 - - [19/Dec/2025:17:52:11 +0000] "GET /wp-includes/plb776de/edit.php?id=107903 HTTP/1.1" 200 0 "http://olkavix.com/wp-includes/plb776de/edit.php?id=107903" "Mozilla/5.0 (Windows NT 10.0; Win64; x64) AppleWebKit/537.36 (KHTML, like Gecko) Chrome/58.0.3029.110 Safari/537.3"