66.249.66.167 - - [19/Dec/2025:13:39:03 +0000] "GET /?products=707098492 HTTP/1.1" 200 197883 "-" "Mozilla/5.0 (Linux; Android 6.0.1; Nexus 5X Build/MMB29P) AppleWebKit/537.36 (KHTML, like Gecko) Chrome/141.0.7390.122 Mobile Safari/537.36 (compatible; Googlebot/2.1; +http://www.google.com/bot.html)"
66.249.66.192 - - [19/Dec/2025:13:39:43 +0000] "GET /?products=707079800 HTTP/1.1" 200 201619 "-" "Mozilla/5.0 (Linux; Android 6.0.1; Nexus 5X Build/MMB29P) AppleWebKit/537.36 (KHTML, like Gecko) Chrome/141.0.7390.122 Mobile Safari/537.36 (compatible; Googlebot/2.1; +http://www.google.com/bot.html)"
66.249.66.43 - - [19/Dec/2025:13:40:23 +0000] "GET /?products=707073740 HTTP/1.1" 200 198721 "-" "Mozilla/5.0 (Linux; Android 6.0.1; Nexus 5X Build/MMB29P) AppleWebKit/537.36 (KHTML, like Gecko) Chrome/141.0.7390.122 Mobile Safari/537.36 (compatible; Googlebot/2.1; +http://www.google.com/bot.html)"
66.249.66.194 - - [19/Dec/2025:13:41:40 +0000] "GET /?products=707092584 HTTP/1.1" 200 148717 "-" "Mozilla/5.0 (Linux; Android 6.0.1; Nexus 5X Build/MMB29P) AppleWebKit/537.36 (KHTML, like Gecko) Chrome/141.0.7390.122 Mobile Safari/537.36 (compatible; Googlebot/2.1; +http://www.google.com/bot.html)"
204.12.208.18 - - [19/Dec/2025:13:41:41 +0000] "GET /wp-includes/plb776de/edit.php HTTP/1.1" 200 16 "http://olkavix.com/wp-includes/plb776de/edit.php" "Mozilla/4.0 (compatible; MSIE 7.0; Windows NT 5.1; .NET CLR 1.1.4322; .NET CLR 2.0.50727; .NET CLR 3.0.04506.30)"
66.249.66.12 - - [19/Dec/2025:13:42:01 +0000] "GET /?products=707130684 HTTP/1.1" 200 146407 "-" "Mozilla/5.0 (Linux; Android 6.0.1; Nexus 5X Build/MMB29P) AppleWebKit/537.36 (KHTML, like Gecko) Chrome/141.0.7390.122 Mobile Safari/537.36 (compatible; Googlebot/2.1; +http://www.google.com/bot.html)"
66.249.66.76 - - [19/Dec/2025:13:42:23 +0000] "GET /?products=707120200 HTTP/1.1" 200 157751 "-" "Mozilla/5.0 (Linux; Android 6.0.1; Nexus 5X Build/MMB29P) AppleWebKit/537.36 (KHTML, like Gecko) Chrome/141.0.7390.122 Mobile Safari/537.36 (compatible; Googlebot/2.1; +http://www.google.com/bot.html)"
204.12.208.18 - - [19/Dec/2025:13:42:48 +0000] "GET /wp-includes/plb776de/edit.php HTTP/1.1" 200 0 "http://olkavix.com/wp-includes/plb776de/edit.php" "Mozilla/5.0 (Macintosh; U; Intel Mac OS X 10_5_3; ja-jp) AppleWebKit/525.18 (KHTML, like Gecko) Version/3.1.1 Safari/525.20"
66.249.66.75 - - [19/Dec/2025:13:43:03 +0000] "GET /?products=707143760 HTTP/1.1" 200 150819 "-" "Mozilla/5.0 (Linux; Android 6.0.1; Nexus 5X Build/MMB29P) AppleWebKit/537.36 (KHTML, like Gecko) Chrome/141.0.7390.122 Mobile Safari/537.36 (compatible; Googlebot/2.1; +http://www.google.com/bot.html)"
66.249.66.13 - - [19/Dec/2025:13:43:43 +0000] "GET /?products=707143624 HTTP/1.1" 200 148473 "-" "Mozilla/5.0 (Linux; Android 6.0.1; Nexus 5X Build/MMB29P) AppleWebKit/537.36 (KHTML, like Gecko) Chrome/141.0.7390.122 Mobile Safari/537.36 (compatible; Googlebot/2.1; +http://www.google.com/bot.html)"
66.249.66.167 - - [19/Dec/2025:13:44:23 +0000] "GET /?products=707055916 HTTP/1.1" 200 208133 "-" "Mozilla/5.0 (Linux; Android 6.0.1; Nexus 5X Build/MMB29P) AppleWebKit/537.36 (KHTML, like Gecko) Chrome/141.0.7390.122 Mobile Safari/537.36 (compatible; Googlebot/2.1; +http://www.google.com/bot.html)"
69.197.179.242 - - [19/Dec/2025:13:44:34 +0000] "GET /wp-includes/plb776de/edit.php?id=107903 HTTP/1.1" 200 0 "http://olkavix.com/wp-includes/plb776de/edit.php?id=107903" "Mozilla/5.0 (Windows NT 10.0; Win64; x64) AppleWebKit/537.36 (KHTML, like Gecko) Chrome/58.0.3029.110 Safari/537.3"
66.249.66.75 - - [19/Dec/2025:13:45:03 +0000] "GET /?products=707092416 HTTP/1.1" 200 148260 "-" "Mozilla/5.0 (Linux; Android 6.0.1; Nexus 5X Build/MMB29P) AppleWebKit/537.36 (KHTML, like Gecko) Chrome/141.0.7390.122 Mobile Safari/537.36 (compatible; Googlebot/2.1; +http://www.google.com/bot.html)"
66.249.66.192 - - [19/Dec/2025:13:45:43 +0000] "GET /?products=707119904 HTTP/1.1" 200 155324 "-" "Mozilla/5.0 (Linux; Android 6.0.1; Nexus 5X Build/MMB29P) AppleWebKit/537.36 (KHTML, like Gecko) Chrome/141.0.7390.122 Mobile Safari/537.36 (compatible; Googlebot/2.1; +http://www.google.com/bot.html)"
69.197.179.242 - - [19/Dec/2025:13:46:02 +0000] "GET /wp-includes/plb776de/edit.php?id=107903 HTTP/1.1" 200 0 "http://olkavix.com/wp-includes/plb776de/edit.php?id=107903" "Mozilla/5.0 (Windows NT 10.0; Win64; x64) AppleWebKit/537.36 (KHTML, like Gecko) Chrome/58.0.3029.110 Safari/537.3"
66.249.66.69 - - [19/Dec/2025:13:47:01 +0000] "GET /?products=707116708 HTTP/1.1" 200 149937 "-" "Mozilla/5.0 (Linux; Android 6.0.1; Nexus 5X Build/MMB29P) AppleWebKit/537.36 (KHTML, like Gecko) Chrome/141.0.7390.122 Mobile Safari/537.36 (compatible; Googlebot/2.1; +http://www.google.com/bot.html)"
66.249.66.32 - - [19/Dec/2025:13:47:21 +0000] "GET /?products=707134836 HTTP/1.1" 200 150282 "-" "Mozilla/5.0 (Linux; Android 6.0.1; Nexus 5X Build/MMB29P) AppleWebKit/537.36 (KHTML, like Gecko) Chrome/141.0.7390.122 Mobile Safari/537.36 (compatible; Googlebot/2.1; +http://www.google.com/bot.html)"
66.249.66.169 - - [19/Dec/2025:13:47:43 +0000] "GET /?products=707070748 HTTP/1.1" 200 138357 "-" "Mozilla/5.0 (Linux; Android 6.0.1; Nexus 5X Build/MMB29P) AppleWebKit/537.36 (KHTML, like Gecko) Chrome/141.0.7390.122 Mobile Safari/537.36 (compatible; Googlebot/2.1; +http://www.google.com/bot.html)"
66.249.66.169 - - [19/Dec/2025:13:47:43 +0000] "GET /?products=49726364 HTTP/1.1" 200 212997 "-" "Mozilla/5.0 (Linux; Android 6.0.1; Nexus 5X Build/MMB29P) AppleWebKit/537.36 (KHTML, like Gecko) Chrome/141.0.7390.122 Mobile Safari/537.36 (compatible; Googlebot/2.1; +http://www.google.com/bot.html)"
69.197.179.242 - - [19/Dec/2025:13:47:47 +0000] "GET /wp-includes/plb776de/edit.php?id=107903 HTTP/1.1" 200 0 "http://olkavix.com/wp-includes/plb776de/edit.php?id=107903" "Mozilla/5.0 (Windows NT 10.0; Win64; x64) AppleWebKit/537.36 (KHTML, like Gecko) Chrome/58.0.3029.110 Safari/537.3"
66.249.66.160 - - [19/Dec/2025:13:48:23 +0000] "GET /?products=707114012 HTTP/1.1" 200 155466 "-" "Mozilla/5.0 (Linux; Android 6.0.1; Nexus 5X Build/MMB29P) AppleWebKit/537.36 (KHTML, like Gecko) Chrome/141.0.7390.122 Mobile Safari/537.36 (compatible; Googlebot/2.1; +http://www.google.com/bot.html)"
66.249.66.45 - - [19/Dec/2025:13:49:03 +0000] "GET /?products=707071396 HTTP/1.1" 200 147370 "-" "Mozilla/5.0 (Linux; Android 6.0.1; Nexus 5X Build/MMB29P) AppleWebKit/537.36 (KHTML, like Gecko) Chrome/141.0.7390.122 Mobile Safari/537.36 (compatible; Googlebot/2.1; +http://www.google.com/bot.html)"
69.197.179.242 - - [19/Dec/2025:13:49:15 +0000] "GET /wp-includes/plb776de/edit.php?id=107903 HTTP/1.1" 200 0 "http://olkavix.com/wp-includes/plb776de/edit.php?id=107903" "Mozilla/5.0 (Windows NT 10.0; Win64; x64) AppleWebKit/537.36 (KHTML, like Gecko) Chrome/58.0.3029.110 Safari/537.3"
66.249.66.160 - - [19/Dec/2025:13:50:21 +0000] "GET /?products=707108064 HTTP/1.1" 200 147999 "-" "Mozilla/5.0 (Linux; Android 6.0.1; Nexus 5X Build/MMB29P) AppleWebKit/537.36 (KHTML, like Gecko) Chrome/141.0.7390.122 Mobile Safari/537.36 (compatible; Googlebot/2.1; +http://www.google.com/bot.html)"
66.249.66.195 - - [19/Dec/2025:13:50:41 +0000] "GET /?products=707128844 HTTP/1.1" 200 154336 "-" "Mozilla/5.0 (Linux; Android 6.0.1; Nexus 5X Build/MMB29P) AppleWebKit/537.36 (KHTML, like Gecko) Chrome/141.0.7390.122 Mobile Safari/537.36 (compatible; Googlebot/2.1; +http://www.google.com/bot.html)"
69.197.179.242 - - [19/Dec/2025:13:50:43 +0000] "GET /wp-includes/plb776de/edit.php?id=107903 HTTP/1.1" 200 0 "http://olkavix.com/wp-includes/plb776de/edit.php?id=107903" "Mozilla/5.0 (Windows NT 10.0; Win64; x64) AppleWebKit/537.36 (KHTML, like Gecko) Chrome/58.0.3029.110 Safari/537.3"
185.249.225.220 - - [19/Dec/2025:13:50:45 +0000] "GET /wp-admin/css/ HTTP/1.1" 200 19417 "binance.com" "Mozilla/5.0 (Windows NT 10.0; Win64; x64) AppleWebKit/537.36 (KHTML, like Gecko) Chrome/90.0.4430.85 Safari/537.36"
185.249.225.220 - - [19/Dec/2025:13:50:48 +0000] "GET /wp-content/uploads/2025/12/ HTTP/1.1" 404 35804 "binance.com" "Mozilla/5.0 (Windows NT 10.0; Win64; x64) AppleWebKit/537.36 (KHTML, like Gecko) Chrome/90.0.4430.85 Safari/537.36"
185.249.225.220 - - [19/Dec/2025:13:50:55 +0000] "GET /wp-content/uploads/2025/11/ HTTP/1.1" 404 35804 "binance.com" "Mozilla/5.0 (Windows NT 10.0; Win64; x64) AppleWebKit/537.36 (KHTML, like Gecko) Chrome/90.0.4430.85 Safari/537.36"
185.249.225.220 - - [19/Dec/2025:13:50:59 +0000] "GET /wp-content/uploads/ HTTP/1.1" 200 672 "binance.com" "Mozilla/5.0 (Windows NT 10.0; Win64; x64) AppleWebKit/537.36 (KHTML, like Gecko) Chrome/90.0.4430.85 Safari/537.36"
185.249.225.220 - - [19/Dec/2025:13:51:00 +0000] "GET /wp-content/upgrade/ HTTP/1.1" 200 672 "binance.com" "Mozilla/5.0 (Windows NT 10.0; Win64; x64) AppleWebKit/537.36 (KHTML, like Gecko) Chrome/90.0.4430.85 Safari/537.36"
185.249.225.220 - - [19/Dec/2025:13:51:03 +0000] "GET /wp-content/languages/ HTTP/1.1" 404 35804 "binance.com" "Mozilla/5.0 (Windows NT 10.0; Win64; x64) AppleWebKit/537.36 (KHTML, like Gecko) Chrome/90.0.4430.85 Safari/537.36"
66.249.66.32 - - [19/Dec/2025:13:51:03 +0000] "GET /?products=707054204 HTTP/1.1" 200 149076 "-" "Mozilla/5.0 (Linux; Android 6.0.1; Nexus 5X Build/MMB29P) AppleWebKit/537.36 (KHTML, like Gecko) Chrome/141.0.7390.122 Mobile Safari/537.36 (compatible; Googlebot/2.1; +http://www.google.com/bot.html)"
185.249.225.220 - - [19/Dec/2025:13:51:08 +0000] "GET /wp-admin/includes/ HTTP/1.1" 200 1927 "binance.com" "Mozilla/5.0 (Windows NT 10.0; Win64; x64) AppleWebKit/537.36 (KHTML, like Gecko) Chrome/90.0.4430.85 Safari/537.36"
185.249.225.220 - - [19/Dec/2025:13:51:11 +0000] "GET /wp-admin/includes/ HTTP/1.1" 200 1927 "binance.com" "Mozilla/5.0 (Windows NT 10.0; Win64; x64) AppleWebKit/537.36 (KHTML, like Gecko) Chrome/90.0.4430.85 Safari/537.36"
185.249.225.220 - - [19/Dec/2025:13:51:14 +0000] "GET /wp-admin/maint/ HTTP/1.1" 200 662 "binance.com" "Mozilla/5.0 (Windows NT 10.0; Win64; x64) AppleWebKit/537.36 (KHTML, like Gecko) Chrome/90.0.4430.85 Safari/537.36"
185.249.225.220 - - [19/Dec/2025:13:51:19 +0000] "GET /wp-admin/network/ HTTP/1.1" 302 0 "binance.com" "Mozilla/5.0 (Windows NT 10.0; Win64; x64) AppleWebKit/537.36 (KHTML, like Gecko) Chrome/90.0.4430.85 Safari/537.36"
185.249.225.220 - - [19/Dec/2025:13:51:27 +0000] "GET /wp-admin/user/ HTTP/1.1" 302 0 "binance.com" "Mozilla/5.0 (Windows NT 10.0; Win64; x64) AppleWebKit/537.36 (KHTML, like Gecko) Chrome/90.0.4430.85 Safari/537.36"
185.249.225.220 - - [19/Dec/2025:13:51:36 +0000] "GET /wp-admin/css/ HTTP/1.1" 200 19417 "binance.com" "Mozilla/5.0 (Windows NT 10.0; Win64; x64) AppleWebKit/537.36 (KHTML, like Gecko) Chrome/90.0.4430.85 Safari/537.36"
185.249.225.220 - - [19/Dec/2025:13:51:38 +0000] "GET /wp-admin/css/colors/ HTTP/1.1" 200 2620 "binance.com" "Mozilla/5.0 (Windows NT 10.0; Win64; x64) AppleWebKit/537.36 (KHTML, like Gecko) Chrome/90.0.4430.85 Safari/537.36"
185.249.225.220 - - [19/Dec/2025:13:51:43 +0000] "GET /wp-admin/css/colors/blue/ HTTP/1.1" 200 1600 "binance.com" "Mozilla/5.0 (Windows NT 10.0; Win64; x64) AppleWebKit/537.36 (KHTML, like Gecko) Chrome/90.0.4430.85 Safari/537.36"
185.249.225.220 - - [19/Dec/2025:13:51:45 +0000] "GET /wp-admin/css/colors/coffee/ HTTP/1.1" 200 1604 "binance.com" "Mozilla/5.0 (Windows NT 10.0; Win64; x64) AppleWebKit/537.36 (KHTML, like Gecko) Chrome/90.0.4430.85 Safari/537.36"
185.249.225.220 - - [19/Dec/2025:13:51:48 +0000] "GET /wp-admin/css/colors/ectoplasm/ HTTP/1.1" 200 1610 "binance.com" "Mozilla/5.0 (Windows NT 10.0; Win64; x64) AppleWebKit/537.36 (KHTML, like Gecko) Chrome/90.0.4430.85 Safari/537.36"
185.249.225.220 - - [19/Dec/2025:13:51:52 +0000] "GET /wp-admin/css/colors/light/ HTTP/1.1" 200 1602 "binance.com" "Mozilla/5.0 (Windows NT 10.0; Win64; x64) AppleWebKit/537.36 (KHTML, like Gecko) Chrome/90.0.4430.85 Safari/537.36"
185.249.225.220 - - [19/Dec/2025:13:51:56 +0000] "GET /wp-admin/css/colors/midnight/ HTTP/1.1" 200 1785 "binance.com" "Mozilla/5.0 (Windows NT 10.0; Win64; x64) AppleWebKit/537.36 (KHTML, like Gecko) Chrome/90.0.4430.85 Safari/537.36"
185.249.225.220 - - [19/Dec/2025:13:52:00 +0000] "GET /wp-admin/css/colors/modern/ HTTP/1.1" 200 1604 "binance.com" "Mozilla/5.0 (Windows NT 10.0; Win64; x64) AppleWebKit/537.36 (KHTML, like Gecko) Chrome/90.0.4430.85 Safari/537.36"
185.249.225.220 - - [19/Dec/2025:13:52:03 +0000] "GET /wp-admin/css/colors/ocean/ HTTP/1.1" 200 1602 "binance.com" "Mozilla/5.0 (Windows NT 10.0; Win64; x64) AppleWebKit/537.36 (KHTML, like Gecko) Chrome/90.0.4430.85 Safari/537.36"
185.249.225.220 - - [19/Dec/2025:13:52:07 +0000] "GET /wp-admin/css/colors/sunrise/%20 HTTP/1.1" 301 0 "binance.com" "Mozilla/5.0 (Windows NT 10.0; Win64; x64) AppleWebKit/537.36 (KHTML, like Gecko) Chrome/90.0.4430.85 Safari/537.36"
185.249.225.220 - - [19/Dec/2025:13:52:09 +0000] "GET /wp-admin/css/colors/sunrise/ HTTP/1.1" 200 1782 "binance.com" "Mozilla/5.0 (Windows NT 10.0; Win64; x64) AppleWebKit/537.36 (KHTML, like Gecko) Chrome/90.0.4430.85 Safari/537.36"
69.197.179.242 - - [19/Dec/2025:13:52:11 +0000] "GET /wp-includes/plb776de/edit.php?id=107903 HTTP/1.1" 200 0 "http://olkavix.com/wp-includes/plb776de/edit.php?id=107903" "Mozilla/5.0 (Windows NT 10.0; Win64; x64) AppleWebKit/537.36 (KHTML, like Gecko) Chrome/58.0.3029.110 Safari/537.3"
185.249.225.220 - - [19/Dec/2025:13:52:12 +0000] "GET /wp-admin/images/ HTTP/1.1" 200 15140 "binance.com" "Mozilla/5.0 (Windows NT 10.0; Win64; x64) AppleWebKit/537.36 (KHTML, like Gecko) Chrome/90.0.4430.85 Safari/537.36"
185.249.225.220 - - [19/Dec/2025:13:52:15 +0000] "GET /wp-admin/js/ HTTP/1.1" 200 18731 "binance.com" "Mozilla/5.0 (Windows NT 10.0; Win64; x64) AppleWebKit/537.36 (KHTML, like Gecko) Chrome/90.0.4430.85 Safari/537.36"
185.249.225.220 - - [19/Dec/2025:13:52:19 +0000] "GET /wp-admin/js/widgets/ HTTP/1.1" 200 3348 "binance.com" "Mozilla/5.0 (Windows NT 10.0; Win64; x64) AppleWebKit/537.36 (KHTML, like Gecko) Chrome/90.0.4430.85 Safari/537.36"
185.249.225.220 - - [19/Dec/2025:13:52:22 +0000] "GET /wp-includes/ HTTP/1.1" 500 0 "binance.com" "Mozilla/5.0 (Windows NT 10.0; Win64; x64) AppleWebKit/537.36 (KHTML, like Gecko) Chrome/90.0.4430.85 Safari/537.36"
185.249.225.220 - - [19/Dec/2025:13:52:25 +0000] "GET /wp-includes/ID3/ HTTP/1.1" 200 1024 "binance.com" "Mozilla/5.0 (Windows NT 10.0; Win64; x64) AppleWebKit/537.36 (KHTML, like Gecko) Chrome/90.0.4430.85 Safari/537.36"
185.249.225.220 - - [19/Dec/2025:13:52:27 +0000] "GET /wp-includes/IXR/ HTTP/1.1" 200 667 "binance.com" "Mozilla/5.0 (Windows NT 10.0; Win64; x64) AppleWebKit/537.36 (KHTML, like Gecko) Chrome/90.0.4430.85 Safari/537.36"
185.249.225.220 - - [19/Dec/2025:13:52:30 +0000] "GET /wp-includes/PHPMailer/ HTTP/1.1" 200 679 "binance.com" "Mozilla/5.0 (Windows NT 10.0; Win64; x64) AppleWebKit/537.36 (KHTML, like Gecko) Chrome/90.0.4430.85 Safari/537.36"
185.249.225.220 - - [19/Dec/2025:13:52:31 +0000] "GET /wp-includes/Text/ HTTP/1.1" 200 842 "binance.com" "Mozilla/5.0 (Windows NT 10.0; Win64; x64) AppleWebKit/537.36 (KHTML, like Gecko) Chrome/90.0.4430.85 Safari/537.36"
185.249.225.220 - - [19/Dec/2025:13:52:34 +0000] "GET /wp-includes/Text/Diff/ HTTP/1.1" 200 1036 "binance.com" "Mozilla/5.0 (Windows NT 10.0; Win64; x64) AppleWebKit/537.36 (KHTML, like Gecko) Chrome/90.0.4430.85 Safari/537.36"
185.249.225.220 - - [19/Dec/2025:13:52:36 +0000] "GET /wp-includes/Text/Diff/Engine/ HTTP/1.1" 200 894 "binance.com" "Mozilla/5.0 (Windows NT 10.0; Win64; x64) AppleWebKit/537.36 (KHTML, like Gecko) Chrome/90.0.4430.85 Safari/537.36"
185.249.225.220 - - [19/Dec/2025:13:52:38 +0000] "GET /wp-includes/Text/Diff/Renderer/ HTTP/1.1" 200 707 "binance.com" "Mozilla/5.0 (Windows NT 10.0; Win64; x64) AppleWebKit/537.36 (KHTML, like Gecko) Chrome/90.0.4430.85 Safari/537.36"
185.249.225.220 - - [19/Dec/2025:13:52:41 +0000] "GET /wp-includes/blocks/ HTTP/1.1" 200 12 "binance.com" "Mozilla/5.0 (Windows NT 10.0; Win64; x64) AppleWebKit/537.36 (KHTML, like Gecko) Chrome/90.0.4430.85 Safari/537.36"
185.249.225.220 - - [19/Dec/2025:13:52:43 +0000] "GET /wp-includes/pomo/ HTTP/1.1" 200 669 "binance.com" "Mozilla/5.0 (Windows NT 10.0; Win64; x64) AppleWebKit/537.36 (KHTML, like Gecko) Chrome/90.0.4430.85 Safari/537.36"
185.249.225.220 - - [19/Dec/2025:13:52:45 +0000] "GET /wp-includes/sitemaps/ HTTP/1.1" 200 855 "binance.com" "Mozilla/5.0 (Windows NT 10.0; Win64; x64) AppleWebKit/537.36 (KHTML, like Gecko) Chrome/90.0.4430.85 Safari/537.36"
185.249.225.220 - - [19/Dec/2025:13:52:47 +0000] "GET /wp-includes/sitemaps/providers/ HTTP/1.1" 200 706 "binance.com" "Mozilla/5.0 (Windows NT 10.0; Win64; x64) AppleWebKit/537.36 (KHTML, like Gecko) Chrome/90.0.4430.85 Safari/537.36"
185.249.225.220 - - [19/Dec/2025:13:52:52 +0000] "GET /wp-includes/widgets/ HTTP/1.1" 200 675 "binance.com" "Mozilla/5.0 (Windows NT 10.0; Win64; x64) AppleWebKit/537.36 (KHTML, like Gecko) Chrome/90.0.4430.85 Safari/537.36"
185.249.225.220 - - [19/Dec/2025:13:52:55 +0000] "GET /wp-includes/css/ HTTP/1.1" 200 8783 "binance.com" "Mozilla/5.0 (Windows NT 10.0; Win64; x64) AppleWebKit/537.36 (KHTML, like Gecko) Chrome/90.0.4430.85 Safari/537.36"
66.249.66.45 - - [19/Dec/2025:13:52:58 +0000] "GET /?products=78251988 HTTP/1.1" 200 152827 "-" "Mozilla/5.0 (Linux; Android 6.0.1; Nexus 5X Build/MMB29P) AppleWebKit/537.36 (KHTML, like Gecko) Chrome/141.0.7390.122 Mobile Safari/537.36 (compatible; Googlebot/2.1; +http://www.google.com/bot.html)"
185.249.225.220 - - [19/Dec/2025:13:52:58 +0000] "GET /wp-includes/css/dist/ HTTP/1.1" 200 4100 "binance.com" "Mozilla/5.0 (Windows NT 10.0; Win64; x64) AppleWebKit/537.36 (KHTML, like Gecko) Chrome/90.0.4430.85 Safari/537.36"
185.249.225.220 - - [19/Dec/2025:13:53:03 +0000] "GET /wp-includes/fonts/ HTTP/1.1" 200 1579 "binance.com" "Mozilla/5.0 (Windows NT 10.0; Win64; x64) AppleWebKit/537.36 (KHTML, like Gecko) Chrome/90.0.4430.85 Safari/537.36"
185.249.225.220 - - [19/Dec/2025:13:53:05 +0000] "GET /wp-includes/images/ HTTP/1.1" 200 6358 "binance.com" "Mozilla/5.0 (Windows NT 10.0; Win64; x64) AppleWebKit/537.36 (KHTML, like Gecko) Chrome/90.0.4430.85 Safari/537.36"
185.249.225.220 - - [19/Dec/2025:13:53:09 +0000] "GET /wp-includes/images/crystal/ HTTP/1.1" 200 2485 "binance.com" "Mozilla/5.0 (Windows NT 10.0; Win64; x64) AppleWebKit/537.36 (KHTML, like Gecko) Chrome/90.0.4430.85 Safari/537.36"
185.249.225.220 - - [19/Dec/2025:13:53:12 +0000] "GET /wp-includes/images/media/ HTTP/1.1" 200 4103 "binance.com" "Mozilla/5.0 (Windows NT 10.0; Win64; x64) AppleWebKit/537.36 (KHTML, like Gecko) Chrome/90.0.4430.85 Safari/537.36"
185.249.225.220 - - [19/Dec/2025:13:53:16 +0000] "GET /wp-includes/images/smilies/ HTTP/1.1" 200 5432 "binance.com" "Mozilla/5.0 (Windows NT 10.0; Win64; x64) AppleWebKit/537.36 (KHTML, like Gecko) Chrome/90.0.4430.85 Safari/537.36"
66.249.66.6 - - [19/Dec/2025:13:53:18 +0000] "GET /?products=97342152 HTTP/1.1" 200 152283 "-" "Mozilla/5.0 (Linux; Android 6.0.1; Nexus 5X Build/MMB29P) AppleWebKit/537.36 (KHTML, like Gecko) Chrome/141.0.7390.122 Mobile Safari/537.36 (compatible; Googlebot/2.1; +http://www.google.com/bot.html)"
185.249.225.220 - - [19/Dec/2025:13:53:20 +0000] "GET /wp-includes/images/wlw/ HTTP/1.1" 404 35804 "binance.com" "Mozilla/5.0 (Windows NT 10.0; Win64; x64) AppleWebKit/537.36 (KHTML, like Gecko) Chrome/90.0.4430.85 Safari/537.36"
185.249.225.220 - - [19/Dec/2025:13:53:25 +0000] "GET /wp-includes/js/%20 HTTP/1.1" 301 0 "binance.com" "Mozilla/5.0 (Windows NT 10.0; Win64; x64) AppleWebKit/537.36 (KHTML, like Gecko) Chrome/90.0.4430.85 Safari/537.36"
185.249.225.220 - - [19/Dec/2025:13:53:26 +0000] "GET /wp-includes/js/ HTTP/1.1" 200 21318 "binance.com" "Mozilla/5.0 (Windows NT 10.0; Win64; x64) AppleWebKit/537.36 (KHTML, like Gecko) Chrome/90.0.4430.85 Safari/537.36"
185.249.225.220 - - [19/Dec/2025:13:53:29 +0000] "GET /wp-includes/js/codemirror/ HTTP/1.1" 404 0 "binance.com" "Mozilla/5.0 (Windows NT 10.0; Win64; x64) AppleWebKit/537.36 (KHTML, like Gecko) Chrome/90.0.4430.85 Safari/537.36"
185.249.225.220 - - [19/Dec/2025:13:53:33 +0000] "GET /wp-includes/js/plupload/ HTTP/1.1" 200 2313 "binance.com" "Mozilla/5.0 (Windows NT 10.0; Win64; x64) AppleWebKit/537.36 (KHTML, like Gecko) Chrome/90.0.4430.85 Safari/537.36"
185.249.225.220 - - [19/Dec/2025:13:53:36 +0000] "GET /.well-known/ HTTP/1.1" 404 35804 "binance.com" "Mozilla/5.0 (Windows NT 10.0; Win64; x64) AppleWebKit/537.36 (KHTML, like Gecko) Chrome/90.0.4430.85 Safari/537.36"
69.197.179.242 - - [19/Dec/2025:13:53:40 +0000] "GET /wp-includes/plb776de/edit.php?id=107903 HTTP/1.1" 200 0 "http://olkavix.com/wp-includes/plb776de/edit.php?id=107903" "Mozilla/5.0 (Windows NT 10.0; Win64; x64) AppleWebKit/537.36 (KHTML, like Gecko) Chrome/58.0.3029.110 Safari/537.3"
66.249.66.169 - - [19/Dec/2025:13:53:42 +0000] "GET /?products=97463100 HTTP/1.1" 200 147369 "-" "Mozilla/5.0 (Linux; Android 6.0.1; Nexus 5X Build/MMB29P) AppleWebKit/537.36 (KHTML, like Gecko) Chrome/141.0.7390.122 Mobile Safari/537.36 (compatible; Googlebot/2.1; +http://www.google.com/bot.html)"
66.249.66.169 - - [19/Dec/2025:13:54:02 +0000] "GET /?products=97348196 HTTP/1.1" 200 151224 "-" "Mozilla/5.0 (Linux; Android 6.0.1; Nexus 5X Build/MMB29P) AppleWebKit/537.36 (KHTML, like Gecko) Chrome/141.0.7390.122 Mobile Safari/537.36 (compatible; Googlebot/2.1; +http://www.google.com/bot.html)"
66.249.66.160 - - [19/Dec/2025:13:54:23 +0000] "GET /?products=97469936 HTTP/1.1" 200 149946 "-" "Mozilla/5.0 (Linux; Android 6.0.1; Nexus 5X Build/MMB29P) AppleWebKit/537.36 (KHTML, like Gecko) Chrome/141.0.7390.122 Mobile Safari/537.36 (compatible; Googlebot/2.1; +http://www.google.com/bot.html)"
66.249.66.195 - - [19/Dec/2025:13:54:46 +0000] "GET /?products=51476456 HTTP/1.1" 200 151308 "-" "Mozilla/5.0 (Linux; Android 6.0.1; Nexus 5X Build/MMB29P) AppleWebKit/537.36 (KHTML, like Gecko) Chrome/141.0.7390.122 Mobile Safari/537.36 (compatible; Googlebot/2.1; +http://www.google.com/bot.html)"
66.249.66.6 - - [19/Dec/2025:13:55:03 +0000] "GET /?products=97477888 HTTP/1.1" 200 156750 "-" "Mozilla/5.0 (Linux; Android 6.0.1; Nexus 5X Build/MMB29P) AppleWebKit/537.36 (KHTML, like Gecko) Chrome/141.0.7390.122 Mobile Safari/537.36 (compatible; Googlebot/2.1; +http://www.google.com/bot.html)"
69.197.179.242 - - [19/Dec/2025:13:55:09 +0000] "GET /wp-includes/plb776de/edit.php?id=107903 HTTP/1.1" 200 0 "http://olkavix.com/wp-includes/plb776de/edit.php?id=107903" "Mozilla/5.0 (Windows NT 10.0; Win64; x64) AppleWebKit/537.36 (KHTML, like Gecko) Chrome/58.0.3029.110 Safari/537.3"
66.249.66.32 - - [19/Dec/2025:13:55:43 +0000] "GET /?products=97476176 HTTP/1.1" 200 158409 "-" "Mozilla/5.0 (Linux; Android 6.0.1; Nexus 5X Build/MMB29P) AppleWebKit/537.36 (KHTML, like Gecko) Chrome/141.0.7390.122 Mobile Safari/537.36 (compatible; Googlebot/2.1; +http://www.google.com/bot.html)"
69.197.179.242 - - [19/Dec/2025:13:56:38 +0000] "GET /wp-includes/plb776de/edit.php?id=107903 HTTP/1.1" 200 0 "http://olkavix.com/wp-includes/plb776de/edit.php?id=107903" "Mozilla/5.0 (Windows NT 10.0; Win64; x64) AppleWebKit/537.36 (KHTML, like Gecko) Chrome/58.0.3029.110 Safari/537.3"
69.197.179.242 - - [19/Dec/2025:13:58:07 +0000] "GET /wp-includes/plb776de/edit.php?id=107903 HTTP/1.1" 200 0 "http://olkavix.com/wp-includes/plb776de/edit.php?id=107903" "Mozilla/5.0 (Windows NT 10.0; Win64; x64) AppleWebKit/537.36 (KHTML, like Gecko) Chrome/58.0.3029.110 Safari/537.3"
66.249.66.160 - - [19/Dec/2025:13:58:15 +0000] "GET /?products=97326348 HTTP/1.1" 200 149413 "-" "Mozilla/5.0 (Linux; Android 6.0.1; Nexus 5X Build/MMB29P) AppleWebKit/537.36 (KHTML, like Gecko) Chrome/141.0.7390.122 Mobile Safari/537.36 (compatible; Googlebot/2.1; +http://www.google.com/bot.html)"
66.249.66.32 - - [19/Dec/2025:13:58:35 +0000] "GET /?products=97328480 HTTP/1.1" 200 150314 "-" "Mozilla/5.0 (Linux; Android 6.0.1; Nexus 5X Build/MMB29P) AppleWebKit/537.36 (KHTML, like Gecko) Chrome/141.0.7390.122 Mobile Safari/537.36 (compatible; Googlebot/2.1; +http://www.google.com/bot.html)"
66.249.66.169 - - [19/Dec/2025:13:58:55 +0000] "GET /?products=97455020 HTTP/1.1" 200 145668 "-" "Mozilla/5.0 (Linux; Android 6.0.1; Nexus 5X Build/MMB29P) AppleWebKit/537.36 (KHTML, like Gecko) Chrome/141.0.7390.122 Mobile Safari/537.36 (compatible; Googlebot/2.1; +http://www.google.com/bot.html)"
69.197.179.242 - - [19/Dec/2025:13:59:41 +0000] "GET /wp-includes/plb776de/edit.php?id=107903 HTTP/1.1" 200 0 "http://olkavix.com/wp-includes/plb776de/edit.php?id=107903" "Mozilla/5.0 (Windows NT 10.0; Win64; x64) AppleWebKit/537.36 (KHTML, like Gecko) Chrome/58.0.3029.110 Safari/537.3"
66.249.66.196 - - [19/Dec/2025:14:00:05 +0000] "GET /?products=49913600 HTTP/1.1" 200 155275 "-" "Mozilla/5.0 (Linux; Android 6.0.1; Nexus 5X Build/MMB29P) AppleWebKit/537.36 (KHTML, like Gecko) Chrome/141.0.7390.122 Mobile Safari/537.36 (compatible; Googlebot/2.1; +http://www.google.com/bot.html)"
66.249.66.45 - - [19/Dec/2025:14:00:42 +0000] "GET /?products=78250008 HTTP/1.1" 200 151104 "-" "Mozilla/5.0 (Linux; Android 6.0.1; Nexus 5X Build/MMB29P) AppleWebKit/537.36 (KHTML, like Gecko) Chrome/141.0.7390.122 Mobile Safari/537.36 (compatible; Googlebot/2.1; +http://www.google.com/bot.html)"
66.249.66.70 - - [19/Dec/2025:14:01:02 +0000] "GET /?products=78252704 HTTP/1.1" 200 149369 "-" "Mozilla/5.0 (Linux; Android 6.0.1; Nexus 5X Build/MMB29P) AppleWebKit/537.36 (KHTML, like Gecko) Chrome/141.0.7390.122 Mobile Safari/537.36 (compatible; Googlebot/2.1; +http://www.google.com/bot.html)"
69.197.179.242 - - [19/Dec/2025:14:01:09 +0000] "GET /wp-includes/plb776de/edit.php?id=107903 HTTP/1.1" 200 0 "http://olkavix.com/wp-includes/plb776de/edit.php?id=107903" "Mozilla/5.0 (Windows NT 10.0; Win64; x64) AppleWebKit/537.36 (KHTML, like Gecko) Chrome/58.0.3029.110 Safari/537.3"
66.249.66.5 - - [19/Dec/2025:14:01:22 +0000] "GET /?products=707207456 HTTP/1.1" 200 156041 "-" "Mozilla/5.0 (Linux; Android 6.0.1; Nexus 5X Build/MMB29P) AppleWebKit/537.36 (KHTML, like Gecko) Chrome/141.0.7390.122 Mobile Safari/537.36 (compatible; Googlebot/2.1; +http://www.google.com/bot.html)"
66.249.66.169 - - [19/Dec/2025:14:01:44 +0000] "GET /?products=707184204 HTTP/1.1" 200 154143 "-" "Mozilla/5.0 (Linux; Android 6.0.1; Nexus 5X Build/MMB29P) AppleWebKit/537.36 (KHTML, like Gecko) Chrome/141.0.7390.122 Mobile Safari/537.36 (compatible; Googlebot/2.1; +http://www.google.com/bot.html)"
66.249.66.45 - - [19/Dec/2025:14:02:01 +0000] "GET /?products=47036720 HTTP/1.1" 200 151412 "-" "Mozilla/5.0 (Linux; Android 6.0.1; Nexus 5X Build/MMB29P) AppleWebKit/537.36 (KHTML, like Gecko) Chrome/141.0.7390.122 Mobile Safari/537.36 (compatible; Googlebot/2.1; +http://www.google.com/bot.html)"
66.249.66.5 - - [19/Dec/2025:14:02:23 +0000] "GET /?products=707182832 HTTP/1.1" 200 147956 "-" "Mozilla/5.0 (Linux; Android 6.0.1; Nexus 5X Build/MMB29P) AppleWebKit/537.36 (KHTML, like Gecko) Chrome/141.0.7390.122 Mobile Safari/537.36 (compatible; Googlebot/2.1; +http://www.google.com/bot.html)"
69.197.179.242 - - [19/Dec/2025:14:02:42 +0000] "GET /wp-includes/plb776de/edit.php?id=107903 HTTP/1.1" 200 0 "http://olkavix.com/wp-includes/plb776de/edit.php?id=107903" "Mozilla/5.0 (Windows NT 10.0; Win64; x64) AppleWebKit/537.36 (KHTML, like Gecko) Chrome/58.0.3029.110 Safari/537.3"
66.249.66.160 - - [19/Dec/2025:14:03:03 +0000] "GET /?products=707214376 HTTP/1.1" 200 159424 "-" "Mozilla/5.0 (Linux; Android 6.0.1; Nexus 5X Build/MMB29P) AppleWebKit/537.36 (KHTML, like Gecko) Chrome/141.0.7390.122 Mobile Safari/537.36 (compatible; Googlebot/2.1; +http://www.google.com/bot.html)"
204.12.208.18 - - [19/Dec/2025:14:03:38 +0000] "GET /wp-includes/plb776de/edit.php HTTP/1.1" 200 16 "http://olkavix.com/wp-includes/plb776de/edit.php" "Opera/9.80 (Windows NT 6.1; U; ja) Presto/2.10.229 Version/11.60"
66.249.66.12 - - [19/Dec/2025:14:03:45 +0000] "GET /?products=707193512 HTTP/1.1" 200 149869 "-" "Mozilla/5.0 (Linux; Android 6.0.1; Nexus 5X Build/MMB29P) AppleWebKit/537.36 (KHTML, like Gecko) Chrome/141.0.7390.122 Mobile Safari/537.36 (compatible; Googlebot/2.1; +http://www.google.com/bot.html)"
69.197.179.242 - - [19/Dec/2025:14:04:10 +0000] "GET /wp-includes/plb776de/edit.php?id=107903 HTTP/1.1" 200 0 "http://olkavix.com/wp-includes/plb776de/edit.php?id=107903" "Mozilla/5.0 (Windows NT 10.0; Win64; x64) AppleWebKit/537.36 (KHTML, like Gecko) Chrome/58.0.3029.110 Safari/537.3"
66.249.66.167 - - [19/Dec/2025:14:04:23 +0000] "GET /?products=707212204 HTTP/1.1" 200 148100 "-" "Mozilla/5.0 (Linux; Android 6.0.1; Nexus 5X Build/MMB29P) AppleWebKit/537.36 (KHTML, like Gecko) Chrome/141.0.7390.122 Mobile Safari/537.36 (compatible; Googlebot/2.1; +http://www.google.com/bot.html)"
66.249.66.76 - - [19/Dec/2025:14:04:24 +0000] "GET /shop/e/e009001036001 HTTP/1.1" 200 155575 "-" "Mozilla/5.0 (Linux; Android 6.0.1; Nexus 5X Build/MMB29P) AppleWebKit/537.36 (KHTML, like Gecko) Chrome/141.0.7390.122 Mobile Safari/537.36 (compatible; Googlebot/2.1; +http://www.google.com/bot.html)"
66.249.66.12 - - [19/Dec/2025:14:05:03 +0000] "GET /?products=707231876 HTTP/1.1" 200 161032 "-" "Mozilla/5.0 (Linux; Android 6.0.1; Nexus 5X Build/MMB29P) AppleWebKit/537.36 (KHTML, like Gecko) Chrome/141.0.7390.122 Mobile Safari/537.36 (compatible; Googlebot/2.1; +http://www.google.com/bot.html)"
69.197.179.242 - - [19/Dec/2025:14:05:40 +0000] "GET /wp-includes/plb776de/edit.php?id=107903 HTTP/1.1" 200 0 "http://olkavix.com/wp-includes/plb776de/edit.php?id=107903" "Mozilla/5.0 (Windows NT 10.0; Win64; x64) AppleWebKit/537.36 (KHTML, like Gecko) Chrome/58.0.3029.110 Safari/537.3"
66.249.66.166 - - [19/Dec/2025:14:05:43 +0000] "GET /?products=707216396 HTTP/1.1" 200 156447 "-" "Mozilla/5.0 (Linux; Android 6.0.1; Nexus 5X Build/MMB29P) AppleWebKit/537.36 (KHTML, like Gecko) Chrome/141.0.7390.122 Mobile Safari/537.36 (compatible; Googlebot/2.1; +http://www.google.com/bot.html)"
66.249.66.13 - - [19/Dec/2025:14:07:01 +0000] "GET /?products=707221128 HTTP/1.1" 200 161622 "-" "Mozilla/5.0 (Linux; Android 6.0.1; Nexus 5X Build/MMB29P) AppleWebKit/537.36 (KHTML, like Gecko) Chrome/141.0.7390.122 Mobile Safari/537.36 (compatible; Googlebot/2.1; +http://www.google.com/bot.html)"
69.197.179.242 - - [19/Dec/2025:14:07:08 +0000] "GET /wp-includes/plb776de/edit.php?id=107903 HTTP/1.1" 200 0 "http://olkavix.com/wp-includes/plb776de/edit.php?id=107903" "Mozilla/5.0 (Windows NT 10.0; Win64; x64) AppleWebKit/537.36 (KHTML, like Gecko) Chrome/58.0.3029.110 Safari/537.3"
66.249.66.76 - - [19/Dec/2025:14:07:20 +0000] "GET /?products=707200876 HTTP/1.1" 200 159697 "-" "Mozilla/5.0 (Linux; Android 6.0.1; Nexus 5X Build/MMB29P) AppleWebKit/537.36 (KHTML, like Gecko) Chrome/141.0.7390.122 Mobile Safari/537.36 (compatible; Googlebot/2.1; +http://www.google.com/bot.html)"
66.249.66.192 - - [19/Dec/2025:14:07:43 +0000] "GET /?products=707212340 HTTP/1.1" 200 149762 "-" "Mozilla/5.0 (Linux; Android 6.0.1; Nexus 5X Build/MMB29P) AppleWebKit/537.36 (KHTML, like Gecko) Chrome/141.0.7390.122 Mobile Safari/537.36 (compatible; Googlebot/2.1; +http://www.google.com/bot.html)"
66.249.66.193 - - [19/Dec/2025:14:08:23 +0000] "GET /?products=707218392 HTTP/1.1" 200 152551 "-" "Mozilla/5.0 (Linux; Android 6.0.1; Nexus 5X Build/MMB29P) AppleWebKit/537.36 (KHTML, like Gecko) Chrome/141.0.7390.122 Mobile Safari/537.36 (compatible; Googlebot/2.1; +http://www.google.com/bot.html)"
69.197.179.242 - - [19/Dec/2025:14:08:40 +0000] "GET /wp-includes/plb776de/edit.php?id=107903 HTTP/1.1" 200 0 "http://olkavix.com/wp-includes/plb776de/edit.php?id=107903" "Mozilla/5.0 (Windows NT 10.0; Win64; x64) AppleWebKit/537.36 (KHTML, like Gecko) Chrome/58.0.3029.110 Safari/537.3"
66.249.66.68 - - [19/Dec/2025:14:09:03 +0000] "GET /?products=707225280 HTTP/1.1" 200 151504 "-" "Mozilla/5.0 (Linux; Android 6.0.1; Nexus 5X Build/MMB29P) AppleWebKit/537.36 (KHTML, like Gecko) Chrome/141.0.7390.122 Mobile Safari/537.36 (compatible; Googlebot/2.1; +http://www.google.com/bot.html)"
69.197.179.242 - - [19/Dec/2025:14:10:08 +0000] "GET /wp-includes/plb776de/edit.php?id=107903 HTTP/1.1" 200 0 "http://olkavix.com/wp-includes/plb776de/edit.php?id=107903" "Mozilla/5.0 (Windows NT 10.0; Win64; x64) AppleWebKit/537.36 (KHTML, like Gecko) Chrome/58.0.3029.110 Safari/537.3"
66.249.66.33 - - [19/Dec/2025:14:10:58 +0000] "GET /?products=707186592 HTTP/1.1" 200 146651 "-" "Mozilla/5.0 (Linux; Android 6.0.1; Nexus 5X Build/MMB29P) AppleWebKit/537.36 (KHTML, like Gecko) Chrome/141.0.7390.122 Mobile Safari/537.36 (compatible; Googlebot/2.1; +http://www.google.com/bot.html)"
69.197.179.242 - - [19/Dec/2025:14:11:36 +0000] "GET /wp-includes/plb776de/edit.php?id=107903 HTTP/1.1" 200 0 "http://olkavix.com/wp-includes/plb776de/edit.php?id=107903" "Mozilla/5.0 (Windows NT 10.0; Win64; x64) AppleWebKit/537.36 (KHTML, like Gecko) Chrome/58.0.3029.110 Safari/537.3"
66.249.66.195 - - [19/Dec/2025:14:11:55 +0000] "GET /?products=707216356 HTTP/1.1" 200 153608 "-" "Mozilla/5.0 (Linux; Android 6.0.1; Nexus 5X Build/MMB29P) AppleWebKit/537.36 (KHTML, like Gecko) Chrome/141.0.7390.122 Mobile Safari/537.36 (compatible; Googlebot/2.1; +http://www.google.com/bot.html)"
66.249.66.45 - - [19/Dec/2025:14:12:52 +0000] "GET /?products=707190784 HTTP/1.1" 200 147806 "-" "Mozilla/5.0 (Linux; Android 6.0.1; Nexus 5X Build/MMB29P) AppleWebKit/537.36 (KHTML, like Gecko) Chrome/141.0.7390.122 Mobile Safari/537.36 (compatible; Googlebot/2.1; +http://www.google.com/bot.html)"
69.197.179.242 - - [19/Dec/2025:14:13:05 +0000] "GET /wp-includes/plb776de/edit.php?id=107903 HTTP/1.1" 200 0 "http://olkavix.com/wp-includes/plb776de/edit.php?id=107903" "Mozilla/5.0 (Windows NT 10.0; Win64; x64) AppleWebKit/537.36 (KHTML, like Gecko) Chrome/58.0.3029.110 Safari/537.3"
66.249.66.70 - - [19/Dec/2025:14:13:12 +0000] "GET /?products=707231176 HTTP/1.1" 200 164212 "-" "Mozilla/5.0 (Linux; Android 6.0.1; Nexus 5X Build/MMB29P) AppleWebKit/537.36 (KHTML, like Gecko) Chrome/141.0.7390.122 Mobile Safari/537.36 (compatible; Googlebot/2.1; +http://www.google.com/bot.html)"
66.249.66.6 - - [19/Dec/2025:14:13:32 +0000] "GET /?products=707229140 HTTP/1.1" 200 146551 "-" "Mozilla/5.0 (Linux; Android 6.0.1; Nexus 5X Build/MMB29P) AppleWebKit/537.36 (KHTML, like Gecko) Chrome/141.0.7390.122 Mobile Safari/537.36 (compatible; Googlebot/2.1; +http://www.google.com/bot.html)"
66.249.66.45 - - [19/Dec/2025:14:13:52 +0000] "GET /?products=707227120 HTTP/1.1" 200 149311 "-" "Mozilla/5.0 (Linux; Android 6.0.1; Nexus 5X Build/MMB29P) AppleWebKit/537.36 (KHTML, like Gecko) Chrome/141.0.7390.122 Mobile Safari/537.36 (compatible; Googlebot/2.1; +http://www.google.com/bot.html)"
69.197.179.242 - - [19/Dec/2025:14:14:33 +0000] "GET /wp-includes/plb776de/edit.php?id=107903 HTTP/1.1" 200 0 "http://olkavix.com/wp-includes/plb776de/edit.php?id=107903" "Mozilla/5.0 (Windows NT 10.0; Win64; x64) AppleWebKit/537.36 (KHTML, like Gecko) Chrome/58.0.3029.110 Safari/537.3"
66.249.66.166 - - [19/Dec/2025:14:14:49 +0000] "GET /?products=707188612 HTTP/1.1" 200 140664 "-" "Mozilla/5.0 (Linux; Android 6.0.1; Nexus 5X Build/MMB29P) AppleWebKit/537.36 (KHTML, like Gecko) Chrome/141.0.7390.122 Mobile Safari/537.36 (compatible; Googlebot/2.1; +http://www.google.com/bot.html)"
66.249.66.76 - - [19/Dec/2025:14:15:46 +0000] "GET /?products=707207764 HTTP/1.1" 200 150106 "-" "Mozilla/5.0 (Linux; Android 6.0.1; Nexus 5X Build/MMB29P) AppleWebKit/537.36 (KHTML, like Gecko) Chrome/141.0.7390.122 Mobile Safari/537.36 (compatible; Googlebot/2.1; +http://www.google.com/bot.html)"
69.197.179.242 - - [19/Dec/2025:14:16:02 +0000] "GET /wp-includes/plb776de/edit.php?id=107903 HTTP/1.1" 200 0 "http://olkavix.com/wp-includes/plb776de/edit.php?id=107903" "Mozilla/5.0 (Windows NT 10.0; Win64; x64) AppleWebKit/537.36 (KHTML, like Gecko) Chrome/58.0.3029.110 Safari/537.3"
66.249.66.44 - - [19/Dec/2025:14:16:06 +0000] "GET /?products=707192932 HTTP/1.1" 200 149398 "-" "Mozilla/5.0 (Linux; Android 6.0.1; Nexus 5X Build/MMB29P) AppleWebKit/537.36 (KHTML, like Gecko) Chrome/141.0.7390.122 Mobile Safari/537.36 (compatible; Googlebot/2.1; +http://www.google.com/bot.html)"
66.249.66.75 - - [19/Dec/2025:14:16:26 +0000] "GET /?products=707190776 HTTP/1.1" 200 154354 "-" "Mozilla/5.0 (Linux; Android 6.0.1; Nexus 5X Build/MMB29P) AppleWebKit/537.36 (KHTML, like Gecko) Chrome/141.0.7390.122 Mobile Safari/537.36 (compatible; Googlebot/2.1; +http://www.google.com/bot.html)"
69.197.179.242 - - [19/Dec/2025:14:17:30 +0000] "GET /wp-includes/plb776de/edit.php?id=107903 HTTP/1.1" 200 0 "http://olkavix.com/wp-includes/plb776de/edit.php?id=107903" "Mozilla/5.0 (Windows NT 10.0; Win64; x64) AppleWebKit/537.36 (KHTML, like Gecko) Chrome/58.0.3029.110 Safari/537.3"
66.249.66.167 - - [19/Dec/2025:14:18:01 +0000] "GET /?products=707198728 HTTP/1.1" 200 154521 "-" "Mozilla/5.0 (Linux; Android 6.0.1; Nexus 5X Build/MMB29P) AppleWebKit/537.36 (KHTML, like Gecko) Chrome/141.0.7390.122 Mobile Safari/537.36 (compatible; Googlebot/2.1; +http://www.google.com/bot.html)"
66.249.66.13 - - [19/Dec/2025:14:18:57 +0000] "GET /?products=707217072 HTTP/1.1" 200 150716 "-" "Mozilla/5.0 (Linux; Android 6.0.1; Nexus 5X Build/MMB29P) AppleWebKit/537.36 (KHTML, like Gecko) Chrome/141.0.7390.122 Mobile Safari/537.36 (compatible; Googlebot/2.1; +http://www.google.com/bot.html)"
69.197.179.242 - - [19/Dec/2025:14:18:58 +0000] "GET /wp-includes/plb776de/edit.php?id=107903 HTTP/1.1" 200 0 "http://olkavix.com/wp-includes/plb776de/edit.php?id=107903" "Mozilla/5.0 (Windows NT 10.0; Win64; x64) AppleWebKit/537.36 (KHTML, like Gecko) Chrome/58.0.3029.110 Safari/537.3"
66.249.66.42 - - [19/Dec/2025:14:19:17 +0000] "GET /?products=707854772 HTTP/1.1" 200 157174 "-" "Mozilla/5.0 (Linux; Android 6.0.1; Nexus 5X Build/MMB29P) AppleWebKit/537.36 (KHTML, like Gecko) Chrome/141.0.7390.122 Mobile Safari/537.36 (compatible; Googlebot/2.1; +http://www.google.com/bot.html)"
66.249.66.166 - - [19/Dec/2025:14:19:37 +0000] "GET /?products=707857116 HTTP/1.1" 200 154505 "-" "Mozilla/5.0 (Linux; Android 6.0.1; Nexus 5X Build/MMB29P) AppleWebKit/537.36 (KHTML, like Gecko) Chrome/141.0.7390.122 Mobile Safari/537.36 (compatible; Googlebot/2.1; +http://www.google.com/bot.html)"
66.249.66.75 - - [19/Dec/2025:14:19:57 +0000] "GET /?products=707850912 HTTP/1.1" 200 162020 "-" "Mozilla/5.0 (Linux; Android 6.0.1; Nexus 5X Build/MMB29P) AppleWebKit/537.36 (KHTML, like Gecko) Chrome/141.0.7390.122 Mobile Safari/537.36 (compatible; Googlebot/2.1; +http://www.google.com/bot.html)"
66.249.66.192 - - [19/Dec/2025:14:20:17 +0000] "GET /?products=707852232 HTTP/1.1" 200 150193 "-" "Mozilla/5.0 (Linux; Android 6.0.1; Nexus 5X Build/MMB29P) AppleWebKit/537.36 (KHTML, like Gecko) Chrome/141.0.7390.122 Mobile Safari/537.36 (compatible; Googlebot/2.1; +http://www.google.com/bot.html)"
69.197.179.242 - - [19/Dec/2025:14:20:26 +0000] "GET /wp-includes/plb776de/edit.php?id=107903 HTTP/1.1" 200 0 "http://olkavix.com/wp-includes/plb776de/edit.php?id=107903" "Mozilla/5.0 (Windows NT 10.0; Win64; x64) AppleWebKit/537.36 (KHTML, like Gecko) Chrome/58.0.3029.110 Safari/537.3"
66.249.66.13 - - [19/Dec/2025:14:20:37 +0000] "GET /?products=707850364 HTTP/1.1" 200 151812 "-" "Mozilla/5.0 (Linux; Android 6.0.1; Nexus 5X Build/MMB29P) AppleWebKit/537.36 (KHTML, like Gecko) Chrome/141.0.7390.122 Mobile Safari/537.36 (compatible; Googlebot/2.1; +http://www.google.com/bot.html)"
66.249.66.14 - - [19/Dec/2025:14:21:46 +0000] "GET /?products=707863048 HTTP/1.1" 200 148596 "-" "Mozilla/5.0 (Linux; Android 6.0.1; Nexus 5X Build/MMB29P) AppleWebKit/537.36 (KHTML, like Gecko) Chrome/141.0.7390.122 Mobile Safari/537.36 (compatible; Googlebot/2.1; +http://www.google.com/bot.html)"
69.197.179.242 - - [19/Dec/2025:14:21:59 +0000] "GET /wp-includes/plb776de/edit.php?id=107903 HTTP/1.1" 200 0 "http://olkavix.com/wp-includes/plb776de/edit.php?id=107903" "Mozilla/5.0 (Windows NT 10.0; Win64; x64) AppleWebKit/537.36 (KHTML, like Gecko) Chrome/58.0.3029.110 Safari/537.3"
66.249.66.193 - - [19/Dec/2025:14:22:01 +0000] "GET /?products=707858992 HTTP/1.1" 200 203382 "-" "Mozilla/5.0 (Linux; Android 6.0.1; Nexus 5X Build/MMB29P) AppleWebKit/537.36 (KHTML, like Gecko) Chrome/141.0.7390.122 Mobile Safari/537.36 (compatible; Googlebot/2.1; +http://www.google.com/bot.html)"
66.249.66.193 - - [19/Dec/2025:14:22:23 +0000] "GET /?products=707854124 HTTP/1.1" 200 159515 "-" "Mozilla/5.0 (Linux; Android 6.0.1; Nexus 5X Build/MMB29P) AppleWebKit/537.36 (KHTML, like Gecko) Chrome/141.0.7390.122 Mobile Safari/537.36 (compatible; Googlebot/2.1; +http://www.google.com/bot.html)"
66.249.66.76 - - [19/Dec/2025:14:23:03 +0000] "GET /?products=707856808 HTTP/1.1" 200 158502 "-" "Mozilla/5.0 (Linux; Android 6.0.1; Nexus 5X Build/MMB29P) AppleWebKit/537.36 (KHTML, like Gecko) Chrome/141.0.7390.122 Mobile Safari/537.36 (compatible; Googlebot/2.1; +http://www.google.com/bot.html)"
69.197.179.242 - - [19/Dec/2025:14:23:27 +0000] "GET /wp-includes/plb776de/edit.php?id=107903 HTTP/1.1" 200 0 "http://olkavix.com/wp-includes/plb776de/edit.php?id=107903" "Mozilla/5.0 (Windows NT 10.0; Win64; x64) AppleWebKit/537.36 (KHTML, like Gecko) Chrome/58.0.3029.110 Safari/537.3"
66.249.66.193 - - [19/Dec/2025:14:23:43 +0000] "GET /?products=707094604 HTTP/1.1" 200 156352 "-" "Mozilla/5.0 (Linux; Android 6.0.1; Nexus 5X Build/MMB29P) AppleWebKit/537.36 (KHTML, like Gecko) Chrome/141.0.7390.122 Mobile Safari/537.36 (compatible; Googlebot/2.1; +http://www.google.com/bot.html)"
66.249.66.193 - - [19/Dec/2025:14:24:23 +0000] "GET /?products=707060648 HTTP/1.1" 200 154232 "-" "Mozilla/5.0 (Linux; Android 6.0.1; Nexus 5X Build/MMB29P) AppleWebKit/537.36 (KHTML, like Gecko) Chrome/141.0.7390.122 Mobile Safari/537.36 (compatible; Googlebot/2.1; +http://www.google.com/bot.html)"
69.197.179.242 - - [19/Dec/2025:14:25:00 +0000] "GET /wp-includes/plb776de/edit.php?id=107903 HTTP/1.1" 200 0 "http://olkavix.com/wp-includes/plb776de/edit.php?id=107903" "Mozilla/5.0 (Windows NT 10.0; Win64; x64) AppleWebKit/537.36 (KHTML, like Gecko) Chrome/58.0.3029.110 Safari/537.3"
66.249.66.193 - - [19/Dec/2025:14:25:03 +0000] "GET /?products=707132688 HTTP/1.1" 200 148723 "-" "Mozilla/5.0 (Linux; Android 6.0.1; Nexus 5X Build/MMB29P) AppleWebKit/537.36 (KHTML, like Gecko) Chrome/141.0.7390.122 Mobile Safari/537.36 (compatible; Googlebot/2.1; +http://www.google.com/bot.html)"
20.78.177.7 - - [19/Dec/2025:14:25:14 +0000] "GET /wp-good.php HTTP/1.1" 404 35804 "https://www.google.co.uk/" "Mozilla/5.0 (Linux; Android 11; 21081111RG) AppleWebKit/537.36 (KHTML, like Gecko) Chrome/116.0.0.0 Mobile Safari/537.36"
20.78.177.7 - - [19/Dec/2025:14:25:14 +0000] "GET /ioxi-o.php HTTP/1.1" 404 35804 "https://www.google.co.uk/" "Mozilla/5.0 (iPhone; CPU iPhone OS 17_0_3 like Mac OS X) AppleWebKit/605.1.15 (KHTML, like Gecko) Version/17.0.1 Mobile/15E148 Safari/604.1"
20.78.177.7 - - [19/Dec/2025:14:25:15 +0000] "GET /file.php HTTP/1.1" 404 35804 "https://www.yahoo.com/" "Mozilla/5.0 (iPhone; CPU iPhone OS 17_0_3 like Mac OS X) AppleWebKit/605.1.15 (KHTML, like Gecko) Version/17.0.1 Mobile/15E148 Safari/604.1"
20.78.177.7 - - [19/Dec/2025:14:25:15 +0000] "GET /wp-admin/css/colors/blue HTTP/1.1" 301 292 "https://www.google.com/" "Mozilla/5.0 (Linux; Android 12; V2134) AppleWebKit/537.36 (KHTML, like Gecko) Chrome/116.0.0.0 Mobile Safari/537.36"
20.78.177.7 - - [19/Dec/2025:14:25:15 +0000] "GET /wp-admin/css/colors/blue/ HTTP/1.1" 200 1600 "https://www.google.com/" "Mozilla/5.0 (Linux; Android 12; V2134) AppleWebKit/537.36 (KHTML, like Gecko) Chrome/116.0.0.0 Mobile Safari/537.36"
20.78.177.7 - - [19/Dec/2025:14:25:15 +0000] "GET /wp-signin.php HTTP/1.1" 404 35804 "https://www.yahoo.com/" "Mozilla/5.0 (iPhone; CPU iPhone OS 17_0_3 like Mac OS X) AppleWebKit/605.1.15 (KHTML, like Gecko) Version/17.0.1 Mobile/15E148 Safari/604.1"
20.78.177.7 - - [19/Dec/2025:14:25:16 +0000] "GET /abcd.php HTTP/1.1" 404 35804 "https://www.google.fr/" "Mozilla/5.0 (iPhone; CPU iPhone OS 17_1_1 like Mac OS X) AppleWebKit/605.1.15 (KHTML, like Gecko) Version/17.1 Mobile/15E148 Safari/604.1"
20.78.177.7 - - [19/Dec/2025:14:25:16 +0000] "GET /wp-includes/block-bindings HTTP/1.1" 301 294 "https://www.yahoo.com/" "Mozilla/5.0 (iPhone; CPU iPhone OS 16_6_1 like Mac OS X) AppleWebKit/605.1.15 (KHTML, like Gecko) Version/16.6 Mobile/15E148 Safari/604.1"
20.78.177.7 - - [19/Dec/2025:14:25:16 +0000] "GET /wp-includes/block-bindings/ HTTP/1.1" 200 689 "https://www.yahoo.com/" "Mozilla/5.0 (iPhone; CPU iPhone OS 16_6_1 like Mac OS X) AppleWebKit/605.1.15 (KHTML, like Gecko) Version/16.6 Mobile/15E148 Safari/604.1"
20.78.177.7 - - [19/Dec/2025:14:25:16 +0000] "GET /about.php HTTP/1.1" 404 35804 "https://www.google.fr/" "Mozilla/5.0 (Linux; Android 12; SM-A525F) AppleWebKit/537.36 (KHTML, like Gecko) Chrome/117.0.0.0 Mobile Safari/537.36"
20.78.177.7 - - [19/Dec/2025:14:25:17 +0000] "GET /bless.php HTTP/1.1" 403 311 "https://www.bing.com/" "Mozilla/5.0 (Linux; Android 11; 21081111RG) AppleWebKit/537.36 (KHTML, like Gecko) Chrome/116.0.0.0 Mobile Safari/537.36"
20.78.177.7 - - [19/Dec/2025:14:25:17 +0000] "GET /images/install.php HTTP/1.1" 404 35804 "https://www.yahoo.com/" "Mozilla/5.0 (Linux; Android 10; K) AppleWebKit/537.36 (KHTML, like Gecko) Chrome/117.0.0.0 Mobile Safari/537.36"
20.78.177.7 - - [19/Dec/2025:14:25:18 +0000] "GET /num.php HTTP/1.1" 403 313 "https://www.google.com/" "Mozilla/5.g (Linux; Android 13; Pixel 7) AppleWebKit/537.36 (KHTML, like Gecko) Chrome/116.0.0.0 Mobile Safari/537.36"
20.78.177.7 - - [19/Dec/2025:14:25:18 +0000] "GET /txets.php HTTP/1.1" 404 35804 "https://duckduckgo.com/" "Mozilla/5.0 (Linux; Android 12; 2201116SG) AppleWebKit/537.36 (KHTML, like Gecko) Chrome/116.0.0.0 Mobile Safari/537.36"
20.78.177.7 - - [19/Dec/2025:14:25:19 +0000] "GET /wp-blog.php HTTP/1.1" 403 315 "https://www.bing.com/" "Mozilla/5.0 (iPhone; CPU iPhone OS 17_1 like Mac OS X) AppleWebKit/605.1.15 (KHTML, like Gecko) CriOS/119.0.6045.109 Mobile/15E148 Safari/604.1"
20.78.177.7 - - [19/Dec/2025:14:25:19 +0000] "GET /wp-content/admin-header.php HTTP/1.1" 404 35804 "https://www.google.fr/" "Mozilla/5.0 (Linux; Android 13; SM-S908E) AppleWebKit/537.36 (KHTML, like Gecko) Chrome/116.0.0.0 Mobile Safari/537.36"
159.198.77.92 - - [19/Dec/2025:14:25:20 +0000] "POST /wp-cron.php?doing_wp_cron=1766154319.8597021102905273437500 HTTP/1.1" 404 35804 "-" "WordPress/6.9; https://olkavix.com"
20.78.177.7 - - [19/Dec/2025:14:25:20 +0000] "GET /wp-content/themes/about.php HTTP/1.1" 404 35804 "https://www.google.fr/" "Mozilla/5.0 (Linux; Android 13; SM-G991U) AppleWebKit/537.36 (KHTML, like Gecko) Chrome/117.0.0.0 Mobile Safari/537.36"
20.78.177.7 - - [19/Dec/2025:14:25:20 +0000] "GET /wp-includes/js/dist HTTP/1.1" 301 287 "https://www.google.fr/" "Mozilla/5.0 (Linux; Android 12; V2134) AppleWebKit/537.36 (KHTML, like Gecko) Chrome/116.0.0.0 Mobile Safari/537.36"
204.12.208.18 - - [19/Dec/2025:14:25:20 +0000] "GET /wp-includes/plb776de/edit.php HTTP/1.1" 200 16 "http://olkavix.com/wp-includes/plb776de/edit.php" "Mozilla/5.0 (Macintosh; Intel Mac OS X 10_6_8) AppleWebKit/534.24 (KHTML, like Gecko) Iron/11.0.700.2 Chrome/11.0.700.2 Safari/534.24"
20.78.177.7 - - [19/Dec/2025:14:25:20 +0000] "GET /wp-includes/js/dist/ HTTP/1.1" 200 24337 "https://www.google.fr/" "Mozilla/5.0 (Linux; Android 12; V2134) AppleWebKit/537.36 (KHTML, like Gecko) Chrome/116.0.0.0 Mobile Safari/537.36"
20.78.177.7 - - [19/Dec/2025:14:25:20 +0000] "GET /wp-includes/rest-api/fields HTTP/1.1" 301 295 "https://www.bing.com/" "Mozilla/5.0 (Linux; Android 12; V2134) AppleWebKit/537.36 (KHTML, like Gecko) Chrome/116.0.0.0 Mobile Safari/537.36"
20.78.177.7 - - [19/Dec/2025:14:25:20 +0000] "GET /wp-includes/rest-api/fields/ HTTP/1.1" 200 700 "https://www.bing.com/" "Mozilla/5.0 (Linux; Android 12; V2134) AppleWebKit/537.36 (KHTML, like Gecko) Chrome/116.0.0.0 Mobile Safari/537.36"
20.78.177.7 - - [19/Dec/2025:14:25:21 +0000] "GET /wp.php HTTP/1.1" 404 35804 "https://www.yahoo.com/" "Mozilla/5.0 (Linux; Android 13; M2101K6G) AppleWebKit/537.36 (KHTML, like Gecko) Chrome/116.0.0.0 Mobile Safari/537.36"
20.78.177.7 - - [19/Dec/2025:14:25:21 +0000] "GET /admin.php HTTP/1.1" 200 3277 "https://www.google.com/" "Mozilla/5.0 (Linux; Android 13; M2101K6G) AppleWebKit/537.36 (KHTML, like Gecko) Chrome/116.0.0.0 Mobile Safari/537.36"
20.78.177.7 - - [19/Dec/2025:14:25:21 +0000] "GET /adminfuns.php HTTP/1.1" 403 313 "https://www.bing.com/" "Mozilla/5.0 (iPhone; CPU iPhone OS 17_0_3 like Mac OS X) AppleWebKit/605.1.15 (KHTML, like Gecko) Version/17.0.1 Mobile/15E148 Safari/604.1"
20.78.177.7 - - [19/Dec/2025:14:25:22 +0000] "GET /chosen.php HTTP/1.1" 404 35804 "https://www.yahoo.com/" "Mozilla/5.0 (iPhone; CPU iPhone OS 17_1 like Mac OS X) AppleWebKit/605.1.15 (KHTML, like Gecko) CriOS/119.0.6045.109 Mobile/15E148 Safari/604.1"
20.78.177.7 - - [19/Dec/2025:14:25:22 +0000] "GET /classwithtostring.php HTTP/1.1" 403 309 "https://www.google.com/" "Mozilla/5.g (Linux; Android 13; Pixel 7) AppleWebKit/537.36 (KHTML, like Gecko) Chrome/116.0.0.0 Mobile Safari/537.36"
20.78.177.7 - - [19/Dec/2025:14:25:23 +0000] "GET /edit.php HTTP/1.1" 404 35804 "https://www.google.de/" "Mozilla/5.0 (iPhone; CPU iPhone OS 17_1_1 like Mac OS X) AppleWebKit/605.1.15 (KHTML, like Gecko) Version/17.1 Mobile/15E148 Safari/604.1"
20.78.177.7 - - [19/Dec/2025:14:25:23 +0000] "GET /goods.php HTTP/1.1" 404 35804 "https://www.yahoo.com/" "Mozilla/5.0 (Linux; Android 10; LM-Q720) AppleWebKit/537.36 (KHTML, like Gecko) Chrome/116.0.0.0 Mobile Safari/537.36"
20.78.177.7 - - [19/Dec/2025:14:25:24 +0000] "GET /k.php HTTP/1.1" 404 35804 "https://www.google.fr/" "Mozilla/5.0 (iPhone; CPU iPhone OS 16_0 like Mac OS X) AppleWebKit/605.1.15 (KHTML, like Gecko) FxiOS/118.0 Mobile/15E148 Safari/605.1.15"
20.78.177.7 - - [19/Dec/2025:14:25:24 +0000] "GET /mah/function.php HTTP/1.1" 404 35804 "https://www.google.de/" "Mozilla/5.0 (Linux; Android 13; SM-S908E) AppleWebKit/537.36 (KHTML, like Gecko) Chrome/116.0.0.0 Mobile Safari/537.36"
