78.153.140.171 - - [18/Dec/2025:12:58:02 +0000] "GET /.config.yaml HTTP/1.1" 200 0 "-" "Mozilla/5.0 (Android 8.1.0; Mobile; rv:58.0) Gecko/58.0 Firefox/58.0"
78.153.140.171 - - [18/Dec/2025:12:58:03 +0000] "GET /backend/.env HTTP/1.1" 200 0 "-" "Mozilla/5.0 (Windows; U; Windows NT 5.2; eu) AppleWebKit/530.4 (KHTML, like Gecko) Chrome/2.0.172.0 Safari/530.4"
78.153.140.171 - - [18/Dec/2025:12:58:05 +0000] "GET /secrets.env HTTP/1.1" 200 0 "-" "Mozilla/5.0 (Windows NT 6.3; rv:41.0) Gecko/20100101 Firefox/41.0"
78.153.140.171 - - [18/Dec/2025:12:58:06 +0000] "GET /.env.example HTTP/1.1" 200 0 "-" "Mozilla/5.0 (Windows NT 6.0; WOW64; rv:34.0) Gecko/20100101 Firefox/34.0"
78.153.140.171 - - [18/Dec/2025:12:58:07 +0000] "GET /web/.env HTTP/1.1" 200 0 "-" "Mozilla/5.0 (Windows NT 6.1; WOW64) AppleWebKit/537.36 (KHTML, like Gecko) Chrome/62.0.3202.89 Safari/537.36 OPR/49.0.2725.39"
66.249.72.232 - - [18/Dec/2025:12:58:19 +0000] "GET /?l=065194623a24 HTTP/1.1" 200 254740 "-" "Mozilla/5.0 (Linux; Android 6.0.1; Nexus 5X Build/MMB29P) AppleWebKit/537.36 (KHTML, like Gecko) Chrome/141.0.7390.122 Mobile Safari/537.36 (compatible; Googlebot/2.1; +http://www.google.com/bot.html)"
66.249.72.232 - - [18/Dec/2025:12:58:28 +0000] "GET /?goods=33024968 HTTP/1.1" 200 275005 "-" "Mozilla/5.0 (Linux; Android 6.0.1; Nexus 5X Build/MMB29P) AppleWebKit/537.36 (KHTML, like Gecko) Chrome/141.0.7390.122 Mobile Safari/537.36 (compatible; Googlebot/2.1; +http://www.google.com/bot.html)"
66.249.72.232 - - [18/Dec/2025:12:58:28 +0000] "GET /?goods=54396948 HTTP/1.1" 200 237287 "-" "Mozilla/5.0 (Linux; Android 6.0.1; Nexus 5X Build/MMB29P) AppleWebKit/537.36 (KHTML, like Gecko) Chrome/141.0.7390.122 Mobile Safari/537.36 (compatible; Googlebot/2.1; +http://www.google.com/bot.html)"
66.249.72.232 - - [18/Dec/2025:12:58:28 +0000] "GET /?l=066104f2a11d HTTP/1.1" 200 268712 "-" "Mozilla/5.0 (Linux; Android 6.0.1; Nexus 5X Build/MMB29P) AppleWebKit/537.36 (KHTML, like Gecko) Chrome/141.0.7390.122 Mobile Safari/537.36 (compatible; Googlebot/2.1; +http://www.google.com/bot.html)"
66.249.72.232 - - [18/Dec/2025:12:58:29 +0000] "GET /?l=013579425ace HTTP/1.1" 200 239692 "-" "Mozilla/5.0 (Linux; Android 6.0.1; Nexus 5X Build/MMB29P) AppleWebKit/537.36 (KHTML, like Gecko) Chrome/141.0.7390.122 Mobile Safari/537.36 (compatible; Googlebot/2.1; +http://www.google.com/bot.html)"
216.73.216.107 - - [18/Dec/2025:12:58:36 +0000] "GET /page/120/?goods=1520475762 HTTP/1.1" 200 0 "-" "Mozilla/5.0 AppleWebKit/537.36 (KHTML, like Gecko; compatible; ClaudeBot/1.0; +claudebot@anthropic.com)"
216.73.216.107 - - [18/Dec/2025:12:58:37 +0000] "GET /page/120/?goods=1558894054 HTTP/1.1" 200 0 "-" "Mozilla/5.0 AppleWebKit/537.36 (KHTML, like Gecko; compatible; ClaudeBot/1.0; +claudebot@anthropic.com)"
216.73.216.107 - - [18/Dec/2025:12:58:37 +0000] "GET /page/120/?goods=1558778438 HTTP/1.1" 200 0 "-" "Mozilla/5.0 AppleWebKit/537.36 (KHTML, like Gecko; compatible; ClaudeBot/1.0; +claudebot@anthropic.com)"
216.73.216.107 - - [18/Dec/2025:12:58:38 +0000] "GET /page/6/?goods=19575100 HTTP/1.1" 200 0 "-" "Mozilla/5.0 AppleWebKit/537.36 (KHTML, like Gecko; compatible; ClaudeBot/1.0; +claudebot@anthropic.com)"
216.73.216.107 - - [18/Dec/2025:12:58:38 +0000] "GET /page/123/?goods=1861249124 HTTP/1.1" 200 0 "-" "Mozilla/5.0 AppleWebKit/537.36 (KHTML, like Gecko; compatible; ClaudeBot/1.0; +claudebot@anthropic.com)"
216.73.216.107 - - [18/Dec/2025:12:58:39 +0000] "GET /page/124/?goods=1520475762 HTTP/1.1" 200 0 "-" "Mozilla/5.0 AppleWebKit/537.36 (KHTML, like Gecko; compatible; ClaudeBot/1.0; +claudebot@anthropic.com)"
216.73.216.107 - - [18/Dec/2025:12:58:39 +0000] "GET /page/123/?goods=1861304956 HTTP/1.1" 200 0 "-" "Mozilla/5.0 AppleWebKit/537.36 (KHTML, like Gecko; compatible; ClaudeBot/1.0; +claudebot@anthropic.com)"
216.73.216.107 - - [18/Dec/2025:12:58:40 +0000] "GET /page/124/?goods=1745825890 HTTP/1.1" 200 0 "-" "Mozilla/5.0 AppleWebKit/537.36 (KHTML, like Gecko; compatible; ClaudeBot/1.0; +claudebot@anthropic.com)"
216.73.216.107 - - [18/Dec/2025:12:58:40 +0000] "GET /page/120/?goods=1559123986 HTTP/1.1" 200 0 "-" "Mozilla/5.0 AppleWebKit/537.36 (KHTML, like Gecko; compatible; ClaudeBot/1.0; +claudebot@anthropic.com)"
216.73.216.107 - - [18/Dec/2025:12:58:41 +0000] "GET /page/118/?goods=1201188542 HTTP/1.1" 200 0 "-" "Mozilla/5.0 AppleWebKit/537.36 (KHTML, like Gecko; compatible; ClaudeBot/1.0; +claudebot@anthropic.com)"
216.73.216.107 - - [18/Dec/2025:12:58:41 +0000] "GET /page/114/?goods=1745890306 HTTP/1.1" 200 0 "-" "Mozilla/5.0 AppleWebKit/537.36 (KHTML, like Gecko; compatible; ClaudeBot/1.0; +claudebot@anthropic.com)"
66.249.72.232 - - [18/Dec/2025:12:58:45 +0000] "GET /?l=001108963739ee8 HTTP/1.1" 200 257070 "-" "Mozilla/5.0 (Linux; Android 6.0.1; Nexus 5X Build/MMB29P) AppleWebKit/537.36 (KHTML, like Gecko) Chrome/141.0.7390.122 Mobile Safari/537.36 (compatible; Googlebot/2.1; +http://www.google.com/bot.html)"
66.249.72.232 - - [18/Dec/2025:12:58:45 +0000] "GET /?l=0039500752966d HTTP/1.1" 200 231476 "-" "Mozilla/5.0 (Linux; Android 6.0.1; Nexus 5X Build/MMB29P) AppleWebKit/537.36 (KHTML, like Gecko) Chrome/141.0.7390.122 Mobile Safari/537.36 (compatible; Googlebot/2.1; +http://www.google.com/bot.html)"
66.249.72.232 - - [18/Dec/2025:12:58:45 +0000] "GET /?l=12624473c02d HTTP/1.1" 200 258117 "-" "Mozilla/5.0 (Linux; Android 6.0.1; Nexus 5X Build/MMB29P) AppleWebKit/537.36 (KHTML, like Gecko) Chrome/141.0.7390.122 Mobile Safari/537.36 (compatible; Googlebot/2.1; +http://www.google.com/bot.html)"
66.249.72.233 - - [18/Dec/2025:12:58:54 +0000] "GET /?goods=6008658 HTTP/1.1" 200 242631 "-" "Mozilla/5.0 (Linux; Android 6.0.1; Nexus 5X Build/MMB29P) AppleWebKit/537.36 (KHTML, like Gecko) Chrome/141.0.7390.122 Mobile Safari/537.36 (compatible; Googlebot/2.1; +http://www.google.com/bot.html)"
216.73.216.107 - - [18/Dec/2025:12:59:01 +0000] "GET /page/124/?goods=868859864 HTTP/1.1" 200 0 "-" "Mozilla/5.0 AppleWebKit/537.36 (KHTML, like Gecko; compatible; ClaudeBot/1.0; +claudebot@anthropic.com)"
216.73.216.107 - - [18/Dec/2025:12:59:02 +0000] "GET /page/116/?goods=1201585888 HTTP/1.1" 200 0 "-" "Mozilla/5.0 AppleWebKit/537.36 (KHTML, like Gecko; compatible; ClaudeBot/1.0; +claudebot@anthropic.com)"
216.73.216.107 - - [18/Dec/2025:12:59:02 +0000] "GET /page/5/?goods=636412688 HTTP/1.1" 200 0 "-" "Mozilla/5.0 AppleWebKit/537.36 (KHTML, like Gecko; compatible; ClaudeBot/1.0; +claudebot@anthropic.com)"
216.73.216.107 - - [18/Dec/2025:12:59:03 +0000] "GET /page/8/?goods=1559060232 HTTP/1.1" 200 0 "-" "Mozilla/5.0 AppleWebKit/537.36 (KHTML, like Gecko; compatible; ClaudeBot/1.0; +claudebot@anthropic.com)"
216.73.216.107 - - [18/Dec/2025:12:59:03 +0000] "GET /page/124/?goods=868667298 HTTP/1.1" 200 0 "-" "Mozilla/5.0 AppleWebKit/537.36 (KHTML, like Gecko; compatible; ClaudeBot/1.0; +claudebot@anthropic.com)"
216.73.216.107 - - [18/Dec/2025:12:59:04 +0000] "GET /page/119/?goods=1384534416 HTTP/1.1" 200 0 "-" "Mozilla/5.0 AppleWebKit/537.36 (KHTML, like Gecko; compatible; ClaudeBot/1.0; +claudebot@anthropic.com)"
216.73.216.107 - - [18/Dec/2025:12:59:04 +0000] "GET /page/124/?goods=1746015232 HTTP/1.1" 200 0 "-" "Mozilla/5.0 AppleWebKit/537.36 (KHTML, like Gecko; compatible; ClaudeBot/1.0; +claudebot@anthropic.com)"
66.249.72.232 - - [18/Dec/2025:12:59:04 +0000] "GET /?l=066202471289 HTTP/1.1" 200 233915 "-" "Mozilla/5.0 (Linux; Android 6.0.1; Nexus 5X Build/MMB29P) AppleWebKit/537.36 (KHTML, like Gecko) Chrome/141.0.7390.122 Mobile Safari/537.36 (compatible; Googlebot/2.1; +http://www.google.com/bot.html)"
216.73.216.107 - - [18/Dec/2025:12:59:05 +0000] "GET /page/7/?goods=1558612180 HTTP/1.1" 200 0 "-" "Mozilla/5.0 AppleWebKit/537.36 (KHTML, like Gecko; compatible; ClaudeBot/1.0; +claudebot@anthropic.com)"
216.73.216.107 - - [18/Dec/2025:12:59:05 +0000] "GET /page/119/?goods=868741748 HTTP/1.1" 200 0 "-" "Mozilla/5.0 AppleWebKit/537.36 (KHTML, like Gecko; compatible; ClaudeBot/1.0; +claudebot@anthropic.com)"
216.73.216.107 - - [18/Dec/2025:12:59:06 +0000] "GET /page/114/?goods=1038566464 HTTP/1.1" 200 0 "-" "Mozilla/5.0 AppleWebKit/537.36 (KHTML, like Gecko; compatible; ClaudeBot/1.0; +claudebot@anthropic.com)"
216.73.216.107 - - [18/Dec/2025:12:59:06 +0000] "GET /page/8/?goods=1038650284 HTTP/1.1" 200 0 "-" "Mozilla/5.0 AppleWebKit/537.36 (KHTML, like Gecko; compatible; ClaudeBot/1.0; +claudebot@anthropic.com)"
216.73.216.107 - - [18/Dec/2025:12:59:11 +0000] "GET /page/124/?goods=1861249124 HTTP/1.1" 200 0 "-" "Mozilla/5.0 AppleWebKit/537.36 (KHTML, like Gecko; compatible; ClaudeBot/1.0; +claudebot@anthropic.com)"
216.73.216.107 - - [18/Dec/2025:12:59:11 +0000] "GET /page/124/?goods=1520620564 HTTP/1.1" 200 0 "-" "Mozilla/5.0 AppleWebKit/537.36 (KHTML, like Gecko; compatible; ClaudeBot/1.0; +claudebot@anthropic.com)"
216.73.216.107 - - [18/Dec/2025:12:59:12 +0000] "GET /page/116/?goods=1201320662 HTTP/1.1" 200 0 "-" "Mozilla/5.0 AppleWebKit/537.36 (KHTML, like Gecko; compatible; ClaudeBot/1.0; +claudebot@anthropic.com)"
216.73.216.107 - - [18/Dec/2025:12:59:12 +0000] "GET /page/3/?goods=1084584450 HTTP/1.1" 200 0 "-" "Mozilla/5.0 AppleWebKit/537.36 (KHTML, like Gecko; compatible; ClaudeBot/1.0; +claudebot@anthropic.com)"
216.73.216.107 - - [18/Dec/2025:12:59:13 +0000] "GET /page/3/?goods=1084889408 HTTP/1.1" 200 0 "-" "Mozilla/5.0 AppleWebKit/537.36 (KHTML, like Gecko; compatible; ClaudeBot/1.0; +claudebot@anthropic.com)"
216.73.216.107 - - [18/Dec/2025:12:59:13 +0000] "GET /page/3/?goods=2056559194 HTTP/1.1" 200 0 "-" "Mozilla/5.0 AppleWebKit/537.36 (KHTML, like Gecko; compatible; ClaudeBot/1.0; +claudebot@anthropic.com)"
66.249.72.232 - - [18/Dec/2025:12:59:14 +0000] "GET /?l=036454743071 HTTP/1.1" 200 251943 "-" "Mozilla/5.0 (Linux; Android 6.0.1; Nexus 5X Build/MMB29P) AppleWebKit/537.36 (KHTML, like Gecko) Chrome/141.0.7390.122 Mobile Safari/537.36 (compatible; Googlebot/2.1; +http://www.google.com/bot.html)"
216.73.216.107 - - [18/Dec/2025:12:59:14 +0000] "GET /page/3/?goods=868859864 HTTP/1.1" 200 0 "-" "Mozilla/5.0 AppleWebKit/537.36 (KHTML, like Gecko; compatible; ClaudeBot/1.0; +claudebot@anthropic.com)"
216.73.216.107 - - [18/Dec/2025:12:59:14 +0000] "GET /page/124/?goods=1084584450 HTTP/1.1" 200 0 "-" "Mozilla/5.0 AppleWebKit/537.36 (KHTML, like Gecko; compatible; ClaudeBot/1.0; +claudebot@anthropic.com)"
216.73.216.107 - - [18/Dec/2025:12:59:15 +0000] "GET /page/124/?goods=2056559194 HTTP/1.1" 200 0 "-" "Mozilla/5.0 AppleWebKit/537.36 (KHTML, like Gecko; compatible; ClaudeBot/1.0; +claudebot@anthropic.com)"
216.73.216.107 - - [18/Dec/2025:12:59:15 +0000] "GET /page/3/?goods=868667298 HTTP/1.1" 200 0 "-" "Mozilla/5.0 AppleWebKit/537.36 (KHTML, like Gecko; compatible; ClaudeBot/1.0; +claudebot@anthropic.com)"
216.73.216.107 - - [18/Dec/2025:12:59:16 +0000] "GET /page/124/?goods=1084889408 HTTP/1.1" 200 0 "-" "Mozilla/5.0 AppleWebKit/537.36 (KHTML, like Gecko; compatible; ClaudeBot/1.0; +claudebot@anthropic.com)"
66.249.72.232 - - [18/Dec/2025:12:59:23 +0000] "GET /?goods=97364796 HTTP/1.1" 200 256084 "-" "Mozilla/5.0 (Linux; Android 6.0.1; Nexus 5X Build/MMB29P) AppleWebKit/537.36 (KHTML, like Gecko) Chrome/141.0.7390.122 Mobile Safari/537.36 (compatible; Googlebot/2.1; +http://www.google.com/bot.html)"
195.96.131.122 - - [18/Dec/2025:12:59:27 +0000] "GET / HTTP/1.1" 200 246057 "-" "Mozilla/5.0 (compatible; Googlebot/2.1; +http://www.google.com/bot.html)"
66.249.72.232 - - [18/Dec/2025:12:59:32 +0000] "GET /?l=126342fe1238 HTTP/1.1" 200 252696 "-" "Mozilla/5.0 (Linux; Android 6.0.1; Nexus 5X Build/MMB29P) AppleWebKit/537.36 (KHTML, like Gecko) Chrome/141.0.7390.122 Mobile Safari/537.36 (compatible; Googlebot/2.1; +http://www.google.com/bot.html)"
2a03:2880:f800:4c:: - - [18/Dec/2025:12:59:34 +0000] "GET /tag/togel-di-slot/feed/ HTTP/1.1" 200 0 "-" "meta-externalagent/1.1 (+https://developers.facebook.com/docs/sharing/webmasters/crawler)"
2a03:2880:f800:3b:: - - [18/Dec/2025:12:59:35 +0000] "GET /tag/pgsoft/feed/ HTTP/1.1" 200 0 "-" "meta-externalagent/1.1 (+https://developers.facebook.com/docs/sharing/webmasters/crawler)"
2a03:2880:f800:1b:: - - [18/Dec/2025:12:59:38 +0000] "GET /slot-wailing-woods-hutan-terlarang-jeritan-harta-karun/ HTTP/1.1" 200 0 "-" "meta-externalagent/1.1 (+https://developers.facebook.com/docs/sharing/webmasters/crawler)"
216.73.216.107 - - [18/Dec/2025:12:59:45 +0000] "GET /page/5/?goods=19537158 HTTP/1.1" 200 0 "-" "Mozilla/5.0 AppleWebKit/537.36 (KHTML, like Gecko; compatible; ClaudeBot/1.0; +claudebot@anthropic.com)"
216.73.216.107 - - [18/Dec/2025:12:59:46 +0000] "GET /page/6/?goods=1860947390 HTTP/1.1" 200 0 "-" "Mozilla/5.0 AppleWebKit/537.36 (KHTML, like Gecko; compatible; ClaudeBot/1.0; +claudebot@anthropic.com)"
216.73.216.107 - - [18/Dec/2025:12:59:46 +0000] "GET /page/116/?goods=1038755802 HTTP/1.1" 200 0 "-" "Mozilla/5.0 AppleWebKit/537.36 (KHTML, like Gecko; compatible; ClaudeBot/1.0; +claudebot@anthropic.com)"
216.73.216.107 - - [18/Dec/2025:12:59:46 +0000] "GET /page/5/?goods=1520532126 HTTP/1.1" 200 0 "-" "Mozilla/5.0 AppleWebKit/537.36 (KHTML, like Gecko; compatible; ClaudeBot/1.0; +claudebot@anthropic.com)"
216.73.216.107 - - [18/Dec/2025:12:59:47 +0000] "GET /page/119/?goods=1559073426 HTTP/1.1" 200 0 "-" "Mozilla/5.0 AppleWebKit/537.36 (KHTML, like Gecko; compatible; ClaudeBot/1.0; +claudebot@anthropic.com)"
216.73.216.107 - - [18/Dec/2025:12:59:47 +0000] "GET /page/115/?goods=1861361304 HTTP/1.1" 200 0 "-" "Mozilla/5.0 AppleWebKit/537.36 (KHTML, like Gecko; compatible; ClaudeBot/1.0; +claudebot@anthropic.com)"
216.73.216.107 - - [18/Dec/2025:12:59:48 +0000] "GET /page/5/?goods=1384442754 HTTP/1.1" 200 0 "-" "Mozilla/5.0 AppleWebKit/537.36 (KHTML, like Gecko; compatible; ClaudeBot/1.0; +claudebot@anthropic.com)"
216.73.216.107 - - [18/Dec/2025:12:59:48 +0000] "GET /page/5/?goods=1860947390 HTTP/1.1" 200 0 "-" "Mozilla/5.0 AppleWebKit/537.36 (KHTML, like Gecko; compatible; ClaudeBot/1.0; +claudebot@anthropic.com)"
216.73.216.107 - - [18/Dec/2025:12:59:49 +0000] "GET /page/5/?goods=1384547030 HTTP/1.1" 200 0 "-" "Mozilla/5.0 AppleWebKit/537.36 (KHTML, like Gecko; compatible; ClaudeBot/1.0; +claudebot@anthropic.com)"
216.73.216.107 - - [18/Dec/2025:12:59:49 +0000] "GET /page/121/?goods=1520475762 HTTP/1.1" 200 0 "-" "Mozilla/5.0 AppleWebKit/537.36 (KHTML, like Gecko; compatible; ClaudeBot/1.0; +claudebot@anthropic.com)"
66.249.72.232 - - [18/Dec/2025:12:59:50 +0000] "GET /?l=125600e92a7e HTTP/1.1" 200 253235 "-" "Mozilla/5.0 (Linux; Android 6.0.1; Nexus 5X Build/MMB29P) AppleWebKit/537.36 (KHTML, like Gecko) Chrome/141.0.7390.122 Mobile Safari/537.36 (compatible; Googlebot/2.1; +http://www.google.com/bot.html)"
66.249.72.233 - - [18/Dec/2025:12:59:59 +0000] "GET /?goods=79938862 HTTP/1.1" 200 244037 "-" "Mozilla/5.0 (Linux; Android 6.0.1; Nexus 5X Build/MMB29P) AppleWebKit/537.36 (KHTML, like Gecko) Chrome/141.0.7390.122 Mobile Safari/537.36 (compatible; Googlebot/2.1; +http://www.google.com/bot.html)"
98.82.38.120 - - [18/Dec/2025:13:00:00 +0000] "GET /cara-cepat-cuan-slot-pragmatic/ HTTP/1.1" 200 0 "-" "Mozilla/5.0 AppleWebKit/537.36 (KHTML, like Gecko; compatible; Amazonbot/0.1; +https://developer.amazon.com/support/amazonbot) Chrome/119.0.6045.214 Safari/537.36"
66.249.72.232 - - [18/Dec/2025:13:00:00 +0000] "GET /?goods=20539226 HTTP/1.1" 200 268267 "-" "Mozilla/5.0 (Linux; Android 6.0.1; Nexus 5X Build/MMB29P) AppleWebKit/537.36 (KHTML, like Gecko) Chrome/141.0.7390.122 Mobile Safari/537.36 (compatible; Googlebot/2.1; +http://www.google.com/bot.html)"
66.249.72.234 - - [18/Dec/2025:13:00:00 +0000] "GET /?l=06596467972d HTTP/1.1" 200 239251 "-" "Mozilla/5.0 (Linux; Android 6.0.1; Nexus 5X Build/MMB29P) AppleWebKit/537.36 (KHTML, like Gecko) Chrome/141.0.7390.122 Mobile Safari/537.36 (compatible; Googlebot/2.1; +http://www.google.com/bot.html)"
66.249.72.235 - - [18/Dec/2025:13:00:18 +0000] "GET /?l=00816202133eda HTTP/1.1" 200 266231 "-" "Mozilla/5.0 (Linux; Android 6.0.1; Nexus 5X Build/MMB29P) AppleWebKit/537.36 (KHTML, like Gecko) Chrome/141.0.7390.122 Mobile Safari/537.36 (compatible; Googlebot/2.1; +http://www.google.com/bot.html)"
66.249.72.236 - - [18/Dec/2025:13:00:18 +0000] "GET /?goods=79981286 HTTP/1.1" 200 213185 "-" "Mozilla/5.0 (Linux; Android 6.0.1; Nexus 5X Build/MMB29P) AppleWebKit/537.36 (KHTML, like Gecko) Chrome/141.0.7390.122 Mobile Safari/537.36 (compatible; Googlebot/2.1; +http://www.google.com/bot.html)"
66.249.72.235 - - [18/Dec/2025:13:00:20 +0000] "GET /?l=066258e9e6f2 HTTP/1.1" 200 232775 "-" "Mozilla/5.0 (Linux; Android 6.0.1; Nexus 5X Build/MMB29P) AppleWebKit/537.36 (KHTML, like Gecko) Chrome/141.0.7390.122 Mobile Safari/537.36 (compatible; Googlebot/2.1; +http://www.google.com/bot.html)"
189.1.220.85 - - [18/Dec/2025:13:00:21 +0000] "GET /category/worldwide/page/71/ HTTP/1.1" 200 0 "https://moltrazi.com/category/worldwide/page/71/" "Mozilla/5.0 (Macintosh; Intel Mac OS X 10_15_7) AppleWebKit/537.36 (KHTML, like Gecko) Chrome/119.0.0.0 Safari/537.36"
216.73.216.107 - - [18/Dec/2025:13:00:25 +0000] "GET /page/116/?goods=1861476340 HTTP/1.1" 200 0 "-" "Mozilla/5.0 AppleWebKit/537.36 (KHTML, like Gecko; compatible; ClaudeBot/1.0; +claudebot@anthropic.com)"
216.73.216.107 - - [18/Dec/2025:13:00:25 +0000] "GET /page/6/?goods=1384530398 HTTP/1.1" 200 0 "-" "Mozilla/5.0 AppleWebKit/537.36 (KHTML, like Gecko; compatible; ClaudeBot/1.0; +claudebot@anthropic.com)"
216.73.216.107 - - [18/Dec/2025:13:00:26 +0000] "GET /page/118/?goods=1384945250 HTTP/1.1" 200 0 "-" "Mozilla/5.0 AppleWebKit/537.36 (KHTML, like Gecko; compatible; ClaudeBot/1.0; +claudebot@anthropic.com)"
216.73.216.107 - - [18/Dec/2025:13:00:26 +0000] "GET /page/9/?goods=1558893394 HTTP/1.1" 200 0 "-" "Mozilla/5.0 AppleWebKit/537.36 (KHTML, like Gecko; compatible; ClaudeBot/1.0; +claudebot@anthropic.com)"
66.249.72.235 - - [18/Dec/2025:13:00:26 +0000] "GET /?l=065768be76b6 HTTP/1.1" 200 236849 "-" "Mozilla/5.0 (Linux; Android 6.0.1; Nexus 5X Build/MMB29P) AppleWebKit/537.36 (KHTML, like Gecko) Chrome/141.0.7390.122 Mobile Safari/537.36 (compatible; Googlebot/2.1; +http://www.google.com/bot.html)"
216.73.216.107 - - [18/Dec/2025:13:00:27 +0000] "GET /page/9/?goods=1559060232 HTTP/1.1" 200 0 "-" "Mozilla/5.0 AppleWebKit/537.36 (KHTML, like Gecko; compatible; ClaudeBot/1.0; +claudebot@anthropic.com)"
216.73.216.107 - - [18/Dec/2025:13:00:27 +0000] "GET /page/9/?goods=1038650284 HTTP/1.1" 200 0 "-" "Mozilla/5.0 AppleWebKit/537.36 (KHTML, like Gecko; compatible; ClaudeBot/1.0; +claudebot@anthropic.com)"
216.73.216.107 - - [18/Dec/2025:13:00:28 +0000] "GET /page/9/?goods=1861486310 HTTP/1.1" 200 0 "-" "Mozilla/5.0 AppleWebKit/537.36 (KHTML, like Gecko; compatible; ClaudeBot/1.0; +claudebot@anthropic.com)"
216.73.216.107 - - [18/Dec/2025:13:00:28 +0000] "GET /page/5/?goods=1384530398 HTTP/1.1" 200 0 "-" "Mozilla/5.0 AppleWebKit/537.36 (KHTML, like Gecko; compatible; ClaudeBot/1.0; +claudebot@anthropic.com)"
216.73.216.107 - - [18/Dec/2025:13:00:29 +0000] "GET /page/9/?goods=1861529528 HTTP/1.1" 200 0 "-" "Mozilla/5.0 AppleWebKit/537.36 (KHTML, like Gecko; compatible; ClaudeBot/1.0; +claudebot@anthropic.com)"
216.73.216.107 - - [18/Dec/2025:13:00:29 +0000] "GET /page/9/?goods=1038926012 HTTP/1.1" 200 0 "-" "Mozilla/5.0 AppleWebKit/537.36 (KHTML, like Gecko; compatible; ClaudeBot/1.0; +claudebot@anthropic.com)"
216.73.216.107 - - [18/Dec/2025:13:00:37 +0000] "GET /page/124/?goods=1861267594 HTTP/1.1" 200 0 "-" "Mozilla/5.0 AppleWebKit/537.36 (KHTML, like Gecko; compatible; ClaudeBot/1.0; +claudebot@anthropic.com)"
216.73.216.107 - - [18/Dec/2025:13:00:37 +0000] "GET /page/113/?goods=1558837626 HTTP/1.1" 200 0 "-" "Mozilla/5.0 AppleWebKit/537.36 (KHTML, like Gecko; compatible; ClaudeBot/1.0; +claudebot@anthropic.com)"
216.73.216.107 - - [18/Dec/2025:13:00:37 +0000] "GET /page/112/?goods=1861396554 HTTP/1.1" 200 0 "-" "Mozilla/5.0 AppleWebKit/537.36 (KHTML, like Gecko; compatible; ClaudeBot/1.0; +claudebot@anthropic.com)"
216.73.216.107 - - [18/Dec/2025:13:00:38 +0000] "GET /page/115/?goods=1861248976 HTTP/1.1" 200 0 "-" "Mozilla/5.0 AppleWebKit/537.36 (KHTML, like Gecko; compatible; ClaudeBot/1.0; +claudebot@anthropic.com)"
216.73.216.107 - - [18/Dec/2025:13:00:38 +0000] "GET /page/115/?goods=1861476340 HTTP/1.1" 200 0 "-" "Mozilla/5.0 AppleWebKit/537.36 (KHTML, like Gecko; compatible; ClaudeBot/1.0; +claudebot@anthropic.com)"
216.73.216.107 - - [18/Dec/2025:13:00:39 +0000] "GET /page/118/?goods=19659436 HTTP/1.1" 200 0 "-" "Mozilla/5.0 AppleWebKit/537.36 (KHTML, like Gecko; compatible; ClaudeBot/1.0; +claudebot@anthropic.com)"
216.73.216.107 - - [18/Dec/2025:13:00:39 +0000] "GET /page/6/?goods=1519998546 HTTP/1.1" 200 0 "-" "Mozilla/5.0 AppleWebKit/537.36 (KHTML, like Gecko; compatible; ClaudeBot/1.0; +claudebot@anthropic.com)"
216.73.216.107 - - [18/Dec/2025:13:00:40 +0000] "GET /page/6/?goods=1745949426 HTTP/1.1" 200 0 "-" "Mozilla/5.0 AppleWebKit/537.36 (KHTML, like Gecko; compatible; ClaudeBot/1.0; +claudebot@anthropic.com)"
216.73.216.107 - - [18/Dec/2025:13:00:40 +0000] "GET /page/118/?goods=19964394 HTTP/1.1" 200 0 "-" "Mozilla/5.0 AppleWebKit/537.36 (KHTML, like Gecko; compatible; ClaudeBot/1.0; +claudebot@anthropic.com)"
216.73.216.107 - - [18/Dec/2025:13:00:41 +0000] "GET /page/123/?goods=1861267594 HTTP/1.1" 200 0 "-" "Mozilla/5.0 AppleWebKit/537.36 (KHTML, like Gecko; compatible; ClaudeBot/1.0; +claudebot@anthropic.com)"
66.249.72.235 - - [18/Dec/2025:13:00:41 +0000] "GET /?l=09652402dcb6 HTTP/1.1" 200 255499 "-" "Mozilla/5.0 (Linux; Android 6.0.1; Nexus 5X Build/MMB29P) AppleWebKit/537.36 (KHTML, like Gecko) Chrome/141.0.7390.122 Mobile Safari/537.36 (compatible; Googlebot/2.1; +http://www.google.com/bot.html)"
66.249.72.235 - - [18/Dec/2025:13:00:55 +0000] "GET /?l=1413169cf20f2 HTTP/1.1" 200 249491 "-" "Mozilla/5.0 (Linux; Android 6.0.1; Nexus 5X Build/MMB29P) AppleWebKit/537.36 (KHTML, like Gecko) Chrome/141.0.7390.122 Mobile Safari/537.36 (compatible; Googlebot/2.1; +http://www.google.com/bot.html)"
66.249.72.235 - - [18/Dec/2025:13:00:56 +0000] "GET /?l=00173078efb478 HTTP/1.1" 200 249667 "-" "Mozilla/5.0 (Linux; Android 6.0.1; Nexus 5X Build/MMB29P) AppleWebKit/537.36 (KHTML, like Gecko) Chrome/141.0.7390.122 Mobile Safari/537.36 (compatible; Googlebot/2.1; +http://www.google.com/bot.html)"
66.249.72.237 - - [18/Dec/2025:13:01:11 +0000] "GET /?l=126440bf8cab HTTP/1.1" 200 249220 "-" "Mozilla/5.0 (Linux; Android 6.0.1; Nexus 5X Build/MMB29P) AppleWebKit/537.36 (KHTML, like Gecko) Chrome/141.0.7390.122 Mobile Safari/537.36 (compatible; Googlebot/2.1; +http://www.google.com/bot.html)"
216.73.216.107 - - [18/Dec/2025:13:01:12 +0000] "GET /page/3/?goods=1520012550 HTTP/1.1" 200 0 "-" "Mozilla/5.0 AppleWebKit/537.36 (KHTML, like Gecko; compatible; ClaudeBot/1.0; +claudebot@anthropic.com)"
216.73.216.107 - - [18/Dec/2025:13:01:12 +0000] "GET /page/124/?goods=19537158 HTTP/1.1" 200 0 "-" "Mozilla/5.0 AppleWebKit/537.36 (KHTML, like Gecko; compatible; ClaudeBot/1.0; +claudebot@anthropic.com)"
216.73.216.107 - - [18/Dec/2025:13:01:13 +0000] "GET /page/3/?goods=1645046742 HTTP/1.1" 200 0 "-" "Mozilla/5.0 AppleWebKit/537.36 (KHTML, like Gecko; compatible; ClaudeBot/1.0; +claudebot@anthropic.com)"
216.73.216.107 - - [18/Dec/2025:13:01:13 +0000] "GET /page/5/?goods=1384553824 HTTP/1.1" 200 0 "-" "Mozilla/5.0 AppleWebKit/537.36 (KHTML, like Gecko; compatible; ClaudeBot/1.0; +claudebot@anthropic.com)"
216.73.216.107 - - [18/Dec/2025:13:01:14 +0000] "GET /page/121/?goods=1558778438 HTTP/1.1" 200 0 "-" "Mozilla/5.0 AppleWebKit/537.36 (KHTML, like Gecko; compatible; ClaudeBot/1.0; +claudebot@anthropic.com)"
216.73.216.107 - - [18/Dec/2025:13:01:14 +0000] "GET /page/121/?goods=1558894054 HTTP/1.1" 200 0 "-" "Mozilla/5.0 AppleWebKit/537.36 (KHTML, like Gecko; compatible; ClaudeBot/1.0; +claudebot@anthropic.com)"
216.73.216.107 - - [18/Dec/2025:13:01:15 +0000] "GET /page/124/?goods=1520012550 HTTP/1.1" 200 0 "-" "Mozilla/5.0 AppleWebKit/537.36 (KHTML, like Gecko; compatible; ClaudeBot/1.0; +claudebot@anthropic.com)"
216.73.216.107 - - [18/Dec/2025:13:01:15 +0000] "GET /page/124/?goods=1645046742 HTTP/1.1" 200 0 "-" "Mozilla/5.0 AppleWebKit/537.36 (KHTML, like Gecko; compatible; ClaudeBot/1.0; +claudebot@anthropic.com)"
216.73.216.107 - - [18/Dec/2025:13:01:16 +0000] "GET /page/113/?goods=1039009688 HTTP/1.1" 200 0 "-" "Mozilla/5.0 AppleWebKit/537.36 (KHTML, like Gecko; compatible; ClaudeBot/1.0; +claudebot@anthropic.com)"
216.73.216.107 - - [18/Dec/2025:13:01:17 +0000] "GET /page/114/?goods=1558837626 HTTP/1.1" 200 0 "-" "Mozilla/5.0 AppleWebKit/537.36 (KHTML, like Gecko; compatible; ClaudeBot/1.0; +claudebot@anthropic.com)"
66.249.72.236 - - [18/Dec/2025:13:01:26 +0000] "GET /?l=125992d5ca96 HTTP/1.1" 200 255372 "-" "Mozilla/5.0 (Linux; Android 6.0.1; Nexus 5X Build/MMB29P) AppleWebKit/537.36 (KHTML, like Gecko) Chrome/141.0.7390.122 Mobile Safari/537.36 (compatible; Googlebot/2.1; +http://www.google.com/bot.html)"
66.249.72.235 - - [18/Dec/2025:13:01:41 +0000] "GET /?l=126286b6cd59 HTTP/1.1" 200 251125 "-" "Mozilla/5.0 (Linux; Android 6.0.1; Nexus 5X Build/MMB29P) AppleWebKit/537.36 (KHTML, like Gecko) Chrome/141.0.7390.122 Mobile Safari/537.36 (compatible; Googlebot/2.1; +http://www.google.com/bot.html)"
216.73.216.107 - - [18/Dec/2025:13:01:47 +0000] "GET /page/113/?goods=1745890306 HTTP/1.1" 200 0 "-" "Mozilla/5.0 AppleWebKit/537.36 (KHTML, like Gecko; compatible; ClaudeBot/1.0; +claudebot@anthropic.com)"
216.73.216.107 - - [18/Dec/2025:13:01:48 +0000] "GET /page/5/?goods=1201549336 HTTP/1.1" 200 0 "-" "Mozilla/5.0 AppleWebKit/537.36 (KHTML, like Gecko; compatible; ClaudeBot/1.0; +claudebot@anthropic.com)"
216.73.216.107 - - [18/Dec/2025:13:01:48 +0000] "GET /page/123/?goods=1384986352 HTTP/1.1" 200 0 "-" "Mozilla/5.0 AppleWebKit/537.36 (KHTML, like Gecko; compatible; ClaudeBot/1.0; +claudebot@anthropic.com)"
216.73.216.107 - - [18/Dec/2025:13:01:48 +0000] "GET /page/3/?goods=636938348 HTTP/1.1" 200 0 "-" "Mozilla/5.0 AppleWebKit/537.36 (KHTML, like Gecko; compatible; ClaudeBot/1.0; +claudebot@anthropic.com)"
216.73.216.107 - - [18/Dec/2025:13:01:49 +0000] "GET /page/3/?goods=1520620564 HTTP/1.1" 200 0 "-" "Mozilla/5.0 AppleWebKit/537.36 (KHTML, like Gecko; compatible; ClaudeBot/1.0; +claudebot@anthropic.com)"
216.73.216.107 - - [18/Dec/2025:13:01:49 +0000] "GET /page/3/?goods=2056831630 HTTP/1.1" 200 0 "-" "Mozilla/5.0 AppleWebKit/537.36 (KHTML, like Gecko; compatible; ClaudeBot/1.0; +claudebot@anthropic.com)"
216.73.216.107 - - [18/Dec/2025:13:01:50 +0000] "GET /page/3/?goods=869260002 HTTP/1.1" 200 0 "-" "Mozilla/5.0 AppleWebKit/537.36 (KHTML, like Gecko; compatible; ClaudeBot/1.0; +claudebot@anthropic.com)"
216.73.216.107 - - [18/Dec/2025:13:01:50 +0000] "GET /page/124/?goods=636938348 HTTP/1.1" 200 0 "-" "Mozilla/5.0 AppleWebKit/537.36 (KHTML, like Gecko; compatible; ClaudeBot/1.0; +claudebot@anthropic.com)"
216.73.216.107 - - [18/Dec/2025:13:01:51 +0000] "GET /page/124/?goods=2056831630 HTTP/1.1" 200 0 "-" "Mozilla/5.0 AppleWebKit/537.36 (KHTML, like Gecko; compatible; ClaudeBot/1.0; +claudebot@anthropic.com)"
216.73.216.107 - - [18/Dec/2025:13:01:51 +0000] "GET /page/124/?goods=869260002 HTTP/1.1" 200 0 "-" "Mozilla/5.0 AppleWebKit/537.36 (KHTML, like Gecko; compatible; ClaudeBot/1.0; +claudebot@anthropic.com)"
52.44.229.124 - - [18/Dec/2025:13:01:53 +0000] "GET /category/worldwide/page/5/ HTTP/1.1" 200 0 "-" "Mozilla/5.0 AppleWebKit/537.36 (KHTML, like Gecko; compatible; Amazonbot/0.1; +https://developer.amazon.com/support/amazonbot) Chrome/119.0.6045.214 Safari/537.36"
66.249.72.235 - - [18/Dec/2025:13:01:55 +0000] "GET /?goods=91151422 HTTP/1.1" 200 256426 "-" "Mozilla/5.0 (Linux; Android 6.0.1; Nexus 5X Build/MMB29P) AppleWebKit/537.36 (KHTML, like Gecko) Chrome/141.0.7390.122 Mobile Safari/537.36 (compatible; Googlebot/2.1; +http://www.google.com/bot.html)"
66.249.72.235 - - [18/Dec/2025:13:01:55 +0000] "GET /?l=0013785c9c7d6 HTTP/1.1" 200 260108 "-" "Mozilla/5.0 (Linux; Android 6.0.1; Nexus 5X Build/MMB29P) AppleWebKit/537.36 (KHTML, like Gecko) Chrome/141.0.7390.122 Mobile Safari/537.36 (compatible; Googlebot/2.1; +http://www.google.com/bot.html)"
66.249.72.235 - - [18/Dec/2025:13:01:56 +0000] "GET /?l=009228766475ce HTTP/1.1" 200 247655 "-" "Mozilla/5.0 (Linux; Android 6.0.1; Nexus 5X Build/MMB29P) AppleWebKit/537.36 (KHTML, like Gecko) Chrome/141.0.7390.122 Mobile Safari/537.36 (compatible; Googlebot/2.1; +http://www.google.com/bot.html)"
216.73.216.107 - - [18/Dec/2025:13:02:00 +0000] "GET /page/2/?goods=2056831630 HTTP/1.1" 200 0 "-" "Mozilla/5.0 AppleWebKit/537.36 (KHTML, like Gecko; compatible; ClaudeBot/1.0; +claudebot@anthropic.com)"
216.73.216.107 - - [18/Dec/2025:13:02:00 +0000] "GET /page/2/?goods=869260002 HTTP/1.1" 200 0 "-" "Mozilla/5.0 AppleWebKit/537.36 (KHTML, like Gecko; compatible; ClaudeBot/1.0; +claudebot@anthropic.com)"
216.73.216.107 - - [18/Dec/2025:13:02:00 +0000] "GET /page/124/?goods=1038970552 HTTP/1.1" 200 0 "-" "Mozilla/5.0 AppleWebKit/537.36 (KHTML, like Gecko; compatible; ClaudeBot/1.0; +claudebot@anthropic.com)"
216.73.216.107 - - [18/Dec/2025:13:02:01 +0000] "GET /page/124/?goods=1201469610 HTTP/1.1" 200 0 "-" "Mozilla/5.0 AppleWebKit/537.36 (KHTML, like Gecko; compatible; ClaudeBot/1.0; +claudebot@anthropic.com)"
216.73.216.107 - - [18/Dec/2025:13:02:02 +0000] "GET /page/2/?goods=1520620564 HTTP/1.1" 200 0 "-" "Mozilla/5.0 AppleWebKit/537.36 (KHTML, like Gecko; compatible; ClaudeBot/1.0; +claudebot@anthropic.com)"
216.73.216.107 - - [18/Dec/2025:13:02:02 +0000] "GET /page/111/?goods=1038696810 HTTP/1.1" 200 0 "-" "Mozilla/5.0 AppleWebKit/537.36 (KHTML, like Gecko; compatible; ClaudeBot/1.0; +claudebot@anthropic.com)"
216.73.216.107 - - [18/Dec/2025:13:02:02 +0000] "GET /page/7/?goods=1746015232 HTTP/1.1" 200 0 "-" "Mozilla/5.0 AppleWebKit/537.36 (KHTML, like Gecko; compatible; ClaudeBot/1.0; +claudebot@anthropic.com)"
216.73.216.107 - - [18/Dec/2025:13:02:03 +0000] "GET /page/120/?goods=1201284174 HTTP/1.1" 200 0 "-" "Mozilla/5.0 AppleWebKit/537.36 (KHTML, like Gecko; compatible; ClaudeBot/1.0; +claudebot@anthropic.com)"
216.73.216.107 - - [18/Dec/2025:13:02:03 +0000] "GET /page/124/?goods=1201284174 HTTP/1.1" 200 0 "-" "Mozilla/5.0 AppleWebKit/537.36 (KHTML, like Gecko; compatible; ClaudeBot/1.0; +claudebot@anthropic.com)"
216.73.216.107 - - [18/Dec/2025:13:02:04 +0000] "GET /page/7/?goods=1746038542 HTTP/1.1" 200 0 "-" "Mozilla/5.0 AppleWebKit/537.36 (KHTML, like Gecko; compatible; ClaudeBot/1.0; +claudebot@anthropic.com)"
216.73.216.107 - - [18/Dec/2025:13:02:04 +0000] "GET /page/117/?goods=1038755802 HTTP/1.1" 200 0 "-" "Mozilla/5.0 AppleWebKit/537.36 (KHTML, like Gecko; compatible; ClaudeBot/1.0; +claudebot@anthropic.com)"
216.73.216.107 - - [18/Dec/2025:13:02:17 +0000] "GET /page/119/?goods=20159156 HTTP/1.1" 200 0 "-" "Mozilla/5.0 AppleWebKit/537.36 (KHTML, like Gecko; compatible; ClaudeBot/1.0; +claudebot@anthropic.com)"
216.73.216.107 - - [18/Dec/2025:13:02:17 +0000] "GET /page/124/?goods=636581444 HTTP/1.1" 200 0 "-" "Mozilla/5.0 AppleWebKit/537.36 (KHTML, like Gecko; compatible; ClaudeBot/1.0; +claudebot@anthropic.com)"
66.249.72.237 - - [18/Dec/2025:13:02:17 +0000] "GET /?l=096608e9121a HTTP/1.1" 200 218105 "-" "Mozilla/5.0 (Linux; Android 6.0.1; Nexus 5X Build/MMB29P) AppleWebKit/537.36 (KHTML, like Gecko) Chrome/141.0.7390.122 Mobile Safari/537.36 (compatible; Googlebot/2.1; +http://www.google.com/bot.html)"
216.73.216.107 - - [18/Dec/2025:13:02:17 +0000] "GET /page/119/?goods=20174402 HTTP/1.1" 200 0 "-" "Mozilla/5.0 AppleWebKit/537.36 (KHTML, like Gecko; compatible; ClaudeBot/1.0; +claudebot@anthropic.com)"
216.73.216.107 - - [18/Dec/2025:13:02:18 +0000] "GET /page/4/?goods=636830054 HTTP/1.1" 200 0 "-" "Mozilla/5.0 AppleWebKit/537.36 (KHTML, like Gecko; compatible; ClaudeBot/1.0; +claudebot@anthropic.com)"
216.73.216.107 - - [18/Dec/2025:13:02:18 +0000] "GET /page/4/?goods=636581444 HTTP/1.1" 200 0 "-" "Mozilla/5.0 AppleWebKit/537.36 (KHTML, like Gecko; compatible; ClaudeBot/1.0; +claudebot@anthropic.com)"
66.249.72.235 - - [18/Dec/2025:13:02:26 +0000] "GET /?l=0659789baea4 HTTP/1.1" 200 235752 "-" "Mozilla/5.0 (Linux; Android 6.0.1; Nexus 5X Build/MMB29P) AppleWebKit/537.36 (KHTML, like Gecko) Chrome/141.0.7390.122 Mobile Safari/537.36 (compatible; Googlebot/2.1; +http://www.google.com/bot.html)"
216.73.216.107 - - [18/Dec/2025:13:02:37 +0000] "GET /page/118/?goods=20114020 HTTP/1.1" 200 0 "-" "Mozilla/5.0 AppleWebKit/537.36 (KHTML, like Gecko; compatible; ClaudeBot/1.0; +claudebot@anthropic.com)"
216.73.216.107 - - [18/Dec/2025:13:02:37 +0000] "GET /page/8/?goods=1201280930 HTTP/1.1" 200 0 "-" "Mozilla/5.0 AppleWebKit/537.36 (KHTML, like Gecko; compatible; ClaudeBot/1.0; +claudebot@anthropic.com)"
216.73.216.107 - - [18/Dec/2025:13:02:38 +0000] "GET /page/118/?goods=20159156 HTTP/1.1" 200 0 "-" "Mozilla/5.0 AppleWebKit/537.36 (KHTML, like Gecko; compatible; ClaudeBot/1.0; +claudebot@anthropic.com)"
216.73.216.107 - - [18/Dec/2025:13:02:39 +0000] "GET /page/118/?goods=20174402 HTTP/1.1" 200 0 "-" "Mozilla/5.0 AppleWebKit/537.36 (KHTML, like Gecko; compatible; ClaudeBot/1.0; +claudebot@anthropic.com)"
216.73.216.107 - - [18/Dec/2025:13:02:39 +0000] "GET /page/124/?goods=636830054 HTTP/1.1" 200 0 "-" "Mozilla/5.0 AppleWebKit/537.36 (KHTML, like Gecko; compatible; ClaudeBot/1.0; +claudebot@anthropic.com)"
66.249.72.235 - - [18/Dec/2025:13:02:44 +0000] "GET /?goods=17498268 HTTP/1.1" 200 247752 "-" "Mozilla/5.0 (Linux; Android 6.0.1; Nexus 5X Build/MMB29P) AppleWebKit/537.36 (KHTML, like Gecko) Chrome/141.0.7390.122 Mobile Safari/537.36 (compatible; Googlebot/2.1; +http://www.google.com/bot.html)"
66.249.72.235 - - [18/Dec/2025:13:02:44 +0000] "GET /?l=015292ff7696 HTTP/1.1" 200 231507 "-" "Mozilla/5.0 (Linux; Android 6.0.1; Nexus 5X Build/MMB29P) AppleWebKit/537.36 (KHTML, like Gecko) Chrome/141.0.7390.122 Mobile Safari/537.36 (compatible; Googlebot/2.1; +http://www.google.com/bot.html)"
66.249.72.237 - - [18/Dec/2025:13:03:02 +0000] "GET /?l=096538107141 HTTP/1.1" 200 232630 "-" "Mozilla/5.0 (Linux; Android 6.0.1; Nexus 5X Build/MMB29P) AppleWebKit/537.36 (KHTML, like Gecko) Chrome/141.0.7390.122 Mobile Safari/537.36 (compatible; Googlebot/2.1; +http://www.google.com/bot.html)"
216.73.216.107 - - [18/Dec/2025:13:03:23 +0000] "GET /page/124/?goods=868738246 HTTP/1.1" 200 0 "-" "Mozilla/5.0 AppleWebKit/537.36 (KHTML, like Gecko; compatible; ClaudeBot/1.0; +claudebot@anthropic.com)"
216.73.216.107 - - [18/Dec/2025:13:03:23 +0000] "GET /page/3/?goods=868841926 HTTP/1.1" 200 0 "-" "Mozilla/5.0 AppleWebKit/537.36 (KHTML, like Gecko; compatible; ClaudeBot/1.0; +claudebot@anthropic.com)"
216.73.216.107 - - [18/Dec/2025:13:03:23 +0000] "GET /page/124/?goods=868841926 HTTP/1.1" 200 0 "-" "Mozilla/5.0 AppleWebKit/537.36 (KHTML, like Gecko; compatible; ClaudeBot/1.0; +claudebot@anthropic.com)"
216.73.216.107 - - [18/Dec/2025:13:03:24 +0000] "GET /page/123/?goods=19781734 HTTP/1.1" 200 0 "-" "Mozilla/5.0 AppleWebKit/537.36 (KHTML, like Gecko; compatible; ClaudeBot/1.0; +claudebot@anthropic.com)"
66.249.72.235 - - [18/Dec/2025:13:03:29 +0000] "GET /?l=1644417ba0d3 HTTP/1.1" 200 271365 "-" "Mozilla/5.0 (Linux; Android 6.0.1; Nexus 5X Build/MMB29P) AppleWebKit/537.36 (KHTML, like Gecko) Chrome/141.0.7390.122 Mobile Safari/537.36 (compatible; Googlebot/2.1; +http://www.google.com/bot.html)"
66.249.72.235 - - [18/Dec/2025:13:03:30 +0000] "GET /?goods=1798840472 HTTP/1.1" 200 234553 "-" "Mozilla/5.0 (Linux; Android 6.0.1; Nexus 5X Build/MMB29P) AppleWebKit/537.36 (KHTML, like Gecko) Chrome/141.0.7390.122 Mobile Safari/537.36 (compatible; Googlebot/2.1; +http://www.google.com/bot.html)"
216.73.216.107 - - [18/Dec/2025:13:03:43 +0000] "GET /page/117/?goods=19826870 HTTP/1.1" 200 0 "-" "Mozilla/5.0 AppleWebKit/537.36 (KHTML, like Gecko; compatible; ClaudeBot/1.0; +claudebot@anthropic.com)"
216.73.216.107 - - [18/Dec/2025:13:03:43 +0000] "GET /page/117/?goods=1201460962 HTTP/1.1" 200 0 "-" "Mozilla/5.0 AppleWebKit/537.36 (KHTML, like Gecko; compatible; ClaudeBot/1.0; +claudebot@anthropic.com)"
216.73.216.107 - - [18/Dec/2025:13:03:44 +0000] "GET /page/8/?goods=1038889440 HTTP/1.1" 200 0 "-" "Mozilla/5.0 AppleWebKit/537.36 (KHTML, like Gecko; compatible; ClaudeBot/1.0; +claudebot@anthropic.com)"
216.73.216.107 - - [18/Dec/2025:13:03:44 +0000] "GET /page/3/?goods=868738246 HTTP/1.1" 200 0 "-" "Mozilla/5.0 AppleWebKit/537.36 (KHTML, like Gecko; compatible; ClaudeBot/1.0; +claudebot@anthropic.com)"
66.249.72.235 - - [18/Dec/2025:13:04:05 +0000] "GET /?l=0042726238d7 HTTP/1.1" 200 219968 "-" "Mozilla/5.0 (Linux; Android 6.0.1; Nexus 5X Build/MMB29P) AppleWebKit/537.36 (KHTML, like Gecko) Chrome/141.0.7390.122 Mobile Safari/537.36 (compatible; Googlebot/2.1; +http://www.google.com/bot.html)"
66.249.72.235 - - [18/Dec/2025:13:04:06 +0000] "GET /?l=09586348ca6a HTTP/1.1" 200 246397 "-" "Mozilla/5.0 (Linux; Android 6.0.1; Nexus 5X Build/MMB29P) AppleWebKit/537.36 (KHTML, like Gecko) Chrome/141.0.7390.122 Mobile Safari/537.36 (compatible; Googlebot/2.1; +http://www.google.com/bot.html)"
216.73.216.107 - - [18/Dec/2025:13:04:20 +0000] "GET /page/7/?goods=1861389360 HTTP/1.1" 200 0 "-" "Mozilla/5.0 AppleWebKit/537.36 (KHTML, like Gecko; compatible; ClaudeBot/1.0; +claudebot@anthropic.com)"
216.73.216.107 - - [18/Dec/2025:13:04:20 +0000] "GET /page/7/?goods=1038816332 HTTP/1.1" 200 0 "-" "Mozilla/5.0 AppleWebKit/537.36 (KHTML, like Gecko; compatible; ClaudeBot/1.0; +claudebot@anthropic.com)"
216.73.216.107 - - [18/Dec/2025:13:04:20 +0000] "GET /page/117/?goods=19794268 HTTP/1.1" 200 0 "-" "Mozilla/5.0 AppleWebKit/537.36 (KHTML, like Gecko; compatible; ClaudeBot/1.0; +claudebot@anthropic.com)"
216.73.216.107 - - [18/Dec/2025:13:04:21 +0000] "GET /page/117/?goods=20049476 HTTP/1.1" 200 0 "-" "Mozilla/5.0 AppleWebKit/537.36 (KHTML, like Gecko; compatible; ClaudeBot/1.0; +claudebot@anthropic.com)"
216.73.216.107 - - [18/Dec/2025:13:04:56 +0000] "GET /page/117/?goods=1201434360 HTTP/1.1" 200 0 "-" "Mozilla/5.0 AppleWebKit/537.36 (KHTML, like Gecko; compatible; ClaudeBot/1.0; +claudebot@anthropic.com)"
216.73.216.107 - - [18/Dec/2025:13:04:56 +0000] "GET /page/2/?goods=1520134828 HTTP/1.1" 200 0 "-" "Mozilla/5.0 AppleWebKit/537.36 (KHTML, like Gecko; compatible; ClaudeBot/1.0; +claudebot@anthropic.com)"
216.73.216.107 - - [18/Dec/2025:13:04:56 +0000] "GET /page/117/?goods=1745906128 HTTP/1.1" 200 0 "-" "Mozilla/5.0 AppleWebKit/537.36 (KHTML, like Gecko; compatible; ClaudeBot/1.0; +claudebot@anthropic.com)"
216.73.216.107 - - [18/Dec/2025:13:04:57 +0000] "GET /page/117/?goods=1746087034 HTTP/1.1" 200 0 "-" "Mozilla/5.0 AppleWebKit/537.36 (KHTML, like Gecko; compatible; ClaudeBot/1.0; +claudebot@anthropic.com)"
66.249.72.237 - - [18/Dec/2025:13:04:57 +0000] "GET /?goods=41435424 HTTP/1.1" 200 247862 "-" "Mozilla/5.0 (Linux; Android 6.0.1; Nexus 5X Build/MMB29P) AppleWebKit/537.36 (KHTML, like Gecko) Chrome/141.0.7390.122 Mobile Safari/537.36 (compatible; Googlebot/2.1; +http://www.google.com/bot.html)"
66.249.72.237 - - [18/Dec/2025:13:05:07 +0000] "GET /?l=126370506d91 HTTP/1.1" 200 0 "-" "Mozilla/5.0 (Linux; Android 6.0.1; Nexus 5X Build/MMB29P) AppleWebKit/537.36 (KHTML, like Gecko) Chrome/141.0.7390.122 Mobile Safari/537.36 (compatible; GoogleOther)"
216.73.216.107 - - [18/Dec/2025:13:05:08 +0000] "GET /page/2/?goods=1520051814 HTTP/1.1" 200 0 "-" "Mozilla/5.0 AppleWebKit/537.36 (KHTML, like Gecko; compatible; ClaudeBot/1.0; +claudebot@anthropic.com)"
216.73.216.107 - - [18/Dec/2025:13:05:08 +0000] "GET /page/117/?goods=1746272422 HTTP/1.1" 200 0 "-" "Mozilla/5.0 AppleWebKit/537.36 (KHTML, like Gecko; compatible; ClaudeBot/1.0; +claudebot@anthropic.com)"
216.73.216.107 - - [18/Dec/2025:13:05:09 +0000] "GET /page/117/?goods=1746402624 HTTP/1.1" 200 0 "-" "Mozilla/5.0 AppleWebKit/537.36 (KHTML, like Gecko; compatible; ClaudeBot/1.0; +claudebot@anthropic.com)"
216.73.216.107 - - [18/Dec/2025:13:05:09 +0000] "GET /page/115/?goods=1745982774 HTTP/1.1" 200 0 "-" "Mozilla/5.0 AppleWebKit/537.36 (KHTML, like Gecko; compatible; ClaudeBot/1.0; +claudebot@anthropic.com)"
216.73.216.107 - - [18/Dec/2025:13:05:24 +0000] "GET /page/7/?goods=1384941216 HTTP/1.1" 200 0 "-" "Mozilla/5.0 AppleWebKit/537.36 (KHTML, like Gecko; compatible; ClaudeBot/1.0; +claudebot@anthropic.com)"
216.73.216.107 - - [18/Dec/2025:13:05:24 +0000] "GET /page/114/?goods=1746474426 HTTP/1.1" 200 0 "-" "Mozilla/5.0 AppleWebKit/537.36 (KHTML, like Gecko; compatible; ClaudeBot/1.0; +claudebot@anthropic.com)"
66.249.72.232 - - [18/Dec/2025:13:05:24 +0000] "GET /?l=0653621ba236 HTTP/1.1" 200 239822 "-" "Mozilla/5.0 (Linux; Android 6.0.1; Nexus 5X Build/MMB29P) AppleWebKit/537.36 (KHTML, like Gecko) Chrome/141.0.7390.122 Mobile Safari/537.36 (compatible; Googlebot/2.1; +http://www.google.com/bot.html)"
216.73.216.107 - - [18/Dec/2025:13:05:24 +0000] "GET /page/8/?goods=1038480158 HTTP/1.1" 200 0 "-" "Mozilla/5.0 AppleWebKit/537.36 (KHTML, like Gecko; compatible; ClaudeBot/1.0; +claudebot@anthropic.com)"
216.73.216.107 - - [18/Dec/2025:13:05:25 +0000] "GET /page/114/?goods=1745982774 HTTP/1.1" 200 0 "-" "Mozilla/5.0 AppleWebKit/537.36 (KHTML, like Gecko; compatible; ClaudeBot/1.0; +claudebot@anthropic.com)"
66.249.72.233 - - [18/Dec/2025:13:05:51 +0000] "GET /?l=016020a4218a HTTP/1.1" 200 230771 "-" "Mozilla/5.0 (Linux; Android 6.0.1; Nexus 5X Build/MMB29P) AppleWebKit/537.36 (KHTML, like Gecko) Chrome/141.0.7390.122 Mobile Safari/537.36 (compatible; Googlebot/2.1; +http://www.google.com/bot.html)"
66.249.72.233 - - [18/Dec/2025:13:06:00 +0000] "GET /?l=0161464d20d3 HTTP/1.1" 200 228963 "-" "Mozilla/5.0 (Linux; Android 6.0.1; Nexus 5X Build/MMB29P) AppleWebKit/537.36 (KHTML, like Gecko) Chrome/141.0.7390.122 Mobile Safari/537.36 (compatible; Googlebot/2.1; +http://www.google.com/bot.html)"
66.249.72.232 - - [18/Dec/2025:13:06:00 +0000] "GET /page/2/?goods=74029718 HTTP/1.1" 200 237448 "-" "Mozilla/5.0 (Linux; Android 6.0.1; Nexus 5X Build/MMB29P) AppleWebKit/537.36 (KHTML, like Gecko) Chrome/141.0.7390.122 Mobile Safari/537.36 (compatible; Googlebot/2.1; +http://www.google.com/bot.html)"
66.249.72.234 - - [18/Dec/2025:13:06:01 +0000] "GET /?l=064774ef1279 HTTP/1.1" 200 233095 "-" "Mozilla/5.0 (Linux; Android 6.0.1; Nexus 5X Build/MMB29P) AppleWebKit/537.36 (KHTML, like Gecko) Chrome/141.0.7390.122 Mobile Safari/537.36 (compatible; Googlebot/2.1; +http://www.google.com/bot.html)"
216.73.216.107 - - [18/Dec/2025:13:06:05 +0000] "GET /page/2/?goods=1519997288 HTTP/1.1" 200 0 "-" "Mozilla/5.0 AppleWebKit/537.36 (KHTML, like Gecko; compatible; ClaudeBot/1.0; +claudebot@anthropic.com)"
216.73.216.107 - - [18/Dec/2025:13:06:05 +0000] "GET /page/123/?goods=1384899304 HTTP/1.1" 200 0 "-" "Mozilla/5.0 AppleWebKit/537.36 (KHTML, like Gecko; compatible; ClaudeBot/1.0; +claudebot@anthropic.com)"
216.73.216.107 - - [18/Dec/2025:13:06:05 +0000] "GET /page/123/?goods=1384844794 HTTP/1.1" 200 0 "-" "Mozilla/5.0 AppleWebKit/537.36 (KHTML, like Gecko; compatible; ClaudeBot/1.0; +claudebot@anthropic.com)"
216.73.216.107 - - [18/Dec/2025:13:06:06 +0000] "GET /page/2/?goods=1644910592 HTTP/1.1" 200 0 "-" "Mozilla/5.0 AppleWebKit/537.36 (KHTML, like Gecko; compatible; ClaudeBot/1.0; +claudebot@anthropic.com)"
66.249.72.232 - - [18/Dec/2025:13:06:20 +0000] "GET /?goods=79975350 HTTP/1.1" 200 247870 "-" "Mozilla/5.0 (Linux; Android 6.0.1; Nexus 5X Build/MMB29P) AppleWebKit/537.36 (KHTML, like Gecko) Chrome/141.0.7390.122 Mobile Safari/537.36 (compatible; Googlebot/2.1; +http://www.google.com/bot.html)"
216.73.216.107 - - [18/Dec/2025:13:06:31 +0000] "GET /page/116/?goods=1038631686 HTTP/1.1" 200 0 "-" "Mozilla/5.0 AppleWebKit/537.36 (KHTML, like Gecko; compatible; ClaudeBot/1.0; +claudebot@anthropic.com)"
216.73.216.107 - - [18/Dec/2025:13:06:31 +0000] "GET /page/6/?goods=1520156074 HTTP/1.1" 200 0 "-" "Mozilla/5.0 AppleWebKit/537.36 (KHTML, like Gecko; compatible; ClaudeBot/1.0; +claudebot@anthropic.com)"
216.73.216.107 - - [18/Dec/2025:13:06:32 +0000] "GET /page/6/?goods=1746188002 HTTP/1.1" 200 0 "-" "Mozilla/5.0 AppleWebKit/537.36 (KHTML, like Gecko; compatible; ClaudeBot/1.0; +claudebot@anthropic.com)"
216.73.216.107 - - [18/Dec/2025:13:06:32 +0000] "GET /page/123/?goods=1201575934 HTTP/1.1" 200 0 "-" "Mozilla/5.0 AppleWebKit/537.36 (KHTML, like Gecko; compatible; ClaudeBot/1.0; +claudebot@anthropic.com)"
216.73.216.107 - - [18/Dec/2025:13:06:41 +0000] "GET /page/124/?goods=1520051814 HTTP/1.1" 200 0 "-" "Mozilla/5.0 AppleWebKit/537.36 (KHTML, like Gecko; compatible; ClaudeBot/1.0; +claudebot@anthropic.com)"
216.73.216.107 - - [18/Dec/2025:13:06:41 +0000] "GET /page/124/?goods=1520134828 HTTP/1.1" 200 0 "-" "Mozilla/5.0 AppleWebKit/537.36 (KHTML, like Gecko; compatible; ClaudeBot/1.0; +claudebot@anthropic.com)"
216.73.216.107 - - [18/Dec/2025:13:06:42 +0000] "GET /page/113/?goods=1746474426 HTTP/1.1" 200 0 "-" "Mozilla/5.0 AppleWebKit/537.36 (KHTML, like Gecko; compatible; ClaudeBot/1.0; +claudebot@anthropic.com)"
216.73.216.107 - - [18/Dec/2025:13:06:42 +0000] "GET /page/8/?goods=1558650932 HTTP/1.1" 200 0 "-" "Mozilla/5.0 AppleWebKit/537.36 (KHTML, like Gecko; compatible; ClaudeBot/1.0; +claudebot@anthropic.com)"
66.249.72.233 - - [18/Dec/2025:13:06:57 +0000] "GET /?goods=1778104514 HTTP/1.1" 200 232232 "-" "Mozilla/5.0 (Linux; Android 6.0.1; Nexus 5X Build/MMB29P) AppleWebKit/537.36 (KHTML, like Gecko) Chrome/141.0.7390.122 Mobile Safari/537.36 (compatible; Googlebot/2.1; +http://www.google.com/bot.html)"
66.249.72.232 - - [18/Dec/2025:13:07:24 +0000] "GET /?goods=96270836 HTTP/1.1" 200 216359 "-" "Mozilla/5.0 (Linux; Android 6.0.1; Nexus 5X Build/MMB29P) AppleWebKit/537.36 (KHTML, like Gecko) Chrome/141.0.7390.122 Mobile Safari/537.36 (compatible; Googlebot/2.1; +http://www.google.com/bot.html)"
66.249.72.233 - - [18/Dec/2025:13:07:27 +0000] "GET /?l=065614fe26bb HTTP/1.1" 200 0 "-" "Mozilla/5.0 (Linux; Android 6.0.1; Nexus 5X Build/MMB29P) AppleWebKit/537.36 (KHTML, like Gecko) Chrome/141.0.7390.122 Mobile Safari/537.36 (compatible; GoogleOther)"
216.73.216.107 - - [18/Dec/2025:13:07:28 +0000] "GET /page/8/?goods=1038399626 HTTP/1.1" 200 0 "-" "Mozilla/5.0 AppleWebKit/537.36 (KHTML, like Gecko; compatible; ClaudeBot/1.0; +claudebot@anthropic.com)"
216.73.216.107 - - [18/Dec/2025:13:07:28 +0000] "GET /page/5/?goods=1201564642 HTTP/1.1" 200 0 "-" "Mozilla/5.0 AppleWebKit/537.36 (KHTML, like Gecko; compatible; ClaudeBot/1.0; +claudebot@anthropic.com)"
216.73.216.107 - - [18/Dec/2025:13:07:28 +0000] "GET /page/124/?goods=1038747882 HTTP/1.1" 200 0 "-" "Mozilla/5.0 AppleWebKit/537.36 (KHTML, like Gecko; compatible; ClaudeBot/1.0; +claudebot@anthropic.com)"
216.73.216.107 - - [18/Dec/2025:13:07:29 +0000] "GET /page/116/?goods=1201460962 HTTP/1.1" 200 0 "-" "Mozilla/5.0 AppleWebKit/537.36 (KHTML, like Gecko; compatible; ClaudeBot/1.0; +claudebot@anthropic.com)"
66.249.72.232 - - [18/Dec/2025:13:07:33 +0000] "GET /?goods=58257100 HTTP/1.1" 200 249046 "-" "Mozilla/5.0 (Linux; Android 6.0.1; Nexus 5X Build/MMB29P) AppleWebKit/537.36 (KHTML, like Gecko) Chrome/141.0.7390.122 Mobile Safari/537.36 (compatible; Googlebot/2.1; +http://www.google.com/bot.html)"
178.156.199.114 - - [18/Dec/2025:13:07:42 +0000] "GET /tag/sabung-ayam/ HTTP/1.1" 200 0 "-" "Mozilla/5.0 (Windows NT 10.0; Win64; x64) AppleWebKit/537.36 (KHTML, like Gecko) Chrome/84.0.4147.105 Safari/537.36"
216.73.216.107 - - [18/Dec/2025:13:07:49 +0000] "GET /page/118/?goods=1746402624 HTTP/1.1" 200 0 "-" "Mozilla/5.0 AppleWebKit/537.36 (KHTML, like Gecko; compatible; ClaudeBot/1.0; +claudebot@anthropic.com)"
216.73.216.107 - - [18/Dec/2025:13:07:49 +0000] "GET /page/118/?goods=1746272422 HTTP/1.1" 200 0 "-" "Mozilla/5.0 AppleWebKit/537.36 (KHTML, like Gecko; compatible; ClaudeBot/1.0; +claudebot@anthropic.com)"
216.73.216.107 - - [18/Dec/2025:13:07:49 +0000] "GET /page/5/?goods=1384388244 HTTP/1.1" 200 0 "-" "Mozilla/5.0 AppleWebKit/537.36 (KHTML, like Gecko; compatible; ClaudeBot/1.0; +claudebot@anthropic.com)"
216.73.216.107 - - [18/Dec/2025:13:07:50 +0000] "GET /page/6/?goods=1861389360 HTTP/1.1" 200 0 "-" "Mozilla/5.0 AppleWebKit/537.36 (KHTML, like Gecko; compatible; ClaudeBot/1.0; +claudebot@anthropic.com)"
66.249.72.234 - - [18/Dec/2025:13:08:00 +0000] "GET /?l=02146714f0c6e HTTP/1.1" 200 241592 "-" "Mozilla/5.0 (Linux; Android 6.0.1; Nexus 5X Build/MMB29P) AppleWebKit/537.36 (KHTML, like Gecko) Chrome/141.0.7390.122 Mobile Safari/537.36 (compatible; Googlebot/2.1; +http://www.google.com/bot.html)"
216.73.216.107 - - [18/Dec/2025:13:08:10 +0000] "GET /page/115/?goods=1038988590 HTTP/1.1" 200 0 "-" "Mozilla/5.0 AppleWebKit/537.36 (KHTML, like Gecko; compatible; ClaudeBot/1.0; +claudebot@anthropic.com)"
216.73.216.107 - - [18/Dec/2025:13:08:10 +0000] "GET /page/9/?goods=1559197110 HTTP/1.1" 200 0 "-" "Mozilla/5.0 AppleWebKit/537.36 (KHTML, like Gecko; compatible; ClaudeBot/1.0; +claudebot@anthropic.com)"
216.73.216.107 - - [18/Dec/2025:13:08:11 +0000] "GET /page/116/?goods=1861031214 HTTP/1.1" 200 0 "-" "Mozilla/5.0 AppleWebKit/537.36 (KHTML, like Gecko; compatible; ClaudeBot/1.0; +claudebot@anthropic.com)"
216.73.216.107 - - [18/Dec/2025:13:08:11 +0000] "GET /page/9/?goods=1558650932 HTTP/1.1" 200 0 "-" "Mozilla/5.0 AppleWebKit/537.36 (KHTML, like Gecko; compatible; ClaudeBot/1.0; +claudebot@anthropic.com)"
66.249.72.233 - - [18/Dec/2025:13:08:18 +0000] "GET /?l=00649771b99a HTTP/1.1" 200 225598 "-" "Mozilla/5.0 (Linux; Android 6.0.1; Nexus 5X Build/MMB29P) AppleWebKit/537.36 (KHTML, like Gecko) Chrome/141.0.7390.122 Mobile Safari/537.36 (compatible; Googlebot/2.1; +http://www.google.com/bot.html)"
172.241.246.13 - - [18/Dec/2025:13:08:20 +0000] "GET / HTTP/1.1" 200 0 "-" "Mozilla/5.0 (Macintosh; Intel Mac OS X 10_15_7) AppleWebKit/537.36 (KHTML, like Gecko) Chrome/131.0.0.0 Safari/537.36"
