172.241.246.13 - - [18/Dec/2025:13:08:21 +0000] "GET /about-us/ HTTP/1.1" 200 0 "-" "Mozilla/5.0 (Macintosh; Intel Mac OS X 10_15_7) AppleWebKit/537.36 (KHTML, like Gecko) Chrome/131.0.0.0 Safari/537.36"
172.241.246.13 - - [18/Dec/2025:13:08:21 +0000] "GET /contact-us/ HTTP/1.1" 200 0 "-" "Mozilla/5.0 (Macintosh; Intel Mac OS X 10_15_7) AppleWebKit/537.36 (KHTML, like Gecko) Chrome/131.0.0.0 Safari/537.36"
172.241.246.13 - - [18/Dec/2025:13:08:21 +0000] "GET /privacy-policy/ HTTP/1.1" 200 0 "-" "Mozilla/5.0 (Macintosh; Intel Mac OS X 10_15_7) AppleWebKit/537.36 (KHTML, like Gecko) Chrome/131.0.0.0 Safari/537.36"
172.241.246.13 - - [18/Dec/2025:13:08:22 +0000] "GET /wp-content/themes/altitude-pro/js/global.js?ver=1.0.0 HTTP/1.1" 200 0 "-" "Mozilla/5.0 (Macintosh; Intel Mac OS X 10_15_7) AppleWebKit/537.36 (KHTML, like Gecko) Chrome/131.0.0.0 Safari/537.36"
66.249.72.232 - - [18/Dec/2025:13:08:44 +0000] "GET /?goods=3613012 HTTP/1.1" 200 239647 "-" "Mozilla/5.0 (Linux; Android 6.0.1; Nexus 5X Build/MMB29P) AppleWebKit/537.36 (KHTML, like Gecko) Chrome/141.0.7390.122 Mobile Safari/537.36 (compatible; Googlebot/2.1; +http://www.google.com/bot.html)"
216.73.216.107 - - [18/Dec/2025:13:09:17 +0000] "GET /page/124/?goods=1746110860 HTTP/1.1" 200 0 "-" "Mozilla/5.0 AppleWebKit/537.36 (KHTML, like Gecko; compatible; ClaudeBot/1.0; +claudebot@anthropic.com)"
216.73.216.107 - - [18/Dec/2025:13:09:17 +0000] "GET /page/120/?goods=1384310634 HTTP/1.1" 200 0 "-" "Mozilla/5.0 AppleWebKit/537.36 (KHTML, like Gecko; compatible; ClaudeBot/1.0; +claudebot@anthropic.com)"
216.73.216.107 - - [18/Dec/2025:13:09:17 +0000] "GET /page/118/?goods=1384534416 HTTP/1.1" 200 0 "-" "Mozilla/5.0 AppleWebKit/537.36 (KHTML, like Gecko; compatible; ClaudeBot/1.0; +claudebot@anthropic.com)"
216.73.216.107 - - [18/Dec/2025:13:09:18 +0000] "GET /page/115/?goods=1384565116 HTTP/1.1" 200 0 "-" "Mozilla/5.0 AppleWebKit/537.36 (KHTML, like Gecko; compatible; ClaudeBot/1.0; +claudebot@anthropic.com)"
216.73.216.107 - - [18/Dec/2025:13:09:25 +0000] "GET /page/121/?goods=1384310634 HTTP/1.1" 200 0 "-" "Mozilla/5.0 AppleWebKit/537.36 (KHTML, like Gecko; compatible; ClaudeBot/1.0; +claudebot@anthropic.com)"
216.73.216.107 - - [18/Dec/2025:13:09:25 +0000] "GET /page/116/?goods=1384565116 HTTP/1.1" 200 0 "-" "Mozilla/5.0 AppleWebKit/537.36 (KHTML, like Gecko; compatible; ClaudeBot/1.0; +claudebot@anthropic.com)"
216.73.216.107 - - [18/Dec/2025:13:09:25 +0000] "GET /page/6/?goods=1746110860 HTTP/1.1" 200 0 "-" "Mozilla/5.0 AppleWebKit/537.36 (KHTML, like Gecko; compatible; ClaudeBot/1.0; +claudebot@anthropic.com)"
216.73.216.107 - - [18/Dec/2025:13:09:26 +0000] "GET /page/118/?goods=1038616424 HTTP/1.1" 200 0 "-" "Mozilla/5.0 AppleWebKit/537.36 (KHTML, like Gecko; compatible; ClaudeBot/1.0; +claudebot@anthropic.com)"
66.249.72.233 - - [18/Dec/2025:13:09:41 +0000] "GET /?goods=1800063968 HTTP/1.1" 200 231394 "-" "Mozilla/5.0 (Linux; Android 6.0.1; Nexus 5X Build/MMB29P) AppleWebKit/537.36 (KHTML, like Gecko) Chrome/141.0.7390.122 Mobile Safari/537.36 (compatible; Googlebot/2.1; +http://www.google.com/bot.html)"
216.73.216.107 - - [18/Dec/2025:13:09:43 +0000] "GET /sitemap.xml HTTP/1.1" 200 0 "-" "Mozilla/5.0 AppleWebKit/537.36 (KHTML, like Gecko; compatible; ClaudeBot/1.0; +claudebot@anthropic.com)"
216.73.216.107 - - [18/Dec/2025:13:09:44 +0000] "GET /page/116/?goods=1038988590 HTTP/1.1" 200 0 "-" "Mozilla/5.0 AppleWebKit/537.36 (KHTML, like Gecko; compatible; ClaudeBot/1.0; +claudebot@anthropic.com)"
216.73.216.107 - - [18/Dec/2025:13:09:44 +0000] "GET /page/9/?goods=1038399626 HTTP/1.1" 200 0 "-" "Mozilla/5.0 AppleWebKit/537.36 (KHTML, like Gecko; compatible; ClaudeBot/1.0; +claudebot@anthropic.com)"
216.73.216.107 - - [18/Dec/2025:13:09:45 +0000] "GET /page/9/?goods=1861385342 HTTP/1.1" 200 0 "-" "Mozilla/5.0 AppleWebKit/537.36 (KHTML, like Gecko; compatible; ClaudeBot/1.0; +claudebot@anthropic.com)"
66.249.72.234 - - [18/Dec/2025:13:09:59 +0000] "GET /?goods=41175602 HTTP/1.1" 200 262578 "-" "Mozilla/5.0 (Linux; Android 6.0.1; Nexus 5X Build/MMB29P) AppleWebKit/537.36 (KHTML, like Gecko) Chrome/141.0.7390.122 Mobile Safari/537.36 (compatible; Googlebot/2.1; +http://www.google.com/bot.html)"
216.73.216.107 - - [18/Dec/2025:13:10:05 +0000] "GET /page/5/?goods=1200875516 HTTP/1.1" 200 0 "-" "Mozilla/5.0 AppleWebKit/537.36 (KHTML, like Gecko; compatible; ClaudeBot/1.0; +claudebot@anthropic.com)"
216.73.216.107 - - [18/Dec/2025:13:10:05 +0000] "GET /page/3/?goods=1519997288 HTTP/1.1" 200 0 "-" "Mozilla/5.0 AppleWebKit/537.36 (KHTML, like Gecko; compatible; ClaudeBot/1.0; +claudebot@anthropic.com)"
216.73.216.107 - - [18/Dec/2025:13:10:06 +0000] "GET /page/3/?goods=1644910592 HTTP/1.1" 200 0 "-" "Mozilla/5.0 AppleWebKit/537.36 (KHTML, like Gecko; compatible; ClaudeBot/1.0; +claudebot@anthropic.com)"
216.73.216.107 - - [18/Dec/2025:13:10:06 +0000] "GET /page/124/?goods=1519997288 HTTP/1.1" 200 0 "-" "Mozilla/5.0 AppleWebKit/537.36 (KHTML, like Gecko; compatible; ClaudeBot/1.0; +claudebot@anthropic.com)"
66.249.72.234 - - [18/Dec/2025:13:10:08 +0000] "GET /?goods=1785759314 HTTP/1.1" 200 235514 "-" "Mozilla/5.0 (Linux; Android 6.0.1; Nexus 5X Build/MMB29P) AppleWebKit/537.36 (KHTML, like Gecko) Chrome/141.0.7390.122 Mobile Safari/537.36 (compatible; Googlebot/2.1; +http://www.google.com/bot.html)"
66.249.72.235 - - [18/Dec/2025:13:10:54 +0000] "GET /?goods=1791544044 HTTP/1.1" 200 228418 "-" "Mozilla/5.0 (Linux; Android 6.0.1; Nexus 5X Build/MMB29P) AppleWebKit/537.36 (KHTML, like Gecko) Chrome/141.0.7390.122 Mobile Safari/537.36 (compatible; Googlebot/2.1; +http://www.google.com/bot.html)"
216.73.216.107 - - [18/Dec/2025:13:11:02 +0000] "GET /page/11/?goods=1038696810 HTTP/1.1" 200 0 "-" "Mozilla/5.0 AppleWebKit/537.36 (KHTML, like Gecko; compatible; ClaudeBot/1.0; +claudebot@anthropic.com)"
216.73.216.107 - - [18/Dec/2025:13:11:02 +0000] "GET /page/7/?goods=1520156074 HTTP/1.1" 200 0 "-" "Mozilla/5.0 AppleWebKit/537.36 (KHTML, like Gecko; compatible; ClaudeBot/1.0; +claudebot@anthropic.com)"
216.73.216.107 - - [18/Dec/2025:13:11:03 +0000] "GET /page/2/?goods=868841926 HTTP/1.1" 200 0 "-" "Mozilla/5.0 AppleWebKit/537.36 (KHTML, like Gecko; compatible; ClaudeBot/1.0; +claudebot@anthropic.com)"
216.73.216.107 - - [18/Dec/2025:13:11:03 +0000] "GET /page/2/?goods=868738246 HTTP/1.1" 200 0 "-" "Mozilla/5.0 AppleWebKit/537.36 (KHTML, like Gecko; compatible; ClaudeBot/1.0; +claudebot@anthropic.com)"
216.73.216.107 - - [18/Dec/2025:13:11:04 +0000] "GET /page/123/?goods=636594638 HTTP/1.1" 200 0 "-" "Mozilla/5.0 AppleWebKit/537.36 (KHTML, like Gecko; compatible; ClaudeBot/1.0; +claudebot@anthropic.com)"
66.249.72.236 - - [18/Dec/2025:13:11:12 +0000] "GET /?goods=26513446 HTTP/1.1" 200 243694 "-" "Mozilla/5.0 (Linux; Android 6.0.1; Nexus 5X Build/MMB29P) AppleWebKit/537.36 (KHTML, like Gecko) Chrome/141.0.7390.122 Mobile Safari/537.36 (compatible; Googlebot/2.1; +http://www.google.com/bot.html)"
192.178.4.103 - - [18/Dec/2025:13:11:12 +0000] "GET /?l=1610536c04732 HTTP/1.1" 200 254167 "-" "Mozilla/5.0 (Linux; Android 6.0.1; Nexus 5X Build/MMB29P) AppleWebKit/537.36 (KHTML, like Gecko) Chrome/141.0.7390.122 Mobile Safari/537.36 (compatible; Googlebot/2.1; +http://www.google.com/bot.html)"
66.249.72.236 - - [18/Dec/2025:13:11:12 +0000] "GET /?goods=82380160 HTTP/1.1" 200 249569 "-" "Mozilla/5.0 (Linux; Android 6.0.1; Nexus 5X Build/MMB29P) AppleWebKit/537.36 (KHTML, like Gecko) Chrome/141.0.7390.122 Mobile Safari/537.36 (compatible; Googlebot/2.1; +http://www.google.com/bot.html)"
216.73.216.107 - - [18/Dec/2025:13:11:33 +0000] "GET /page/123/?goods=20060752 HTTP/1.1" 200 0 "-" "Mozilla/5.0 AppleWebKit/537.36 (KHTML, like Gecko; compatible; ClaudeBot/1.0; +claudebot@anthropic.com)"
216.73.216.107 - - [18/Dec/2025:13:11:33 +0000] "GET /page/123/?goods=19578260 HTTP/1.1" 200 0 "-" "Mozilla/5.0 AppleWebKit/537.36 (KHTML, like Gecko; compatible; ClaudeBot/1.0; +claudebot@anthropic.com)"
216.73.216.107 - - [18/Dec/2025:13:11:33 +0000] "GET /page/122/?goods=636594638 HTTP/1.1" 200 0 "-" "Mozilla/5.0 AppleWebKit/537.36 (KHTML, like Gecko; compatible; ClaudeBot/1.0; +claudebot@anthropic.com)"
216.73.216.107 - - [18/Dec/2025:13:11:34 +0000] "GET /page/4/?goods=868794078 HTTP/1.1" 200 0 "-" "Mozilla/5.0 AppleWebKit/537.36 (KHTML, like Gecko; compatible; ClaudeBot/1.0; +claudebot@anthropic.com)"
216.73.216.107 - - [18/Dec/2025:13:11:34 +0000] "GET /page/2/?goods=869237966 HTTP/1.1" 200 0 "-" "Mozilla/5.0 AppleWebKit/537.36 (KHTML, like Gecko; compatible; ClaudeBot/1.0; +claudebot@anthropic.com)"
216.73.216.107 - - [18/Dec/2025:13:11:54 +0000] "GET /page/123/?goods=19962492 HTTP/1.1" 200 0 "-" "Mozilla/5.0 AppleWebKit/537.36 (KHTML, like Gecko; compatible; ClaudeBot/1.0; +claudebot@anthropic.com)"
216.73.216.107 - - [18/Dec/2025:13:11:54 +0000] "GET /page/3/?goods=869237966 HTTP/1.1" 200 0 "-" "Mozilla/5.0 AppleWebKit/537.36 (KHTML, like Gecko; compatible; ClaudeBot/1.0; +claudebot@anthropic.com)"
216.73.216.107 - - [18/Dec/2025:13:11:55 +0000] "GET /page/124/?goods=869237966 HTTP/1.1" 200 0 "-" "Mozilla/5.0 AppleWebKit/537.36 (KHTML, like Gecko; compatible; ClaudeBot/1.0; +claudebot@anthropic.com)"
216.73.216.107 - - [18/Dec/2025:13:11:55 +0000] "GET /page/5/?goods=868794078 HTTP/1.1" 200 0 "-" "Mozilla/5.0 AppleWebKit/537.36 (KHTML, like Gecko; compatible; ClaudeBot/1.0; +claudebot@anthropic.com)"
216.73.216.107 - - [18/Dec/2025:13:11:56 +0000] "GET /page/8/?goods=20083384 HTTP/1.1" 200 0 "-" "Mozilla/5.0 AppleWebKit/537.36 (KHTML, like Gecko; compatible; ClaudeBot/1.0; +claudebot@anthropic.com)"
66.249.72.235 - - [18/Dec/2025:13:12:32 +0000] "GET /?goods=1791097512 HTTP/1.1" 200 253679 "-" "Mozilla/5.0 (Linux; Android 6.0.1; Nexus 5X Build/MMB29P) AppleWebKit/537.36 (KHTML, like Gecko) Chrome/141.0.7390.122 Mobile Safari/537.36 (compatible; Googlebot/2.1; +http://www.google.com/bot.html)"
216.73.216.107 - - [18/Dec/2025:13:12:40 +0000] "GET /page/8/?goods=1861385342 HTTP/1.1" 200 0 "-" "Mozilla/5.0 AppleWebKit/537.36 (KHTML, like Gecko; compatible; ClaudeBot/1.0; +claudebot@anthropic.com)"
216.73.216.107 - - [18/Dec/2025:13:12:40 +0000] "GET /page/124/?goods=1644910592 HTTP/1.1" 200 0 "-" "Mozilla/5.0 AppleWebKit/537.36 (KHTML, like Gecko; compatible; ClaudeBot/1.0; +claudebot@anthropic.com)"
216.73.216.107 - - [18/Dec/2025:13:12:41 +0000] "GET /page/3/?goods=1520051814 HTTP/1.1" 200 0 "-" "Mozilla/5.0 AppleWebKit/537.36 (KHTML, like Gecko; compatible; ClaudeBot/1.0; +claudebot@anthropic.com)"
216.73.216.107 - - [18/Dec/2025:13:12:41 +0000] "GET /page/3/?goods=1520134828 HTTP/1.1" 200 0 "-" "Mozilla/5.0 AppleWebKit/537.36 (KHTML, like Gecko; compatible; ClaudeBot/1.0; +claudebot@anthropic.com)"
66.249.72.236 - - [18/Dec/2025:13:12:49 +0000] "GET /?l=1837431ac86f HTTP/1.1" 200 248640 "-" "Mozilla/5.0 (Linux; Android 6.0.1; Nexus 5X Build/MMB29P) AppleWebKit/537.36 (KHTML, like Gecko) Chrome/141.0.7390.122 Mobile Safari/537.36 (compatible; Googlebot/2.1; +http://www.google.com/bot.html)"
216.73.216.107 - - [18/Dec/2025:13:13:01 +0000] "GET /page/2/?goods=20027552 HTTP/1.1" 200 0 "-" "Mozilla/5.0 AppleWebKit/537.36 (KHTML, like Gecko; compatible; ClaudeBot/1.0; +claudebot@anthropic.com)"
66.249.72.235 - - [18/Dec/2025:13:13:07 +0000] "GET /?goods=79878848 HTTP/1.1" 200 210980 "-" "Mozilla/5.0 (Linux; Android 6.0.1; Nexus 5X Build/MMB29P) AppleWebKit/537.36 (KHTML, like Gecko) Chrome/141.0.7390.122 Mobile Safari/537.36 (compatible; Googlebot/2.1; +http://www.google.com/bot.html)"
66.249.72.235 - - [18/Dec/2025:13:13:16 +0000] "GET /?l=003636937394 HTTP/1.1" 200 236347 "-" "Mozilla/5.0 (Linux; Android 6.0.1; Nexus 5X Build/MMB29P) AppleWebKit/537.36 (KHTML, like Gecko) Chrome/141.0.7390.122 Mobile Safari/537.36 (compatible; Googlebot/2.1; +http://www.google.com/bot.html)"
66.249.72.235 - - [18/Dec/2025:13:13:25 +0000] "GET /?l=031245126ff37 HTTP/1.1" 200 246724 "-" "Mozilla/5.0 (Linux; Android 6.0.1; Nexus 5X Build/MMB29P) AppleWebKit/537.36 (KHTML, like Gecko) Chrome/141.0.7390.122 Mobile Safari/537.36 (compatible; Googlebot/2.1; +http://www.google.com/bot.html)"
66.249.72.235 - - [18/Dec/2025:13:13:26 +0000] "GET /page/124/?goods=87054512 HTTP/1.1" 200 257615 "-" "Mozilla/5.0 (Linux; Android 6.0.1; Nexus 5X Build/MMB29P) AppleWebKit/537.36 (KHTML, like Gecko) Chrome/141.0.7390.122 Mobile Safari/537.36 (compatible; Googlebot/2.1; +http://www.google.com/bot.html)"
216.73.216.107 - - [18/Dec/2025:13:13:44 +0000] "GET /page/4/?goods=1520461032 HTTP/1.1" 200 0 "-" "Mozilla/5.0 AppleWebKit/537.36 (KHTML, like Gecko; compatible; ClaudeBot/1.0; +claudebot@anthropic.com)"
216.73.216.107 - - [18/Dec/2025:13:14:19 +0000] "GET /?goods=228801706 HTTP/1.1" 200 0 "-" "Mozilla/5.0 AppleWebKit/537.36 (KHTML, like Gecko; compatible; ClaudeBot/1.0; +claudebot@anthropic.com)"
216.73.216.107 - - [18/Dec/2025:13:14:25 +0000] "GET /page/4/?goods=868800872 HTTP/1.1" 200 0 "-" "Mozilla/5.0 AppleWebKit/537.36 (KHTML, like Gecko; compatible; ClaudeBot/1.0; +claudebot@anthropic.com)"
66.249.72.236 - - [18/Dec/2025:13:14:36 +0000] "GET /?goods=41160292 HTTP/1.1" 200 256077 "-" "Mozilla/5.0 (Linux; Android 6.0.1; Nexus 5X Build/MMB29P) AppleWebKit/537.36 (KHTML, like Gecko) Chrome/141.0.7390.122 Mobile Safari/537.36 (compatible; Googlebot/2.1; +http://www.google.com/bot.html)"
216.73.216.107 - - [18/Dec/2025:13:14:36 +0000] "GET /page/123/?goods=869124316 HTTP/1.1" 200 0 "-" "Mozilla/5.0 AppleWebKit/537.36 (KHTML, like Gecko; compatible; ClaudeBot/1.0; +claudebot@anthropic.com)"
66.249.72.237 - - [18/Dec/2025:13:14:36 +0000] "GET /?l=0812149459330 HTTP/1.1" 200 232664 "-" "Mozilla/5.0 (Linux; Android 6.0.1; Nexus 5X Build/MMB29P) AppleWebKit/537.36 (KHTML, like Gecko) Chrome/141.0.7390.122 Mobile Safari/537.36 (compatible; Googlebot/2.1; +http://www.google.com/bot.html)"
216.73.216.107 - - [18/Dec/2025:13:15:28 +0000] "GET /page/121/?goods=1384351736 HTTP/1.1" 200 0 "-" "Mozilla/5.0 AppleWebKit/537.36 (KHTML, like Gecko; compatible; ClaudeBot/1.0; +claudebot@anthropic.com)"
216.73.216.107 - - [18/Dec/2025:13:15:41 +0000] "GET /?goods=228797672 HTTP/1.1" 200 0 "-" "Mozilla/5.0 AppleWebKit/537.36 (KHTML, like Gecko; compatible; ClaudeBot/1.0; +claudebot@anthropic.com)"
216.73.216.107 - - [18/Dec/2025:13:15:55 +0000] "GET /page/123/?goods=868980904 HTTP/1.1" 200 0 "-" "Mozilla/5.0 AppleWebKit/537.36 (KHTML, like Gecko; compatible; ClaudeBot/1.0; +claudebot@anthropic.com)"
66.249.72.236 - - [18/Dec/2025:13:16:05 +0000] "GET /?goods=21773356 HTTP/1.1" 200 281016 "-" "Mozilla/5.0 (Linux; Android 6.0.1; Nexus 5X Build/MMB29P) AppleWebKit/537.36 (KHTML, like Gecko) Chrome/141.0.7390.122 Mobile Safari/537.36 (compatible; Googlebot/2.1; +http://www.google.com/bot.html)"
66.249.72.236 - - [18/Dec/2025:13:16:05 +0000] "GET /?l=0010941159491c HTTP/1.1" 200 241011 "-" "Mozilla/5.0 (Linux; Android 6.0.1; Nexus 5X Build/MMB29P) AppleWebKit/537.36 (KHTML, like Gecko) Chrome/141.0.7390.122 Mobile Safari/537.36 (compatible; Googlebot/2.1; +http://www.google.com/bot.html)"
66.249.72.235 - - [18/Dec/2025:13:16:27 +0000] "GET /?l=064774ef1279 HTTP/1.1" 200 0 "-" "Mozilla/5.0 (Linux; Android 6.0.1; Nexus 5X Build/MMB29P) AppleWebKit/537.36 (KHTML, like Gecko) Chrome/141.0.7390.122 Mobile Safari/537.36 (compatible; GoogleOther)"
66.249.72.237 - - [18/Dec/2025:13:16:28 +0000] "GET /?l=015292ff7696 HTTP/1.1" 200 0 "-" "Mozilla/5.0 (Linux; Android 6.0.1; Nexus 5X Build/MMB29P) AppleWebKit/537.36 (KHTML, like Gecko) Chrome/141.0.7390.122 Mobile Safari/537.36 (compatible; GoogleOther)"
216.73.216.107 - - [18/Dec/2025:13:16:47 +0000] "GET /?goods=228767862 HTTP/1.1" 200 0 "-" "Mozilla/5.0 AppleWebKit/537.36 (KHTML, like Gecko; compatible; ClaudeBot/1.0; +claudebot@anthropic.com)"
216.73.216.107 - - [18/Dec/2025:13:17:06 +0000] "GET /page/123/?goods=636532870 HTTP/1.1" 200 0 "-" "Mozilla/5.0 AppleWebKit/537.36 (KHTML, like Gecko; compatible; ClaudeBot/1.0; +claudebot@anthropic.com)"
216.73.216.107 - - [18/Dec/2025:13:18:09 +0000] "GET /page/10/?goods=1746113488 HTTP/1.1" 200 0 "-" "Mozilla/5.0 AppleWebKit/537.36 (KHTML, like Gecko; compatible; ClaudeBot/1.0; +claudebot@anthropic.com)"
85.208.96.196 - - [18/Dec/2025:13:18:10 +0000] "GET /page/86/ HTTP/1.1" 200 0 "-" "Mozilla/5.0 (compatible; SemrushBot/7~bl; +http://www.semrush.com/bot.html)"
216.73.216.107 - - [18/Dec/2025:13:18:55 +0000] "GET /page/2/?goods=1520631904 HTTP/1.1" 200 0 "-" "Mozilla/5.0 AppleWebKit/537.36 (KHTML, like Gecko; compatible; ClaudeBot/1.0; +claudebot@anthropic.com)"
216.73.216.107 - - [18/Dec/2025:13:18:59 +0000] "GET /page/123/?goods=1384303972 HTTP/1.1" 200 0 "-" "Mozilla/5.0 AppleWebKit/537.36 (KHTML, like Gecko; compatible; ClaudeBot/1.0; +claudebot@anthropic.com)"
66.249.72.235 - - [18/Dec/2025:13:19:21 +0000] "GET /?l=0112148e2a821 HTTP/1.1" 200 0 "-" "Mozilla/5.0 (Linux; Android 6.0.1; Nexus 5X Build/MMB29P) AppleWebKit/537.36 (KHTML, like Gecko) Chrome/141.0.7390.122 Mobile Safari/537.36 (compatible; GoogleOther)"
66.249.72.236 - - [18/Dec/2025:13:19:45 +0000] "GET /?l=033635859cd8 HTTP/1.1" 503 0 "-" "Mozilla/5.0 (Linux; Android 6.0.1; Nexus 5X Build/MMB29P) AppleWebKit/537.36 (KHTML, like Gecko) Chrome/141.0.7390.122 Mobile Safari/537.36 (compatible; GoogleOther)"
157.55.39.200 - - [18/Dec/2025:13:20:07 +0000] "GET /slot-habanero-bertema-petualangan-laut-yang-penuh-kejutan/ HTTP/1.1" 200 274211 "-" "Mozilla/5.0 AppleWebKit/537.36 (KHTML, like Gecko; compatible; bingbot/2.0; +http://www.bing.com/bingbot.htm) Chrome/116.0.1938.76 Safari/537.36"
216.73.216.107 - - [18/Dec/2025:13:20:16 +0000] "GET /page/123/?goods=1520589992 HTTP/1.1" 200 0 "-" "Mozilla/5.0 AppleWebKit/537.36 (KHTML, like Gecko; compatible; ClaudeBot/1.0; +claudebot@anthropic.com)"
216.73.216.107 - - [18/Dec/2025:13:20:16 +0000] "GET /page/123/?goods=636730260 HTTP/1.1" 200 0 "-" "Mozilla/5.0 AppleWebKit/537.36 (KHTML, like Gecko; compatible; ClaudeBot/1.0; +claudebot@anthropic.com)"
216.73.216.107 - - [18/Dec/2025:13:20:17 +0000] "GET /page/8/?goods=1746207878 HTTP/1.1" 200 0 "-" "Mozilla/5.0 AppleWebKit/537.36 (KHTML, like Gecko; compatible; ClaudeBot/1.0; +claudebot@anthropic.com)"
216.73.216.107 - - [18/Dec/2025:13:20:18 +0000] "GET /page/122/?goods=1520589992 HTTP/1.1" 200 0 "-" "Mozilla/5.0 AppleWebKit/537.36 (KHTML, like Gecko; compatible; ClaudeBot/1.0; +claudebot@anthropic.com)"
216.73.216.107 - - [18/Dec/2025:13:20:18 +0000] "GET /page/10/?goods=1746253804 HTTP/1.1" 200 0 "-" "Mozilla/5.0 AppleWebKit/537.36 (KHTML, like Gecko; compatible; ClaudeBot/1.0; +claudebot@anthropic.com)"
216.73.216.107 - - [18/Dec/2025:13:20:19 +0000] "GET /page/122/?goods=1520346802 HTTP/1.1" 200 0 "-" "Mozilla/5.0 AppleWebKit/537.36 (KHTML, like Gecko; compatible; ClaudeBot/1.0; +claudebot@anthropic.com)"
216.73.216.107 - - [18/Dec/2025:13:20:19 +0000] "GET /page/10/?goods=1746391412 HTTP/1.1" 200 0 "-" "Mozilla/5.0 AppleWebKit/537.36 (KHTML, like Gecko; compatible; ClaudeBot/1.0; +claudebot@anthropic.com)"
216.73.216.107 - - [18/Dec/2025:13:20:20 +0000] "GET /page/122/?goods=636730260 HTTP/1.1" 200 0 "-" "Mozilla/5.0 AppleWebKit/537.36 (KHTML, like Gecko; compatible; ClaudeBot/1.0; +claudebot@anthropic.com)"
216.73.216.107 - - [18/Dec/2025:13:20:20 +0000] "GET /page/123/?goods=868764896 HTTP/1.1" 200 0 "-" "Mozilla/5.0 AppleWebKit/537.36 (KHTML, like Gecko; compatible; ClaudeBot/1.0; +claudebot@anthropic.com)"
216.73.216.107 - - [18/Dec/2025:13:20:21 +0000] "GET /page/4/?goods=869185636 HTTP/1.1" 200 0 "-" "Mozilla/5.0 AppleWebKit/537.36 (KHTML, like Gecko; compatible; ClaudeBot/1.0; +claudebot@anthropic.com)"
216.73.216.107 - - [18/Dec/2025:13:20:21 +0000] "GET /page/122/?goods=868764896 HTTP/1.1" 200 0 "-" "Mozilla/5.0 AppleWebKit/537.36 (KHTML, like Gecko; compatible; ClaudeBot/1.0; +claudebot@anthropic.com)"
216.73.216.107 - - [18/Dec/2025:13:20:22 +0000] "GET /page/117/?goods=1746385412 HTTP/1.1" 200 0 "-" "Mozilla/5.0 AppleWebKit/537.36 (KHTML, like Gecko; compatible; ClaudeBot/1.0; +claudebot@anthropic.com)"
216.73.216.107 - - [18/Dec/2025:13:20:22 +0000] "GET /page/8/?goods=1201161876 HTTP/1.1" 200 0 "-" "Mozilla/5.0 AppleWebKit/537.36 (KHTML, like Gecko; compatible; ClaudeBot/1.0; +claudebot@anthropic.com)"
216.73.216.107 - - [18/Dec/2025:13:20:23 +0000] "GET /page/11/?goods=20185694 HTTP/1.1" 200 0 "-" "Mozilla/5.0 AppleWebKit/537.36 (KHTML, like Gecko; compatible; ClaudeBot/1.0; +claudebot@anthropic.com)"
216.73.216.107 - - [18/Dec/2025:13:20:23 +0000] "GET /page/11/?goods=20107294 HTTP/1.1" 200 0 "-" "Mozilla/5.0 AppleWebKit/537.36 (KHTML, like Gecko; compatible; ClaudeBot/1.0; +claudebot@anthropic.com)"
216.73.216.107 - - [18/Dec/2025:13:20:24 +0000] "GET /page/8/?goods=19901982 HTTP/1.1" 200 0 "-" "Mozilla/5.0 AppleWebKit/537.36 (KHTML, like Gecko; compatible; ClaudeBot/1.0; +claudebot@anthropic.com)"
216.73.216.107 - - [18/Dec/2025:13:20:24 +0000] "GET /page/11/?goods=20130588 HTTP/1.1" 200 0 "-" "Mozilla/5.0 AppleWebKit/537.36 (KHTML, like Gecko; compatible; ClaudeBot/1.0; +claudebot@anthropic.com)"
216.73.216.107 - - [18/Dec/2025:13:20:25 +0000] "GET /page/7/?goods=1201161876 HTTP/1.1" 200 0 "-" "Mozilla/5.0 AppleWebKit/537.36 (KHTML, like Gecko; compatible; ClaudeBot/1.0; +claudebot@anthropic.com)"
216.73.216.107 - - [18/Dec/2025:13:20:25 +0000] "GET /page/7/?goods=1520458550 HTTP/1.1" 200 0 "-" "Mozilla/5.0 AppleWebKit/537.36 (KHTML, like Gecko; compatible; ClaudeBot/1.0; +claudebot@anthropic.com)"
216.73.216.107 - - [18/Dec/2025:13:20:26 +0000] "GET /page/7/?goods=1520487570 HTTP/1.1" 200 0 "-" "Mozilla/5.0 AppleWebKit/537.36 (KHTML, like Gecko; compatible; ClaudeBot/1.0; +claudebot@anthropic.com)"
216.73.216.107 - - [18/Dec/2025:13:20:26 +0000] "GET /page/117/?goods=20133876 HTTP/1.1" 200 0 "-" "Mozilla/5.0 AppleWebKit/537.36 (KHTML, like Gecko; compatible; ClaudeBot/1.0; +claudebot@anthropic.com)"
216.73.216.107 - - [18/Dec/2025:13:20:27 +0000] "GET /page/7/?goods=1520673022 HTTP/1.1" 200 0 "-" "Mozilla/5.0 AppleWebKit/537.36 (KHTML, like Gecko; compatible; ClaudeBot/1.0; +claudebot@anthropic.com)"
216.73.216.107 - - [18/Dec/2025:13:20:27 +0000] "GET /page/7/?goods=19901982 HTTP/1.1" 200 0 "-" "Mozilla/5.0 AppleWebKit/537.36 (KHTML, like Gecko; compatible; ClaudeBot/1.0; +claudebot@anthropic.com)"
3.220.70.171 - - [18/Dec/2025:13:21:01 +0000] "GET /panduan-lengkap-bermain-live-blackjack-dari-ion-casino/ HTTP/1.1" 200 0 "-" "Mozilla/5.0 AppleWebKit/537.36 (KHTML, like Gecko; compatible; Amazonbot/0.1; +https://developer.amazon.com/support/amazonbot) Chrome/119.0.6045.214 Safari/537.36"
216.73.216.107 - - [18/Dec/2025:13:21:03 +0000] "GET /page/6/?goods=1520487570 HTTP/1.1" 200 0 "-" "Mozilla/5.0 AppleWebKit/537.36 (KHTML, like Gecko; compatible; ClaudeBot/1.0; +claudebot@anthropic.com)"
216.73.216.107 - - [18/Dec/2025:13:21:03 +0000] "GET /page/10/?goods=1860995964 HTTP/1.1" 200 0 "-" "Mozilla/5.0 AppleWebKit/537.36 (KHTML, like Gecko; compatible; ClaudeBot/1.0; +claudebot@anthropic.com)"
216.73.216.107 - - [18/Dec/2025:13:21:03 +0000] "GET /page/118/?goods=20133876 HTTP/1.1" 200 0 "-" "Mozilla/5.0 AppleWebKit/537.36 (KHTML, like Gecko; compatible; ClaudeBot/1.0; +claudebot@anthropic.com)"
216.73.216.107 - - [18/Dec/2025:13:21:04 +0000] "GET /?goods=228941362 HTTP/1.1" 200 0 "-" "Mozilla/5.0 AppleWebKit/537.36 (KHTML, like Gecko; compatible; ClaudeBot/1.0; +claudebot@anthropic.com)"
216.73.216.107 - - [18/Dec/2025:13:21:04 +0000] "GET /page/5/?goods=636681686 HTTP/1.1" 200 0 "-" "Mozilla/5.0 AppleWebKit/537.36 (KHTML, like Gecko; compatible; ClaudeBot/1.0; +claudebot@anthropic.com)"
54.197.102.71 - - [18/Dec/2025:13:21:04 +0000] "GET /sexy-gaming-baccarat-sensasi-taruhan-klasik/ HTTP/1.1" 200 0 "-" "Mozilla/5.0 AppleWebKit/537.36 (KHTML, like Gecko; compatible; Amazonbot/0.1; +https://developer.amazon.com/support/amazonbot) Chrome/119.0.6045.214 Safari/537.36"
216.73.216.107 - - [18/Dec/2025:13:21:05 +0000] "GET /page/3/?goods=1336996088 HTTP/1.1" 200 0 "-" "Mozilla/5.0 AppleWebKit/537.36 (KHTML, like Gecko; compatible; ClaudeBot/1.0; +claudebot@anthropic.com)"
216.73.216.107 - - [18/Dec/2025:13:21:05 +0000] "GET /page/3/?goods=1645161846 HTTP/1.1" 200 0 "-" "Mozilla/5.0 AppleWebKit/537.36 (KHTML, like Gecko; compatible; ClaudeBot/1.0; +claudebot@anthropic.com)"
216.73.216.107 - - [18/Dec/2025:13:21:06 +0000] "GET /?goods=228586424 HTTP/1.1" 200 0 "-" "Mozilla/5.0 AppleWebKit/537.36 (KHTML, like Gecko; compatible; ClaudeBot/1.0; +claudebot@anthropic.com)"
216.73.216.107 - - [18/Dec/2025:13:21:06 +0000] "GET /page/124/?goods=1645183092 HTTP/1.1" 200 0 "-" "Mozilla/5.0 AppleWebKit/537.36 (KHTML, like Gecko; compatible; ClaudeBot/1.0; +claudebot@anthropic.com)"
216.73.216.107 - - [18/Dec/2025:13:21:07 +0000] "GET /page/3/?goods=1337011350 HTTP/1.1" 200 0 "-" "Mozilla/5.0 AppleWebKit/537.36 (KHTML, like Gecko; compatible; ClaudeBot/1.0; +claudebot@anthropic.com)"
216.73.216.107 - - [18/Dec/2025:13:21:07 +0000] "GET /page/124/?goods=1336772178 HTTP/1.1" 200 0 "-" "Mozilla/5.0 AppleWebKit/537.36 (KHTML, like Gecko; compatible; ClaudeBot/1.0; +claudebot@anthropic.com)"
216.73.216.107 - - [18/Dec/2025:13:21:08 +0000] "GET /page/2/?goods=636302346 HTTP/1.1" 200 0 "-" "Mozilla/5.0 AppleWebKit/537.36 (KHTML, like Gecko; compatible; ClaudeBot/1.0; +claudebot@anthropic.com)"
34.227.156.153 - - [18/Dec/2025:13:21:08 +0000] "GET /pgsoft-meledak-di-tengah-malam-scatter-muncul-beruntun-di-akun-baru/ HTTP/1.1" 200 0 "-" "Mozilla/5.0 AppleWebKit/537.36 (KHTML, like Gecko; compatible; Amazonbot/0.1; +https://developer.amazon.com/support/amazonbot) Chrome/119.0.6045.214 Safari/537.36"
216.73.216.107 - - [18/Dec/2025:13:21:08 +0000] "GET /page/4/?goods=869079970 HTTP/1.1" 200 0 "-" "Mozilla/5.0 AppleWebKit/537.36 (KHTML, like Gecko; compatible; ClaudeBot/1.0; +claudebot@anthropic.com)"
216.73.216.107 - - [18/Dec/2025:13:21:09 +0000] "GET /page/124/?goods=868729150 HTTP/1.1" 200 0 "-" "Mozilla/5.0 AppleWebKit/537.36 (KHTML, like Gecko; compatible; ClaudeBot/1.0; +claudebot@anthropic.com)"
216.73.216.107 - - [18/Dec/2025:13:21:09 +0000] "GET /page/124/?goods=1201201208 HTTP/1.1" 200 0 "-" "Mozilla/5.0 AppleWebKit/537.36 (KHTML, like Gecko; compatible; ClaudeBot/1.0; +claudebot@anthropic.com)"
216.73.216.107 - - [18/Dec/2025:13:21:10 +0000] "GET /page/124/?goods=20020246 HTTP/1.1" 200 0 "-" "Mozilla/5.0 AppleWebKit/537.36 (KHTML, like Gecko; compatible; ClaudeBot/1.0; +claudebot@anthropic.com)"
216.73.216.107 - - [18/Dec/2025:13:21:10 +0000] "GET /page/124/?goods=1520251190 HTTP/1.1" 200 0 "-" "Mozilla/5.0 AppleWebKit/537.36 (KHTML, like Gecko; compatible; ClaudeBot/1.0; +claudebot@anthropic.com)"
216.73.216.107 - - [18/Dec/2025:13:21:11 +0000] "GET /page/4/?goods=20034810 HTTP/1.1" 200 0 "-" "Mozilla/5.0 AppleWebKit/537.36 (KHTML, like Gecko; compatible; ClaudeBot/1.0; +claudebot@anthropic.com)"
216.73.216.107 - - [18/Dec/2025:13:21:11 +0000] "GET /page/124/?goods=1337016174 HTTP/1.1" 200 0 "-" "Mozilla/5.0 AppleWebKit/537.36 (KHTML, like Gecko; compatible; ClaudeBot/1.0; +claudebot@anthropic.com)"
3.222.190.107 - - [18/Dec/2025:13:21:11 +0000] "GET /tag/slot-habanero/ HTTP/1.1" 200 0 "-" "Mozilla/5.0 AppleWebKit/537.36 (KHTML, like Gecko; compatible; Amazonbot/0.1; +https://developer.amazon.com/support/amazonbot) Chrome/119.0.6045.214 Safari/537.36"
216.73.216.107 - - [18/Dec/2025:13:21:12 +0000] "GET /page/122/?goods=869296574 HTTP/1.1" 200 0 "-" "Mozilla/5.0 AppleWebKit/537.36 (KHTML, like Gecko; compatible; ClaudeBot/1.0; +claudebot@anthropic.com)"
216.73.216.107 - - [18/Dec/2025:13:21:13 +0000] "GET /page/6/?goods=1520673022 HTTP/1.1" 200 0 "-" "Mozilla/5.0 AppleWebKit/537.36 (KHTML, like Gecko; compatible; ClaudeBot/1.0; +claudebot@anthropic.com)"
216.73.216.107 - - [18/Dec/2025:13:21:13 +0000] "GET /page/10/?goods=1038355876 HTTP/1.1" 200 0 "-" "Mozilla/5.0 AppleWebKit/537.36 (KHTML, like Gecko; compatible; ClaudeBot/1.0; +claudebot@anthropic.com)"
216.73.216.107 - - [18/Dec/2025:13:21:13 +0000] "GET /page/123/?goods=1520346802 HTTP/1.1" 200 0 "-" "Mozilla/5.0 AppleWebKit/537.36 (KHTML, like Gecko; compatible; ClaudeBot/1.0; +claudebot@anthropic.com)"
216.73.216.107 - - [18/Dec/2025:13:21:44 +0000] "GET /?goods=1336571480 HTTP/1.1" 200 0 "-" "Mozilla/5.0 AppleWebKit/537.36 (KHTML, like Gecko; compatible; ClaudeBot/1.0; +claudebot@anthropic.com)"
216.73.216.107 - - [18/Dec/2025:13:21:44 +0000] "GET /page/7/?goods=1746446518 HTTP/1.1" 200 0 "-" "Mozilla/5.0 AppleWebKit/537.36 (KHTML, like Gecko; compatible; ClaudeBot/1.0; +claudebot@anthropic.com)"
216.73.216.107 - - [18/Dec/2025:13:21:45 +0000] "GET /page/124/?goods=1201401838 HTTP/1.1" 200 0 "-" "Mozilla/5.0 AppleWebKit/537.36 (KHTML, like Gecko; compatible; ClaudeBot/1.0; +claudebot@anthropic.com)"
216.73.216.107 - - [18/Dec/2025:13:21:45 +0000] "GET /page/7/?goods=1746248384 HTTP/1.1" 200 0 "-" "Mozilla/5.0 AppleWebKit/537.36 (KHTML, like Gecko; compatible; ClaudeBot/1.0; +claudebot@anthropic.com)"
216.73.216.107 - - [18/Dec/2025:13:21:46 +0000] "GET /page/3/?goods=636372694 HTTP/1.1" 200 0 "-" "Mozilla/5.0 AppleWebKit/537.36 (KHTML, like Gecko; compatible; ClaudeBot/1.0; +claudebot@anthropic.com)"
216.73.216.107 - - [18/Dec/2025:13:21:46 +0000] "GET /?goods=1336350196 HTTP/1.1" 200 0 "-" "Mozilla/5.0 AppleWebKit/537.36 (KHTML, like Gecko; compatible; ClaudeBot/1.0; +claudebot@anthropic.com)"
216.73.216.107 - - [18/Dec/2025:13:21:47 +0000] "GET /page/7/?goods=1038731912 HTTP/1.1" 200 0 "-" "Mozilla/5.0 AppleWebKit/537.36 (KHTML, like Gecko; compatible; ClaudeBot/1.0; +claudebot@anthropic.com)"
216.73.216.107 - - [18/Dec/2025:13:21:47 +0000] "GET /page/3/?goods=868659976 HTTP/1.1" 200 0 "-" "Mozilla/5.0 AppleWebKit/537.36 (KHTML, like Gecko; compatible; ClaudeBot/1.0; +claudebot@anthropic.com)"
216.73.216.107 - - [18/Dec/2025:13:21:48 +0000] "GET /page/5/?goods=19484018 HTTP/1.1" 200 0 "-" "Mozilla/5.0 AppleWebKit/537.36 (KHTML, like Gecko; compatible; ClaudeBot/1.0; +claudebot@anthropic.com)"
216.73.216.107 - - [18/Dec/2025:13:21:48 +0000] "GET /page/122/?goods=868743650 HTTP/1.1" 200 0 "-" "Mozilla/5.0 AppleWebKit/537.36 (KHTML, like Gecko; compatible; ClaudeBot/1.0; +claudebot@anthropic.com)"
216.73.216.107 - - [18/Dec/2025:13:21:49 +0000] "GET /page/8/?goods=1746006648 HTTP/1.1" 200 0 "-" "Mozilla/5.0 AppleWebKit/537.36 (KHTML, like Gecko; compatible; ClaudeBot/1.0; +claudebot@anthropic.com)"
216.73.216.107 - - [18/Dec/2025:13:21:49 +0000] "GET /page/123/?goods=869039384 HTTP/1.1" 200 0 "-" "Mozilla/5.0 AppleWebKit/537.36 (KHTML, like Gecko; compatible; ClaudeBot/1.0; +claudebot@anthropic.com)"
216.73.216.107 - - [18/Dec/2025:13:21:50 +0000] "GET /page/4/?goods=636744844 HTTP/1.1" 200 0 "-" "Mozilla/5.0 AppleWebKit/537.36 (KHTML, like Gecko; compatible; ClaudeBot/1.0; +claudebot@anthropic.com)"
216.73.216.107 - - [18/Dec/2025:13:21:50 +0000] "GET /page/5/?goods=869185636 HTTP/1.1" 200 0 "-" "Mozilla/5.0 AppleWebKit/537.36 (KHTML, like Gecko; compatible; ClaudeBot/1.0; +claudebot@anthropic.com)"
216.73.216.107 - - [18/Dec/2025:13:21:51 +0000] "GET /page/123/?goods=1746322834 HTTP/1.1" 200 0 "-" "Mozilla/5.0 AppleWebKit/537.36 (KHTML, like Gecko; compatible; ClaudeBot/1.0; +claudebot@anthropic.com)"
216.73.216.107 - - [18/Dec/2025:13:21:51 +0000] "GET /page/114/?goods=1201348718 HTTP/1.1" 200 0 "-" "Mozilla/5.0 AppleWebKit/537.36 (KHTML, like Gecko; compatible; ClaudeBot/1.0; +claudebot@anthropic.com)"
216.73.216.107 - - [18/Dec/2025:13:21:52 +0000] "GET /page/2/?goods=636766880 HTTP/1.1" 200 0 "-" "Mozilla/5.0 AppleWebKit/537.36 (KHTML, like Gecko; compatible; ClaudeBot/1.0; +claudebot@anthropic.com)"
216.73.216.107 - - [18/Dec/2025:13:21:52 +0000] "GET /?goods=228487310 HTTP/1.1" 200 0 "-" "Mozilla/5.0 AppleWebKit/537.36 (KHTML, like Gecko; compatible; ClaudeBot/1.0; +claudebot@anthropic.com)"
216.73.216.107 - - [18/Dec/2025:13:21:53 +0000] "GET /page/3/?goods=1336774954 HTTP/1.1" 200 0 "-" "Mozilla/5.0 AppleWebKit/537.36 (KHTML, like Gecko; compatible; ClaudeBot/1.0; +claudebot@anthropic.com)"
216.73.216.107 - - [18/Dec/2025:13:21:53 +0000] "GET /page/6/?goods=1201112706 HTTP/1.1" 200 0 "-" "Mozilla/5.0 AppleWebKit/537.36 (KHTML, like Gecko; compatible; ClaudeBot/1.0; +claudebot@anthropic.com)"
216.73.216.107 - - [18/Dec/2025:13:21:54 +0000] "GET /page/124/?goods=1337012720 HTTP/1.1" 200 0 "-" "Mozilla/5.0 AppleWebKit/537.36 (KHTML, like Gecko; compatible; ClaudeBot/1.0; +claudebot@anthropic.com)"
216.73.216.107 - - [18/Dec/2025:13:21:54 +0000] "GET /page/2/?goods=2056773944 HTTP/1.1" 200 0 "-" "Mozilla/5.0 AppleWebKit/537.36 (KHTML, like Gecko; compatible; ClaudeBot/1.0; +claudebot@anthropic.com)"
216.73.216.107 - - [18/Dec/2025:13:21:55 +0000] "GET /page/6/?goods=1201407710 HTTP/1.1" 200 0 "-" "Mozilla/5.0 AppleWebKit/537.36 (KHTML, like Gecko; compatible; ClaudeBot/1.0; +claudebot@anthropic.com)"
216.73.216.107 - - [18/Dec/2025:13:21:55 +0000] "GET /page/6/?goods=20114600 HTTP/1.1" 200 0 "-" "Mozilla/5.0 AppleWebKit/537.36 (KHTML, like Gecko; compatible; ClaudeBot/1.0; +claudebot@anthropic.com)"
216.73.216.107 - - [18/Dec/2025:13:21:56 +0000] "GET /page/8/?goods=1038373766 HTTP/1.1" 200 0 "-" "Mozilla/5.0 AppleWebKit/537.36 (KHTML, like Gecko; compatible; ClaudeBot/1.0; +claudebot@anthropic.com)"
216.73.216.107 - - [18/Dec/2025:13:21:56 +0000] "GET /?goods=228607622 HTTP/1.1" 200 0 "-" "Mozilla/5.0 AppleWebKit/537.36 (KHTML, like Gecko; compatible; ClaudeBot/1.0; +claudebot@anthropic.com)"
216.73.216.107 - - [18/Dec/2025:13:21:57 +0000] "GET /page/2/?goods=869341114 HTTP/1.1" 200 0 "-" "Mozilla/5.0 AppleWebKit/537.36 (KHTML, like Gecko; compatible; ClaudeBot/1.0; +claudebot@anthropic.com)"
216.73.216.107 - - [18/Dec/2025:13:21:57 +0000] "GET /?goods=228940488 HTTP/1.1" 200 0 "-" "Mozilla/5.0 AppleWebKit/537.36 (KHTML, like Gecko; compatible; ClaudeBot/1.0; +claudebot@anthropic.com)"
216.73.216.107 - - [18/Dec/2025:13:21:58 +0000] "GET /?goods=228774524 HTTP/1.1" 200 0 "-" "Mozilla/5.0 AppleWebKit/537.36 (KHTML, like Gecko; compatible; ClaudeBot/1.0; +claudebot@anthropic.com)"
216.73.216.107 - - [18/Dec/2025:13:21:58 +0000] "GET /?goods=228674004 HTTP/1.1" 200 0 "-" "Mozilla/5.0 AppleWebKit/537.36 (KHTML, like Gecko; compatible; ClaudeBot/1.0; +claudebot@anthropic.com)"
216.73.216.107 - - [18/Dec/2025:13:21:59 +0000] "GET /page/124/?goods=1644853434 HTTP/1.1" 200 0 "-" "Mozilla/5.0 AppleWebKit/537.36 (KHTML, like Gecko; compatible; ClaudeBot/1.0; +claudebot@anthropic.com)"
216.73.216.107 - - [18/Dec/2025:13:21:59 +0000] "GET /page/124/?goods=1384403618 HTTP/1.1" 200 0 "-" "Mozilla/5.0 AppleWebKit/537.36 (KHTML, like Gecko; compatible; ClaudeBot/1.0; +claudebot@anthropic.com)"
216.73.216.107 - - [18/Dec/2025:13:22:00 +0000] "GET /page/8/?goods=1746116860 HTTP/1.1" 200 0 "-" "Mozilla/5.0 AppleWebKit/537.36 (KHTML, like Gecko; compatible; ClaudeBot/1.0; +claudebot@anthropic.com)"
216.73.216.107 - - [18/Dec/2025:13:22:00 +0000] "GET /page/3/?goods=1336772178 HTTP/1.1" 200 0 "-" "Mozilla/5.0 AppleWebKit/537.36 (KHTML, like Gecko; compatible; ClaudeBot/1.0; +claudebot@anthropic.com)"
216.73.216.107 - - [18/Dec/2025:13:22:01 +0000] "GET /?goods=228502024 HTTP/1.1" 200 0 "-" "Mozilla/5.0 AppleWebKit/537.36 (KHTML, like Gecko; compatible; ClaudeBot/1.0; +claudebot@anthropic.com)"
216.73.216.107 - - [18/Dec/2025:13:22:01 +0000] "GET /page/122/?goods=19543820 HTTP/1.1" 200 0 "-" "Mozilla/5.0 AppleWebKit/537.36 (KHTML, like Gecko; compatible; ClaudeBot/1.0; +claudebot@anthropic.com)"
216.73.216.107 - - [18/Dec/2025:13:22:02 +0000] "GET /page/6/?goods=1520458550 HTTP/1.1" 200 0 "-" "Mozilla/5.0 AppleWebKit/537.36 (KHTML, like Gecko; compatible; ClaudeBot/1.0; +claudebot@anthropic.com)"
216.73.216.107 - - [18/Dec/2025:13:22:02 +0000] "GET /page/123/?goods=1520576814 HTTP/1.1" 200 0 "-" "Mozilla/5.0 AppleWebKit/537.36 (KHTML, like Gecko; compatible; ClaudeBot/1.0; +claudebot@anthropic.com)"
216.73.216.107 - - [18/Dec/2025:13:22:03 +0000] "GET /page/122/?goods=869039384 HTTP/1.1" 200 0 "-" "Mozilla/5.0 AppleWebKit/537.36 (KHTML, like Gecko; compatible; ClaudeBot/1.0; +claudebot@anthropic.com)"
216.73.216.107 - - [18/Dec/2025:13:22:03 +0000] "GET /page/3/?goods=1337016174 HTTP/1.1" 200 0 "-" "Mozilla/5.0 AppleWebKit/537.36 (KHTML, like Gecko; compatible; ClaudeBot/1.0; +claudebot@anthropic.com)"
216.73.216.107 - - [18/Dec/2025:13:22:04 +0000] "GET /?goods=228684832 HTTP/1.1" 200 0 "-" "Mozilla/5.0 AppleWebKit/537.36 (KHTML, like Gecko; compatible; ClaudeBot/1.0; +claudebot@anthropic.com)"
216.73.216.107 - - [18/Dec/2025:13:22:04 +0000] "GET /?goods=228711302 HTTP/1.1" 200 0 "-" "Mozilla/5.0 AppleWebKit/537.36 (KHTML, like Gecko; compatible; ClaudeBot/1.0; +claudebot@anthropic.com)"
216.73.216.107 - - [18/Dec/2025:13:22:05 +0000] "GET /page/7/?goods=1201554692 HTTP/1.1" 200 0 "-" "Mozilla/5.0 AppleWebKit/537.36 (KHTML, like Gecko; compatible; ClaudeBot/1.0; +claudebot@anthropic.com)"
216.73.216.107 - - [18/Dec/2025:13:22:05 +0000] "GET /page/124/?goods=1336774954 HTTP/1.1" 200 0 "-" "Mozilla/5.0 AppleWebKit/537.36 (KHTML, like Gecko; compatible; ClaudeBot/1.0; +claudebot@anthropic.com)"
216.73.216.107 - - [18/Dec/2025:13:22:06 +0000] "GET /page/3/?goods=1336851968 HTTP/1.1" 200 0 "-" "Mozilla/5.0 AppleWebKit/537.36 (KHTML, like Gecko; compatible; ClaudeBot/1.0; +claudebot@anthropic.com)"
216.73.216.107 - - [18/Dec/2025:13:22:06 +0000] "GET /page/10/?goods=1201060972 HTTP/1.1" 200 0 "-" "Mozilla/5.0 AppleWebKit/537.36 (KHTML, like Gecko; compatible; ClaudeBot/1.0; +claudebot@anthropic.com)"
216.73.216.107 - - [18/Dec/2025:13:22:30 +0000] "GET /page/124/?goods=1038355876 HTTP/1.1" 200 0 "-" "Mozilla/5.0 AppleWebKit/537.36 (KHTML, like Gecko; compatible; ClaudeBot/1.0; +claudebot@anthropic.com)"
216.73.216.107 - - [18/Dec/2025:13:22:30 +0000] "GET /page/6/?goods=1038468204 HTTP/1.1" 200 0 "-" "Mozilla/5.0 AppleWebKit/537.36 (KHTML, like Gecko; compatible; ClaudeBot/1.0; +claudebot@anthropic.com)"
216.73.216.107 - - [18/Dec/2025:13:22:30 +0000] "GET /?goods=636660424 HTTP/1.1" 200 0 "-" "Mozilla/5.0 AppleWebKit/537.36 (KHTML, like Gecko; compatible; ClaudeBot/1.0; +claudebot@anthropic.com)"
216.73.216.107 - - [18/Dec/2025:13:22:31 +0000] "GET /?goods=869056016 HTTP/1.1" 200 0 "-" "Mozilla/5.0 AppleWebKit/537.36 (KHTML, like Gecko; compatible; ClaudeBot/1.0; +claudebot@anthropic.com)"
216.73.216.107 - - [18/Dec/2025:13:22:31 +0000] "GET /page/6/?goods=1201192560 HTTP/1.1" 200 0 "-" "Mozilla/5.0 AppleWebKit/537.36 (KHTML, like Gecko; compatible; ClaudeBot/1.0; +claudebot@anthropic.com)"
216.73.216.107 - - [18/Dec/2025:13:22:32 +0000] "GET /page/120/?goods=19957072 HTTP/1.1" 200 0 "-" "Mozilla/5.0 AppleWebKit/537.36 (KHTML, like Gecko; compatible; ClaudeBot/1.0; +claudebot@anthropic.com)"
216.73.216.107 - - [18/Dec/2025:13:22:32 +0000] "GET /page/3/?goods=1520032406 HTTP/1.1" 200 0 "-" "Mozilla/5.0 AppleWebKit/537.36 (KHTML, like Gecko; compatible; ClaudeBot/1.0; +claudebot@anthropic.com)"
216.73.216.107 - - [18/Dec/2025:13:22:33 +0000] "GET /page/5/?goods=869079970 HTTP/1.1" 200 0 "-" "Mozilla/5.0 AppleWebKit/537.36 (KHTML, like Gecko; compatible; ClaudeBot/1.0; +claudebot@anthropic.com)"
216.73.216.107 - - [18/Dec/2025:13:22:33 +0000] "GET /page/124/?goods=2057193810 HTTP/1.1" 200 0 "-" "Mozilla/5.0 AppleWebKit/537.36 (KHTML, like Gecko; compatible; ClaudeBot/1.0; +claudebot@anthropic.com)"
216.73.216.107 - - [18/Dec/2025:13:22:34 +0000] "GET /?goods=869227400 HTTP/1.1" 200 0 "-" "Mozilla/5.0 AppleWebKit/537.36 (KHTML, like Gecko; compatible; ClaudeBot/1.0; +claudebot@anthropic.com)"
216.73.216.107 - - [18/Dec/2025:13:22:34 +0000] "GET /page/122/?goods=19962492 HTTP/1.1" 200 0 "-" "Mozilla/5.0 AppleWebKit/537.36 (KHTML, like Gecko; compatible; ClaudeBot/1.0; +claudebot@anthropic.com)"
216.73.216.107 - - [18/Dec/2025:13:22:35 +0000] "GET /page/5/?goods=1746238430 HTTP/1.1" 200 0 "-" "Mozilla/5.0 AppleWebKit/537.36 (KHTML, like Gecko; compatible; ClaudeBot/1.0; +claudebot@anthropic.com)"
216.73.216.107 - - [18/Dec/2025:13:22:35 +0000] "GET /page/120/?goods=1746517596 HTTP/1.1" 200 0 "-" "Mozilla/5.0 AppleWebKit/537.36 (KHTML, like Gecko; compatible; ClaudeBot/1.0; +claudebot@anthropic.com)"
216.73.216.107 - - [18/Dec/2025:13:22:36 +0000] "GET /page/117/?goods=1746257838 HTTP/1.1" 200 0 "-" "Mozilla/5.0 AppleWebKit/537.36 (KHTML, like Gecko; compatible; ClaudeBot/1.0; +claudebot@anthropic.com)"
216.73.216.107 - - [18/Dec/2025:13:22:36 +0000] "GET /page/124/?goods=1645179720 HTTP/1.1" 200 0 "-" "Mozilla/5.0 AppleWebKit/537.36 (KHTML, like Gecko; compatible; ClaudeBot/1.0; +claudebot@anthropic.com)"
216.73.216.107 - - [18/Dec/2025:13:22:37 +0000] "GET /page/120/?goods=1520355450 HTTP/1.1" 200 0 "-" "Mozilla/5.0 AppleWebKit/537.36 (KHTML, like Gecko; compatible; ClaudeBot/1.0; +claudebot@anthropic.com)"
216.73.216.107 - - [18/Dec/2025:13:22:37 +0000] "GET /page/119/?goods=1520571390 HTTP/1.1" 200 0 "-" "Mozilla/5.0 AppleWebKit/537.36 (KHTML, like Gecko; compatible; ClaudeBot/1.0; +claudebot@anthropic.com)"
216.73.216.107 - - [18/Dec/2025:13:22:38 +0000] "GET /page/124/?goods=869296574 HTTP/1.1" 200 0 "-" "Mozilla/5.0 AppleWebKit/537.36 (KHTML, like Gecko; compatible; ClaudeBot/1.0; +claudebot@anthropic.com)"
216.73.216.107 - - [18/Dec/2025:13:22:38 +0000] "GET /page/10/?goods=1746444600 HTTP/1.1" 200 0 "-" "Mozilla/5.0 AppleWebKit/537.36 (KHTML, like Gecko; compatible; ClaudeBot/1.0; +claudebot@anthropic.com)"
216.73.216.107 - - [18/Dec/2025:13:22:39 +0000] "GET /page/10/?goods=1746099052 HTTP/1.1" 200 0 "-" "Mozilla/5.0 AppleWebKit/537.36 (KHTML, like Gecko; compatible; ClaudeBot/1.0; +claudebot@anthropic.com)"
216.73.216.107 - - [18/Dec/2025:13:22:39 +0000] "GET /page/123/?goods=868871966 HTTP/1.1" 200 0 "-" "Mozilla/5.0 AppleWebKit/537.36 (KHTML, like Gecko; compatible; ClaudeBot/1.0; +claudebot@anthropic.com)"
216.73.216.107 - - [18/Dec/2025:13:22:40 +0000] "GET /page/123/?goods=1201232356 HTTP/1.1" 200 0 "-" "Mozilla/5.0 AppleWebKit/537.36 (KHTML, like Gecko; compatible; ClaudeBot/1.0; +claudebot@anthropic.com)"
216.73.216.107 - - [18/Dec/2025:13:22:40 +0000] "GET /page/124/?goods=20157770 HTTP/1.1" 200 0 "-" "Mozilla/5.0 AppleWebKit/537.36 (KHTML, like Gecko; compatible; ClaudeBot/1.0; +claudebot@anthropic.com)"
216.73.216.107 - - [18/Dec/2025:13:23:10 +0000] "GET /page/121/?goods=20083916 HTTP/1.1" 200 0 "-" "Mozilla/5.0 AppleWebKit/537.36 (KHTML, like Gecko; compatible; ClaudeBot/1.0; +claudebot@anthropic.com)"
216.73.216.107 - - [18/Dec/2025:13:23:10 +0000] "GET /page/3/?goods=1520043746 HTTP/1.1" 200 0 "-" "Mozilla/5.0 AppleWebKit/537.36 (KHTML, like Gecko; compatible; ClaudeBot/1.0; +claudebot@anthropic.com)"
216.73.216.107 - - [18/Dec/2025:13:23:11 +0000] "GET /page/121/?goods=1520355450 HTTP/1.1" 200 0 "-" "Mozilla/5.0 AppleWebKit/537.36 (KHTML, like Gecko; compatible; ClaudeBot/1.0; +claudebot@anthropic.com)"
216.73.216.107 - - [18/Dec/2025:13:23:12 +0000] "GET /page/124/?goods=1520043746 HTTP/1.1" 200 0 "-" "Mozilla/5.0 AppleWebKit/537.36 (KHTML, like Gecko; compatible; ClaudeBot/1.0; +claudebot@anthropic.com)"
216.73.216.107 - - [18/Dec/2025:13:23:12 +0000] "GET /page/5/?goods=1644784276 HTTP/1.1" 200 0 "-" "Mozilla/5.0 AppleWebKit/537.36 (KHTML, like Gecko; compatible; ClaudeBot/1.0; +claudebot@anthropic.com)"
216.73.216.107 - - [18/Dec/2025:13:23:13 +0000] "GET /page/121/?goods=868743650 HTTP/1.1" 200 0 "-" "Mozilla/5.0 AppleWebKit/537.36 (KHTML, like Gecko; compatible; ClaudeBot/1.0; +claudebot@anthropic.com)"
216.73.216.107 - - [18/Dec/2025:13:23:13 +0000] "GET /page/121/?goods=869296574 HTTP/1.1" 200 0 "-" "Mozilla/5.0 AppleWebKit/537.36 (KHTML, like Gecko; compatible; ClaudeBot/1.0; +claudebot@anthropic.com)"
216.73.216.107 - - [18/Dec/2025:13:23:14 +0000] "GET /page/6/?goods=1384386986 HTTP/1.1" 200 0 "-" "Mozilla/5.0 AppleWebKit/537.36 (KHTML, like Gecko; compatible; ClaudeBot/1.0; +claudebot@anthropic.com)"
216.73.216.107 - - [18/Dec/2025:13:23:14 +0000] "GET /page/104/?goods=1559096058 HTTP/1.1" 200 0 "-" "Mozilla/5.0 AppleWebKit/537.36 (KHTML, like Gecko; compatible; ClaudeBot/1.0; +claudebot@anthropic.com)"
216.73.216.107 - - [18/Dec/2025:13:23:15 +0000] "GET /page/5/?goods=1384386986 HTTP/1.1" 200 0 "-" "Mozilla/5.0 AppleWebKit/537.36 (KHTML, like Gecko; compatible; ClaudeBot/1.0; +claudebot@anthropic.com)"
216.73.216.107 - - [18/Dec/2025:13:23:15 +0000] "GET /page/9/?goods=1746253804 HTTP/1.1" 200 0 "-" "Mozilla/5.0 AppleWebKit/537.36 (KHTML, like Gecko; compatible; ClaudeBot/1.0; +claudebot@anthropic.com)"
216.73.216.107 - - [18/Dec/2025:13:23:16 +0000] "GET /page/116/?goods=1746385412 HTTP/1.1" 200 0 "-" "Mozilla/5.0 AppleWebKit/537.36 (KHTML, like Gecko; compatible; ClaudeBot/1.0; +claudebot@anthropic.com)"
216.73.216.107 - - [18/Dec/2025:13:23:16 +0000] "GET /page/124/?goods=1201120774 HTTP/1.1" 200 0 "-" "Mozilla/5.0 AppleWebKit/537.36 (KHTML, like Gecko; compatible; ClaudeBot/1.0; +claudebot@anthropic.com)"
216.73.216.107 - - [18/Dec/2025:13:23:17 +0000] "GET /page/105/?goods=1559096058 HTTP/1.1" 200 0 "-" "Mozilla/5.0 AppleWebKit/537.36 (KHTML, like Gecko; compatible; ClaudeBot/1.0; +claudebot@anthropic.com)"
216.73.216.107 - - [18/Dec/2025:13:23:17 +0000] "GET /page/113/?goods=1201348718 HTTP/1.1" 200 0 "-" "Mozilla/5.0 AppleWebKit/537.36 (KHTML, like Gecko; compatible; ClaudeBot/1.0; +claudebot@anthropic.com)"
216.73.216.107 - - [18/Dec/2025:13:23:18 +0000] "GET /page/123/?goods=869314448 HTTP/1.1" 200 0 "-" "Mozilla/5.0 AppleWebKit/537.36 (KHTML, like Gecko; compatible; ClaudeBot/1.0; +claudebot@anthropic.com)"
216.73.216.107 - - [18/Dec/2025:13:23:18 +0000] "GET /page/123/?goods=1745965268 HTTP/1.1" 200 0 "-" "Mozilla/5.0 AppleWebKit/537.36 (KHTML, like Gecko; compatible; ClaudeBot/1.0; +claudebot@anthropic.com)"
216.73.216.107 - - [18/Dec/2025:13:23:19 +0000] "GET /page/122/?goods=1861285612 HTTP/1.1" 200 0 "-" "Mozilla/5.0 AppleWebKit/537.36 (KHTML, like Gecko; compatible; ClaudeBot/1.0; +claudebot@anthropic.com)"
216.73.216.107 - - [18/Dec/2025:13:23:19 +0000] "GET /page/120/?goods=1746006648 HTTP/1.1" 200 0 "-" "Mozilla/5.0 AppleWebKit/537.36 (KHTML, like Gecko; compatible; ClaudeBot/1.0; +claudebot@anthropic.com)"
216.73.216.107 - - [18/Dec/2025:13:23:20 +0000] "GET /?goods=868693836 HTTP/1.1" 200 0 "-" "Mozilla/5.0 AppleWebKit/537.36 (KHTML, like Gecko; compatible; ClaudeBot/1.0; +claudebot@anthropic.com)"
216.73.216.107 - - [18/Dec/2025:13:23:20 +0000] "GET /page/120/?goods=1201018464 HTTP/1.1" 200 0 "-" "Mozilla/5.0 AppleWebKit/537.36 (KHTML, like Gecko; compatible; ClaudeBot/1.0; +claudebot@anthropic.com)"
216.73.216.107 - - [18/Dec/2025:13:23:21 +0000] "GET /?goods=868788274 HTTP/1.1" 200 0 "-" "Mozilla/5.0 AppleWebKit/537.36 (KHTML, like Gecko; compatible; ClaudeBot/1.0; +claudebot@anthropic.com)"
216.73.216.107 - - [18/Dec/2025:13:23:21 +0000] "GET /page/122/?goods=636388068 HTTP/1.1" 200 0 "-" "Mozilla/5.0 AppleWebKit/537.36 (KHTML, like Gecko; compatible; ClaudeBot/1.0; +claudebot@anthropic.com)"
216.73.216.107 - - [18/Dec/2025:13:23:22 +0000] "GET /page/9/?goods=1746006648 HTTP/1.1" 200 0 "-" "Mozilla/5.0 AppleWebKit/537.36 (KHTML, like Gecko; compatible; ClaudeBot/1.0; +claudebot@anthropic.com)"
216.73.216.107 - - [18/Dec/2025:13:23:22 +0000] "GET /page/119/?goods=1746046444 HTTP/1.1" 200 0 "-" "Mozilla/5.0 AppleWebKit/537.36 (KHTML, like Gecko; compatible; ClaudeBot/1.0; +claudebot@anthropic.com)"
216.73.216.107 - - [18/Dec/2025:13:23:23 +0000] "GET /?goods=228870136 HTTP/1.1" 200 0 "-" "Mozilla/5.0 AppleWebKit/537.36 (KHTML, like Gecko; compatible; ClaudeBot/1.0; +claudebot@anthropic.com)"
216.73.216.107 - - [18/Dec/2025:13:23:23 +0000] "GET /?goods=228781718 HTTP/1.1" 200 0 "-" "Mozilla/5.0 AppleWebKit/537.36 (KHTML, like Gecko; compatible; ClaudeBot/1.0; +claudebot@anthropic.com)"
216.73.216.107 - - [18/Dec/2025:13:23:24 +0000] "GET /page/6/?goods=1201554692 HTTP/1.1" 200 0 "-" "Mozilla/5.0 AppleWebKit/537.36 (KHTML, like Gecko; compatible; ClaudeBot/1.0; +claudebot@anthropic.com)"
66.249.72.233 - - [18/Dec/2025:13:23:24 +0000] "GET /?goods=82385580 HTTP/1.1" 200 227363 "-" "Mozilla/5.0 (Linux; Android 6.0.1; Nexus 5X Build/MMB29P) AppleWebKit/537.36 (KHTML, like Gecko) Chrome/141.0.7390.122 Mobile Safari/537.36 (compatible; Googlebot/2.1; +http://www.google.com/bot.html)"
216.73.216.107 - - [18/Dec/2025:13:23:24 +0000] "GET /?goods=229016260 HTTP/1.1" 200 0 "-" "Mozilla/5.0 AppleWebKit/537.36 (KHTML, like Gecko; compatible; ClaudeBot/1.0; +claudebot@anthropic.com)"
216.73.216.107 - - [18/Dec/2025:13:23:25 +0000] "GET /page/2/?goods=1645027466 HTTP/1.1" 200 0 "-" "Mozilla/5.0 AppleWebKit/537.36 (KHTML, like Gecko; compatible; ClaudeBot/1.0; +claudebot@anthropic.com)"
66.249.72.232 - - [18/Dec/2025:13:23:25 +0000] "GET /?goods=1013597394 HTTP/1.1" 200 254165 "-" "Mozilla/5.0 (Linux; Android 6.0.1; Nexus 5X Build/MMB29P) AppleWebKit/537.36 (KHTML, like Gecko) Chrome/141.0.7390.122 Mobile Safari/537.36 (compatible; Googlebot/2.1; +http://www.google.com/bot.html)"
66.249.72.234 - - [18/Dec/2025:13:23:25 +0000] "GET /?goods=39433832 HTTP/1.1" 200 275250 "-" "Mozilla/5.0 (Linux; Android 6.0.1; Nexus 5X Build/MMB29P) AppleWebKit/537.36 (KHTML, like Gecko) Chrome/141.0.7390.122 Mobile Safari/537.36 (compatible; Googlebot/2.1; +http://www.google.com/bot.html)"
216.73.216.107 - - [18/Dec/2025:13:23:25 +0000] "GET /?goods=228656776 HTTP/1.1" 200 0 "-" "Mozilla/5.0 AppleWebKit/537.36 (KHTML, like Gecko; compatible; ClaudeBot/1.0; +claudebot@anthropic.com)"
216.73.216.107 - - [18/Dec/2025:13:23:26 +0000] "GET /?goods=228703318 HTTP/1.1" 200 0 "-" "Mozilla/5.0 AppleWebKit/537.36 (KHTML, like Gecko; compatible; ClaudeBot/1.0; +claudebot@anthropic.com)"
216.73.216.107 - - [18/Dec/2025:13:23:26 +0000] "GET /?goods=228387132 HTTP/1.1" 200 0 "-" "Mozilla/5.0 AppleWebKit/537.36 (KHTML, like Gecko; compatible; ClaudeBot/1.0; +claudebot@anthropic.com)"
216.73.216.107 - - [18/Dec/2025:13:23:27 +0000] "GET /?goods=228799804 HTTP/1.1" 200 0 "-" "Mozilla/5.0 AppleWebKit/537.36 (KHTML, like Gecko; compatible; ClaudeBot/1.0; +claudebot@anthropic.com)"
