66.249.79.1 - - [20/Dec/2025:14:46:41 +0000] "GET /?z=56122173338205 HTTP/1.1" 200 188911 "-" "Mozilla/5.0 (Linux; Android 6.0.1; Nexus 5X Build/MMB29P) AppleWebKit/537.36 (KHTML, like Gecko) Chrome/141.0.7390.122 Mobile Safari/537.36 (compatible; Googlebot/2.1; +http://www.google.com/bot.html)"
66.249.79.1 - - [20/Dec/2025:14:46:42 +0000] "GET /?z=60329280079304 HTTP/1.1" 200 181833 "-" "Mozilla/5.0 (Linux; Android 6.0.1; Nexus 5X Build/MMB29P) AppleWebKit/537.36 (KHTML, like Gecko) Chrome/141.0.7390.122 Mobile Safari/537.36 (compatible; Googlebot/2.1; +http://www.google.com/bot.html)"
66.249.79.7 - - [20/Dec/2025:14:46:44 +0000] "GET /?z=2790262324700 HTTP/1.1" 200 183517 "-" "Mozilla/5.0 (Linux; Android 6.0.1; Nexus 5X Build/MMB29P) AppleWebKit/537.36 (KHTML, like Gecko) Chrome/141.0.7390.122 Mobile Safari/537.36 (compatible; Googlebot/2.1; +http://www.google.com/bot.html)"
66.249.79.1 - - [20/Dec/2025:14:46:45 +0000] "GET /?z=92015102668404 HTTP/1.1" 200 190265 "-" "Mozilla/5.0 (Linux; Android 6.0.1; Nexus 5X Build/MMB29P) AppleWebKit/537.36 (KHTML, like Gecko) Chrome/141.0.7390.122 Mobile Safari/537.36 (compatible; Googlebot/2.1; +http://www.google.com/bot.html)"
66.249.79.8 - - [20/Dec/2025:14:46:46 +0000] "GET /?z=2835077061301 HTTP/1.1" 200 188451 "-" "Mozilla/5.0 (Linux; Android 6.0.1; Nexus 5X Build/MMB29P) AppleWebKit/537.36 (KHTML, like Gecko) Chrome/141.0.7390.122 Mobile Safari/537.36 (compatible; Googlebot/2.1; +http://www.google.com/bot.html)"
66.249.79.6 - - [20/Dec/2025:14:46:47 +0000] "GET /?z=60771148732201 HTTP/1.1" 200 187303 "-" "Mozilla/5.0 (Linux; Android 6.0.1; Nexus 5X Build/MMB29P) AppleWebKit/537.36 (KHTML, like Gecko) Chrome/141.0.7390.122 Mobile Safari/537.36 (compatible; Googlebot/2.1; +http://www.google.com/bot.html)"
66.249.79.6 - - [20/Dec/2025:14:46:48 +0000] "GET /?z=5416859294804 HTTP/1.1" 200 194422 "-" "Mozilla/5.0 (Linux; Android 6.0.1; Nexus 5X Build/MMB29P) AppleWebKit/537.36 (KHTML, like Gecko) Chrome/141.0.7390.122 Mobile Safari/537.36 (compatible; Googlebot/2.1; +http://www.google.com/bot.html)"
66.249.79.6 - - [20/Dec/2025:14:46:49 +0000] "GET /feed/ HTTP/1.1" 200 185561 "-" "Mozilla/5.0 (Linux; Android 6.0.1; Nexus 5X Build/MMB29P) AppleWebKit/537.36 (KHTML, like Gecko) Chrome/141.0.7390.122 Mobile Safari/537.36 (compatible; Googlebot/2.1; +http://www.google.com/bot.html)"
66.249.79.8 - - [20/Dec/2025:14:46:53 +0000] "GET /422002666 HTTP/1.1" 200 186409 "-" "Mozilla/5.0 (Linux; Android 6.0.1; Nexus 5X Build/MMB29P) AppleWebKit/537.36 (KHTML, like Gecko) Chrome/141.0.7390.122 Mobile Safari/537.36 (compatible; Googlebot/2.1; +http://www.google.com/bot.html)"
66.249.79.7 - - [20/Dec/2025:14:46:54 +0000] "GET /48146827 HTTP/1.1" 200 185906 "-" "Mozilla/5.0 (Linux; Android 6.0.1; Nexus 5X Build/MMB29P) AppleWebKit/537.36 (KHTML, like Gecko) Chrome/141.0.7390.122 Mobile Safari/537.36 (compatible; Googlebot/2.1; +http://www.google.com/bot.html)"
5.39.109.190 - - [20/Dec/2025:14:46:55 +0000] "GET /38417191 HTTP/1.1" 200 0 "-" "Mozilla/5.0 (compatible; AhrefsBot/7.0; +http://ahrefs.com/robot/)"
66.249.79.8 - - [20/Dec/2025:14:46:55 +0000] "GET /?items=633610709 HTTP/1.1" 200 184610 "-" "Mozilla/5.0 (Linux; Android 6.0.1; Nexus 5X Build/MMB29P) AppleWebKit/537.36 (KHTML, like Gecko) Chrome/141.0.7390.122 Mobile Safari/537.36 (compatible; Googlebot/2.1; +http://www.google.com/bot.html)"
66.249.79.1 - - [20/Dec/2025:14:46:56 +0000] "GET /536609059 HTTP/1.1" 200 184301 "-" "Mozilla/5.0 (Linux; Android 6.0.1; Nexus 5X Build/MMB29P) AppleWebKit/537.36 (KHTML, like Gecko) Chrome/141.0.7390.122 Mobile Safari/537.36 (compatible; Googlebot/2.1; +http://www.google.com/bot.html)"
66.249.79.7 - - [20/Dec/2025:14:46:56 +0000] "GET /759499580 HTTP/1.1" 200 186947 "-" "Mozilla/5.0 (Linux; Android 6.0.1; Nexus 5X Build/MMB29P) AppleWebKit/537.36 (KHTML, like Gecko) Chrome/141.0.7390.122 Mobile Safari/537.36 (compatible; Googlebot/2.1; +http://www.google.com/bot.html)"
66.249.79.6 - - [20/Dec/2025:14:46:57 +0000] "GET /68040751 HTTP/1.1" 200 186540 "-" "Mozilla/5.0 (Linux; Android 6.0.1; Nexus 5X Build/MMB29P) AppleWebKit/537.36 (KHTML, like Gecko) Chrome/141.0.7390.122 Mobile Safari/537.36 (compatible; Googlebot/2.1; +http://www.google.com/bot.html)"
66.249.79.7 - - [20/Dec/2025:14:46:58 +0000] "GET /?z=09979110758700 HTTP/1.1" 200 189124 "-" "Mozilla/5.0 (Linux; Android 6.0.1; Nexus 5X Build/MMB29P) AppleWebKit/537.36 (KHTML, like Gecko) Chrome/141.0.7390.122 Mobile Safari/537.36 (compatible; Googlebot/2.1; +http://www.google.com/bot.html)"
66.249.79.6 - - [20/Dec/2025:14:47:00 +0000] "GET /?z=17180262115903 HTTP/1.1" 200 186021 "-" "Mozilla/5.0 (Linux; Android 6.0.1; Nexus 5X Build/MMB29P) AppleWebKit/537.36 (KHTML, like Gecko) Chrome/141.0.7390.122 Mobile Safari/537.36 (compatible; Googlebot/2.1; +http://www.google.com/bot.html)"
66.249.79.8 - - [20/Dec/2025:14:47:04 +0000] "GET /?z=3224922070105 HTTP/1.1" 200 187285 "-" "Mozilla/5.0 (Linux; Android 6.0.1; Nexus 5X Build/MMB29P) AppleWebKit/537.36 (KHTML, like Gecko) Chrome/141.0.7390.122 Mobile Safari/537.36 (compatible; Googlebot/2.1; +http://www.google.com/bot.html)"
66.249.79.6 - - [20/Dec/2025:14:47:05 +0000] "GET /?z=4998372556003 HTTP/1.1" 200 188904 "-" "Mozilla/5.0 (Linux; Android 6.0.1; Nexus 5X Build/MMB29P) AppleWebKit/537.36 (KHTML, like Gecko) Chrome/141.0.7390.122 Mobile Safari/537.36 (compatible; Googlebot/2.1; +http://www.google.com/bot.html)"
66.249.79.8 - - [20/Dec/2025:14:47:06 +0000] "GET /?z=6272486487100 HTTP/1.1" 200 191934 "-" "Mozilla/5.0 (Linux; Android 6.0.1; Nexus 5X Build/MMB29P) AppleWebKit/537.36 (KHTML, like Gecko) Chrome/141.0.7390.122 Mobile Safari/537.36 (compatible; Googlebot/2.1; +http://www.google.com/bot.html)"
66.249.79.8 - - [20/Dec/2025:14:47:06 +0000] "GET /?z=77941256620904 HTTP/1.1" 200 189234 "-" "Mozilla/5.0 (Linux; Android 6.0.1; Nexus 5X Build/MMB29P) AppleWebKit/537.36 (KHTML, like Gecko) Chrome/141.0.7390.122 Mobile Safari/537.36 (compatible; Googlebot/2.1; +http://www.google.com/bot.html)"
66.249.79.6 - - [20/Dec/2025:14:47:08 +0000] "GET /?z=16822126260701 HTTP/1.1" 200 200150 "-" "Mozilla/5.0 (Linux; Android 6.0.1; Nexus 5X Build/MMB29P) AppleWebKit/537.36 (KHTML, like Gecko) Chrome/141.0.7390.122 Mobile Safari/537.36 (compatible; Googlebot/2.1; +http://www.google.com/bot.html)"
66.249.79.7 - - [20/Dec/2025:14:47:09 +0000] "GET /?z=72281226794803 HTTP/1.1" 200 189238 "-" "Mozilla/5.0 (Linux; Android 6.0.1; Nexus 5X Build/MMB29P) AppleWebKit/537.36 (KHTML, like Gecko) Chrome/141.0.7390.122 Mobile Safari/537.36 (compatible; Googlebot/2.1; +http://www.google.com/bot.html)"
66.249.79.7 - - [20/Dec/2025:14:47:10 +0000] "GET /?z=48810246994405 HTTP/1.1" 200 188032 "-" "Mozilla/5.0 (Linux; Android 6.0.1; Nexus 5X Build/MMB29P) AppleWebKit/537.36 (KHTML, like Gecko) Chrome/141.0.7390.122 Mobile Safari/537.36 (compatible; Googlebot/2.1; +http://www.google.com/bot.html)"
66.249.79.7 - - [20/Dec/2025:14:47:10 +0000] "GET /?z=7128822631703 HTTP/1.1" 200 188671 "-" "Mozilla/5.0 (Linux; Android 6.0.1; Nexus 5X Build/MMB29P) AppleWebKit/537.36 (KHTML, like Gecko) Chrome/141.0.7390.122 Mobile Safari/537.36 (compatible; Googlebot/2.1; +http://www.google.com/bot.html)"
66.249.79.6 - - [20/Dec/2025:14:47:11 +0000] "GET /?z=65211263543603 HTTP/1.1" 200 187604 "-" "Mozilla/5.0 (Linux; Android 6.0.1; Nexus 5X Build/MMB29P) AppleWebKit/537.36 (KHTML, like Gecko) Chrome/141.0.7390.122 Mobile Safari/537.36 (compatible; Googlebot/2.1; +http://www.google.com/bot.html)"
66.249.79.6 - - [20/Dec/2025:14:47:12 +0000] "GET /?z=77789237775702 HTTP/1.1" 200 185920 "-" "Mozilla/5.0 (Linux; Android 6.0.1; Nexus 5X Build/MMB29P) AppleWebKit/537.36 (KHTML, like Gecko) Chrome/141.0.7390.122 Mobile Safari/537.36 (compatible; Googlebot/2.1; +http://www.google.com/bot.html)"
66.249.79.7 - - [20/Dec/2025:14:47:13 +0000] "GET /?z=7810398179500 HTTP/1.1" 200 190123 "-" "Mozilla/5.0 (Linux; Android 6.0.1; Nexus 5X Build/MMB29P) AppleWebKit/537.36 (KHTML, like Gecko) Chrome/141.0.7390.122 Mobile Safari/537.36 (compatible; Googlebot/2.1; +http://www.google.com/bot.html)"
51.68.247.205 - - [20/Dec/2025:14:47:14 +0000] "GET /37951573 HTTP/1.1" 200 0 "-" "Mozilla/5.0 (compatible; AhrefsBot/7.0; +http://ahrefs.com/robot/)"
66.249.79.7 - - [20/Dec/2025:14:47:14 +0000] "GET /?z=52015110426701 HTTP/1.1" 200 185597 "-" "Mozilla/5.0 (Linux; Android 6.0.1; Nexus 5X Build/MMB29P) AppleWebKit/537.36 (KHTML, like Gecko) Chrome/141.0.7390.122 Mobile Safari/537.36 (compatible; Googlebot/2.1; +http://www.google.com/bot.html)"
66.249.79.7 - - [20/Dec/2025:14:47:15 +0000] "GET /?z=3877677736201 HTTP/1.1" 200 187040 "-" "Mozilla/5.0 (Linux; Android 6.0.1; Nexus 5X Build/MMB29P) AppleWebKit/537.36 (KHTML, like Gecko) Chrome/141.0.7390.122 Mobile Safari/537.36 (compatible; Googlebot/2.1; +http://www.google.com/bot.html)"
66.249.79.7 - - [20/Dec/2025:14:47:17 +0000] "GET /?z=17176110195204 HTTP/1.1" 200 186753 "-" "Mozilla/5.0 (Linux; Android 6.0.1; Nexus 5X Build/MMB29P) AppleWebKit/537.36 (KHTML, like Gecko) Chrome/141.0.7390.122 Mobile Safari/537.36 (compatible; Googlebot/2.1; +http://www.google.com/bot.html)"
66.249.79.6 - - [20/Dec/2025:14:47:18 +0000] "GET /?z=41977205244402 HTTP/1.1" 200 189083 "-" "Mozilla/5.0 (Linux; Android 6.0.1; Nexus 5X Build/MMB29P) AppleWebKit/537.36 (KHTML, like Gecko) Chrome/141.0.7390.122 Mobile Safari/537.36 (compatible; Googlebot/2.1; +http://www.google.com/bot.html)"
167.253.67.189 - - [20/Dec/2025:14:47:20 +0000] "GET /arhitektura-materialy-i-vozmozhnosti-formalnogo-vebsajta-internetkazino/ HTTP/1.1" 200 0 "https://meqzora.com/arhitektura-materialy-i-vozmozhnosti-formalnogo-vebsajta-internetkazino/" "Mozilla/5.0 (Windows NT 6.3; Win64; x64) AppleWebKit/537.36 (KHTML, like Gecko) Chrome/103.0.5060.53 Safari/537.36"
167.253.67.189 - - [20/Dec/2025:14:47:20 +0000] "GET / HTTP/1.1" 200 0 "https://meqzora.com/" "Mozilla/5.0 (Windows NT 6.3; Win64; x64) AppleWebKit/537.36 (KHTML, like Gecko) Chrome/103.0.5060.53 Safari/537.36"
66.249.79.7 - - [20/Dec/2025:14:47:21 +0000] "GET /?z=4080050487600 HTTP/1.1" 200 193244 "-" "Mozilla/5.0 (Linux; Android 6.0.1; Nexus 5X Build/MMB29P) AppleWebKit/537.36 (KHTML, like Gecko) Chrome/141.0.7390.122 Mobile Safari/537.36 (compatible; Googlebot/2.1; +http://www.google.com/bot.html)"
66.249.79.6 - - [20/Dec/2025:14:47:21 +0000] "GET /?z=0912730183007 HTTP/1.1" 200 204015 "-" "Mozilla/5.0 (Linux; Android 6.0.1; Nexus 5X Build/MMB29P) AppleWebKit/537.36 (KHTML, like Gecko) Chrome/141.0.7390.122 Mobile Safari/537.36 (compatible; Googlebot/2.1; +http://www.google.com/bot.html)"
167.253.67.189 - - [20/Dec/2025:14:47:23 +0000] "GET /issledovanie-internetkluba-dlja-razvlechenij-s-uporom-na-vlozhenija-i-igornye-zavedenija/ HTTP/1.1" 200 0 "https://meqzora.com/issledovanie-internetkluba-dlja-razvlechenij-s-uporom-na-vlozhenija-i-igornye-zavedenija/" "Mozilla/5.0 (Windows NT 6.2; Win64; x64) AppleWebKit/537.36 (KHTML, like Gecko) Chrome/103.0.0.0 Safari/537.36"
66.249.79.6 - - [20/Dec/2025:14:47:24 +0000] "GET /?items=65445600 HTTP/1.1" 200 194755 "-" "Mozilla/5.0 (Linux; Android 6.0.1; Nexus 5X Build/MMB29P) AppleWebKit/537.36 (KHTML, like Gecko) Chrome/141.0.7390.122 Mobile Safari/537.36 (compatible; Googlebot/2.1; +http://www.google.com/bot.html)"
167.253.67.189 - - [20/Dec/2025:14:47:24 +0000] "GET / HTTP/1.1" 200 0 "https://meqzora.com/" "Mozilla/5.0 (Windows NT 6.2; Win64; x64) AppleWebKit/537.36 (KHTML, like Gecko) Chrome/103.0.0.0 Safari/537.36"
66.249.79.6 - - [20/Dec/2025:14:47:24 +0000] "GET /?z=085873426504 HTTP/1.1" 200 186887 "-" "Mozilla/5.0 (Linux; Android 6.0.1; Nexus 5X Build/MMB29P) AppleWebKit/537.36 (KHTML, like Gecko) Chrome/141.0.7390.122 Mobile Safari/537.36 (compatible; Googlebot/2.1; +http://www.google.com/bot.html)"
172.81.58.13 - - [20/Dec/2025:14:47:25 +0000] "GET /arhitektura-materialy-i-vozmozhnosti-formalnogo-vebsajta-internetkazino/ HTTP/1.1" 200 0 "https://meqzora.com/arhitektura-materialy-i-vozmozhnosti-formalnogo-vebsajta-internetkazino/" "Mozilla/5.0 (Windows NT 10.0; WOW64) AppleWebKit/537.36 (KHTML, like Gecko) Chrome/103.0.0.0 Safari/537.36"
167.253.67.189 - - [20/Dec/2025:14:47:25 +0000] "GET /po-kakoj-prichine-ljudskoj-prirode-nravitsja-sostjazatelnaja-atmosfera/ HTTP/1.1" 200 0 "https://meqzora.com/po-kakoj-prichine-ljudskoj-prirode-nravitsja-sostjazatelnaja-atmosfera/" "Mozilla/5.0 (Windows NT 6.2; Win64; x64) AppleWebKit/537.36 (KHTML, like Gecko) Chrome/103.0.0.0 Safari/537.36"
167.253.67.189 - - [20/Dec/2025:14:47:25 +0000] "GET / HTTP/1.1" 200 0 "https://meqzora.com/" "Mozilla/5.0 (Windows NT 6.2; Win64; x64) AppleWebKit/537.36 (KHTML, like Gecko) Chrome/103.0.0.0 Safari/537.36"
172.81.58.13 - - [20/Dec/2025:14:47:25 +0000] "GET / HTTP/1.1" 200 0 "https://meqzora.com/" "Mozilla/5.0 (Windows NT 10.0; WOW64) AppleWebKit/537.36 (KHTML, like Gecko) Chrome/103.0.0.0 Safari/537.36"
66.249.79.6 - - [20/Dec/2025:14:47:26 +0000] "GET /?z=86814250160105 HTTP/1.1" 200 188996 "-" "Mozilla/5.0 (Linux; Android 6.0.1; Nexus 5X Build/MMB29P) AppleWebKit/537.36 (KHTML, like Gecko) Chrome/141.0.7390.122 Mobile Safari/537.36 (compatible; Googlebot/2.1; +http://www.google.com/bot.html)"
66.249.79.6 - - [20/Dec/2025:14:47:28 +0000] "GET /?z=03134102966011 HTTP/1.1" 200 186414 "-" "Mozilla/5.0 (Linux; Android 6.0.1; Nexus 5X Build/MMB29P) AppleWebKit/537.36 (KHTML, like Gecko) Chrome/141.0.7390.122 Mobile Safari/537.36 (compatible; Googlebot/2.1; +http://www.google.com/bot.html)"
172.81.58.13 - - [20/Dec/2025:14:47:28 +0000] "GET /issledovanie-internetkluba-dlja-razvlechenij-s-uporom-na-vlozhenija-i-igornye-zavedenija/ HTTP/1.1" 200 0 "https://meqzora.com/issledovanie-internetkluba-dlja-razvlechenij-s-uporom-na-vlozhenija-i-igornye-zavedenija/" "Mozilla/5.0 (Windows NT 6.3; Win64; x64) AppleWebKit/537.36 (KHTML, like Gecko) Chrome/103.0.5060.53 Safari/537.36"
172.81.58.13 - - [20/Dec/2025:14:47:28 +0000] "GET / HTTP/1.1" 200 0 "https://meqzora.com/" "Mozilla/5.0 (Windows NT 6.3; Win64; x64) AppleWebKit/537.36 (KHTML, like Gecko) Chrome/103.0.5060.53 Safari/537.36"
167.253.67.189 - - [20/Dec/2025:14:47:28 +0000] "GET /kak-feshn-skazyvaetsja-opredeljaet-industriju-razvlechenij/ HTTP/1.1" 200 0 "https://meqzora.com/kak-feshn-skazyvaetsja-opredeljaet-industriju-razvlechenij/" "Mozilla/5.0 (Windows NT 10.0; Win64; x64) AppleWebKit/537.36 (KHTML, like Gecko) Chrome/103.0.0.0 Safari/537.36 Herring/95.1.8810.11"
167.253.67.189 - - [20/Dec/2025:14:47:28 +0000] "GET / HTTP/1.1" 200 0 "https://meqzora.com/" "Mozilla/5.0 (Windows NT 10.0; Win64; x64) AppleWebKit/537.36 (KHTML, like Gecko) Chrome/103.0.0.0 Safari/537.36 Herring/95.1.8810.11"
66.249.79.6 - - [20/Dec/2025:14:47:28 +0000] "GET /?z=8091218486801 HTTP/1.1" 200 185740 "-" "Mozilla/5.0 (Linux; Android 6.0.1; Nexus 5X Build/MMB29P) AppleWebKit/537.36 (KHTML, like Gecko) Chrome/141.0.7390.122 Mobile Safari/537.36 (compatible; Googlebot/2.1; +http://www.google.com/bot.html)"
66.249.79.7 - - [20/Dec/2025:14:47:29 +0000] "GET /?z=08801124115400 HTTP/1.1" 200 191059 "-" "Mozilla/5.0 (Linux; Android 6.0.1; Nexus 5X Build/MMB29P) AppleWebKit/537.36 (KHTML, like Gecko) Chrome/141.0.7390.122 Mobile Safari/537.36 (compatible; Googlebot/2.1; +http://www.google.com/bot.html)"
167.253.67.189 - - [20/Dec/2025:14:47:30 +0000] "GET /panduan-mengikuti-event-sponsor-match-di-sport-online/ HTTP/1.1" 200 0 "https://meqzora.com/panduan-mengikuti-event-sponsor-match-di-sport-online/" "Mozilla/5.0 (Windows NT 10.0; Win64; x64) AppleWebKit/537.36 (KHTML, like Gecko) Chrome/103.0.0.0 Safari/537.36"
167.253.67.189 - - [20/Dec/2025:14:47:30 +0000] "GET / HTTP/1.1" 200 0 "https://meqzora.com/" "Mozilla/5.0 (Windows NT 10.0; Win64; x64) AppleWebKit/537.36 (KHTML, like Gecko) Chrome/103.0.0.0 Safari/537.36"
172.81.58.13 - - [20/Dec/2025:14:47:30 +0000] "GET /po-kakoj-prichine-ljudskoj-prirode-nravitsja-sostjazatelnaja-atmosfera/ HTTP/1.1" 200 0 "https://meqzora.com/po-kakoj-prichine-ljudskoj-prirode-nravitsja-sostjazatelnaja-atmosfera/" "Mozilla/5.0 (Windows NT 6.1) AppleWebKit/537.36 (KHTML, like Gecko) Chrome/103.0.0.0 Safari/537.36"
172.81.58.13 - - [20/Dec/2025:14:47:30 +0000] "GET / HTTP/1.1" 200 0 "https://meqzora.com/" "Mozilla/5.0 (Windows NT 6.1) AppleWebKit/537.36 (KHTML, like Gecko) Chrome/103.0.0.0 Safari/537.36"
66.249.79.6 - - [20/Dec/2025:14:47:31 +0000] "GET /?z=1096471629400 HTTP/1.1" 200 192839 "-" "Mozilla/5.0 (Linux; Android 6.0.1; Nexus 5X Build/MMB29P) AppleWebKit/537.36 (KHTML, like Gecko) Chrome/141.0.7390.122 Mobile Safari/537.36 (compatible; Googlebot/2.1; +http://www.google.com/bot.html)"
167.253.67.189 - - [20/Dec/2025:14:47:31 +0000] "GET /memahami-fungsi-statistik-akurasi-tembakan-di-liga/ HTTP/1.1" 200 0 "https://meqzora.com/memahami-fungsi-statistik-akurasi-tembakan-di-liga/" "Mozilla/5.0 (Windows NT 6.1; WOW64) AppleWebKit/537.36 (KHTML, like Gecko) Chrome/103.0.0.0 Safari/537.36"
66.249.79.7 - - [20/Dec/2025:14:47:31 +0000] "GET /8181151 HTTP/1.1" 200 184102 "-" "Mozilla/5.0 (Linux; Android 6.0.1; Nexus 5X Build/MMB29P) AppleWebKit/537.36 (KHTML, like Gecko) Chrome/141.0.7390.122 Mobile Safari/537.36 (compatible; Googlebot/2.1; +http://www.google.com/bot.html)"
167.253.67.189 - - [20/Dec/2025:14:47:31 +0000] "GET / HTTP/1.1" 200 0 "https://meqzora.com/" "Mozilla/5.0 (Windows NT 6.1; WOW64) AppleWebKit/537.36 (KHTML, like Gecko) Chrome/103.0.0.0 Safari/537.36"
66.249.79.8 - - [20/Dec/2025:14:47:32 +0000] "GET /?z=49802250334502 HTTP/1.1" 200 188752 "-" "Mozilla/5.0 (Linux; Android 6.0.1; Nexus 5X Build/MMB29P) AppleWebKit/537.36 (KHTML, like Gecko) Chrome/141.0.7390.122 Mobile Safari/537.36 (compatible; Googlebot/2.1; +http://www.google.com/bot.html)"
167.253.67.189 - - [20/Dec/2025:14:47:32 +0000] "GET /author/vxuxk/page/2/ HTTP/1.1" 200 0 "https://meqzora.com/author/vxuxk/page/2/" "Mozilla/5.0 (Windows NT 6.1; Win64; x64) AppleWebKit/537.36 (KHTML, like Gecko) Chrome/103.0.5060.114 Safari/537.36"
66.249.79.6 - - [20/Dec/2025:14:47:32 +0000] "GET /?z=17726232011305 HTTP/1.1" 200 187856 "-" "Mozilla/5.0 (Linux; Android 6.0.1; Nexus 5X Build/MMB29P) AppleWebKit/537.36 (KHTML, like Gecko) Chrome/141.0.7390.122 Mobile Safari/537.36 (compatible; Googlebot/2.1; +http://www.google.com/bot.html)"
167.253.67.189 - - [20/Dec/2025:14:47:33 +0000] "GET / HTTP/1.1" 200 0 "https://meqzora.com/" "Mozilla/5.0 (Windows NT 6.1; Win64; x64) AppleWebKit/537.36 (KHTML, like Gecko) Chrome/103.0.5060.114 Safari/537.36"
172.81.58.13 - - [20/Dec/2025:14:47:33 +0000] "GET /kak-feshn-skazyvaetsja-opredeljaet-industriju-razvlechenij/ HTTP/1.1" 200 0 "https://meqzora.com/kak-feshn-skazyvaetsja-opredeljaet-industriju-razvlechenij/" "Mozilla/5.0 (Windows NT 6.1; Win64; x64) AppleWebKit/537.36 (KHTML, like Gecko) Chrome/103.0.5060.114 Safari/537.36"
172.81.58.13 - - [20/Dec/2025:14:47:33 +0000] "GET / HTTP/1.1" 200 0 "https://meqzora.com/" "Mozilla/5.0 (Windows NT 6.1; Win64; x64) AppleWebKit/537.36 (KHTML, like Gecko) Chrome/103.0.5060.114 Safari/537.36"
66.249.79.7 - - [20/Dec/2025:14:47:33 +0000] "GET /SIVGA%20SV023%20%E9%96%8B%E6%94%BE%E5%9E%8B%20%E3%83%98%E3%83%83%E3%83%89%E3%83%9B%E3%83%B3%20%E3%83%AA%E3%82%B1%E3%83%BC%E3%83%96%E3%83%AB%E5%AF%BE%E5%BF%9C%20%E3%82%AA%E3%83%BC%E3%83%97%E3%83%B3%E3%82%A8%E3%82%A2%E3%83%BC%20%E3%82%AA%E3%83%BC%E3%83%90%E3%83%BC%E3%82%A4%E3%83%A4%E3%83%BC%20(%E9%80%81%E6%96%99%E7%84%A1%E6%96%99)%EF%BC%9A%EF%BD%85%E3%82%A4%E3%83%A4%E3%83%9B%E3%83%B3%E5%BA%97 HTTP/1.1" 200 0 "-" "Mozilla/5.0 (Linux; Android 6.0.1; Nexus 5X Build/MMB29P) AppleWebKit/537.36 (KHTML, like Gecko) Chrome/141.0.7390.122 Mobile Safari/537.36 (compatible; GoogleOther)"
66.249.79.6 - - [20/Dec/2025:14:47:34 +0000] "GET /?z=01174179760305 HTTP/1.1" 200 186339 "-" "Mozilla/5.0 (Linux; Android 6.0.1; Nexus 5X Build/MMB29P) AppleWebKit/537.36 (KHTML, like Gecko) Chrome/141.0.7390.122 Mobile Safari/537.36 (compatible; Googlebot/2.1; +http://www.google.com/bot.html)"
172.81.58.13 - - [20/Dec/2025:14:47:34 +0000] "GET /panduan-mengikuti-event-sponsor-match-di-sport-online/ HTTP/1.1" 200 0 "https://meqzora.com/panduan-mengikuti-event-sponsor-match-di-sport-online/" "Mozilla/5.0 (Windows NT 10.0) AppleWebKit/537.36 (KHTML, like Gecko) Chrome/103.0.0.0 Safari/537.36"
167.253.67.189 - - [20/Dec/2025:14:47:34 +0000] "GET /onlajn-kazino-s-bystrymi-tranzaktsijami-i-vygodnymi-bonusami-vulkan-777-besplatno/ HTTP/1.1" 200 0 "https://meqzora.com/onlajn-kazino-s-bystrymi-tranzaktsijami-i-vygodnymi-bonusami-vulkan-777-besplatno/" "Mozilla/5.0 (Windows NT 10.0; Win64; x64) AppleWebKit/537.36 (KHTML, like Gecko) Chrome/103.0.5042.0 Safari/537.36"
167.253.67.189 - - [20/Dec/2025:14:47:34 +0000] "GET / HTTP/1.1" 200 0 "https://meqzora.com/" "Mozilla/5.0 (Windows NT 10.0; Win64; x64) AppleWebKit/537.36 (KHTML, like Gecko) Chrome/103.0.5042.0 Safari/537.36"
172.81.58.13 - - [20/Dec/2025:14:47:35 +0000] "GET / HTTP/1.1" 200 0 "https://meqzora.com/" "Mozilla/5.0 (Windows NT 10.0) AppleWebKit/537.36 (KHTML, like Gecko) Chrome/103.0.0.0 Safari/537.36"
66.249.79.8 - - [20/Dec/2025:14:47:35 +0000] "GET /?z=671296906007 HTTP/1.1" 200 185254 "-" "Mozilla/5.0 (Linux; Android 6.0.1; Nexus 5X Build/MMB29P) AppleWebKit/537.36 (KHTML, like Gecko) Chrome/141.0.7390.122 Mobile Safari/537.36 (compatible; Googlebot/2.1; +http://www.google.com/bot.html)"
66.249.79.8 - - [20/Dec/2025:14:47:36 +0000] "GET /?z=29119178611800 HTTP/1.1" 200 189837 "-" "Mozilla/5.0 (Linux; Android 6.0.1; Nexus 5X Build/MMB29P) AppleWebKit/537.36 (KHTML, like Gecko) Chrome/141.0.7390.122 Mobile Safari/537.36 (compatible; Googlebot/2.1; +http://www.google.com/bot.html)"
172.81.58.13 - - [20/Dec/2025:14:47:36 +0000] "GET /memahami-fungsi-statistik-akurasi-tembakan-di-liga/ HTTP/1.1" 200 0 "https://meqzora.com/memahami-fungsi-statistik-akurasi-tembakan-di-liga/" "Mozilla/5.0 (Windows NT 6.3; WOW64) AppleWebKit/537.36 (KHTML, like Gecko) Chrome/103.0.0.0 Safari/537.36"
66.249.79.1 - - [20/Dec/2025:14:47:37 +0000] "GET /?z=2891124278100 HTTP/1.1" 200 183931 "-" "Mozilla/5.0 (Linux; Android 6.0.1; Nexus 5X Build/MMB29P) AppleWebKit/537.36 (KHTML, like Gecko) Chrome/141.0.7390.122 Mobile Safari/537.36 (compatible; Googlebot/2.1; +http://www.google.com/bot.html)"
51.68.247.192 - - [20/Dec/2025:14:47:37 +0000] "GET /3693912 HTTP/1.1" 200 0 "-" "Mozilla/5.0 (compatible; AhrefsBot/7.0; +http://ahrefs.com/robot/)"
172.81.58.13 - - [20/Dec/2025:14:47:37 +0000] "GET / HTTP/1.1" 200 0 "https://meqzora.com/" "Mozilla/5.0 (Windows NT 6.3; WOW64) AppleWebKit/537.36 (KHTML, like Gecko) Chrome/103.0.0.0 Safari/537.36"
172.81.58.13 - - [20/Dec/2025:14:47:37 +0000] "GET /author/vxuxk/page/2/ HTTP/1.1" 200 0 "https://meqzora.com/author/vxuxk/page/2/" "Mozilla/5.0 (Windows NT 10.0; Win64; x64) AppleWebKit/537.36 (KHTML, like Gecko) Chrome/103.0.5060.66 Safari/537.36"
172.81.58.13 - - [20/Dec/2025:14:47:37 +0000] "GET / HTTP/1.1" 200 0 "https://meqzora.com/" "Mozilla/5.0 (Windows NT 10.0; Win64; x64) AppleWebKit/537.36 (KHTML, like Gecko) Chrome/103.0.5060.66 Safari/537.36"
66.249.79.8 - - [20/Dec/2025:14:47:38 +0000] "GET /?z=1979218695405 HTTP/1.1" 200 187915 "-" "Mozilla/5.0 (Linux; Android 6.0.1; Nexus 5X Build/MMB29P) AppleWebKit/537.36 (KHTML, like Gecko) Chrome/141.0.7390.122 Mobile Safari/537.36 (compatible; Googlebot/2.1; +http://www.google.com/bot.html)"
172.81.58.13 - - [20/Dec/2025:14:47:39 +0000] "GET /onlajn-kazino-s-bystrymi-tranzaktsijami-i-vygodnymi-bonusami-vulkan-777-besplatno/ HTTP/1.1" 200 0 "https://meqzora.com/onlajn-kazino-s-bystrymi-tranzaktsijami-i-vygodnymi-bonusami-vulkan-777-besplatno/" "Mozilla/5.0 (Windows NT 6.1; Win64; x64) AppleWebKit/537.36 (KHTML, like Gecko) Chrome/103.0.5060.66 Safari/537.36"
66.249.79.7 - - [20/Dec/2025:14:47:39 +0000] "GET /?z=84397284939103 HTTP/1.1" 200 188915 "-" "Mozilla/5.0 (Linux; Android 6.0.1; Nexus 5X Build/MMB29P) AppleWebKit/537.36 (KHTML, like Gecko) Chrome/141.0.7390.122 Mobile Safari/537.36 (compatible; Googlebot/2.1; +http://www.google.com/bot.html)"
66.249.79.8 - - [20/Dec/2025:14:47:41 +0000] "GET /?z=68716283486202 HTTP/1.1" 200 185483 "-" "Mozilla/5.0 (Linux; Android 6.0.1; Nexus 5X Build/MMB29P) AppleWebKit/537.36 (KHTML, like Gecko) Chrome/141.0.7390.122 Mobile Safari/537.36 (compatible; Googlebot/2.1; +http://www.google.com/bot.html)"
66.249.79.8 - - [20/Dec/2025:14:47:42 +0000] "GET /?items=84270793 HTTP/1.1" 200 188225 "-" "Mozilla/5.0 (Linux; Android 6.0.1; Nexus 5X Build/MMB29P) AppleWebKit/537.36 (KHTML, like Gecko) Chrome/141.0.7390.122 Mobile Safari/537.36 (compatible; Googlebot/2.1; +http://www.google.com/bot.html)"
66.249.79.6 - - [20/Dec/2025:14:47:42 +0000] "GET /?z=5972926894400 HTTP/1.1" 200 187242 "-" "Mozilla/5.0 (Linux; Android 6.0.1; Nexus 5X Build/MMB29P) AppleWebKit/537.36 (KHTML, like Gecko) Chrome/141.0.7390.122 Mobile Safari/537.36 (compatible; Googlebot/2.1; +http://www.google.com/bot.html)"
66.249.79.8 - - [20/Dec/2025:14:47:45 +0000] "GET /?z=2851558485200 HTTP/1.1" 200 191087 "-" "Mozilla/5.0 (Linux; Android 6.0.1; Nexus 5X Build/MMB29P) AppleWebKit/537.36 (KHTML, like Gecko) Chrome/141.0.7390.122 Mobile Safari/537.36 (compatible; Googlebot/2.1; +http://www.google.com/bot.html)"
66.249.79.8 - - [20/Dec/2025:14:47:47 +0000] "GET /?z=1862239063001 HTTP/1.1" 200 190675 "-" "Mozilla/5.0 (Linux; Android 6.0.1; Nexus 5X Build/MMB29P) AppleWebKit/537.36 (KHTML, like Gecko) Chrome/141.0.7390.122 Mobile Safari/537.36 (compatible; Googlebot/2.1; +http://www.google.com/bot.html)"
66.249.79.6 - - [20/Dec/2025:14:47:48 +0000] "GET /?items=291872284 HTTP/1.1" 200 186626 "-" "Mozilla/5.0 (Linux; Android 6.0.1; Nexus 5X Build/MMB29P) AppleWebKit/537.36 (KHTML, like Gecko) Chrome/141.0.7390.122 Mobile Safari/537.36 (compatible; Googlebot/2.1; +http://www.google.com/bot.html)"
66.249.79.6 - - [20/Dec/2025:14:47:48 +0000] "GET /?z=57557206871603 HTTP/1.1" 200 189373 "-" "Mozilla/5.0 (Linux; Android 6.0.1; Nexus 5X Build/MMB29P) AppleWebKit/537.36 (KHTML, like Gecko) Chrome/141.0.7390.122 Mobile Safari/537.36 (compatible; Googlebot/2.1; +http://www.google.com/bot.html)"
66.249.79.1 - - [20/Dec/2025:14:47:49 +0000] "GET /?z=97372298090700 HTTP/1.1" 200 187306 "-" "Mozilla/5.0 (Linux; Android 6.0.1; Nexus 5X Build/MMB29P) AppleWebKit/537.36 (KHTML, like Gecko) Chrome/141.0.7390.122 Mobile Safari/537.36 (compatible; Googlebot/2.1; +http://www.google.com/bot.html)"
66.249.79.7 - - [20/Dec/2025:14:47:49 +0000] "GET /?z=0074930172803 HTTP/1.1" 200 188606 "-" "Mozilla/5.0 (Linux; Android 6.0.1; Nexus 5X Build/MMB29P) AppleWebKit/537.36 (KHTML, like Gecko) Chrome/141.0.7390.122 Mobile Safari/537.36 (compatible; Googlebot/2.1; +http://www.google.com/bot.html)"
66.249.79.8 - - [20/Dec/2025:14:47:50 +0000] "GET /?z=1122623785201 HTTP/1.1" 200 186762 "-" "Mozilla/5.0 (Linux; Android 6.0.1; Nexus 5X Build/MMB29P) AppleWebKit/537.36 (KHTML, like Gecko) Chrome/141.0.7390.122 Mobile Safari/537.36 (compatible; Googlebot/2.1; +http://www.google.com/bot.html)"
66.249.79.1 - - [20/Dec/2025:14:47:50 +0000] "GET /?z=1889976641201 HTTP/1.1" 200 194000 "-" "Mozilla/5.0 (Linux; Android 6.0.1; Nexus 5X Build/MMB29P) AppleWebKit/537.36 (KHTML, like Gecko) Chrome/141.0.7390.122 Mobile Safari/537.36 (compatible; Googlebot/2.1; +http://www.google.com/bot.html)"
66.249.79.6 - - [20/Dec/2025:14:47:51 +0000] "GET /?z=5603650545202 HTTP/1.1" 200 190274 "-" "Mozilla/5.0 (Linux; Android 6.0.1; Nexus 5X Build/MMB29P) AppleWebKit/537.36 (KHTML, like Gecko) Chrome/141.0.7390.122 Mobile Safari/537.36 (compatible; Googlebot/2.1; +http://www.google.com/bot.html)"
66.249.79.8 - - [20/Dec/2025:14:47:51 +0000] "GET /?z=9127282904000 HTTP/1.1" 200 189934 "-" "Mozilla/5.0 (Linux; Android 6.0.1; Nexus 5X Build/MMB29P) AppleWebKit/537.36 (KHTML, like Gecko) Chrome/141.0.7390.122 Mobile Safari/537.36 (compatible; Googlebot/2.1; +http://www.google.com/bot.html)"
66.249.79.8 - - [20/Dec/2025:14:47:52 +0000] "GET /?items=895510110 HTTP/1.1" 200 185689 "-" "Mozilla/5.0 (Linux; Android 6.0.1; Nexus 5X Build/MMB29P) AppleWebKit/537.36 (KHTML, like Gecko) Chrome/141.0.7390.122 Mobile Safari/537.36 (compatible; Googlebot/2.1; +http://www.google.com/bot.html)"
66.249.79.2 - - [20/Dec/2025:14:47:53 +0000] "GET /?z=2206964735202 HTTP/1.1" 200 188381 "-" "Mozilla/5.0 (Linux; Android 6.0.1; Nexus 5X Build/MMB29P) AppleWebKit/537.36 (KHTML, like Gecko) Chrome/141.0.7390.122 Mobile Safari/537.36 (compatible; Googlebot/2.1; +http://www.google.com/bot.html)"
66.249.79.2 - - [20/Dec/2025:14:47:54 +0000] "GET /?z=3936057062702 HTTP/1.1" 200 189268 "-" "Mozilla/5.0 (Linux; Android 6.0.1; Nexus 5X Build/MMB29P) AppleWebKit/537.36 (KHTML, like Gecko) Chrome/141.0.7390.122 Mobile Safari/537.36 (compatible; Googlebot/2.1; +http://www.google.com/bot.html)"
66.249.79.6 - - [20/Dec/2025:14:47:55 +0000] "GET /?z=6189454546101 HTTP/1.1" 200 185220 "-" "Mozilla/5.0 (Linux; Android 6.0.1; Nexus 5X Build/MMB29P) AppleWebKit/537.36 (KHTML, like Gecko) Chrome/141.0.7390.122 Mobile Safari/537.36 (compatible; Googlebot/2.1; +http://www.google.com/bot.html)"
66.249.79.1 - - [20/Dec/2025:14:47:57 +0000] "GET /?z=740994428800 HTTP/1.1" 200 186129 "-" "Mozilla/5.0 (Linux; Android 6.0.1; Nexus 5X Build/MMB29P) AppleWebKit/537.36 (KHTML, like Gecko) Chrome/141.0.7390.122 Mobile Safari/537.36 (compatible; Googlebot/2.1; +http://www.google.com/bot.html)"
66.249.79.7 - - [20/Dec/2025:14:48:00 +0000] "GET /?z=1887232946002 HTTP/1.1" 200 189523 "-" "Mozilla/5.0 (Linux; Android 6.0.1; Nexus 5X Build/MMB29P) AppleWebKit/537.36 (KHTML, like Gecko) Chrome/141.0.7390.122 Mobile Safari/537.36 (compatible; Googlebot/2.1; +http://www.google.com/bot.html)"
66.249.79.1 - - [20/Dec/2025:14:48:01 +0000] "GET /?z=813497893603 HTTP/1.1" 200 185723 "-" "Mozilla/5.0 (Linux; Android 6.0.1; Nexus 5X Build/MMB29P) AppleWebKit/537.36 (KHTML, like Gecko) Chrome/141.0.7390.122 Mobile Safari/537.36 (compatible; Googlebot/2.1; +http://www.google.com/bot.html)"
66.249.79.6 - - [20/Dec/2025:14:48:02 +0000] "GET /?z=820612456107 HTTP/1.1" 200 185629 "-" "Mozilla/5.0 (Linux; Android 6.0.1; Nexus 5X Build/MMB29P) AppleWebKit/537.36 (KHTML, like Gecko) Chrome/141.0.7390.122 Mobile Safari/537.36 (compatible; Googlebot/2.1; +http://www.google.com/bot.html)"
66.249.79.8 - - [20/Dec/2025:14:48:03 +0000] "GET /?z=8834457190004 HTTP/1.1" 200 188244 "-" "Mozilla/5.0 (Linux; Android 6.0.1; Nexus 5X Build/MMB29P) AppleWebKit/537.36 (KHTML, like Gecko) Chrome/141.0.7390.122 Mobile Safari/537.36 (compatible; Googlebot/2.1; +http://www.google.com/bot.html)"
66.249.79.8 - - [20/Dec/2025:14:48:07 +0000] "GET /?z=9279723276400 HTTP/1.1" 200 186925 "-" "Mozilla/5.0 (Linux; Android 6.0.1; Nexus 5X Build/MMB29P) AppleWebKit/537.36 (KHTML, like Gecko) Chrome/141.0.7390.122 Mobile Safari/537.36 (compatible; Googlebot/2.1; +http://www.google.com/bot.html)"
66.249.79.7 - - [20/Dec/2025:14:48:08 +0000] "GET /?z=7990155072001 HTTP/1.1" 200 188220 "-" "Mozilla/5.0 (Linux; Android 6.0.1; Nexus 5X Build/MMB29P) AppleWebKit/537.36 (KHTML, like Gecko) Chrome/141.0.7390.122 Mobile Safari/537.36 (compatible; Googlebot/2.1; +http://www.google.com/bot.html)"
114.119.174.232 - - [20/Dec/2025:14:48:08 +0000] "GET /the-rise-of-live-dealer-games-in-online-casinos-72/ HTTP/1.1" 200 0 "https://meqzora.com/the-rise-of-live-dealer-games-in-online-casinos-72/" "Mozilla/5.0 (Windows NT 10.0; Win64; x64) AppleWebKit/537.36 (KHTML, like Gecko) Chrome/116.0.0.0 Safari/537.36"
66.249.79.7 - - [20/Dec/2025:14:48:09 +0000] "GET /?z=8046818128509 HTTP/1.1" 200 184683 "-" "Mozilla/5.0 (Linux; Android 6.0.1; Nexus 5X Build/MMB29P) AppleWebKit/537.36 (KHTML, like Gecko) Chrome/141.0.7390.122 Mobile Safari/537.36 (compatible; Googlebot/2.1; +http://www.google.com/bot.html)"
66.249.79.8 - - [20/Dec/2025:14:48:09 +0000] "GET /?z=0075931787401 HTTP/1.1" 200 189511 "-" "Mozilla/5.0 (Linux; Android 6.0.1; Nexus 5X Build/MMB29P) AppleWebKit/537.36 (KHTML, like Gecko) Chrome/141.0.7390.122 Mobile Safari/537.36 (compatible; Googlebot/2.1; +http://www.google.com/bot.html)"
66.249.79.6 - - [20/Dec/2025:14:48:10 +0000] "GET /?z=977201716004 HTTP/1.1" 200 185944 "-" "Mozilla/5.0 (Linux; Android 6.0.1; Nexus 5X Build/MMB29P) AppleWebKit/537.36 (KHTML, like Gecko) Chrome/141.0.7390.122 Mobile Safari/537.36 (compatible; Googlebot/2.1; +http://www.google.com/bot.html)"
66.249.79.7 - - [20/Dec/2025:14:48:10 +0000] "GET /?z=47480108555700 HTTP/1.1" 200 192214 "-" "Mozilla/5.0 (Linux; Android 6.0.1; Nexus 5X Build/MMB29P) AppleWebKit/537.36 (KHTML, like Gecko) Chrome/141.0.7390.122 Mobile Safari/537.36 (compatible; Googlebot/2.1; +http://www.google.com/bot.html)"
66.249.79.6 - - [20/Dec/2025:14:48:11 +0000] "GET /?z=6002218033605 HTTP/1.1" 200 187439 "-" "Mozilla/5.0 (Linux; Android 6.0.1; Nexus 5X Build/MMB29P) AppleWebKit/537.36 (KHTML, like Gecko) Chrome/141.0.7390.122 Mobile Safari/537.36 (compatible; Googlebot/2.1; +http://www.google.com/bot.html)"
66.249.79.7 - - [20/Dec/2025:14:48:11 +0000] "GET /?items=825954715 HTTP/1.1" 200 186829 "-" "Mozilla/5.0 (Linux; Android 6.0.1; Nexus 5X Build/MMB29P) AppleWebKit/537.36 (KHTML, like Gecko) Chrome/141.0.7390.122 Mobile Safari/537.36 (compatible; Googlebot/2.1; +http://www.google.com/bot.html)"
66.249.79.8 - - [20/Dec/2025:14:48:12 +0000] "GET /?items=250210813 HTTP/1.1" 200 184440 "-" "Mozilla/5.0 (Linux; Android 6.0.1; Nexus 5X Build/MMB29P) AppleWebKit/537.36 (KHTML, like Gecko) Chrome/141.0.7390.122 Mobile Safari/537.36 (compatible; Googlebot/2.1; +http://www.google.com/bot.html)"
66.249.79.6 - - [20/Dec/2025:14:48:13 +0000] "GET /?items=462524116 HTTP/1.1" 200 186902 "-" "Mozilla/5.0 (Linux; Android 6.0.1; Nexus 5X Build/MMB29P) AppleWebKit/537.36 (KHTML, like Gecko) Chrome/141.0.7390.122 Mobile Safari/537.36 (compatible; Googlebot/2.1; +http://www.google.com/bot.html)"
66.249.79.7 - - [20/Dec/2025:14:48:14 +0000] "GET /?items=650397639 HTTP/1.1" 200 187982 "-" "Mozilla/5.0 (Linux; Android 6.0.1; Nexus 5X Build/MMB29P) AppleWebKit/537.36 (KHTML, like Gecko) Chrome/141.0.7390.122 Mobile Safari/537.36 (compatible; Googlebot/2.1; +http://www.google.com/bot.html)"
66.249.79.6 - - [20/Dec/2025:14:48:16 +0000] "GET /?items=420030832 HTTP/1.1" 200 184442 "-" "Mozilla/5.0 (Linux; Android 6.0.1; Nexus 5X Build/MMB29P) AppleWebKit/537.36 (KHTML, like Gecko) Chrome/141.0.7390.122 Mobile Safari/537.36 (compatible; Googlebot/2.1; +http://www.google.com/bot.html)"
66.249.79.6 - - [20/Dec/2025:14:48:17 +0000] "GET /?items=626594314 HTTP/1.1" 200 176868 "-" "Mozilla/5.0 (Linux; Android 6.0.1; Nexus 5X Build/MMB29P) AppleWebKit/537.36 (KHTML, like Gecko) Chrome/141.0.7390.122 Mobile Safari/537.36 (compatible; Googlebot/2.1; +http://www.google.com/bot.html)"
66.249.79.7 - - [20/Dec/2025:14:48:18 +0000] "GET /?items=626424764 HTTP/1.1" 200 184581 "-" "Mozilla/5.0 (Linux; Android 6.0.1; Nexus 5X Build/MMB29P) AppleWebKit/537.36 (KHTML, like Gecko) Chrome/141.0.7390.122 Mobile Safari/537.36 (compatible; Googlebot/2.1; +http://www.google.com/bot.html)"
66.249.79.6 - - [20/Dec/2025:14:48:19 +0000] "GET /?items=291931333 HTTP/1.1" 200 175515 "-" "Mozilla/5.0 (Linux; Android 6.0.1; Nexus 5X Build/MMB29P) AppleWebKit/537.36 (KHTML, like Gecko) Chrome/141.0.7390.122 Mobile Safari/537.36 (compatible; Googlebot/2.1; +http://www.google.com/bot.html)"
66.249.79.6 - - [20/Dec/2025:14:48:20 +0000] "GET /?items=631606794 HTTP/1.1" 200 180411 "-" "Mozilla/5.0 (Linux; Android 6.0.1; Nexus 5X Build/MMB29P) AppleWebKit/537.36 (KHTML, like Gecko) Chrome/141.0.7390.122 Mobile Safari/537.36 (compatible; Googlebot/2.1; +http://www.google.com/bot.html)"
66.249.79.8 - - [20/Dec/2025:14:48:23 +0000] "GET /?items=151431675 HTTP/1.1" 200 186666 "-" "Mozilla/5.0 (Linux; Android 6.0.1; Nexus 5X Build/MMB29P) AppleWebKit/537.36 (KHTML, like Gecko) Chrome/141.0.7390.122 Mobile Safari/537.36 (compatible; Googlebot/2.1; +http://www.google.com/bot.html)"
66.249.79.6 - - [20/Dec/2025:14:48:26 +0000] "GET /?items=425216085 HTTP/1.1" 200 186658 "-" "Mozilla/5.0 (Linux; Android 6.0.1; Nexus 5X Build/MMB29P) AppleWebKit/537.36 (KHTML, like Gecko) Chrome/141.0.7390.122 Mobile Safari/537.36 (compatible; Googlebot/2.1; +http://www.google.com/bot.html)"
66.249.79.7 - - [20/Dec/2025:14:48:26 +0000] "GET /?items=150962568 HTTP/1.1" 200 180413 "-" "Mozilla/5.0 (Linux; Android 6.0.1; Nexus 5X Build/MMB29P) AppleWebKit/537.36 (KHTML, like Gecko) Chrome/141.0.7390.122 Mobile Safari/537.36 (compatible; Googlebot/2.1; +http://www.google.com/bot.html)"
66.249.79.7 - - [20/Dec/2025:14:48:27 +0000] "GET /?items=46967094 HTTP/1.1" 200 176893 "-" "Mozilla/5.0 (Linux; Android 6.0.1; Nexus 5X Build/MMB29P) AppleWebKit/537.36 (KHTML, like Gecko) Chrome/141.0.7390.122 Mobile Safari/537.36 (compatible; Googlebot/2.1; +http://www.google.com/bot.html)"
66.249.79.6 - - [20/Dec/2025:14:48:27 +0000] "GET /?items=25619485 HTTP/1.1" 200 188213 "-" "Mozilla/5.0 (Linux; Android 6.0.1; Nexus 5X Build/MMB29P) AppleWebKit/537.36 (KHTML, like Gecko) Chrome/141.0.7390.122 Mobile Safari/537.36 (compatible; Googlebot/2.1; +http://www.google.com/bot.html)"
66.249.79.6 - - [20/Dec/2025:14:48:28 +0000] "GET /?items=459072262 HTTP/1.1" 200 188589 "-" "Mozilla/5.0 (Linux; Android 6.0.1; Nexus 5X Build/MMB29P) AppleWebKit/537.36 (KHTML, like Gecko) Chrome/141.0.7390.122 Mobile Safari/537.36 (compatible; Googlebot/2.1; +http://www.google.com/bot.html)"
66.249.79.6 - - [20/Dec/2025:14:48:28 +0000] "GET /?items=873854470 HTTP/1.1" 200 186819 "-" "Mozilla/5.0 (Linux; Android 6.0.1; Nexus 5X Build/MMB29P) AppleWebKit/537.36 (KHTML, like Gecko) Chrome/141.0.7390.122 Mobile Safari/537.36 (compatible; Googlebot/2.1; +http://www.google.com/bot.html)"
66.249.79.7 - - [20/Dec/2025:14:48:30 +0000] "GET /?items=494418323 HTTP/1.1" 200 186971 "-" "Mozilla/5.0 (Linux; Android 6.0.1; Nexus 5X Build/MMB29P) AppleWebKit/537.36 (KHTML, like Gecko) Chrome/141.0.7390.122 Mobile Safari/537.36 (compatible; Googlebot/2.1; +http://www.google.com/bot.html)"
66.249.79.7 - - [20/Dec/2025:14:48:30 +0000] "GET /596577960 HTTP/1.1" 200 177590 "-" "Mozilla/5.0 (Linux; Android 6.0.1; Nexus 5X Build/MMB29P) AppleWebKit/537.36 (KHTML, like Gecko) Chrome/141.0.7390.122 Mobile Safari/537.36 (compatible; Googlebot/2.1; +http://www.google.com/bot.html)"
66.249.79.6 - - [20/Dec/2025:14:48:31 +0000] "GET /?items=973342020 HTTP/1.1" 200 185687 "-" "Mozilla/5.0 (Linux; Android 6.0.1; Nexus 5X Build/MMB29P) AppleWebKit/537.36 (KHTML, like Gecko) Chrome/141.0.7390.122 Mobile Safari/537.36 (compatible; Googlebot/2.1; +http://www.google.com/bot.html)"
66.249.79.6 - - [20/Dec/2025:14:48:32 +0000] "GET /9716061 HTTP/1.1" 200 188606 "-" "Mozilla/5.0 (Linux; Android 6.0.1; Nexus 5X Build/MMB29P) AppleWebKit/537.36 (KHTML, like Gecko) Chrome/141.0.7390.122 Mobile Safari/537.36 (compatible; Googlebot/2.1; +http://www.google.com/bot.html)"
66.249.79.8 - - [20/Dec/2025:14:48:33 +0000] "GET /?items=382683991 HTTP/1.1" 200 185929 "-" "Mozilla/5.0 (Linux; Android 6.0.1; Nexus 5X Build/MMB29P) AppleWebKit/537.36 (KHTML, like Gecko) Chrome/141.0.7390.122 Mobile Safari/537.36 (compatible; Googlebot/2.1; +http://www.google.com/bot.html)"
66.249.79.6 - - [20/Dec/2025:14:48:33 +0000] "GET /kak-otdyh-vlijaet-na-produktivnost/ HTTP/1.1" 200 186939 "-" "Mozilla/5.0 (Linux; Android 6.0.1; Nexus 5X Build/MMB29P) AppleWebKit/537.36 (KHTML, like Gecko) Chrome/141.0.7390.122 Mobile Safari/537.36 (compatible; Googlebot/2.1; +http://www.google.com/bot.html)"
91.84.109.210 - - [20/Dec/2025:14:48:33 +0000] "GET /mostbet-comda-oynamak-mi-istiyorsunuz-2/ HTTP/1.1" 200 0 "https://meqzora.com/mostbet-comda-oynamak-mi-istiyorsunuz-2/" "Mozilla/5.0 (Windows NT 10.0; Win64; x64) AppleWebKit/537.36 (KHTML, like Gecko) Chrome/130.0.0.0 Safari/537.36 CCleaner/130.0.0.0"
91.84.109.210 - - [20/Dec/2025:14:48:34 +0000] "GET /top-ten-casino-gambling-websites-for-real-money-in-the-united-states-2025/ HTTP/1.1" 200 0 "https://meqzora.com/top-ten-casino-gambling-websites-for-real-money-in-the-united-states-2025/" "Mozilla/5.0 (Windows NT 10.0; Win64; x64) AppleWebKit/537.36 (KHTML, like Gecko) Chrome/131.0.0.0 Safari/537.36 Avast/131.0.0.0"
91.84.109.210 - - [20/Dec/2025:14:48:34 +0000] "GET / HTTP/1.1" 200 0 "https://meqzora.com/" "Mozilla/5.0 (Windows NT 10.0; Win64; x64) AppleWebKit/537.36 (KHTML, like Gecko) Chrome/130.0.0.0 Safari/537.36 CCleaner/130.0.0.0"
66.249.79.7 - - [20/Dec/2025:14:48:34 +0000] "GET /?items=459184973 HTTP/1.1" 200 187088 "-" "Mozilla/5.0 (Linux; Android 6.0.1; Nexus 5X Build/MMB29P) AppleWebKit/537.36 (KHTML, like Gecko) Chrome/141.0.7390.122 Mobile Safari/537.36 (compatible; Googlebot/2.1; +http://www.google.com/bot.html)"
91.84.109.210 - - [20/Dec/2025:14:48:35 +0000] "GET / HTTP/1.1" 200 0 "https://meqzora.com/" "Mozilla/5.0 (Windows NT 10.0; Win64; x64) AppleWebKit/537.36 (KHTML, like Gecko) Chrome/131.0.0.0 Safari/537.36 Avast/131.0.0.0"
66.249.79.8 - - [20/Dec/2025:14:48:35 +0000] "GET /?items=284478127 HTTP/1.1" 200 186624 "-" "Mozilla/5.0 (Linux; Android 6.0.1; Nexus 5X Build/MMB29P) AppleWebKit/537.36 (KHTML, like Gecko) Chrome/141.0.7390.122 Mobile Safari/537.36 (compatible; Googlebot/2.1; +http://www.google.com/bot.html)"
66.249.79.6 - - [20/Dec/2025:14:48:37 +0000] "GET /?items=136130125 HTTP/1.1" 200 184442 "-" "Mozilla/5.0 (Linux; Android 6.0.1; Nexus 5X Build/MMB29P) AppleWebKit/537.36 (KHTML, like Gecko) Chrome/141.0.7390.122 Mobile Safari/537.36 (compatible; Googlebot/2.1; +http://www.google.com/bot.html)"
66.249.79.1 - - [20/Dec/2025:14:48:39 +0000] "GET /?items=551311669 HTTP/1.1" 200 188587 "-" "Mozilla/5.0 (Linux; Android 6.0.1; Nexus 5X Build/MMB29P) AppleWebKit/537.36 (KHTML, like Gecko) Chrome/141.0.7390.122 Mobile Safari/537.36 (compatible; Googlebot/2.1; +http://www.google.com/bot.html)"
66.249.79.1 - - [20/Dec/2025:14:48:40 +0000] "GET /?items=544961751 HTTP/1.1" 200 180405 "-" "Mozilla/5.0 (Linux; Android 6.0.1; Nexus 5X Build/MMB29P) AppleWebKit/537.36 (KHTML, like Gecko) Chrome/141.0.7390.122 Mobile Safari/537.36 (compatible; Googlebot/2.1; +http://www.google.com/bot.html)"
66.249.79.6 - - [20/Dec/2025:14:48:40 +0000] "GET /?items=27757459 HTTP/1.1" 200 184547 "-" "Mozilla/5.0 (Linux; Android 6.0.1; Nexus 5X Build/MMB29P) AppleWebKit/537.36 (KHTML, like Gecko) Chrome/141.0.7390.122 Mobile Safari/537.36 (compatible; Googlebot/2.1; +http://www.google.com/bot.html)"
66.249.79.7 - - [20/Dec/2025:14:48:41 +0000] "GET /?items=353342216 HTTP/1.1" 200 186377 "-" "Mozilla/5.0 (Linux; Android 6.0.1; Nexus 5X Build/MMB29P) AppleWebKit/537.36 (KHTML, like Gecko) Chrome/141.0.7390.122 Mobile Safari/537.36 (compatible; Googlebot/2.1; +http://www.google.com/bot.html)"
66.249.79.6 - - [20/Dec/2025:14:48:46 +0000] "GET /?items=856073612 HTTP/1.1" 200 186963 "-" "Mozilla/5.0 (Linux; Android 6.0.1; Nexus 5X Build/MMB29P) AppleWebKit/537.36 (KHTML, like Gecko) Chrome/141.0.7390.122 Mobile Safari/537.36 (compatible; Googlebot/2.1; +http://www.google.com/bot.html)"
66.249.79.1 - - [20/Dec/2025:14:48:46 +0000] "GET /?items=916059079 HTTP/1.1" 200 186815 "-" "Mozilla/5.0 (Linux; Android 6.0.1; Nexus 5X Build/MMB29P) AppleWebKit/537.36 (KHTML, like Gecko) Chrome/141.0.7390.122 Mobile Safari/537.36 (compatible; Googlebot/2.1; +http://www.google.com/bot.html)"
66.249.79.8 - - [20/Dec/2025:14:48:47 +0000] "GET /?items=593301668 HTTP/1.1" 200 184577 "-" "Mozilla/5.0 (Linux; Android 6.0.1; Nexus 5X Build/MMB29P) AppleWebKit/537.36 (KHTML, like Gecko) Chrome/141.0.7390.122 Mobile Safari/537.36 (compatible; Googlebot/2.1; +http://www.google.com/bot.html)"
66.249.79.2 - - [20/Dec/2025:14:48:48 +0000] "GET /?items=974428330 HTTP/1.1" 200 176868 "-" "Mozilla/5.0 (Linux; Android 6.0.1; Nexus 5X Build/MMB29P) AppleWebKit/537.36 (KHTML, like Gecko) Chrome/141.0.7390.122 Mobile Safari/537.36 (compatible; Googlebot/2.1; +http://www.google.com/bot.html)"
66.249.79.1 - - [20/Dec/2025:14:48:48 +0000] "GET /?items=194260882 HTTP/1.1" 200 176868 "-" "Mozilla/5.0 (Linux; Android 6.0.1; Nexus 5X Build/MMB29P) AppleWebKit/537.36 (KHTML, like Gecko) Chrome/141.0.7390.122 Mobile Safari/537.36 (compatible; Googlebot/2.1; +http://www.google.com/bot.html)"
66.249.79.7 - - [20/Dec/2025:14:48:49 +0000] "GET /?items=75971797 HTTP/1.1" 200 179776 "-" "Mozilla/5.0 (Linux; Android 6.0.1; Nexus 5X Build/MMB29P) AppleWebKit/537.36 (KHTML, like Gecko) Chrome/141.0.7390.122 Mobile Safari/537.36 (compatible; Googlebot/2.1; +http://www.google.com/bot.html)"
94.23.188.200 - - [20/Dec/2025:14:48:49 +0000] "GET /36146822 HTTP/1.1" 200 0 "-" "Mozilla/5.0 (compatible; AhrefsBot/7.0; +http://ahrefs.com/robot/)"
66.249.79.7 - - [20/Dec/2025:14:48:52 +0000] "GET /?items=814516122 HTTP/1.1" 200 185691 "-" "Mozilla/5.0 (Linux; Android 6.0.1; Nexus 5X Build/MMB29P) AppleWebKit/537.36 (KHTML, like Gecko) Chrome/141.0.7390.122 Mobile Safari/537.36 (compatible; Googlebot/2.1; +http://www.google.com/bot.html)"
66.249.79.6 - - [20/Dec/2025:14:48:52 +0000] "GET /?items=144649240 HTTP/1.1" 200 175449 "-" "Mozilla/5.0 (Linux; Android 6.0.1; Nexus 5X Build/MMB29P) AppleWebKit/537.36 (KHTML, like Gecko) Chrome/141.0.7390.122 Mobile Safari/537.36 (compatible; Googlebot/2.1; +http://www.google.com/bot.html)"
66.249.79.7 - - [20/Dec/2025:14:48:54 +0000] "GET /?items=37460539 HTTP/1.1" 200 186317 "-" "Mozilla/5.0 (Linux; Android 6.0.1; Nexus 5X Build/MMB29P) AppleWebKit/537.36 (KHTML, like Gecko) Chrome/141.0.7390.122 Mobile Safari/537.36 (compatible; Googlebot/2.1; +http://www.google.com/bot.html)"
66.249.79.1 - - [20/Dec/2025:14:48:55 +0000] "GET /?items=292876966 HTTP/1.1" 200 186184 "-" "Mozilla/5.0 (Linux; Android 6.0.1; Nexus 5X Build/MMB29P) AppleWebKit/537.36 (KHTML, like Gecko) Chrome/141.0.7390.122 Mobile Safari/537.36 (compatible; Googlebot/2.1; +http://www.google.com/bot.html)"
66.249.79.2 - - [20/Dec/2025:14:48:57 +0000] "GET /?items=853682290 HTTP/1.1" 200 186618 "-" "Mozilla/5.0 (Linux; Android 6.0.1; Nexus 5X Build/MMB29P) AppleWebKit/537.36 (KHTML, like Gecko) Chrome/141.0.7390.122 Mobile Safari/537.36 (compatible; Googlebot/2.1; +http://www.google.com/bot.html)"
66.249.79.7 - - [20/Dec/2025:14:48:59 +0000] "GET /?items=98569847 HTTP/1.1" 200 195330 "-" "Mozilla/5.0 (Linux; Android 6.0.1; Nexus 5X Build/MMB29P) AppleWebKit/537.36 (KHTML, like Gecko) Chrome/141.0.7390.122 Mobile Safari/537.36 (compatible; Googlebot/2.1; +http://www.google.com/bot.html)"
66.249.79.7 - - [20/Dec/2025:14:49:01 +0000] "GET /?items=65413376 HTTP/1.1" 200 188962 "-" "Mozilla/5.0 (Linux; Android 6.0.1; Nexus 5X Build/MMB29P) AppleWebKit/537.36 (KHTML, like Gecko) Chrome/141.0.7390.122 Mobile Safari/537.36 (compatible; Googlebot/2.1; +http://www.google.com/bot.html)"
66.249.79.7 - - [20/Dec/2025:14:49:02 +0000] "GET /?items=724898035 HTTP/1.1" 200 186821 "-" "Mozilla/5.0 (Linux; Android 6.0.1; Nexus 5X Build/MMB29P) AppleWebKit/537.36 (KHTML, like Gecko) Chrome/141.0.7390.122 Mobile Safari/537.36 (compatible; Googlebot/2.1; +http://www.google.com/bot.html)"
66.249.79.2 - - [20/Dec/2025:14:49:03 +0000] "GET /?items=70030852 HTTP/1.1" 200 188003 "-" "Mozilla/5.0 (Linux; Android 6.0.1; Nexus 5X Build/MMB29P) AppleWebKit/537.36 (KHTML, like Gecko) Chrome/141.0.7390.122 Mobile Safari/537.36 (compatible; Googlebot/2.1; +http://www.google.com/bot.html)"
89.110.108.109 - - [20/Dec/2025:14:49:04 +0000] "GET /mostbet-comda-oynamak-mi-istiyorsunuz-2/ HTTP/1.1" 200 0 "https://meqzora.com/mostbet-comda-oynamak-mi-istiyorsunuz-2/" "Mozilla/5.0 (Windows NT 10.0; Win64; x64) AppleWebKit/537.36 (KHTML, like Gecko) Chrome/130.0.0.0 Safari/537.36 CCleaner/130.0.0.0"
89.110.108.109 - - [20/Dec/2025:14:49:04 +0000] "GET / HTTP/1.1" 200 0 "https://meqzora.com/" "Mozilla/5.0 (Windows NT 10.0; Win64; x64) AppleWebKit/537.36 (KHTML, like Gecko) Chrome/130.0.0.0 Safari/537.36 CCleaner/130.0.0.0"
66.249.79.1 - - [20/Dec/2025:14:49:05 +0000] "GET /?items=843425444 HTTP/1.1" 200 186973 "-" "Mozilla/5.0 (Linux; Android 6.0.1; Nexus 5X Build/MMB29P) AppleWebKit/537.36 (KHTML, like Gecko) Chrome/141.0.7390.122 Mobile Safari/537.36 (compatible; Googlebot/2.1; +http://www.google.com/bot.html)"
66.249.79.6 - - [20/Dec/2025:14:49:07 +0000] "GET /?items=749632976 HTTP/1.1" 200 181225 "-" "Mozilla/5.0 (Linux; Android 6.0.1; Nexus 5X Build/MMB29P) AppleWebKit/537.36 (KHTML, like Gecko) Chrome/141.0.7390.122 Mobile Safari/537.36 (compatible; Googlebot/2.1; +http://www.google.com/bot.html)"
66.249.79.6 - - [20/Dec/2025:14:49:07 +0000] "GET /?items=847713421 HTTP/1.1" 200 188589 "-" "Mozilla/5.0 (Linux; Android 6.0.1; Nexus 5X Build/MMB29P) AppleWebKit/537.36 (KHTML, like Gecko) Chrome/141.0.7390.122 Mobile Safari/537.36 (compatible; Googlebot/2.1; +http://www.google.com/bot.html)"
66.249.79.6 - - [20/Dec/2025:14:49:08 +0000] "GET /?items=689337266 HTTP/1.1" 200 187088 "-" "Mozilla/5.0 (Linux; Android 6.0.1; Nexus 5X Build/MMB29P) AppleWebKit/537.36 (KHTML, like Gecko) Chrome/141.0.7390.122 Mobile Safari/537.36 (compatible; Googlebot/2.1; +http://www.google.com/bot.html)"
66.249.79.6 - - [20/Dec/2025:14:49:08 +0000] "GET /?items=14926947 HTTP/1.1" 200 186048 "-" "Mozilla/5.0 (Linux; Android 6.0.1; Nexus 5X Build/MMB29P) AppleWebKit/537.36 (KHTML, like Gecko) Chrome/141.0.7390.122 Mobile Safari/537.36 (compatible; Googlebot/2.1; +http://www.google.com/bot.html)"
66.249.79.6 - - [20/Dec/2025:14:49:09 +0000] "GET /?items=518579073 HTTP/1.1" 200 186531 "-" "Mozilla/5.0 (Linux; Android 6.0.1; Nexus 5X Build/MMB29P) AppleWebKit/537.36 (KHTML, like Gecko) Chrome/141.0.7390.122 Mobile Safari/537.36 (compatible; Googlebot/2.1; +http://www.google.com/bot.html)"
66.249.79.8 - - [20/Dec/2025:14:49:11 +0000] "GET /?items=178202861 HTTP/1.1" 200 184612 "-" "Mozilla/5.0 (Linux; Android 6.0.1; Nexus 5X Build/MMB29P) AppleWebKit/537.36 (KHTML, like Gecko) Chrome/141.0.7390.122 Mobile Safari/537.36 (compatible; Googlebot/2.1; +http://www.google.com/bot.html)"
92.222.108.114 - - [20/Dec/2025:14:49:12 +0000] "GET /36037003 HTTP/1.1" 200 0 "-" "Mozilla/5.0 (compatible; AhrefsBot/7.0; +http://ahrefs.com/robot/)"
