159.198.77.92 - - [19/Dec/2025:09:28:21 +0000] "POST /wp-cron.php?doing_wp_cron=1766136500.8363990783691406250000 HTTP/1.1" 404 27511 "-" "WordPress/6.9; https://luxwento.com"
125.228.47.114 - - [19/Dec/2025:09:28:21 +0000] "GET /wp-json/buddypress/v1/members HTTP/1.1" 404 125 "-" "Mozilla/5.0 (X11; Linux x86_64) AppleWebKit/537.36 (KHTML, like Gecko) Chrome/141.0.7390.77 Safari/537.36"
62.210.113.184 - - [19/Dec/2025:09:28:24 +0000] "GET /wp-json/bbp-api/v1/users HTTP/1.1" 404 125 "-" "Mozilla/5.0 (X11; Linux x86_64) AppleWebKit/537.36 (KHTML, like Gecko) Chrome/141.0.7390.77 Safari/537.36"
66.249.79.33 - - [19/Dec/2025:09:28:38 +0000] "GET /?w=2970817450 HTTP/1.1" 200 199083 "-" "Mozilla/5.0 (Linux; Android 6.0.1; Nexus 5X Build/MMB29P) AppleWebKit/537.36 (KHTML, like Gecko) Chrome/141.0.7390.122 Mobile Safari/537.36 (compatible; Googlebot/2.1; +http://www.google.com/bot.html)"
66.249.79.32 - - [19/Dec/2025:09:29:25 +0000] "GET /25298877 HTTP/1.1" 200 200080 "-" "Mozilla/5.0 (Linux; Android 6.0.1; Nexus 5X Build/MMB29P) AppleWebKit/537.36 (KHTML, like Gecko) Chrome/141.0.7390.122 Mobile Safari/537.36 (compatible; Googlebot/2.1; +http://www.google.com/bot.html)"
66.249.79.32 - - [19/Dec/2025:09:29:25 +0000] "GET /27078346 HTTP/1.1" 200 204153 "-" "Mozilla/5.0 (Linux; Android 6.0.1; Nexus 5X Build/MMB29P) AppleWebKit/537.36 (KHTML, like Gecko) Chrome/141.0.7390.122 Mobile Safari/537.36 (compatible; Googlebot/2.1; +http://www.google.com/bot.html)"
159.198.77.92 - - [19/Dec/2025:09:29:28 +0000] "POST /wp-cron.php?doing_wp_cron=1766136568.3117859363555908203125 HTTP/1.1" 404 27511 "-" "WordPress/6.9; https://luxwento.com"
51.195.219.160 - - [19/Dec/2025:09:29:28 +0000] "GET /wp-json/ldlms/v2/users HTTP/1.1" 404 125 "-" "Mozilla/5.0 (X11; Linux x86_64) AppleWebKit/537.36 (KHTML, like Gecko) Chrome/141.0.7390.77 Safari/537.36"
66.249.79.32 - - [19/Dec/2025:09:29:47 +0000] "GET /?w=7134367250300 HTTP/1.1" 200 206174 "-" "Mozilla/5.0 (Linux; Android 6.0.1; Nexus 5X Build/MMB29P) AppleWebKit/537.36 (KHTML, like Gecko) Chrome/141.0.7390.122 Mobile Safari/537.36 (compatible; Googlebot/2.1; +http://www.google.com/bot.html)"
150.109.43.180 - - [19/Dec/2025:09:30:07 +0000] "GET /page-2/ HTTP/1.1" 200 62432 "https://luxwento.com/page-2/" "Mozilla/5.0 (Windows NT 10.0; Win64; x64) AppleWebKit/537.36 (KHTML, like Gecko) Chrome/101.0.4951.64 Safari/537.36 Edg/101.0.1210.47"
66.249.79.32 - - [19/Dec/2025:09:30:27 +0000] "GET /484048782 HTTP/1.1" 200 201095 "-" "Mozilla/5.0 (Linux; Android 6.0.1; Nexus 5X Build/MMB29P) AppleWebKit/537.36 (KHTML, like Gecko) Chrome/141.0.7390.122 Mobile Safari/537.36 (compatible; Googlebot/2.1; +http://www.google.com/bot.html)"
66.249.79.33 - - [19/Dec/2025:09:30:28 +0000] "GET /6063539 HTTP/1.1" 200 201328 "-" "Mozilla/5.0 (Linux; Android 6.0.1; Nexus 5X Build/MMB29P) AppleWebKit/537.36 (KHTML, like Gecko) Chrome/141.0.7390.122 Mobile Safari/537.36 (compatible; Googlebot/2.1; +http://www.google.com/bot.html)"
66.249.79.32 - - [19/Dec/2025:09:30:50 +0000] "GET /146080812 HTTP/1.1" 200 205077 "-" "Mozilla/5.0 (Linux; Android 6.0.1; Nexus 5X Build/MMB29P) AppleWebKit/537.36 (KHTML, like Gecko) Chrome/141.0.7390.122 Mobile Safari/537.36 (compatible; Googlebot/2.1; +http://www.google.com/bot.html)"
66.249.79.37 - - [19/Dec/2025:09:30:57 +0000] "GET /70711180?item=0070361327 HTTP/1.1" 200 204162 "-" "Mozilla/5.0 (Linux; Android 6.0.1; Nexus 5X Build/MMB29P) AppleWebKit/537.36 (KHTML, like Gecko) Chrome/141.0.7390.122 Mobile Safari/537.36 (compatible; Googlebot/2.1; +http://www.google.com/bot.html)"
66.249.79.37 - - [19/Dec/2025:09:30:59 +0000] "GET /465738811 HTTP/1.1" 200 198960 "-" "Mozilla/5.0 (Linux; Android 6.0.1; Nexus 5X Build/MMB29P) AppleWebKit/537.36 (KHTML, like Gecko) Chrome/141.0.7390.122 Mobile Safari/537.36 (compatible; Googlebot/2.1; +http://www.google.com/bot.html)"
66.249.79.37 - - [19/Dec/2025:09:31:04 +0000] "GET /380257548 HTTP/1.1" 200 189353 "-" "Mozilla/5.0 (Linux; Android 6.0.1; Nexus 5X Build/MMB29P) AppleWebKit/537.36 (KHTML, like Gecko) Chrome/141.0.7390.122 Mobile Safari/537.36 (compatible; Googlebot/2.1; +http://www.google.com/bot.html)"
40.77.167.74 - - [19/Dec/2025:09:31:23 +0000] "GET /category/ready-text/ HTTP/1.1" 200 200811 "-" "Mozilla/5.0 AppleWebKit/537.36 (KHTML, like Gecko; compatible; bingbot/2.0; +http://www.bing.com/bingbot.htm) Chrome/116.0.1938.76 Safari/537.36"
66.249.79.33 - - [19/Dec/2025:09:32:06 +0000] "GET /479892868?item=0477517363 HTTP/1.1" 200 199031 "-" "Mozilla/5.0 (Linux; Android 6.0.1; Nexus 5X Build/MMB29P) AppleWebKit/537.36 (KHTML, like Gecko) Chrome/141.0.7390.122 Mobile Safari/537.36 (compatible; Googlebot/2.1; +http://www.google.com/bot.html)"
66.249.79.34 - - [19/Dec/2025:09:33:20 +0000] "GET /268984152?item=0267652749 HTTP/1.1" 200 188377 "-" "Mozilla/5.0 (Linux; Android 6.0.1; Nexus 5X Build/MMB29P) AppleWebKit/537.36 (KHTML, like Gecko) Chrome/141.0.7390.122 Mobile Safari/537.36 (compatible; Googlebot/2.1; +http://www.google.com/bot.html)"
66.249.79.32 - - [19/Dec/2025:09:33:21 +0000] "GET /271734602 HTTP/1.1" 200 184421 "-" "Mozilla/5.0 (Linux; Android 6.0.1; Nexus 5X Build/MMB29P) AppleWebKit/537.36 (KHTML, like Gecko) Chrome/141.0.7390.122 Mobile Safari/537.36 (compatible; Googlebot/2.1; +http://www.google.com/bot.html)"
66.249.79.33 - - [19/Dec/2025:09:34:03 +0000] "GET /98458353 HTTP/1.1" 200 204279 "-" "Mozilla/5.0 (Linux; Android 6.0.1; Nexus 5X Build/MMB29P) AppleWebKit/537.36 (KHTML, like Gecko) Chrome/141.0.7390.122 Mobile Safari/537.36 (compatible; Googlebot/2.1; +http://www.google.com/bot.html)"
66.249.79.32 - - [19/Dec/2025:09:34:24 +0000] "GET /269329428?item=0267996315 HTTP/1.1" 200 185353 "-" "Mozilla/5.0 (Linux; Android 6.0.1; Nexus 5X Build/MMB29P) AppleWebKit/537.36 (KHTML, like Gecko) Chrome/141.0.7390.122 Mobile Safari/537.36 (compatible; Googlebot/2.1; +http://www.google.com/bot.html)"
212.29.221.111 - - [19/Dec/2025:09:34:56 +0000] "GET / HTTP/1.1" 200 69113 "-" "Mozilla/5.0 (iPhone; CPU iPhone OS 17_5 like Mac OS X) AppleWebKit/605.1.15 (KHTML, like Gecko) Version/17.5 Mobile/15E148 Safari/604.1"
66.249.79.32 - - [19/Dec/2025:09:34:59 +0000] "GET /?4339620?item=0004318339 HTTP/1.1" 200 203274 "-" "Mozilla/5.0 (Linux; Android 6.0.1; Nexus 5X Build/MMB29P) AppleWebKit/537.36 (KHTML, like Gecko) Chrome/141.0.7390.122 Mobile Safari/537.36 (compatible; Googlebot/2.1; +http://www.google.com/bot.html)"
66.249.79.32 - - [19/Dec/2025:09:34:59 +0000] "GET /483331838 HTTP/1.1" 200 199287 "-" "Mozilla/5.0 (Linux; Android 6.0.1; Nexus 5X Build/MMB29P) AppleWebKit/537.36 (KHTML, like Gecko) Chrome/141.0.7390.122 Mobile Safari/537.36 (compatible; Googlebot/2.1; +http://www.google.com/bot.html)"
66.249.79.32 - - [19/Dec/2025:09:35:10 +0000] "GET /12852853 HTTP/1.1" 200 201268 "-" "Mozilla/5.0 (Linux; Android 6.0.1; Nexus 5X Build/MMB29P) AppleWebKit/537.36 (KHTML, like Gecko) Chrome/141.0.7390.122 Mobile Safari/537.36 (compatible; Googlebot/2.1; +http://www.google.com/bot.html)"
66.249.79.32 - - [19/Dec/2025:09:35:20 +0000] "GET /?w=9882065334600 HTTP/1.1" 200 198855 "-" "Mozilla/5.0 (Linux; Android 6.0.1; Nexus 5X Build/MMB29P) AppleWebKit/537.36 (KHTML, like Gecko) Chrome/141.0.7390.122 Mobile Safari/537.36 (compatible; Googlebot/2.1; +http://www.google.com/bot.html)"
66.249.79.33 - - [19/Dec/2025:09:35:22 +0000] "GET /15319418 HTTP/1.1" 200 202605 "-" "Mozilla/5.0 (Linux; Android 6.0.1; Nexus 5X Build/MMB29P) AppleWebKit/537.36 (KHTML, like Gecko) Chrome/141.0.7390.122 Mobile Safari/537.36 (compatible; Googlebot/2.1; +http://www.google.com/bot.html)"
66.249.79.32 - - [19/Dec/2025:09:35:34 +0000] "GET /812937532 HTTP/1.1" 200 187595 "-" "Mozilla/5.0 (Linux; Android 6.0.1; Nexus 5X Build/MMB29P) AppleWebKit/537.36 (KHTML, like Gecko) Chrome/141.0.7390.122 Mobile Safari/537.36 (compatible; Googlebot/2.1; +http://www.google.com/bot.html)"
66.249.79.32 - - [19/Dec/2025:09:35:52 +0000] "GET /?w=8481722555209 HTTP/1.1" 200 186450 "-" "Mozilla/5.0 (Linux; Android 6.0.1; Nexus 5X Build/MMB29P) AppleWebKit/537.36 (KHTML, like Gecko) Chrome/141.0.7390.122 Mobile Safari/537.36 (compatible; Googlebot/2.1; +http://www.google.com/bot.html)"
66.249.79.34 - - [19/Dec/2025:09:36:06 +0000] "GET /124477933 HTTP/1.1" 200 204887 "-" "Mozilla/5.0 (Linux; Android 6.0.1; Nexus 5X Build/MMB29P) AppleWebKit/537.36 (KHTML, like Gecko) Chrome/141.0.7390.122 Mobile Safari/537.36 (compatible; Googlebot/2.1; +http://www.google.com/bot.html)"
66.249.79.32 - - [19/Dec/2025:09:36:07 +0000] "GET /591876081 HTTP/1.1" 200 199503 "-" "Mozilla/5.0 (Linux; Android 6.0.1; Nexus 5X Build/MMB29P) AppleWebKit/537.36 (KHTML, like Gecko) Chrome/141.0.7390.122 Mobile Safari/537.36 (compatible; Googlebot/2.1; +http://www.google.com/bot.html)"
66.249.79.32 - - [19/Dec/2025:09:36:16 +0000] "GET /84529855 HTTP/1.1" 200 200913 "-" "Mozilla/5.0 (Linux; Android 6.0.1; Nexus 5X Build/MMB29P) AppleWebKit/537.36 (KHTML, like Gecko) Chrome/141.0.7390.122 Mobile Safari/537.36 (compatible; Googlebot/2.1; +http://www.google.com/bot.html)"
66.249.79.32 - - [19/Dec/2025:09:36:43 +0000] "GET /569089440 HTTP/1.1" 200 197496 "-" "Mozilla/5.0 (Linux; Android 6.0.1; Nexus 5X Build/MMB29P) AppleWebKit/537.36 (KHTML, like Gecko) Chrome/141.0.7390.122 Mobile Safari/537.36 (compatible; Googlebot/2.1; +http://www.google.com/bot.html)"
159.198.77.92 - - [19/Dec/2025:09:36:51 +0000] "POST /wp-cron.php?doing_wp_cron=1766137010.7063848972320556640625 HTTP/1.1" 404 27511 "-" "WordPress/6.9; https://luxwento.com"
43.166.253.94 - - [19/Dec/2025:09:36:51 +0000] "GET /2025/11/ HTTP/1.1" 200 19410 "-" "Mozilla/5.0 (iPhone; CPU iPhone OS 13_2_3 like Mac OS X) AppleWebKit/605.1.15 (KHTML, like Gecko) Version/13.0.3 Mobile/15E148 Safari/604.1"
216.73.216.58 - - [19/Dec/2025:09:36:53 +0000] "GET /index.php HTTP/1.1" 403 0 "-" "Mozilla/5.0 AppleWebKit/537.36 (KHTML, like Gecko; compatible; ClaudeBot/1.0; +claudebot@anthropic.com)"
161.178.134.238 - - [19/Dec/2025:09:37:33 +0000] "POST /xmlrpc.php HTTP/1.1" 404 27535 "-" "Mozilla/5.0 (Windows NT 10.0; Win64; x64) AppleWebKit/537.36 (KHTML, like Gecko) Chrome/114.0.0.0 Safari/537.36"
161.178.134.238 - - [19/Dec/2025:09:37:34 +0000] "POST /xmlrpc.php HTTP/1.1" 404 27535 "-" "Mozilla/5.0 (Windows NT 10.0; Win64; x64) AppleWebKit/537.36 (KHTML, like Gecko) Chrome/114.0.0.0 Safari/537.36"
66.249.79.37 - - [19/Dec/2025:09:37:53 +0000] "GET /?w=287862964001 HTTP/1.1" 200 203663 "-" "Mozilla/5.0 (Linux; Android 6.0.1; Nexus 5X Build/MMB29P) AppleWebKit/537.36 (KHTML, like Gecko) Chrome/141.0.7390.122 Mobile Safari/537.36 (compatible; Googlebot/2.1; +http://www.google.com/bot.html)"
66.249.79.32 - - [19/Dec/2025:09:38:09 +0000] "GET /8974330 HTTP/1.1" 200 200738 "-" "Mozilla/5.0 (Linux; Android 6.0.1; Nexus 5X Build/MMB29P) AppleWebKit/537.36 (KHTML, like Gecko) Chrome/141.0.7390.122 Mobile Safari/537.36 (compatible; Googlebot/2.1; +http://www.google.com/bot.html)"
159.198.77.92 - - [19/Dec/2025:09:38:50 +0000] "POST /wp-cron.php?doing_wp_cron=1766137130.1550068855285644531250 HTTP/1.1" 404 27511 "-" "WordPress/6.9; https://luxwento.com"
159.198.77.92 - - [19/Dec/2025:09:38:50 +0000] "POST /wp-cron.php?doing_wp_cron=1766137130.1931340694427490234375 HTTP/1.1" 404 27511 "-" "WordPress/6.9; https://luxwento.com"
212.29.221.111 - - [19/Dec/2025:09:38:50 +0000] "GET /2025/04/ HTTP/1.1" 200 19410 "-" "Mozilla/5.0 (Macintosh; Intel Mac OS X 14_0) AppleWebKit/537.36 (KHTML, like Gecko) Chrome/125.0.0.0 Safari/537.36"
159.198.77.92 - - [19/Dec/2025:09:38:50 +0000] "POST /wp-cron.php?doing_wp_cron=1766137130.1779189109802246093750 HTTP/1.1" 404 27511 "-" "WordPress/6.9; https://luxwento.com"
212.29.221.111 - - [19/Dec/2025:09:38:50 +0000] "GET /2022/08/ HTTP/1.1" 200 19410 "-" "Mozilla/5.0 (Windows NT 10.0; Win64; x64; rv:126.0) Gecko/20100101 Firefox/126.0"
212.29.221.111 - - [19/Dec/2025:09:38:50 +0000] "GET /2024/12/ HTTP/1.1" 200 19410 "-" "Mozilla/5.0 (Macintosh; Intel Mac OS X 14_0) AppleWebKit/537.36 (KHTML, like Gecko) Chrome/125.0.0.0 Safari/537.36"
212.29.221.111 - - [19/Dec/2025:09:38:52 +0000] "GET /2025/07/ HTTP/1.1" 200 19410 "-" "Mozilla/5.0 (Linux; Android 14; SM-G991B) AppleWebKit/537.36 (KHTML, like Gecko) Chrome/125.0.0.0 Mobile Safari/537.36"
212.29.221.111 - - [19/Dec/2025:09:38:52 +0000] "GET /2023/12/ HTTP/1.1" 200 19410 "-" "Mozilla/5.0 (Macintosh; Intel Mac OS X 14_0) AppleWebKit/605.1.15 (KHTML, like Gecko) Version/17.5 Safari/605.1.15"
212.29.221.111 - - [19/Dec/2025:09:38:53 +0000] "GET /2024/08/ HTTP/1.1" 200 19410 "-" "Mozilla/5.0 (iPad; CPU OS 17_5 like Mac OS X) AppleWebKit/605.1.15 (KHTML, like Gecko) Version/17.5 Mobile/15E148 Safari/604.1"
212.29.233.210 - - [19/Dec/2025:09:38:55 +0000] "GET /les-avantages-des-casinos-en-ligne-pour-les-84/ HTTP/1.1" 200 32625 "-" "Mozilla/5.0 (X11; Ubuntu; Linux x86_64; rv:126.0) Gecko/20100101 Firefox/126.0"
212.29.233.210 - - [19/Dec/2025:09:38:55 +0000] "GET /2021/03/ HTTP/1.1" 200 19410 "-" "Mozilla/5.0 (iPhone; CPU iPhone OS 17_5 like Mac OS X) AppleWebKit/605.1.15 (KHTML, like Gecko) Version/17.5 Mobile/15E148 Safari/604.1"
212.29.233.210 - - [19/Dec/2025:09:38:55 +0000] "GET /2024/11/ HTTP/1.1" 200 19410 "-" "Mozilla/5.0 (X11; Linux x86_64) AppleWebKit/537.36 (KHTML, like Gecko) Chrome/125.0.0.0 Safari/537.36"
212.29.221.111 - - [19/Dec/2025:09:38:56 +0000] "GET /2025/05/ HTTP/1.1" 200 19410 "-" "Mozilla/5.0 (Macintosh; Intel Mac OS X 14_0) AppleWebKit/605.1.15 (KHTML, like Gecko) Version/17.5 Safari/605.1.15"
212.29.233.210 - - [19/Dec/2025:09:38:57 +0000] "GET /2025/03/ HTTP/1.1" 200 19410 "-" "Mozilla/5.0 (Windows NT 10.0; Win64; x64) AppleWebKit/537.36 (KHTML, like Gecko) Edge/125.0.2535.67 Safari/537.36"
212.29.233.210 - - [19/Dec/2025:09:38:58 +0000] "GET /2025/01/ HTTP/1.1" 200 19410 "-" "Mozilla/5.0 (iPad; CPU OS 17_5 like Mac OS X) AppleWebKit/605.1.15 (KHTML, like Gecko) Version/17.5 Mobile/15E148 Safari/604.1"
212.29.233.210 - - [19/Dec/2025:09:38:59 +0000] "GET /2024/05/ HTTP/1.1" 200 19410 "-" "Mozilla/5.0 (iPhone; CPU iPhone OS 17_5 like Mac OS X) AppleWebKit/605.1.15 (KHTML, like Gecko) Version/17.5 Mobile/15E148 Safari/604.1"
212.29.233.210 - - [19/Dec/2025:09:39:00 +0000] "GET /2023/06/ HTTP/1.1" 200 19410 "-" "Mozilla/5.0 (X11; Ubuntu; Linux x86_64; rv:126.0) Gecko/20100101 Firefox/126.0"
66.249.79.37 - - [19/Dec/2025:09:39:02 +0000] "GET /352481512?item=0350736757 HTTP/1.1" 200 184221 "-" "Mozilla/5.0 (Linux; Android 6.0.1; Nexus 5X Build/MMB29P) AppleWebKit/537.36 (KHTML, like Gecko) Chrome/141.0.7390.122 Mobile Safari/537.36 (compatible; Googlebot/2.1; +http://www.google.com/bot.html)"
199.203.99.117 - - [19/Dec/2025:09:39:06 +0000] "GET /2023/09/ HTTP/1.1" 200 19410 "-" "Mozilla/5.0 (X11; Ubuntu; Linux x86_64; rv:126.0) Gecko/20100101 Firefox/126.0"
199.203.99.117 - - [19/Dec/2025:09:39:06 +0000] "GET /2025/02/ HTTP/1.1" 200 19410 "-" "Mozilla/5.0 (X11; Linux x86_64) AppleWebKit/537.36 (KHTML, like Gecko) Chrome/125.0.0.0 Safari/537.36"
199.203.99.117 - - [19/Dec/2025:09:39:06 +0000] "GET /2025/11/ HTTP/1.1" 200 19410 "-" "Mozilla/5.0 (Linux; Android 14; SM-G991B) AppleWebKit/537.36 (KHTML, like Gecko) Chrome/125.0.0.0 Mobile Safari/537.36"
82.166.33.72 - - [19/Dec/2025:09:39:08 +0000] "GET /2023/08/ HTTP/1.1" 200 19410 "-" "Mozilla/5.0 (Windows NT 10.0; Win64; x64) AppleWebKit/537.36 (KHTML, like Gecko) Edge/125.0.2535.67 Safari/537.36"
82.166.33.72 - - [19/Dec/2025:09:39:08 +0000] "GET /2023/07/ HTTP/1.1" 200 19410 "-" "Mozilla/5.0 (X11; Ubuntu; Linux x86_64; rv:126.0) Gecko/20100101 Firefox/126.0"
82.166.33.72 - - [19/Dec/2025:09:39:08 +0000] "GET /2024/04/ HTTP/1.1" 200 19410 "-" "Mozilla/5.0 (Windows NT 10.0; Win64; x64) AppleWebKit/537.36 (KHTML, like Gecko) Chrome/125.0.0.0 Safari/537.36"
199.203.99.125 - - [19/Dec/2025:09:39:09 +0000] "GET /2022/10/ HTTP/1.1" 200 19410 "-" "Mozilla/5.0 (Windows NT 10.0; Win64; x64; rv:126.0) Gecko/20100101 Firefox/126.0"
199.203.99.125 - - [19/Dec/2025:09:39:09 +0000] "GET /2024/06/ HTTP/1.1" 200 19410 "-" "Mozilla/5.0 (Linux; Android 14; SM-G991B) AppleWebKit/537.36 (KHTML, like Gecko) Chrome/125.0.0.0 Mobile Safari/537.36"
199.203.99.125 - - [19/Dec/2025:09:39:09 +0000] "GET /2024/10/ HTTP/1.1" 200 19410 "-" "Mozilla/5.0 (Windows NT 10.0; Win64; x64) AppleWebKit/537.36 (KHTML, like Gecko) Chrome/125.0.0.0 Safari/537.36"
66.249.79.32 - - [19/Dec/2025:09:39:10 +0000] "GET /4317390 HTTP/1.1" 200 204164 "-" "Mozilla/5.0 (Linux; Android 6.0.1; Nexus 5X Build/MMB29P) AppleWebKit/537.36 (KHTML, like Gecko) Chrome/141.0.7390.122 Mobile Safari/537.36 (compatible; Googlebot/2.1; +http://www.google.com/bot.html)"
199.203.99.117 - - [19/Dec/2025:09:39:12 +0000] "GET /2024/09/ HTTP/1.1" 200 19410 "-" "Mozilla/5.0 (iPad; CPU OS 17_5 like Mac OS X) AppleWebKit/605.1.15 (KHTML, like Gecko) Version/17.5 Mobile/15E148 Safari/604.1"
82.166.33.72 - - [19/Dec/2025:09:39:12 +0000] "GET /2023/01/ HTTP/1.1" 200 19410 "-" "Mozilla/5.0 (Windows NT 10.0; Win64; x64; rv:126.0) Gecko/20100101 Firefox/126.0"
199.203.99.117 - - [19/Dec/2025:09:39:12 +0000] "GET /2024/07/ HTTP/1.1" 200 19410 "-" "Mozilla/5.0 (Windows NT 10.0; Win64; x64) AppleWebKit/537.36 (KHTML, like Gecko) Edge/125.0.2535.67 Safari/537.36"
82.166.33.72 - - [19/Dec/2025:09:39:12 +0000] "GET /2024/03/ HTTP/1.1" 200 19410 "-" "Mozilla/5.0 (iPhone; CPU iPhone OS 17_5 like Mac OS X) AppleWebKit/605.1.15 (KHTML, like Gecko) Version/17.5 Mobile/15E148 Safari/604.1"
199.203.99.117 - - [19/Dec/2025:09:39:12 +0000] "GET /2021/04/ HTTP/1.1" 200 19410 "-" "Mozilla/5.0 (Windows NT 10.0; Win64; x64) AppleWebKit/537.36 (KHTML, like Gecko) Edge/125.0.2535.67 Safari/537.36"
82.166.33.72 - - [19/Dec/2025:09:39:12 +0000] "GET /2025/06/ HTTP/1.1" 200 19410 "-" "Mozilla/5.0 (iPad; CPU OS 17_5 like Mac OS X) AppleWebKit/605.1.15 (KHTML, like Gecko) Version/17.5 Mobile/15E148 Safari/604.1"
199.203.99.117 - - [19/Dec/2025:09:39:14 +0000] "GET /2025/09/ HTTP/1.1" 200 19410 "-" "Mozilla/5.0 (Macintosh; Intel Mac OS X 14_0) AppleWebKit/537.36 (KHTML, like Gecko) Chrome/125.0.0.0 Safari/537.36"
199.203.99.117 - - [19/Dec/2025:09:39:14 +0000] "GET /2023/10/ HTTP/1.1" 200 19410 "-" "Mozilla/5.0 (Windows NT 10.0; Win64; x64) AppleWebKit/537.36 (KHTML, like Gecko) Chrome/125.0.0.0 Safari/537.36"
199.203.99.117 - - [19/Dec/2025:09:39:14 +0000] "GET /2023/11/ HTTP/1.1" 200 19410 "-" "Mozilla/5.0 (Linux; Android 14; SM-G991B) AppleWebKit/537.36 (KHTML, like Gecko) Chrome/125.0.0.0 Mobile Safari/537.36"
82.166.33.72 - - [19/Dec/2025:09:39:14 +0000] "GET /2024/02/ HTTP/1.1" 200 19410 "-" "Mozilla/5.0 (Windows NT 10.0; Win64; x64) AppleWebKit/537.36 (KHTML, like Gecko) Chrome/125.0.0.0 Safari/537.36"
199.203.99.125 - - [19/Dec/2025:09:39:15 +0000] "GET /2022/12/ HTTP/1.1" 200 19410 "-" "Mozilla/5.0 (Linux; Android 14; SM-G991B) AppleWebKit/537.36 (KHTML, like Gecko) Chrome/125.0.0.0 Mobile Safari/537.36"
185.255.129.213 - v0wj4 [19/Dec/2025:09:39:15 +0000] "GET /wp-json/wp/v2/categories?per_page=50&page=1 HTTP/1.1" 200 255411 "-" "Mozilla/5.0 (Macintosh; Intel Mac OS X 10_15_3) AppleWebKit/537.36 (KHTML, like Gecko) Chrome/80.0.3987.149 Safari/537.36"
185.255.129.213 - v0wj4 [19/Dec/2025:09:39:17 +0000] "GET /wp-json/wp/v2/categories?per_page=50&page=2 HTTP/1.1" 200 242344 "-" "Mozilla/5.0 (Macintosh; Intel Mac OS X 10_15_3) AppleWebKit/537.36 (KHTML, like Gecko) Chrome/80.0.3987.149 Safari/537.36"
199.203.99.117 - - [19/Dec/2025:09:39:18 +0000] "GET /2025/10/ HTTP/1.1" 200 19410 "-" "Mozilla/5.0 (X11; Linux x86_64) AppleWebKit/537.36 (KHTML, like Gecko) Chrome/125.0.0.0 Safari/537.36"
185.255.129.213 - v0wj4 [19/Dec/2025:09:39:19 +0000] "GET /wp-json/wp/v2/categories?per_page=50&page=3 HTTP/1.1" 200 252191 "-" "Mozilla/5.0 (Macintosh; Intel Mac OS X 10_15_3) AppleWebKit/537.36 (KHTML, like Gecko) Chrome/80.0.3987.149 Safari/537.36"
185.255.129.213 - v0wj4 [19/Dec/2025:09:39:20 +0000] "GET /wp-json/wp/v2/categories?per_page=50&page=4 HTTP/1.1" 200 262415 "-" "Mozilla/5.0 (Macintosh; Intel Mac OS X 10_15_3) AppleWebKit/537.36 (KHTML, like Gecko) Chrome/80.0.3987.149 Safari/537.36"
199.203.99.117 - - [19/Dec/2025:09:39:21 +0000] "GET /2021/10/ HTTP/1.1" 200 19410 "-" "Mozilla/5.0 (Macintosh; Intel Mac OS X 14_0) AppleWebKit/605.1.15 (KHTML, like Gecko) Version/17.5 Safari/605.1.15"
199.203.99.117 - - [19/Dec/2025:09:39:21 +0000] "GET /2024/01/ HTTP/1.1" 200 19410 "-" "Mozilla/5.0 (Windows NT 10.0; Win64; x64) AppleWebKit/537.36 (KHTML, like Gecko) Edge/125.0.2535.67 Safari/537.36"
199.203.99.117 - - [19/Dec/2025:09:39:21 +0000] "GET /2023/05/ HTTP/1.1" 200 19410 "-" "webzio (+https://webz.io/bot.html)"
185.255.129.213 - v0wj4 [19/Dec/2025:09:39:21 +0000] "GET /wp-json/wp/v2/categories?per_page=50&page=5 HTTP/1.1" 200 241790 "-" "Mozilla/5.0 (Macintosh; Intel Mac OS X 10_15_3) AppleWebKit/537.36 (KHTML, like Gecko) Chrome/80.0.3987.149 Safari/537.36"
185.255.129.213 - v0wj4 [19/Dec/2025:09:39:22 +0000] "GET /wp-json/wp/v2/categories?per_page=50&page=6 HTTP/1.1" 200 230921 "-" "Mozilla/5.0 (Macintosh; Intel Mac OS X 10_15_3) AppleWebKit/537.36 (KHTML, like Gecko) Chrome/80.0.3987.149 Safari/537.36"
185.255.129.213 - v0wj4 [19/Dec/2025:09:39:23 +0000] "POST /wp-json/wp/v2/posts HTTP/1.1" 201 37121 "-" "Mozilla/5.0 (Macintosh; Intel Mac OS X 10_15_3) AppleWebKit/537.36 (KHTML, like Gecko) Chrome/80.0.3987.149 Safari/537.36"
199.203.99.117 - - [19/Dec/2025:09:39:29 +0000] "GET /2025/08/ HTTP/1.1" 200 19410 "-" "Mozilla/5.0 (Windows NT 10.0; Win64; x64) AppleWebKit/537.36 (KHTML, like Gecko) Chrome/125.0.0.0 Safari/537.36"
66.249.79.33 - - [19/Dec/2025:09:40:12 +0000] "GET /206845848?item=0205822061 HTTP/1.1" 200 188103 "-" "Mozilla/5.0 (Linux; Android 6.0.1; Nexus 5X Build/MMB29P) AppleWebKit/537.36 (KHTML, like Gecko) Chrome/141.0.7390.122 Mobile Safari/537.36 (compatible; Googlebot/2.1; +http://www.google.com/bot.html)"
202.8.107.174 - - [19/Dec/2025:09:40:22 +0000] "GET /?cccsitemap.xml HTTP/1.1" 200 127 "-" "Mozilla/5.0 (Windows NT 10.0; Win64; x64) AppleWebKit/537.36 (KHTML, like Gecko) Chrome/143.0.0.0 Safari/537.36"
66.249.79.37 - - [19/Dec/2025:09:40:24 +0000] "GET /97938030?item=0097453390 HTTP/1.1" 200 203132 "-" "Mozilla/5.0 (Linux; Android 6.0.1; Nexus 5X Build/MMB29P) AppleWebKit/537.36 (KHTML, like Gecko) Chrome/141.0.7390.122 Mobile Safari/537.36 (compatible; Googlebot/2.1; +http://www.google.com/bot.html)"
66.249.79.32 - - [19/Dec/2025:09:41:21 +0000] "GET /341244330?item=0339555204 HTTP/1.1" 200 188565 "-" "Mozilla/5.0 (Linux; Android 6.0.1; Nexus 5X Build/MMB29P) AppleWebKit/537.36 (KHTML, like Gecko) Chrome/141.0.7390.122 Mobile Safari/537.36 (compatible; Googlebot/2.1; +http://www.google.com/bot.html)"
66.249.79.32 - - [19/Dec/2025:09:41:58 +0000] "GET /694867875 HTTP/1.1" 200 199618 "-" "Mozilla/5.0 (Linux; Android 6.0.1; Nexus 5X Build/MMB29P) AppleWebKit/537.36 (KHTML, like Gecko) Chrome/141.0.7390.122 Mobile Safari/537.36 (compatible; Googlebot/2.1; +http://www.google.com/bot.html)"
66.249.79.37 - - [19/Dec/2025:09:41:58 +0000] "GET /513235717 HTTP/1.1" 200 196890 "-" "Mozilla/5.0 (Linux; Android 6.0.1; Nexus 5X Build/MMB29P) AppleWebKit/537.36 (KHTML, like Gecko) Chrome/141.0.7390.122 Mobile Safari/537.36 (compatible; Googlebot/2.1; +http://www.google.com/bot.html)"
66.249.79.33 - - [19/Dec/2025:09:42:11 +0000] "GET /?w=0872554209500 HTTP/1.1" 200 197046 "-" "Mozilla/5.0 (Linux; Android 6.0.1; Nexus 5X Build/MMB29P) AppleWebKit/537.36 (KHTML, like Gecko) Chrome/141.0.7390.122 Mobile Safari/537.36 (compatible; Googlebot/2.1; +http://www.google.com/bot.html)"
66.249.79.32 - - [19/Dec/2025:09:42:30 +0000] "GET /515631042?item=0513078616 HTTP/1.1" 200 199485 "-" "Mozilla/5.0 (Linux; Android 6.0.1; Nexus 5X Build/MMB29P) AppleWebKit/537.36 (KHTML, like Gecko) Chrome/141.0.7390.122 Mobile Safari/537.36 (compatible; Googlebot/2.1; +http://www.google.com/bot.html)"
206.81.24.74 - - [19/Dec/2025:09:42:47 +0000] "GET / HTTP/1.1" 200 0 "-" "-"
206.81.24.74 - - [19/Dec/2025:09:42:48 +0000] "GET / HTTP/1.1" 200 69143 "-" "Mozilla/5.0 (l9scan/2.0.13e22333e21323e2430313; +https://leakix.net)"
159.198.77.92 - - [19/Dec/2025:09:42:48 +0000] "POST /wp-cron.php?doing_wp_cron=1766137367.8556170463562011718750 HTTP/1.1" 404 27511 "-" "WordPress/6.9; https://luxwento.com"
206.81.24.74 - - [19/Dec/2025:09:42:49 +0000] "POST /graphql HTTP/1.1" 404 27511 "-" "Mozilla/5.0 (l9scan/2.0.13e22333e21323e2430313; +https://leakix.net)"
206.81.24.74 - - [19/Dec/2025:09:42:50 +0000] "POST /api HTTP/1.1" 404 27511 "-" "Mozilla/5.0 (l9scan/2.0.13e22333e21323e2430313; +https://leakix.net)"
206.81.24.74 - - [19/Dec/2025:09:42:51 +0000] "POST /api/graphql HTTP/1.1" 404 27511 "-" "Mozilla/5.0 (l9scan/2.0.13e22333e21323e2430313; +https://leakix.net)"
206.81.24.74 - - [19/Dec/2025:09:42:51 +0000] "POST /graphql/api HTTP/1.1" 404 27511 "-" "Mozilla/5.0 (l9scan/2.0.13e22333e21323e2430313; +https://leakix.net)"
206.81.24.74 - - [19/Dec/2025:09:42:52 +0000] "POST /api/gql HTTP/1.1" 404 27511 "-" "Mozilla/5.0 (l9scan/2.0.13e22333e21323e2430313; +https://leakix.net)"
206.81.24.74 - - [19/Dec/2025:09:42:54 +0000] "GET /swagger-ui.html HTTP/1.1" 404 27535 "-" "Mozilla/5.0 (l9scan/2.0.13e22333e21323e2430313; +https://leakix.net)"
206.81.24.74 - - [19/Dec/2025:09:42:55 +0000] "GET /swagger/index.html HTTP/1.1" 404 27535 "-" "Mozilla/5.0 (l9scan/2.0.13e22333e21323e2430313; +https://leakix.net)"
206.81.24.74 - - [19/Dec/2025:09:42:56 +0000] "GET /swagger/swagger-ui.html HTTP/1.1" 404 27535 "-" "Mozilla/5.0 (l9scan/2.0.13e22333e21323e2430313; +https://leakix.net)"
206.81.24.74 - - [19/Dec/2025:09:42:57 +0000] "GET /webjars/swagger-ui/index.html HTTP/1.1" 404 27535 "-" "Mozilla/5.0 (l9scan/2.0.13e22333e21323e2430313; +https://leakix.net)"
206.81.24.74 - - [19/Dec/2025:09:42:58 +0000] "GET /swagger.json HTTP/1.1" 404 27535 "-" "Mozilla/5.0 (l9scan/2.0.13e22333e21323e2430313; +https://leakix.net)"
206.81.24.74 - - [19/Dec/2025:09:42:59 +0000] "GET /swagger/v1/swagger.json HTTP/1.1" 404 27535 "-" "Mozilla/5.0 (l9scan/2.0.13e22333e21323e2430313; +https://leakix.net)"
206.81.24.74 - - [19/Dec/2025:09:43:00 +0000] "GET /v2/api-docs HTTP/1.1" 404 27535 "-" "Mozilla/5.0 (l9scan/2.0.13e22333e21323e2430313; +https://leakix.net)"
206.81.24.74 - - [19/Dec/2025:09:43:01 +0000] "GET /v3/api-docs HTTP/1.1" 404 27535 "-" "Mozilla/5.0 (l9scan/2.0.13e22333e21323e2430313; +https://leakix.net)"
206.81.24.74 - - [19/Dec/2025:09:43:02 +0000] "GET /api-docs/swagger.json HTTP/1.1" 404 27535 "-" "Mozilla/5.0 (l9scan/2.0.13e22333e21323e2430313; +https://leakix.net)"
206.81.24.74 - - [19/Dec/2025:09:43:03 +0000] "GET /api/swagger.json HTTP/1.1" 404 27535 "-" "Mozilla/5.0 (l9scan/2.0.13e22333e21323e2430313; +https://leakix.net)"
206.81.24.74 - - [19/Dec/2025:09:43:04 +0000] "GET /@vite/env HTTP/1.1" 404 27535 "-" "Mozilla/5.0 (l9scan/2.0.13e22333e21323e2430313; +https://leakix.net)"
206.81.24.74 - - [19/Dec/2025:09:43:05 +0000] "GET /actuator/env HTTP/1.1" 404 27535 "-" "Mozilla/5.0 (l9scan/2.0.13e22333e21323e2430313; +https://leakix.net)"
206.81.24.74 - - [19/Dec/2025:09:43:06 +0000] "GET /server HTTP/1.1" 404 27535 "-" "Mozilla/5.0 (l9scan/2.0.13e22333e21323e2430313; +https://leakix.net)"
206.81.24.74 - - [19/Dec/2025:09:43:07 +0000] "GET /.vscode/sftp.json HTTP/1.1" 404 27535 "-" "Mozilla/5.0 (l9scan/2.0.13e22333e21323e2430313; +https://leakix.net)"
206.81.24.74 - - [19/Dec/2025:09:43:09 +0000] "GET /about HTTP/1.1" 301 0 "-" "Mozilla/5.0 (l9scan/2.0.13e22333e21323e2430313; +https://leakix.net)"
206.81.24.74 - - [19/Dec/2025:09:43:10 +0000] "GET /debug/default/view?panel=config HTTP/1.1" 404 27511 "-" "Mozilla/5.0 (l9scan/2.0.13e22333e21323e2430313; +https://leakix.net)"
206.81.24.74 - - [19/Dec/2025:09:43:11 +0000] "GET /v2/_catalog HTTP/1.1" 404 27535 "-" "Mozilla/5.0 (l9scan/2.0.13e22333e21323e2430313; +https://leakix.net)"
206.81.24.74 - - [19/Dec/2025:09:43:12 +0000] "GET /ecp/Current/exporttool/microsoft.exchange.ediscovery.exporttool.application HTTP/1.1" 404 27535 "-" "Mozilla/5.0 (l9scan/2.0.13e22333e21323e2430313; +https://leakix.net)"
206.81.24.74 - - [19/Dec/2025:09:43:13 +0000] "GET /server-status HTTP/1.1" 404 27535 "-" "Mozilla/5.0 (l9scan/2.0.13e22333e21323e2430313; +https://leakix.net)"
206.81.24.74 - - [19/Dec/2025:09:43:14 +0000] "GET /login.action HTTP/1.1" 404 27535 "-" "Mozilla/5.0 (l9scan/2.0.13e22333e21323e2430313; +https://leakix.net)"
206.81.24.74 - - [19/Dec/2025:09:43:15 +0000] "GET /_all_dbs HTTP/1.1" 404 27535 "-" "Mozilla/5.0 (l9scan/2.0.13e22333e21323e2430313; +https://leakix.net)"
206.81.24.74 - - [19/Dec/2025:09:43:16 +0000] "GET /.DS_Store HTTP/1.1" 404 27535 "-" "Mozilla/5.0 (l9scan/2.0.13e22333e21323e2430313; +https://leakix.net)"
206.81.24.74 - - [19/Dec/2025:09:43:17 +0000] "GET /.env HTTP/1.1" 404 27535 "-" "Mozilla/5.0 (l9scan/2.0.13e22333e21323e2430313; +https://leakix.net)"
206.81.24.74 - - [19/Dec/2025:09:43:19 +0000] "GET /.git/config HTTP/1.1" 404 27535 "-" "Mozilla/5.0 (l9scan/2.0.13e22333e21323e2430313; +https://leakix.net)"
206.81.24.74 - - [19/Dec/2025:09:43:20 +0000] "GET /s/13e22333e21323e2430313/_/;/META-INF/maven/com.atlassian.jira/jira-webapp-dist/pom.properties HTTP/1.1" 404 27535 "-" "Mozilla/5.0 (l9scan/2.0.13e22333e21323e2430313; +https://leakix.net)"
206.81.24.74 - - [19/Dec/2025:09:43:21 +0000] "GET /config.json HTTP/1.1" 404 27535 "-" "Mozilla/5.0 (l9scan/2.0.13e22333e21323e2430313; +https://leakix.net)"
66.249.79.34 - - [19/Dec/2025:09:43:22 +0000] "GET /10022129 HTTP/1.1" 200 201321 "-" "Mozilla/5.0 (Linux; Android 6.0.1; Nexus 5X Build/MMB29P) AppleWebKit/537.36 (KHTML, like Gecko) Chrome/141.0.7390.122 Mobile Safari/537.36 (compatible; Googlebot/2.1; +http://www.google.com/bot.html)"
206.81.24.74 - - [19/Dec/2025:09:43:22 +0000] "GET /telescope/requests HTTP/1.1" 404 27535 "-" "Mozilla/5.0 (l9scan/2.0.13e22333e21323e2430313; +https://leakix.net)"
206.81.24.74 - - [19/Dec/2025:09:43:23 +0000] "GET /info.php HTTP/1.1" 404 27535 "-" "Mozilla/5.0 (l9scan/2.0.13e22333e21323e2430313; +https://leakix.net)"
66.249.79.32 - - [19/Dec/2025:09:43:24 +0000] "GET /7941450 HTTP/1.1" 200 202880 "-" "Mozilla/5.0 (Linux; Android 6.0.1; Nexus 5X Build/MMB29P) AppleWebKit/537.36 (KHTML, like Gecko) Chrome/141.0.7390.122 Mobile Safari/537.36 (compatible; Googlebot/2.1; +http://www.google.com/bot.html)"
206.81.24.74 - - [19/Dec/2025:09:43:24 +0000] "GET /?rest_route=/wp/v2/users/ HTTP/1.1" 200 4850 "-" "Mozilla/5.0 (l9scan/2.0.13e22333e21323e2430313; +https://leakix.net)"
66.249.79.32 - - [19/Dec/2025:09:43:39 +0000] "GET /75167576?item=0074795661 HTTP/1.1" 200 205393 "-" "Mozilla/5.0 (Linux; Android 6.0.1; Nexus 5X Build/MMB29P) AppleWebKit/537.36 (KHTML, like Gecko) Chrome/141.0.7390.122 Mobile Safari/537.36 (compatible; Googlebot/2.1; +http://www.google.com/bot.html)"
159.198.77.92 - - [19/Dec/2025:09:44:23 +0000] "POST /wp-cron.php?doing_wp_cron=1766137462.6656229496002197265625 HTTP/1.1" 404 27511 "-" "WordPress/6.9; https://luxwento.com"
17.241.75.122 - - [19/Dec/2025:09:44:23 +0000] "GET /vlijanie-tehniki-na-traditsionnye-interesy/ HTTP/1.1" 200 49517 "-" "Mozilla/5.0 (Macintosh; Intel Mac OS X 10_15_7) AppleWebKit/605.1.15 (KHTML, like Gecko) Version/17.4 Safari/605.1.15 (Applebot/0.1; +http://www.apple.com/go/applebot)"
66.249.79.33 - - [19/Dec/2025:09:44:48 +0000] "GET /52027248?item=0051769889 HTTP/1.1" 200 203609 "-" "Mozilla/5.0 (Linux; Android 6.0.1; Nexus 5X Build/MMB29P) AppleWebKit/537.36 (KHTML, like Gecko) Chrome/141.0.7390.122 Mobile Safari/537.36 (compatible; Googlebot/2.1; +http://www.google.com/bot.html)"
193.36.38.94 - - [19/Dec/2025:09:45:13 +0000] "GET /wp-login.php HTTP/1.1" 200 6058 "-" "Mozilla/5.0 (Windows NT 10.0; Win64; x64) AppleWebKit/537.36 (KHTML, like Gecko) Chrome/114.0.0.0 Safari/537.36"
193.36.38.94 - - [19/Dec/2025:09:45:14 +0000] "POST /wp-login.php HTTP/1.1" 200 6511 "-" "Mozilla/5.0 (Windows NT 10.0; Win64; x64) AppleWebKit/537.36 (KHTML, like Gecko) Chrome/114.0.0.0 Safari/537.36"
66.249.79.32 - - [19/Dec/2025:09:45:58 +0000] "GET /79330050?item=0078937528 HTTP/1.1" 200 203015 "-" "Mozilla/5.0 (Linux; Android 6.0.1; Nexus 5X Build/MMB29P) AppleWebKit/537.36 (KHTML, like Gecko) Chrome/141.0.7390.122 Mobile Safari/537.36 (compatible; Googlebot/2.1; +http://www.google.com/bot.html)"
66.249.79.33 - - [19/Dec/2025:09:46:06 +0000] "GET /2489466 HTTP/1.1" 200 200072 "-" "Mozilla/5.0 (Linux; Android 6.0.1; Nexus 5X Build/MMB29P) AppleWebKit/537.36 (KHTML, like Gecko) Chrome/141.0.7390.122 Mobile Safari/537.36 (compatible; Googlebot/2.1; +http://www.google.com/bot.html)"
66.249.79.32 - - [19/Dec/2025:09:46:06 +0000] "GET /?w=8068821907300 HTTP/1.1" 200 204282 "-" "Mozilla/5.0 (Linux; Android 6.0.1; Nexus 5X Build/MMB29P) AppleWebKit/537.36 (KHTML, like Gecko) Chrome/141.0.7390.122 Mobile Safari/537.36 (compatible; Googlebot/2.1; +http://www.google.com/bot.html)"
159.198.77.92 - - [19/Dec/2025:09:46:18 +0000] "POST /wp-cron.php?doing_wp_cron=1766137578.1537029743194580078125 HTTP/1.1" 404 27511 "-" "WordPress/6.9; https://luxwento.com"
17.241.227.80 - - [19/Dec/2025:09:46:18 +0000] "GET /accounts-receivable-days-formulation-a-calculation/ HTTP/1.1" 200 37804 "-" "Mozilla/5.0 (Macintosh; Intel Mac OS X 10_15_7) AppleWebKit/605.1.15 (KHTML, like Gecko) Version/17.4 Safari/605.1.15 (Applebot/0.1; +http://www.apple.com/go/applebot)"
43.135.145.77 - - [19/Dec/2025:09:46:53 +0000] "GET /2025/08/ HTTP/1.1" 200 19410 "-" "Mozilla/5.0 (iPhone; CPU iPhone OS 13_2_3 like Mac OS X) AppleWebKit/605.1.15 (KHTML, like Gecko) Version/13.0.3 Mobile/15E148 Safari/604.1"
66.249.79.32 - - [19/Dec/2025:09:46:55 +0000] "GET /?w=0792375705603 HTTP/1.1" 200 186721 "-" "Mozilla/5.0 (Linux; Android 6.0.1; Nexus 5X Build/MMB29P) AppleWebKit/537.36 (KHTML, like Gecko) Chrome/141.0.7390.122 Mobile Safari/537.36 (compatible; Googlebot/2.1; +http://www.google.com/bot.html)"
66.249.79.33 - - [19/Dec/2025:09:47:44 +0000] "GET /79326558?item=0078934054 HTTP/1.1" 200 203186 "-" "Mozilla/5.0 (Linux; Android 6.0.1; Nexus 5X Build/MMB29P) AppleWebKit/537.36 (KHTML, like Gecko) Chrome/141.0.7390.122 Mobile Safari/537.36 (compatible; Googlebot/2.1; +http://www.google.com/bot.html)"
66.249.79.33 - - [19/Dec/2025:09:48:18 +0000] "GET /78459772?item=0078071559 HTTP/1.1" 200 203234 "-" "Mozilla/5.0 (Linux; Android 6.0.1; Nexus 5X Build/MMB29P) AppleWebKit/537.36 (KHTML, like Gecko) Chrome/141.0.7390.122 Mobile Safari/537.36 (compatible; Googlebot/2.1; +http://www.google.com/bot.html)"
66.249.79.32 - - [19/Dec/2025:09:49:48 +0000] "GET /9351828 HTTP/1.1" 200 204146 "-" "Mozilla/5.0 (Linux; Android 6.0.1; Nexus 5X Build/MMB29P) AppleWebKit/537.36 (KHTML, like Gecko) Chrome/141.0.7390.122 Mobile Safari/537.36 (compatible; Googlebot/2.1; +http://www.google.com/bot.html)"
66.249.79.37 - - [19/Dec/2025:09:50:03 +0000] "GET /?w=7586822570002 HTTP/1.1" 200 189000 "-" "Mozilla/5.0 (Linux; Android 6.0.1; Nexus 5X Build/MMB29P) AppleWebKit/537.36 (KHTML, like Gecko) Chrome/141.0.7390.122 Mobile Safari/537.36 (compatible; Googlebot/2.1; +http://www.google.com/bot.html)"
66.249.79.33 - - [19/Dec/2025:09:50:03 +0000] "GET /524571194?item=0521974508 HTTP/1.1" 200 201542 "-" "Mozilla/5.0 (Linux; Android 6.0.1; Nexus 5X Build/MMB29P) AppleWebKit/537.36 (KHTML, like Gecko) Chrome/141.0.7390.122 Mobile Safari/537.36 (compatible; Googlebot/2.1; +http://www.google.com/bot.html)"
66.249.79.37 - - [19/Dec/2025:09:50:12 +0000] "GET /29169484 HTTP/1.1" 200 204136 "-" "Mozilla/5.0 (Linux; Android 6.0.1; Nexus 5X Build/MMB29P) AppleWebKit/537.36 (KHTML, like Gecko) Chrome/141.0.7390.122 Mobile Safari/537.36 (compatible; Googlebot/2.1; +http://www.google.com/bot.html)"
159.198.77.92 - - [19/Dec/2025:09:50:18 +0000] "POST /wp-cron.php?doing_wp_cron=1766137818.1482648849487304687500 HTTP/1.1" 404 27511 "-" "WordPress/6.9; https://luxwento.com"
149.232.138.99 - - [19/Dec/2025:09:50:18 +0000] "GET /online-casino-without-verification HTTP/1.1" 404 27535 "https://luxwento.com/online-casino-without-verification" "Mozilla/5.0 (Windows NT 10.0; Win64; x64) AppleWebKit/537.36 (KHTML, like Gecko) Chrome/116.0.0.0 Safari/537.36"
66.249.79.37 - - [19/Dec/2025:09:50:33 +0000] "GET /4095613 HTTP/1.1" 200 202615 "-" "Mozilla/5.0 (Linux; Android 6.0.1; Nexus 5X Build/MMB29P) AppleWebKit/537.36 (KHTML, like Gecko) Chrome/141.0.7390.122 Mobile Safari/537.36 (compatible; Googlebot/2.1; +http://www.google.com/bot.html)"
113.189.136.129 - - [19/Dec/2025:09:50:56 +0000] "GET /xmlrpc.php HTTP/1.1" 404 27535 "-" "Mozilla/5.0 (Windows NT 10.0; WOW64; rv:45.0) Gecko/20100101 Firefox/45.0"
66.249.79.33 - - [19/Dec/2025:09:51:13 +0000] "GET /329797122?item=0328164664 HTTP/1.1" 200 185176 "-" "Mozilla/5.0 (Linux; Android 6.0.1; Nexus 5X Build/MMB29P) AppleWebKit/537.36 (KHTML, like Gecko) Chrome/141.0.7390.122 Mobile Safari/537.36 (compatible; Googlebot/2.1; +http://www.google.com/bot.html)"
66.249.79.37 - - [19/Dec/2025:09:51:29 +0000] "GET /674444489 HTTP/1.1" 200 200479 "-" "Mozilla/5.0 (Linux; Android 6.0.1; Nexus 5X Build/MMB29P) AppleWebKit/537.36 (KHTML, like Gecko) Chrome/141.0.7390.122 Mobile Safari/537.36 (compatible; Googlebot/2.1; +http://www.google.com/bot.html)"
66.249.79.37 - - [19/Dec/2025:09:51:34 +0000] "GET /9579843 HTTP/1.1" 200 203720 "-" "Mozilla/5.0 (Linux; Android 6.0.1; Nexus 5X Build/MMB29P) AppleWebKit/537.36 (KHTML, like Gecko) Chrome/141.0.7390.122 Mobile Safari/537.36 (compatible; Googlebot/2.1; +http://www.google.com/bot.html)"
66.249.79.37 - - [19/Dec/2025:09:51:48 +0000] "GET /62242870?item=0061934938 HTTP/1.1" 200 205228 "-" "Mozilla/5.0 (Linux; Android 6.0.1; Nexus 5X Build/MMB29P) AppleWebKit/537.36 (KHTML, like Gecko) Chrome/141.0.7390.122 Mobile Safari/537.36 (compatible; Googlebot/2.1; +http://www.google.com/bot.html)"
66.249.79.37 - - [19/Dec/2025:09:52:16 +0000] "GET /942597793 HTTP/1.1" 200 187456 "-" "Mozilla/5.0 (Linux; Android 6.0.1; Nexus 5X Build/MMB29P) AppleWebKit/537.36 (KHTML, like Gecko) Chrome/141.0.7390.122 Mobile Safari/537.36 (compatible; Googlebot/2.1; +http://www.google.com/bot.html)"
66.249.79.37 - - [19/Dec/2025:09:52:23 +0000] "GET /377507114?item=0375638468 HTTP/1.1" 200 188476 "-" "Mozilla/5.0 (Linux; Android 6.0.1; Nexus 5X Build/MMB29P) AppleWebKit/537.36 (KHTML, like Gecko) Chrome/141.0.7390.122 Mobile Safari/537.36 (compatible; Googlebot/2.1; +http://www.google.com/bot.html)"
66.249.79.37 - - [19/Dec/2025:09:52:29 +0000] "GET /927429973 HTTP/1.1" 200 189580 "-" "Mozilla/5.0 (Linux; Android 6.0.1; Nexus 5X Build/MMB29P) AppleWebKit/537.36 (KHTML, like Gecko) Chrome/141.0.7390.122 Mobile Safari/537.36 (compatible; Googlebot/2.1; +http://www.google.com/bot.html)"
66.249.79.33 - - [19/Dec/2025:09:53:30 +0000] "GET /2266132 HTTP/1.1" 200 201961 "-" "Mozilla/5.0 (Linux; Android 6.0.1; Nexus 5X Build/MMB29P) AppleWebKit/537.36 (KHTML, like Gecko) Chrome/141.0.7390.122 Mobile Safari/537.36 (compatible; Googlebot/2.1; +http://www.google.com/bot.html)"
66.249.79.37 - - [19/Dec/2025:09:53:34 +0000] "GET /252492324?item=0251242563 HTTP/1.1" 200 188427 "-" "Mozilla/5.0 (Linux; Android 6.0.1; Nexus 5X Build/MMB29P) AppleWebKit/537.36 (KHTML, like Gecko) Chrome/141.0.7390.122 Mobile Safari/537.36 (compatible; Googlebot/2.1; +http://www.google.com/bot.html)"
66.249.79.32 - - [19/Dec/2025:09:54:06 +0000] "GET /?w=1491423789703 HTTP/1.1" 200 204569 "-" "Mozilla/5.0 (Linux; Android 6.0.1; Nexus 5X Build/MMB29P) AppleWebKit/537.36 (KHTML, like Gecko) Chrome/141.0.7390.122 Mobile Safari/537.36 (compatible; Googlebot/2.1; +http://www.google.com/bot.html)"
66.249.79.37 - - [19/Dec/2025:09:54:08 +0000] "GET /186137344?item=0185216073 HTTP/1.1" 200 203535 "-" "Mozilla/5.0 (Linux; Android 6.0.1; Nexus 5X Build/MMB29P) AppleWebKit/537.36 (KHTML, like Gecko) Chrome/141.0.7390.122 Mobile Safari/537.36 (compatible; Googlebot/2.1; +http://www.google.com/bot.html)"
66.249.79.37 - - [19/Dec/2025:09:54:10 +0000] "GET /817685744 HTTP/1.1" 200 188816 "-" "Mozilla/5.0 (Linux; Android 6.0.1; Nexus 5X Build/MMB29P) AppleWebKit/537.36 (KHTML, like Gecko) Chrome/141.0.7390.122 Mobile Safari/537.36 (compatible; Googlebot/2.1; +http://www.google.com/bot.html)"
66.249.79.37 - - [19/Dec/2025:09:54:25 +0000] "GET /kakovo-ljudi-interpretiruem-uspeh-i-odnovremenno-porazhenie/ HTTP/1.1" 200 201340 "-" "Mozilla/5.0 (Linux; Android 6.0.1; Nexus 5X Build/MMB29P) AppleWebKit/537.36 (KHTML, like Gecko) Chrome/141.0.7390.122 Mobile Safari/537.36 (compatible; Googlebot/2.1; +http://www.google.com/bot.html)"
216.73.216.58 - - [19/Dec/2025:09:54:33 +0000] "GET /index.php HTTP/1.1" 403 0 "-" "Mozilla/5.0 AppleWebKit/537.36 (KHTML, like Gecko; compatible; ClaudeBot/1.0; +claudebot@anthropic.com)"
66.249.79.33 - - [19/Dec/2025:09:55:12 +0000] "GET /588367606?item=0585455098 HTTP/1.1" 200 199583 "-" "Mozilla/5.0 (Linux; Android 6.0.1; Nexus 5X Build/MMB29P) AppleWebKit/537.36 (KHTML, like Gecko) Chrome/141.0.7390.122 Mobile Safari/537.36 (compatible; Googlebot/2.1; +http://www.google.com/bot.html)"
66.249.79.37 - - [19/Dec/2025:09:55:27 +0000] "GET /5406095 HTTP/1.1" 200 205244 "-" "Mozilla/5.0 (Linux; Android 6.0.1; Nexus 5X Build/MMB29P) AppleWebKit/537.36 (KHTML, like Gecko) Chrome/141.0.7390.122 Mobile Safari/537.36 (compatible; Googlebot/2.1; +http://www.google.com/bot.html)"
66.249.79.37 - - [19/Dec/2025:09:55:29 +0000] "GET /?w=7799835484001 HTTP/1.1" 200 204758 "-" "Mozilla/5.0 (Linux; Android 6.0.1; Nexus 5X Build/MMB29P) AppleWebKit/537.36 (KHTML, like Gecko) Chrome/141.0.7390.122 Mobile Safari/537.36 (compatible; Googlebot/2.1; +http://www.google.com/bot.html)"
66.249.79.32 - - [19/Dec/2025:09:56:22 +0000] "GET /37539058?item=0037353424 HTTP/1.1" 200 203827 "-" "Mozilla/5.0 (Linux; Android 6.0.1; Nexus 5X Build/MMB29P) AppleWebKit/537.36 (KHTML, like Gecko) Chrome/141.0.7390.122 Mobile Safari/537.36 (compatible; Googlebot/2.1; +http://www.google.com/bot.html)"
159.198.77.92 - - [19/Dec/2025:09:56:59 +0000] "POST /wp-cron.php?doing_wp_cron=1766138219.2590010166168212890625 HTTP/1.1" 404 27511 "-" "WordPress/6.9; https://luxwento.com"
49.51.180.2 - - [19/Dec/2025:09:56:59 +0000] "GET /2025/03/ HTTP/1.1" 200 19410 "-" "Mozilla/5.0 (iPhone; CPU iPhone OS 13_2_3 like Mac OS X) AppleWebKit/605.1.15 (KHTML, like Gecko) Version/13.0.3 Mobile/15E148 Safari/604.1"