66.249.79.32 - - [18/Dec/2025:22:11:22 +0000] "GET /784789987 HTTP/1.1" 200 203083 "-" "Mozilla/5.0 (Linux; Android 6.0.1; Nexus 5X Build/MMB29P) AppleWebKit/537.36 (KHTML, like Gecko) Chrome/141.0.7390.122 Mobile Safari/537.36 (compatible; Googlebot/2.1; +http://www.google.com/bot.html)"
66.249.79.32 - - [18/Dec/2025:22:11:27 +0000] "GET /433184284 HTTP/1.1" 200 198725 "-" "Mozilla/5.0 (Linux; Android 6.0.1; Nexus 5X Build/MMB29P) AppleWebKit/537.36 (KHTML, like Gecko) Chrome/141.0.7390.122 Mobile Safari/537.36 (compatible; Googlebot/2.1; +http://www.google.com/bot.html)"
66.249.79.32 - - [18/Dec/2025:22:11:34 +0000] "GET /737111237 HTTP/1.1" 200 201930 "-" "Mozilla/5.0 (Linux; Android 6.0.1; Nexus 5X Build/MMB29P) AppleWebKit/537.36 (KHTML, like Gecko) Chrome/141.0.7390.122 Mobile Safari/537.36 (compatible; Googlebot/2.1; +http://www.google.com/bot.html)"
66.249.79.32 - - [18/Dec/2025:22:11:43 +0000] "GET /4731856 HTTP/1.1" 200 203352 "-" "Mozilla/5.0 (Linux; Android 6.0.1; Nexus 5X Build/MMB29P) AppleWebKit/537.36 (KHTML, like Gecko) Chrome/141.0.7390.122 Mobile Safari/537.36 (compatible; Googlebot/2.1; +http://www.google.com/bot.html)"
66.249.79.32 - - [18/Dec/2025:22:12:09 +0000] "GET /770387977 HTTP/1.1" 200 204936 "-" "Mozilla/5.0 (Linux; Android 6.0.1; Nexus 5X Build/MMB29P) AppleWebKit/537.36 (KHTML, like Gecko) Chrome/141.0.7390.122 Mobile Safari/537.36 (compatible; Googlebot/2.1; +http://www.google.com/bot.html)"
66.249.79.32 - - [18/Dec/2025:22:12:10 +0000] "GET /36697593 HTTP/1.1" 200 200361 "-" "Mozilla/5.0 (Linux; Android 6.0.1; Nexus 5X Build/MMB29P) AppleWebKit/537.36 (KHTML, like Gecko) Chrome/141.0.7390.122 Mobile Safari/537.36 (compatible; Googlebot/2.1; +http://www.google.com/bot.html)"
66.249.79.33 - - [18/Dec/2025:22:12:13 +0000] "GET /2760911 HTTP/1.1" 200 203905 "-" "Mozilla/5.0 (Linux; Android 6.0.1; Nexus 5X Build/MMB29P) AppleWebKit/537.36 (KHTML, like Gecko) Chrome/141.0.7390.122 Mobile Safari/537.36 (compatible; Googlebot/2.1; +http://www.google.com/bot.html)"
51.68.107.138 - - [18/Dec/2025:22:12:15 +0000] "GET / HTTP/1.1" 403 0 "-" "Mozilla/5.0 (compatible; MJ12bot/v2.0.4; http://mj12bot.com/)"
66.249.79.32 - - [18/Dec/2025:22:12:34 +0000] "GET /?w=9993842412804 HTTP/1.1" 200 196175 "-" "Mozilla/5.0 (Linux; Android 6.0.1; Nexus 5X Build/MMB29P) AppleWebKit/537.36 (KHTML, like Gecko) Chrome/141.0.7390.122 Mobile Safari/537.36 (compatible; Googlebot/2.1; +http://www.google.com/bot.html)"
66.249.79.32 - - [18/Dec/2025:22:12:49 +0000] "GET /9504970 HTTP/1.1" 200 203665 "-" "Mozilla/5.0 (Linux; Android 6.0.1; Nexus 5X Build/MMB29P) AppleWebKit/537.36 (KHTML, like Gecko) Chrome/141.0.7390.122 Mobile Safari/537.36 (compatible; Googlebot/2.1; +http://www.google.com/bot.html)"
66.249.79.32 - - [18/Dec/2025:22:12:59 +0000] "GET /1820252 HTTP/1.1" 200 204923 "-" "Mozilla/5.0 (Linux; Android 6.0.1; Nexus 5X Build/MMB29P) AppleWebKit/537.36 (KHTML, like Gecko) Chrome/141.0.7390.122 Mobile Safari/537.36 (compatible; Googlebot/2.1; +http://www.google.com/bot.html)"
66.249.79.32 - - [18/Dec/2025:22:13:00 +0000] "GET /845549355 HTTP/1.1" 200 187446 "-" "Mozilla/5.0 (Linux; Android 6.0.1; Nexus 5X Build/MMB29P) AppleWebKit/537.36 (KHTML, like Gecko) Chrome/141.0.7390.122 Mobile Safari/537.36 (compatible; Googlebot/2.1; +http://www.google.com/bot.html)"
66.249.79.32 - - [18/Dec/2025:22:13:16 +0000] "GET /1368714 HTTP/1.1" 200 199414 "-" "Mozilla/5.0 (Linux; Android 6.0.1; Nexus 5X Build/MMB29P) AppleWebKit/537.36 (KHTML, like Gecko) Chrome/141.0.7390.122 Mobile Safari/537.36 (compatible; Googlebot/2.1; +http://www.google.com/bot.html)"
66.249.79.32 - - [18/Dec/2025:22:13:30 +0000] "GET /258689345 HTTP/1.1" 200 182839 "-" "Mozilla/5.0 (Linux; Android 6.0.1; Nexus 5X Build/MMB29P) AppleWebKit/537.36 (KHTML, like Gecko) Chrome/141.0.7390.122 Mobile Safari/537.36 (compatible; Googlebot/2.1; +http://www.google.com/bot.html)"
66.249.79.32 - - [18/Dec/2025:22:13:30 +0000] "GET /765779698 HTTP/1.1" 200 202093 "-" "Mozilla/5.0 (Linux; Android 6.0.1; Nexus 5X Build/MMB29P) AppleWebKit/537.36 (KHTML, like Gecko) Chrome/141.0.7390.122 Mobile Safari/537.36 (compatible; Googlebot/2.1; +http://www.google.com/bot.html)"
159.198.77.92 - - [18/Dec/2025:22:13:32 +0000] "POST /wp-cron.php?doing_wp_cron=1766096012.4651460647583007812500 HTTP/1.1" 404 27478 "-" "WordPress/6.9; https://luxwento.com"
78.101.180.168 - - [18/Dec/2025:22:13:33 +0000] "GET /xmlrpc.php HTTP/1.1" 404 27502 "-" "Mozilla/5.0 (Windows NT 10.0; WOW64; rv:45.0) Gecko/20100101 Firefox/45.0"
66.249.79.32 - - [18/Dec/2025:22:13:45 +0000] "GET /5496826 HTTP/1.1" 200 205318 "-" "Mozilla/5.0 (Linux; Android 6.0.1; Nexus 5X Build/MMB29P) AppleWebKit/537.36 (KHTML, like Gecko) Chrome/141.0.7390.122 Mobile Safari/537.36 (compatible; Googlebot/2.1; +http://www.google.com/bot.html)"
116.179.32.209 - - [18/Dec/2025:22:13:46 +0000] "GET /2023/07/ HTTP/1.1" 200 18662 "-" "Mozilla/5.0 (compatible; Baiduspider/2.0; +http://www.baidu.com/search/spider.html)"
66.249.79.32 - - [18/Dec/2025:22:13:58 +0000] "GET /452248158 HTTP/1.1" 200 200026 "-" "Mozilla/5.0 (Linux; Android 6.0.1; Nexus 5X Build/MMB29P) AppleWebKit/537.36 (KHTML, like Gecko) Chrome/141.0.7390.122 Mobile Safari/537.36 (compatible; Googlebot/2.1; +http://www.google.com/bot.html)"
66.249.79.34 - - [18/Dec/2025:22:14:14 +0000] "GET /752184913 HTTP/1.1" 200 204600 "-" "Mozilla/5.0 (Linux; Android 6.0.1; Nexus 5X Build/MMB29P) AppleWebKit/537.36 (KHTML, like Gecko) Chrome/141.0.7390.122 Mobile Safari/537.36 (compatible; Googlebot/2.1; +http://www.google.com/bot.html)"
66.249.79.33 - - [18/Dec/2025:22:14:17 +0000] "GET /3052072 HTTP/1.1" 200 201412 "-" "Mozilla/5.0 (Linux; Android 6.0.1; Nexus 5X Build/MMB29P) AppleWebKit/537.36 (KHTML, like Gecko) Chrome/141.0.7390.122 Mobile Safari/537.36 (compatible; Googlebot/2.1; +http://www.google.com/bot.html)"
66.249.79.33 - - [18/Dec/2025:22:14:25 +0000] "GET /177052472 HTTP/1.1" 200 204536 "-" "Mozilla/5.0 (Linux; Android 6.0.1; Nexus 5X Build/MMB29P) AppleWebKit/537.36 (KHTML, like Gecko) Chrome/141.0.7390.122 Mobile Safari/537.36 (compatible; Googlebot/2.1; +http://www.google.com/bot.html)"
66.249.79.32 - - [18/Dec/2025:22:14:29 +0000] "GET /569224925 HTTP/1.1" 200 197451 "-" "Mozilla/5.0 (Linux; Android 6.0.1; Nexus 5X Build/MMB29P) AppleWebKit/537.36 (KHTML, like Gecko) Chrome/141.0.7390.122 Mobile Safari/537.36 (compatible; Googlebot/2.1; +http://www.google.com/bot.html)"
66.249.79.32 - - [18/Dec/2025:22:14:30 +0000] "GET /5539998 HTTP/1.1" 200 200434 "-" "Mozilla/5.0 (Linux; Android 6.0.1; Nexus 5X Build/MMB29P) AppleWebKit/537.36 (KHTML, like Gecko) Chrome/141.0.7390.122 Mobile Safari/537.36 (compatible; Googlebot/2.1; +http://www.google.com/bot.html)"
66.249.79.32 - - [18/Dec/2025:22:14:30 +0000] "GET /461473235 HTTP/1.1" 200 199007 "-" "Mozilla/5.0 (Linux; Android 6.0.1; Nexus 5X Build/MMB29P) AppleWebKit/537.36 (KHTML, like Gecko) Chrome/141.0.7390.122 Mobile Safari/537.36 (compatible; Googlebot/2.1; +http://www.google.com/bot.html)"
66.249.79.32 - - [18/Dec/2025:22:14:43 +0000] "GET /58785481 HTTP/1.1" 200 202882 "-" "Mozilla/5.0 (Linux; Android 6.0.1; Nexus 5X Build/MMB29P) AppleWebKit/537.36 (KHTML, like Gecko) Chrome/141.0.7390.122 Mobile Safari/537.36 (compatible; Googlebot/2.1; +http://www.google.com/bot.html)"
66.249.79.32 - - [18/Dec/2025:22:14:57 +0000] "GET /4570176?item=0004547753 HTTP/1.1" 200 203690 "-" "Mozilla/5.0 (Linux; Android 6.0.1; Nexus 5X Build/MMB29P) AppleWebKit/537.36 (KHTML, like Gecko) Chrome/141.0.7390.122 Mobile Safari/537.36 (compatible; Googlebot/2.1; +http://www.google.com/bot.html)"
66.249.79.34 - - [18/Dec/2025:22:15:09 +0000] "GET /6971382 HTTP/1.1" 200 205723 "-" "Mozilla/5.0 (Linux; Android 6.0.1; Nexus 5X Build/MMB29P) AppleWebKit/537.36 (KHTML, like Gecko) Chrome/141.0.7390.122 Mobile Safari/537.36 (compatible; Googlebot/2.1; +http://www.google.com/bot.html)"
89.187.162.107 - - [18/Dec/2025:22:15:09 +0000] "GET / HTTP/1.1" 200 68856 "-" "Mozilla/5.0 (Windows; U; Windows NT 6.1; en-US; rv:1.9.1.5) Gecko/20091102 Firefox/3.5.5 (.NET CLR 3.5.30729)"
159.198.77.92 - - [18/Dec/2025:22:15:31 +0000] "POST /wp-cron.php?doing_wp_cron=1766096130.6535360813140869140625 HTTP/1.1" 404 27478 "-" "WordPress/6.9; https://luxwento.com"
2.35.0.83 - - [18/Dec/2025:22:15:31 +0000] "GET /xmlrpc.php HTTP/1.1" 404 27502 "-" "Mozilla/5.0 (Windows NT 10.0; WOW64; rv:45.0) Gecko/20100101 Firefox/45.0"
66.249.79.32 - - [18/Dec/2025:22:15:33 +0000] "GET /products/11977492/ HTTP/1.1" 200 205406 "-" "Mozilla/5.0 (Linux; Android 6.0.1; Nexus 5X Build/MMB29P) AppleWebKit/537.36 (KHTML, like Gecko) Chrome/141.0.7390.122 Mobile Safari/537.36 (compatible; Googlebot/2.1; +http://www.google.com/bot.html)"
66.249.79.32 - - [18/Dec/2025:22:15:35 +0000] "GET /24797678 HTTP/1.1" 200 201765 "-" "Mozilla/5.0 (Linux; Android 6.0.1; Nexus 5X Build/MMB29P) AppleWebKit/537.36 (KHTML, like Gecko) Chrome/141.0.7390.122 Mobile Safari/537.36 (compatible; Googlebot/2.1; +http://www.google.com/bot.html)"
2a03:2880:f800:e:: - - [18/Dec/2025:22:15:48 +0000] "GET /tag/1%d0%b2%d0%b8%d0%bd/ HTTP/1.1" 200 18662 "-" "meta-externalagent/1.1 (+https://developers.facebook.com/docs/sharing/webmasters/crawler)"
66.249.79.32 - - [18/Dec/2025:22:16:00 +0000] "GET /9110771 HTTP/1.1" 200 204352 "-" "Mozilla/5.0 (Linux; Android 6.0.1; Nexus 5X Build/MMB29P) AppleWebKit/537.36 (KHTML, like Gecko) Chrome/141.0.7390.122 Mobile Safari/537.36 (compatible; Googlebot/2.1; +http://www.google.com/bot.html)"
66.249.79.33 - - [18/Dec/2025:22:16:01 +0000] "GET /10205539 HTTP/1.1" 200 201813 "-" "Mozilla/5.0 (Linux; Android 6.0.1; Nexus 5X Build/MMB29P) AppleWebKit/537.36 (KHTML, like Gecko) Chrome/141.0.7390.122 Mobile Safari/537.36 (compatible; Googlebot/2.1; +http://www.google.com/bot.html)"
66.249.79.33 - - [18/Dec/2025:22:16:26 +0000] "GET /678755914 HTTP/1.1" 200 204159 "-" "Mozilla/5.0 (Linux; Android 6.0.1; Nexus 5X Build/MMB29P) AppleWebKit/537.36 (KHTML, like Gecko) Chrome/141.0.7390.122 Mobile Safari/537.36 (compatible; Googlebot/2.1; +http://www.google.com/bot.html)"
66.249.79.32 - - [18/Dec/2025:22:16:36 +0000] "GET /355299339 HTTP/1.1" 200 189243 "-" "Mozilla/5.0 (Linux; Android 6.0.1; Nexus 5X Build/MMB29P) AppleWebKit/537.36 (KHTML, like Gecko) Chrome/141.0.7390.122 Mobile Safari/537.36 (compatible; Googlebot/2.1; +http://www.google.com/bot.html)"
159.198.77.92 - - [18/Dec/2025:22:16:43 +0000] "POST /wp-cron.php?doing_wp_cron=1766096203.0299859046936035156250 HTTP/1.1" 404 27478 "-" "WordPress/6.9; https://luxwento.com"
2a03:2880:f800:35:: - - [18/Dec/2025:22:16:43 +0000] "GET /tag/rise-of-samurai-megaways/feed/ HTTP/1.1" 200 8161 "-" "meta-externalagent/1.1 (+https://developers.facebook.com/docs/sharing/webmasters/crawler)"
66.249.79.32 - - [18/Dec/2025:22:16:52 +0000] "GET /3356022 HTTP/1.1" 200 203278 "-" "Mozilla/5.0 (Linux; Android 6.0.1; Nexus 5X Build/MMB29P) AppleWebKit/537.36 (KHTML, like Gecko) Chrome/141.0.7390.122 Mobile Safari/537.36 (compatible; Googlebot/2.1; +http://www.google.com/bot.html)"
66.249.79.32 - - [18/Dec/2025:22:16:58 +0000] "GET /23897382 HTTP/1.1" 200 204285 "-" "Mozilla/5.0 (Linux; Android 6.0.1; Nexus 5X Build/MMB29P) AppleWebKit/537.36 (KHTML, like Gecko) Chrome/141.0.7390.122 Mobile Safari/537.36 (compatible; Googlebot/2.1; +http://www.google.com/bot.html)"
66.249.79.32 - - [18/Dec/2025:22:17:00 +0000] "GET /9064913 HTTP/1.1" 200 203848 "-" "Mozilla/5.0 (Linux; Android 6.0.1; Nexus 5X Build/MMB29P) AppleWebKit/537.36 (KHTML, like Gecko) Chrome/141.0.7390.122 Mobile Safari/537.36 (compatible; Googlebot/2.1; +http://www.google.com/bot.html)"
17.241.75.32 - - [18/Dec/2025:22:17:05 +0000] "GET /2023/12/ HTTP/1.1" 200 18662 "-" "Mozilla/5.0 (Macintosh; Intel Mac OS X 10_15_7) AppleWebKit/605.1.15 (KHTML, like Gecko) Version/17.4 Safari/605.1.15 (Applebot/0.1; +http://www.apple.com/go/applebot)"
66.249.79.37 - - [18/Dec/2025:22:17:38 +0000] "GET /892755791 HTTP/1.1" 200 186313 "-" "Mozilla/5.0 (Linux; Android 6.0.1; Nexus 5X Build/MMB29P) AppleWebKit/537.36 (KHTML, like Gecko) Chrome/141.0.7390.122 Mobile Safari/537.36 (compatible; Googlebot/2.1; +http://www.google.com/bot.html)"
85.208.96.209 - - [18/Dec/2025:22:17:44 +0000] "GET /onlajnkazino-s-besplatnymi-igrovymi-avtomatami-i-probnoj-versiej/ HTTP/1.1" 403 0 "-" "Mozilla/5.0 (compatible; SemrushBot/7~bl; +http://www.semrush.com/bot.html)"
66.249.79.37 - - [18/Dec/2025:22:17:50 +0000] "GET /2627588 HTTP/1.1" 200 201451 "-" "Mozilla/5.0 (Linux; Android 6.0.1; Nexus 5X Build/MMB29P) AppleWebKit/537.36 (KHTML, like Gecko) Chrome/141.0.7390.122 Mobile Safari/537.36 (compatible; Googlebot/2.1; +http://www.google.com/bot.html)"
66.249.79.32 - - [18/Dec/2025:22:18:09 +0000] "GET /24970560?item=0024847145 HTTP/1.1" 200 203818 "-" "Mozilla/5.0 (Linux; Android 6.0.1; Nexus 5X Build/MMB29P) AppleWebKit/537.36 (KHTML, like Gecko) Chrome/141.0.7390.122 Mobile Safari/537.36 (compatible; Googlebot/2.1; +http://www.google.com/bot.html)"
66.249.79.37 - - [18/Dec/2025:22:18:09 +0000] "GET /?w=1928967873000 HTTP/1.1" 200 204151 "-" "Mozilla/5.0 (Linux; Android 6.0.1; Nexus 5X Build/MMB29P) AppleWebKit/537.36 (KHTML, like Gecko) Chrome/141.0.7390.122 Mobile Safari/537.36 (compatible; Googlebot/2.1; +http://www.google.com/bot.html)"
66.249.79.37 - - [18/Dec/2025:22:18:12 +0000] "GET /4700814 HTTP/1.1" 200 204339 "-" "Mozilla/5.0 (Linux; Android 6.0.1; Nexus 5X Build/MMB29P) AppleWebKit/537.36 (KHTML, like Gecko) Chrome/141.0.7390.122 Mobile Safari/537.36 (compatible; Googlebot/2.1; +http://www.google.com/bot.html)"
66.249.79.32 - - [18/Dec/2025:22:18:35 +0000] "GET /349086336 HTTP/1.1" 200 187678 "-" "Mozilla/5.0 (Linux; Android 6.0.1; Nexus 5X Build/MMB29P) AppleWebKit/537.36 (KHTML, like Gecko) Chrome/141.0.7390.122 Mobile Safari/537.36 (compatible; Googlebot/2.1; +http://www.google.com/bot.html)"
159.198.77.92 - - [18/Dec/2025:22:18:53 +0000] "POST /wp-cron.php?doing_wp_cron=1766096333.2259519100189208984375 HTTP/1.1" 404 27478 "-" "WordPress/6.9; https://luxwento.com"
5.35.38.15 - - [18/Dec/2025:22:18:53 +0000] "GET /wp-login.php HTTP/1.1" 200 6058 "https://luxwento.com/" "Mozilla/5.0 (Macintosh; Intel Mac OS X 12_5) AppleWebKit/537.36 (KHTML, like Gecko) Chrome/114.0.0.0 Safari/537.36 Vivaldi/5.3.2679.68"
5.35.38.15 - - [18/Dec/2025:22:18:54 +0000] "GET /wp-login.php HTTP/1.1" 200 6058 "https://luxwento.com/wp-login.php" "Mozilla/5.0 (Windows NT 6.3; Win64; x64) AppleWebKit/537.36 (KHTML, like Gecko) Chrome/103.0.0.0 Safari/537.36"
5.35.38.15 - - [18/Dec/2025:22:18:55 +0000] "POST /wp-login.php HTTP/1.1" 200 6511 "https://luxwento.com/wp-login.php" "Mozilla/5.0 (Windows NT 6.3; Win64; x64) AppleWebKit/537.36 (KHTML, like Gecko) Chrome/103.0.0.0 Safari/537.36"
66.249.79.33 - - [18/Dec/2025:22:19:01 +0000] "GET /542386706 HTTP/1.1" 200 200015 "-" "Mozilla/5.0 (Linux; Android 6.0.1; Nexus 5X Build/MMB29P) AppleWebKit/537.36 (KHTML, like Gecko) Chrome/141.0.7390.122 Mobile Safari/537.36 (compatible; Googlebot/2.1; +http://www.google.com/bot.html)"
40.77.167.51 - - [18/Dec/2025:22:19:01 +0000] "GET /tag/live-casino/ HTTP/1.1" 200 202906 "-" "Mozilla/5.0 AppleWebKit/537.36 (KHTML, like Gecko; compatible; bingbot/2.0; +http://www.bing.com/bingbot.htm) Chrome/116.0.1938.76 Safari/537.36"
66.249.79.33 - - [18/Dec/2025:22:19:02 +0000] "GET /3118287 HTTP/1.1" 200 199238 "-" "Mozilla/5.0 (Linux; Android 6.0.1; Nexus 5X Build/MMB29P) AppleWebKit/537.36 (KHTML, like Gecko) Chrome/141.0.7390.122 Mobile Safari/537.36 (compatible; Googlebot/2.1; +http://www.google.com/bot.html)"
66.249.79.37 - - [18/Dec/2025:22:19:16 +0000] "GET /215293266 HTTP/1.1" 200 185169 "-" "Mozilla/5.0 (Linux; Android 6.0.1; Nexus 5X Build/MMB29P) AppleWebKit/537.36 (KHTML, like Gecko) Chrome/141.0.7390.122 Mobile Safari/537.36 (compatible; Googlebot/2.1; +http://www.google.com/bot.html)"
66.249.79.37 - - [18/Dec/2025:22:19:27 +0000] "GET /579173877 HTTP/1.1" 200 198347 "-" "Mozilla/5.0 (Linux; Android 6.0.1; Nexus 5X Build/MMB29P) AppleWebKit/537.36 (KHTML, like Gecko) Chrome/141.0.7390.122 Mobile Safari/537.36 (compatible; Googlebot/2.1; +http://www.google.com/bot.html)"
66.249.79.37 - - [18/Dec/2025:22:19:31 +0000] "GET /624120438 HTTP/1.1" 200 199834 "-" "Mozilla/5.0 (Linux; Android 6.0.1; Nexus 5X Build/MMB29P) AppleWebKit/537.36 (KHTML, like Gecko) Chrome/141.0.7390.122 Mobile Safari/537.36 (compatible; Googlebot/2.1; +http://www.google.com/bot.html)"
66.249.79.37 - - [18/Dec/2025:22:19:49 +0000] "GET /416065394 HTTP/1.1" 200 199292 "-" "Mozilla/5.0 (Linux; Android 6.0.1; Nexus 5X Build/MMB29P) AppleWebKit/537.36 (KHTML, like Gecko) Chrome/141.0.7390.122 Mobile Safari/537.36 (compatible; Googlebot/2.1; +http://www.google.com/bot.html)"
66.249.79.37 - - [18/Dec/2025:22:19:52 +0000] "GET /236836512 HTTP/1.1" 200 187980 "-" "Mozilla/5.0 (Linux; Android 6.0.1; Nexus 5X Build/MMB29P) AppleWebKit/537.36 (KHTML, like Gecko) Chrome/141.0.7390.122 Mobile Safari/537.36 (compatible; Googlebot/2.1; +http://www.google.com/bot.html)"
66.249.79.37 - - [18/Dec/2025:22:19:52 +0000] "GET /759804330 HTTP/1.1" 200 202663 "-" "Mozilla/5.0 (Linux; Android 6.0.1; Nexus 5X Build/MMB29P) AppleWebKit/537.36 (KHTML, like Gecko) Chrome/141.0.7390.122 Mobile Safari/537.36 (compatible; Googlebot/2.1; +http://www.google.com/bot.html)"
66.249.79.32 - - [18/Dec/2025:22:20:15 +0000] "GET /964080857 HTTP/1.1" 200 190727 "-" "Mozilla/5.0 (Linux; Android 6.0.1; Nexus 5X Build/MMB29P) AppleWebKit/537.36 (KHTML, like Gecko) Chrome/141.0.7390.122 Mobile Safari/537.36 (compatible; Googlebot/2.1; +http://www.google.com/bot.html)"
66.249.79.37 - - [18/Dec/2025:22:20:18 +0000] "GET /246115772 HTTP/1.1" 200 186844 "-" "Mozilla/5.0 (Linux; Android 6.0.1; Nexus 5X Build/MMB29P) AppleWebKit/537.36 (KHTML, like Gecko) Chrome/141.0.7390.122 Mobile Safari/537.36 (compatible; Googlebot/2.1; +http://www.google.com/bot.html)"
66.249.79.37 - - [18/Dec/2025:22:20:44 +0000] "GET /57401648 HTTP/1.1" 200 203387 "-" "Mozilla/5.0 (Linux; Android 6.0.1; Nexus 5X Build/MMB29P) AppleWebKit/537.36 (KHTML, like Gecko) Chrome/141.0.7390.122 Mobile Safari/537.36 (compatible; Googlebot/2.1; +http://www.google.com/bot.html)"
66.249.79.32 - - [18/Dec/2025:22:21:00 +0000] "GET /6329999 HTTP/1.1" 200 202200 "-" "Mozilla/5.0 (Linux; Android 6.0.1; Nexus 5X Build/MMB29P) AppleWebKit/537.36 (KHTML, like Gecko) Chrome/141.0.7390.122 Mobile Safari/537.36 (compatible; Googlebot/2.1; +http://www.google.com/bot.html)"
66.249.79.37 - - [18/Dec/2025:22:21:09 +0000] "GET /793289739 HTTP/1.1" 200 204815 "-" "Mozilla/5.0 (Linux; Android 6.0.1; Nexus 5X Build/MMB29P) AppleWebKit/537.36 (KHTML, like Gecko) Chrome/141.0.7390.122 Mobile Safari/537.36 (compatible; Googlebot/2.1; +http://www.google.com/bot.html)"
66.249.79.37 - - [18/Dec/2025:22:21:35 +0000] "GET /769490382 HTTP/1.1" 200 200954 "-" "Mozilla/5.0 (Linux; Android 6.0.1; Nexus 5X Build/MMB29P) AppleWebKit/537.36 (KHTML, like Gecko) Chrome/141.0.7390.122 Mobile Safari/537.36 (compatible; Googlebot/2.1; +http://www.google.com/bot.html)"
159.198.77.92 - - [18/Dec/2025:22:21:44 +0000] "POST /wp-cron.php?doing_wp_cron=1766096504.2196729183197021484375 HTTP/1.1" 404 27478 "-" "WordPress/6.9; https://luxwento.com"
162.19.70.61 - - [18/Dec/2025:22:21:44 +0000] "POST /xmlrpc.php HTTP/1.1" 404 27502 "-" "Mozilla/5.0 (Windows; U; Windows NT 5.1; en-US; rv:1.7.12) Gecko/20050915 Firefox/1.0.7"
103.37.60.104 - - [18/Dec/2025:22:21:51 +0000] "POST /xmlrpc.php HTTP/1.1" 404 27502 "-" "Mozilla/5.0 (Windows; U; Windows NT 5.1; en-US; rv:1.7.12) Gecko/20050915 Firefox/1.0.7"
34.56.225.84 - - [18/Dec/2025:22:21:59 +0000] "POST /xmlrpc.php HTTP/1.1" 404 27502 "-" "Mozilla/5.0 (Windows NT 10.0; Win64; x64; rv:66.0) Gecko/20100101 Firefox/66.0"
66.249.79.37 - - [18/Dec/2025:22:22:01 +0000] "GET /71869348 HTTP/1.1" 200 204498 "-" "Mozilla/5.0 (Linux; Android 6.0.1; Nexus 5X Build/MMB29P) AppleWebKit/537.36 (KHTML, like Gecko) Chrome/141.0.7390.122 Mobile Safari/537.36 (compatible; Googlebot/2.1; +http://www.google.com/bot.html)"
2607:f298:5:114b::163:ca9c - - [18/Dec/2025:22:22:02 +0000] "POST /xmlrpc.php HTTP/1.1" 404 27502 "-" "Mozilla/5.0 (Windows NT 10.0; Win64; x64) AppleWebKit/537.36 (KHTML, like Gecko) Chrome/60.0.3112.113 Safari/537.36"
66.249.79.37 - - [18/Dec/2025:22:22:47 +0000] "GET /8837428 HTTP/1.1" 200 204667 "-" "Mozilla/5.0 (Linux; Android 6.0.1; Nexus 5X Build/MMB29P) AppleWebKit/537.36 (KHTML, like Gecko) Chrome/141.0.7390.122 Mobile Safari/537.36 (compatible; Googlebot/2.1; +http://www.google.com/bot.html)"
66.249.79.37 - - [18/Dec/2025:22:22:59 +0000] "GET /893634438 HTTP/1.1" 200 187876 "-" "Mozilla/5.0 (Linux; Android 6.0.1; Nexus 5X Build/MMB29P) AppleWebKit/537.36 (KHTML, like Gecko) Chrome/141.0.7390.122 Mobile Safari/537.36 (compatible; Googlebot/2.1; +http://www.google.com/bot.html)"
45.227.253.15 - - [18/Dec/2025:22:23:13 +0000] "GET /?of=1 HTTP/1.1" 200 24153 "-" "Mozilla/5.0 (Windows NT 10.0; Win64; x64) AppleWebKit/537.36 (KHTML, like Gecko) Chrome/84.0.4183.83 Safari/537.36"
66.249.79.32 - - [18/Dec/2025:22:23:19 +0000] "GET /?w=056075173100 HTTP/1.1" 200 185633 "-" "Mozilla/5.0 (Linux; Android 6.0.1; Nexus 5X Build/MMB29P) AppleWebKit/537.36 (KHTML, like Gecko) Chrome/141.0.7390.122 Mobile Safari/537.36 (compatible; Googlebot/2.1; +http://www.google.com/bot.html)"
54.39.136.131 - - [18/Dec/2025:22:23:27 +0000] "GET /index.php?sitemap624.xml HTTP/1.1" 200 170662 "-" "Mozilla/5.0 (compatible; AhrefsBot/7.0; +http://ahrefs.com/robot/)"
66.249.79.32 - - [18/Dec/2025:22:23:44 +0000] "GET /469410287 HTTP/1.1" 200 198931 "-" "Mozilla/5.0 (Linux; Android 6.0.1; Nexus 5X Build/MMB29P) AppleWebKit/537.36 (KHTML, like Gecko) Chrome/141.0.7390.122 Mobile Safari/537.36 (compatible; Googlebot/2.1; +http://www.google.com/bot.html)"
159.198.77.92 - - [18/Dec/2025:22:23:47 +0000] "POST /wp-cron.php?doing_wp_cron=1766096626.7176640033721923828125 HTTP/1.1" 404 27478 "-" "WordPress/6.9; https://luxwento.com"
43.173.177.121 - - [18/Dec/2025:22:23:47 +0000] "GET /index.php?dir=/home/ngamzghe/luxwento.com&mode=rename&old=.htaccess HTTP/1.1" 301 0 "-" "Mozilla/5.0 (Windows NT 6.1; Win64; x64) AppleWebKit/537.36 (KHTML, like Gecko) Chrome/126.0.6478.114 Safari/537.36"
43.173.177.121 - - [18/Dec/2025:22:23:47 +0000] "GET /?dir=/home/ngamzghe/luxwento.com&mode=rename&old=.htaccess HTTP/1.1" 200 69324 "https://luxwento.com/index.php?dir=/home/ngamzghe/luxwento.com&mode=rename&old=.htaccess" "Mozilla/5.0 (Windows NT 6.1; Win64; x64) AppleWebKit/537.36 (KHTML, like Gecko) Chrome/126.0.6478.114 Safari/537.36"
66.249.79.32 - - [18/Dec/2025:22:24:10 +0000] "GET /2571659 HTTP/1.1" 200 198763 "-" "Mozilla/5.0 (Linux; Android 6.0.1; Nexus 5X Build/MMB29P) AppleWebKit/537.36 (KHTML, like Gecko) Chrome/141.0.7390.122 Mobile Safari/537.36 (compatible; Googlebot/2.1; +http://www.google.com/bot.html)"
66.249.79.32 - - [18/Dec/2025:22:24:35 +0000] "GET /5688524 HTTP/1.1" 200 203944 "-" "Mozilla/5.0 (Linux; Android 6.0.1; Nexus 5X Build/MMB29P) AppleWebKit/537.36 (KHTML, like Gecko) Chrome/141.0.7390.122 Mobile Safari/537.36 (compatible; Googlebot/2.1; +http://www.google.com/bot.html)"
66.249.79.32 - - [18/Dec/2025:22:25:01 +0000] "GET /758918652 HTTP/1.1" 200 203520 "-" "Mozilla/5.0 (Linux; Android 6.0.1; Nexus 5X Build/MMB29P) AppleWebKit/537.36 (KHTML, like Gecko) Chrome/141.0.7390.122 Mobile Safari/537.36 (compatible; Googlebot/2.1; +http://www.google.com/bot.html)"
66.249.79.32 - - [18/Dec/2025:22:25:27 +0000] "GET /72843258 HTTP/1.1" 200 202846 "-" "Mozilla/5.0 (Linux; Android 6.0.1; Nexus 5X Build/MMB29P) AppleWebKit/537.36 (KHTML, like Gecko) Chrome/141.0.7390.122 Mobile Safari/537.36 (compatible; Googlebot/2.1; +http://www.google.com/bot.html)"
159.198.77.92 - - [18/Dec/2025:22:25:29 +0000] "POST /wp-cron.php?doing_wp_cron=1766096729.2305800914764404296875 HTTP/1.1" 404 27478 "-" "WordPress/6.9; https://luxwento.com"
47.82.11.21 - - [18/Dec/2025:22:25:29 +0000] "GET /tag/1win-apk HTTP/1.1" 301 0 "https://luxwento.com/" "Mozilla/5.0 (Windows NT 10.0; Win64; x64) AppleWebKit/537.36 (KHTML, like Gecko) Chrome/134.0.0.0 Safari/537.36"
47.82.11.21 - - [18/Dec/2025:22:25:30 +0000] "GET /tag/1win-apk/ HTTP/1.1" 200 18662 "https://luxwento.com/" "Mozilla/5.0 (Windows NT 10.0; Win64; x64) AppleWebKit/537.36 (KHTML, like Gecko) Chrome/134.0.0.0 Safari/537.36"
66.249.79.37 - - [18/Dec/2025:22:25:53 +0000] "GET /69419547 HTTP/1.1" 200 200061 "-" "Mozilla/5.0 (Linux; Android 6.0.1; Nexus 5X Build/MMB29P) AppleWebKit/537.36 (KHTML, like Gecko) Chrome/141.0.7390.122 Mobile Safari/537.36 (compatible; Googlebot/2.1; +http://www.google.com/bot.html)"
66.249.79.37 - - [18/Dec/2025:22:25:56 +0000] "GET /64223163 HTTP/1.1" 200 201636 "-" "Mozilla/5.0 (Linux; Android 6.0.1; Nexus 5X Build/MMB29P) AppleWebKit/537.36 (KHTML, like Gecko) Chrome/141.0.7390.122 Mobile Safari/537.36 (compatible; Googlebot/2.1; +http://www.google.com/bot.html)"
66.249.79.33 - - [18/Dec/2025:22:26:16 +0000] "GET /6624360 HTTP/1.1" 200 205753 "-" "Mozilla/5.0 (Linux; Android 6.0.1; Nexus 5X Build/MMB29P) AppleWebKit/537.36 (KHTML, like Gecko) Chrome/141.0.7390.122 Mobile Safari/537.36 (compatible; Googlebot/2.1; +http://www.google.com/bot.html)"
66.249.79.32 - - [18/Dec/2025:22:26:19 +0000] "GET /16042716 HTTP/1.1" 200 202254 "-" "Mozilla/5.0 (Linux; Android 6.0.1; Nexus 5X Build/MMB29P) AppleWebKit/537.36 (KHTML, like Gecko) Chrome/141.0.7390.122 Mobile Safari/537.36 (compatible; Googlebot/2.1; +http://www.google.com/bot.html)"
66.249.79.32 - - [18/Dec/2025:22:26:26 +0000] "GET /83323049 HTTP/1.1" 200 199215 "-" "Mozilla/5.0 (Linux; Android 6.0.1; Nexus 5X Build/MMB29P) AppleWebKit/537.36 (KHTML, like Gecko) Chrome/141.0.7390.122 Mobile Safari/537.36 (compatible; Googlebot/2.1; +http://www.google.com/bot.html)"
66.249.79.37 - - [18/Dec/2025:22:26:28 +0000] "GET /4543644 HTTP/1.1" 200 203843 "-" "Mozilla/5.0 (Linux; Android 6.0.1; Nexus 5X Build/MMB29P) AppleWebKit/537.36 (KHTML, like Gecko) Chrome/141.0.7390.122 Mobile Safari/537.36 (compatible; Googlebot/2.1; +http://www.google.com/bot.html)"
46.151.24.148 - - [18/Dec/2025:22:26:37 +0000] "GET /the-crypto-trading-bot-for-critical-merchants/ HTTP/1.1" 200 63817 "https://luxwento.com/" "Mozilla/5.0 (Windows NT 10.0; Win64; x64; rv:114.0) Gecko/20100101 Firefox/114.0"
159.198.77.92 - - [18/Dec/2025:22:26:41 +0000] "POST /wp-cron.php?doing_wp_cron=1766096801.2149310111999511718750 HTTP/1.1" 404 27478 "-" "WordPress/6.9; https://luxwento.com"
46.151.24.148 - - [18/Dec/2025:22:26:41 +0000] "GET /wp-login.php HTTP/1.1" 200 6058 "https://luxwento.com/the-crypto-trading-bot-for-critical-merchants/" "Mozilla/5.0 (Windows NT 6.3; Win64; x64) AppleWebKit/537.36 (KHTML, like Gecko) Chrome/103.0.0.0 Safari/537.36"
46.151.24.148 - - [18/Dec/2025:22:26:42 +0000] "GET /wp-login.php HTTP/1.1" 200 6058 "https://luxwento.com/wp-login.php" "Mozilla/5.0 (Windows NT 6.3; Win64; x64) AppleWebKit/537.36 (KHTML, like Gecko) Chrome/103.0.0.0 Safari/537.36"
66.249.79.37 - - [18/Dec/2025:22:26:44 +0000] "GET /?w=972219009007 HTTP/1.1" 200 186645 "-" "Mozilla/5.0 (Linux; Android 6.0.1; Nexus 5X Build/MMB29P) AppleWebKit/537.36 (KHTML, like Gecko) Chrome/141.0.7390.122 Mobile Safari/537.36 (compatible; Googlebot/2.1; +http://www.google.com/bot.html)"
66.249.79.37 - - [18/Dec/2025:22:27:10 +0000] "GET /64693469 HTTP/1.1" 200 203752 "-" "Mozilla/5.0 (Linux; Android 6.0.1; Nexus 5X Build/MMB29P) AppleWebKit/537.36 (KHTML, like Gecko) Chrome/141.0.7390.122 Mobile Safari/537.36 (compatible; Googlebot/2.1; +http://www.google.com/bot.html)"
66.249.79.32 - - [18/Dec/2025:22:27:36 +0000] "GET /497042365 HTTP/1.1" 200 197755 "-" "Mozilla/5.0 (Linux; Android 6.0.1; Nexus 5X Build/MMB29P) AppleWebKit/537.36 (KHTML, like Gecko) Chrome/141.0.7390.122 Mobile Safari/537.36 (compatible; Googlebot/2.1; +http://www.google.com/bot.html)"
66.249.79.34 - - [18/Dec/2025:22:28:02 +0000] "GET /?w=2082643858404 HTTP/1.1" 200 200769 "-" "Mozilla/5.0 (Linux; Android 6.0.1; Nexus 5X Build/MMB29P) AppleWebKit/537.36 (KHTML, like Gecko) Chrome/141.0.7390.122 Mobile Safari/537.36 (compatible; Googlebot/2.1; +http://www.google.com/bot.html)"
66.249.79.33 - - [18/Dec/2025:22:28:27 +0000] "GET /6219976 HTTP/1.1" 200 202540 "-" "Mozilla/5.0 (Linux; Android 6.0.1; Nexus 5X Build/MMB29P) AppleWebKit/537.36 (KHTML, like Gecko) Chrome/141.0.7390.122 Mobile Safari/537.36 (compatible; Googlebot/2.1; +http://www.google.com/bot.html)"
66.249.79.32 - - [18/Dec/2025:22:28:53 +0000] "GET /18785573 HTTP/1.1" 200 205832 "-" "Mozilla/5.0 (Linux; Android 6.0.1; Nexus 5X Build/MMB29P) AppleWebKit/537.36 (KHTML, like Gecko) Chrome/141.0.7390.122 Mobile Safari/537.36 (compatible; Googlebot/2.1; +http://www.google.com/bot.html)"
66.249.79.34 - - [18/Dec/2025:22:29:19 +0000] "GET /?w=9781349265609 HTTP/1.1" 200 204881 "-" "Mozilla/5.0 (Linux; Android 6.0.1; Nexus 5X Build/MMB29P) AppleWebKit/537.36 (KHTML, like Gecko) Chrome/141.0.7390.122 Mobile Safari/537.36 (compatible; Googlebot/2.1; +http://www.google.com/bot.html)"
66.249.79.32 - - [18/Dec/2025:22:29:19 +0000] "GET /98902763 HTTP/1.1" 200 200252 "-" "Mozilla/5.0 (Linux; Android 6.0.1; Nexus 5X Build/MMB29P) AppleWebKit/537.36 (KHTML, like Gecko) Chrome/141.0.7390.122 Mobile Safari/537.36 (compatible; Googlebot/2.1; +http://www.google.com/bot.html)"
66.249.79.33 - - [18/Dec/2025:22:29:26 +0000] "GET /48881887 HTTP/1.1" 200 202015 "-" "Mozilla/5.0 (Linux; Android 6.0.1; Nexus 5X Build/MMB29P) AppleWebKit/537.36 (KHTML, like Gecko) Chrome/141.0.7390.122 Mobile Safari/537.36 (compatible; Googlebot/2.1; +http://www.google.com/bot.html)"
66.249.79.32 - - [18/Dec/2025:22:29:45 +0000] "GET /5888618 HTTP/1.1" 200 202092 "-" "Mozilla/5.0 (Linux; Android 6.0.1; Nexus 5X Build/MMB29P) AppleWebKit/537.36 (KHTML, like Gecko) Chrome/141.0.7390.122 Mobile Safari/537.36 (compatible; Googlebot/2.1; +http://www.google.com/bot.html)"
170.64.170.71 - - [18/Dec/2025:22:29:54 +0000] "HEAD / HTTP/1.1" 200 0 "-" "Mozilla/5.0 (Windows NT 10.0; Win64; x64) AppleWebKit/537.36 (KHTML, like Gecko) Chrome/125.0.0.0 Safari/537.36"
170.64.170.71 - - [18/Dec/2025:22:29:55 +0000] "GET / HTTP/1.1" 200 68856 "-" "Mozilla/5.0 (Windows NT 10.0; Win64; x64) AppleWebKit/537.36 (KHTML, like Gecko) Chrome/125.0.0.0 Safari/537.36"
159.198.77.92 - - [18/Dec/2025:22:29:57 +0000] "POST /wp-cron.php?doing_wp_cron=1766096996.6528060436248779296875 HTTP/1.1" 404 27478 "-" "WordPress/6.9; https://luxwento.com"
170.64.170.71 - - [18/Dec/2025:22:29:57 +0000] "GET /.env HTTP/1.1" 404 27502 "-" "Mozilla/5.0 (Windows NT 10.0; Win64; x64) AppleWebKit/537.36 (KHTML, like Gecko) Chrome/125.0.0.0 Safari/537.36"
170.64.170.71 - - [18/Dec/2025:22:29:57 +0000] "GET / HTTP/1.1" 200 68856 "-" "Mozilla/5.0 (Windows NT 10.0; Win64; x64) AppleWebKit/537.36 (KHTML, like Gecko) Chrome/125.0.0.0 Safari/537.36"
170.64.170.71 - - [18/Dec/2025:22:29:58 +0000] "POST /vendor/phpunit/phpunit/src/Util/PHP/eval-stdin.php HTTP/1.1" 404 27478 "-" "Mozilla/5.0 (Windows NT 10.0; Win64; x64) AppleWebKit/537.36 (KHTML, like Gecko) Chrome/125.0.0.0 Safari/537.36"
170.64.170.71 - - [18/Dec/2025:22:29:59 +0000] "GET /vendor/laravel-filemanager/js/script.js HTTP/1.1" 404 27478 "-" "Mozilla/5.0 (Windows NT 10.0; Win64; x64) AppleWebKit/537.36 (KHTML, like Gecko) Chrome/125.0.0.0 Safari/537.36"
170.64.170.71 - - [18/Dec/2025:22:30:00 +0000] "GET /public/vendor/laravel-filemanager/js/script.js HTTP/1.1" 404 27478 "-" "Mozilla/5.0 (Windows NT 10.0; Win64; x64) AppleWebKit/537.36 (KHTML, like Gecko) Chrome/125.0.0.0 Safari/537.36"
170.64.170.71 - - [18/Dec/2025:22:30:01 +0000] "POST / HTTP/1.1" 200 68978 "-" "Mozilla/5.0 (Windows NT 10.0; Win64; x64) AppleWebKit/537.36 (KHTML, like Gecko) Chrome/125.0.0.0 Safari/537.36"
170.64.170.71 - - [18/Dec/2025:22:30:02 +0000] "GET /_ignition/execute-solution HTTP/1.1" 404 27502 "-" "Mozilla/5.0 (Windows NT 10.0; Win64; x64) AppleWebKit/537.36 (KHTML, like Gecko) Chrome/125.0.0.0 Safari/537.36"
170.64.170.71 - - [18/Dec/2025:22:30:02 +0000] "GET /public/_ignition/execute-solution HTTP/1.1" 404 27502 "-" "Mozilla/5.0 (Windows NT 10.0; Win64; x64) AppleWebKit/537.36 (KHTML, like Gecko) Chrome/125.0.0.0 Safari/537.36"
170.64.170.71 - - [18/Dec/2025:22:30:03 +0000] "GET /.git/config HTTP/1.1" 404 27502 "-" "Mozilla/5.0 (Windows NT 10.0; Win64; x64) AppleWebKit/537.36 (KHTML, like Gecko) Chrome/125.0.0.0 Safari/537.36"
66.249.79.33 - - [18/Dec/2025:22:30:10 +0000] "GET /?w=0641873689006 HTTP/1.1" 200 199272 "-" "Mozilla/5.0 (Linux; Android 6.0.1; Nexus 5X Build/MMB29P) AppleWebKit/537.36 (KHTML, like Gecko) Chrome/141.0.7390.122 Mobile Safari/537.36 (compatible; Googlebot/2.1; +http://www.google.com/bot.html)"
66.249.79.32 - - [18/Dec/2025:22:30:10 +0000] "GET /345974775 HTTP/1.1" 200 188863 "-" "Mozilla/5.0 (Linux; Android 6.0.1; Nexus 5X Build/MMB29P) AppleWebKit/537.36 (KHTML, like Gecko) Chrome/141.0.7390.122 Mobile Safari/537.36 (compatible; Googlebot/2.1; +http://www.google.com/bot.html)"
66.249.79.32 - - [18/Dec/2025:22:30:16 +0000] "GET /5905340 HTTP/1.1" 200 204605 "-" "Mozilla/5.0 (Linux; Android 6.0.1; Nexus 5X Build/MMB29P) AppleWebKit/537.36 (KHTML, like Gecko) Chrome/141.0.7390.122 Mobile Safari/537.36 (compatible; Googlebot/2.1; +http://www.google.com/bot.html)"
66.249.79.32 - - [18/Dec/2025:22:30:36 +0000] "GET /123915348 HTTP/1.1" 200 201906 "-" "Mozilla/5.0 (Linux; Android 6.0.1; Nexus 5X Build/MMB29P) AppleWebKit/537.36 (KHTML, like Gecko) Chrome/141.0.7390.122 Mobile Safari/537.36 (compatible; Googlebot/2.1; +http://www.google.com/bot.html)"
66.249.79.34 - - [18/Dec/2025:22:31:02 +0000] "GET /?w=8481139052000 HTTP/1.1" 200 188319 "-" "Mozilla/5.0 (Linux; Android 6.0.1; Nexus 5X Build/MMB29P) AppleWebKit/537.36 (KHTML, like Gecko) Chrome/141.0.7390.122 Mobile Safari/537.36 (compatible; Googlebot/2.1; +http://www.google.com/bot.html)"
66.249.79.33 - - [18/Dec/2025:22:31:09 +0000] "GET /79175955 HTTP/1.1" 200 198892 "-" "Mozilla/5.0 (Linux; Android 6.0.1; Nexus 5X Build/MMB29P) AppleWebKit/537.36 (KHTML, like Gecko) Chrome/141.0.7390.122 Mobile Safari/537.36 (compatible; Googlebot/2.1; +http://www.google.com/bot.html)"
66.249.79.32 - - [18/Dec/2025:22:31:23 +0000] "GET /598776210 HTTP/1.1" 200 197999 "-" "Mozilla/5.0 (Linux; Android 6.0.1; Nexus 5X Build/MMB29P) AppleWebKit/537.36 (KHTML, like Gecko) Chrome/141.0.7390.122 Mobile Safari/537.36 (compatible; Googlebot/2.1; +http://www.google.com/bot.html)"
66.249.79.32 - - [18/Dec/2025:22:31:28 +0000] "GET /86717317 HTTP/1.1" 200 206321 "-" "Mozilla/5.0 (Linux; Android 6.0.1; Nexus 5X Build/MMB29P) AppleWebKit/537.36 (KHTML, like Gecko) Chrome/141.0.7390.122 Mobile Safari/537.36 (compatible; Googlebot/2.1; +http://www.google.com/bot.html)"
66.249.79.32 - - [18/Dec/2025:22:31:53 +0000] "GET /?w=65812601203 HTTP/1.1" 200 187534 "-" "Mozilla/5.0 (Linux; Android 6.0.1; Nexus 5X Build/MMB29P) AppleWebKit/537.36 (KHTML, like Gecko) Chrome/141.0.7390.122 Mobile Safari/537.36 (compatible; Googlebot/2.1; +http://www.google.com/bot.html)"
66.249.79.32 - - [18/Dec/2025:22:31:55 +0000] "GET /583658250 HTTP/1.1" 200 198218 "-" "Mozilla/5.0 (Linux; Android 6.0.1; Nexus 5X Build/MMB29P) AppleWebKit/537.36 (KHTML, like Gecko) Chrome/141.0.7390.122 Mobile Safari/537.36 (compatible; Googlebot/2.1; +http://www.google.com/bot.html)"
66.249.79.33 - - [18/Dec/2025:22:32:19 +0000] "GET /262013156 HTTP/1.1" 200 185004 "-" "Mozilla/5.0 (Linux; Android 6.0.1; Nexus 5X Build/MMB29P) AppleWebKit/537.36 (KHTML, like Gecko) Chrome/141.0.7390.122 Mobile Safari/537.36 (compatible; Googlebot/2.1; +http://www.google.com/bot.html)"
66.249.79.33 - - [18/Dec/2025:22:32:45 +0000] "GET /?w=740499737600 HTTP/1.1" 200 198689 "-" "Mozilla/5.0 (Linux; Android 6.0.1; Nexus 5X Build/MMB29P) AppleWebKit/537.36 (KHTML, like Gecko) Chrome/141.0.7390.122 Mobile Safari/537.36 (compatible; Googlebot/2.1; +http://www.google.com/bot.html)"
66.249.79.32 - - [18/Dec/2025:22:33:11 +0000] "GET /3966322 HTTP/1.1" 200 204799 "-" "Mozilla/5.0 (Linux; Android 6.0.1; Nexus 5X Build/MMB29P) AppleWebKit/537.36 (KHTML, like Gecko) Chrome/141.0.7390.122 Mobile Safari/537.36 (compatible; Googlebot/2.1; +http://www.google.com/bot.html)"
159.198.77.92 - - [18/Dec/2025:22:33:22 +0000] "POST /wp-cron.php?doing_wp_cron=1766097201.6660289764404296875000 HTTP/1.1" 404 27478 "-" "WordPress/6.9; https://luxwento.com"
43.173.172.209 - - [18/Dec/2025:22:33:22 +0000] "GET /page/2/?dir=%2Fhome%2Fngamzghe%2Fluxwento.com&mode=rename&old=.htaccess HTTP/1.1" 200 60115 "-" "Mozilla/5.0 (Windows NT 10.0; Win64; x64) AppleWebKit/537.36 (KHTML, like Gecko) Chrome/111.0.0.0 Safari/537.36"
66.249.79.32 - - [18/Dec/2025:22:33:36 +0000] "GET /?w=9148818054006 HTTP/1.1" 200 204447 "-" "Mozilla/5.0 (Linux; Android 6.0.1; Nexus 5X Build/MMB29P) AppleWebKit/537.36 (KHTML, like Gecko) Chrome/141.0.7390.122 Mobile Safari/537.36 (compatible; Googlebot/2.1; +http://www.google.com/bot.html)"
66.249.79.33 - - [18/Dec/2025:22:33:39 +0000] "GET /368981208 HTTP/1.1" 200 190209 "-" "Mozilla/5.0 (Linux; Android 6.0.1; Nexus 5X Build/MMB29P) AppleWebKit/537.36 (KHTML, like Gecko) Chrome/141.0.7390.122 Mobile Safari/537.36 (compatible; Googlebot/2.1; +http://www.google.com/bot.html)"
66.249.79.32 - - [18/Dec/2025:22:33:59 +0000] "GET /23306182 HTTP/1.1" 200 202463 "-" "Mozilla/5.0 (Linux; Android 6.0.1; Nexus 5X Build/MMB29P) AppleWebKit/537.36 (KHTML, like Gecko) Chrome/141.0.7390.122 Mobile Safari/537.36 (compatible; Googlebot/2.1; +http://www.google.com/bot.html)"
66.249.79.32 - - [18/Dec/2025:22:34:02 +0000] "GET /125755390 HTTP/1.1" 200 202593 "-" "Mozilla/5.0 (Linux; Android 6.0.1; Nexus 5X Build/MMB29P) AppleWebKit/537.36 (KHTML, like Gecko) Chrome/141.0.7390.122 Mobile Safari/537.36 (compatible; Googlebot/2.1; +http://www.google.com/bot.html)"
66.249.79.32 - - [18/Dec/2025:22:34:07 +0000] "GET /68544248 HTTP/1.1" 200 199198 "-" "Mozilla/5.0 (Linux; Android 6.0.1; Nexus 5X Build/MMB29P) AppleWebKit/537.36 (KHTML, like Gecko) Chrome/141.0.7390.122 Mobile Safari/537.36 (compatible; Googlebot/2.1; +http://www.google.com/bot.html)"
47.82.11.60 - - [18/Dec/2025:22:34:16 +0000] "GET /1win-registratsiya-598 HTTP/1.1" 301 0 "https://luxwento.com/" "Mozilla/5.0 (Windows NT 10.0; Win64; x64) AppleWebKit/537.36 (KHTML, like Gecko) Chrome/134.0.0.0 Safari/537.36"
47.82.11.60 - - [18/Dec/2025:22:34:16 +0000] "GET /1win-registratsiya-598/ HTTP/1.1" 200 44454 "https://luxwento.com/" "Mozilla/5.0 (Windows NT 10.0; Win64; x64) AppleWebKit/537.36 (KHTML, like Gecko) Chrome/134.0.0.0 Safari/537.36"
66.249.79.32 - - [18/Dec/2025:22:34:26 +0000] "GET /563933452 HTTP/1.1" 200 199479 "-" "Mozilla/5.0 (Linux; Android 6.0.1; Nexus 5X Build/MMB29P) AppleWebKit/537.36 (KHTML, like Gecko) Chrome/141.0.7390.122 Mobile Safari/537.36 (compatible; Googlebot/2.1; +http://www.google.com/bot.html)"
66.249.79.32 - - [18/Dec/2025:22:34:29 +0000] "GET /?w=2639117434504 HTTP/1.1" 200 204315 "-" "Mozilla/5.0 (Linux; Android 6.0.1; Nexus 5X Build/MMB29P) AppleWebKit/537.36 (KHTML, like Gecko) Chrome/141.0.7390.122 Mobile Safari/537.36 (compatible; Googlebot/2.1; +http://www.google.com/bot.html)"
66.249.79.32 - - [18/Dec/2025:22:34:54 +0000] "GET /8142602 HTTP/1.1" 200 201017 "-" "Mozilla/5.0 (Linux; Android 6.0.1; Nexus 5X Build/MMB29P) AppleWebKit/537.36 (KHTML, like Gecko) Chrome/141.0.7390.122 Mobile Safari/537.36 (compatible; Googlebot/2.1; +http://www.google.com/bot.html)"
66.249.79.34 - - [18/Dec/2025:22:35:07 +0000] "GET /83215501 HTTP/1.1" 200 201739 "-" "Mozilla/5.0 (Linux; Android 6.0.1; Nexus 5X Build/MMB29P) AppleWebKit/537.36 (KHTML, like Gecko) Chrome/141.0.7390.122 Mobile Safari/537.36 (compatible; Googlebot/2.1; +http://www.google.com/bot.html)"
159.198.77.92 - - [18/Dec/2025:22:35:09 +0000] "POST /wp-cron.php?doing_wp_cron=1766097309.0726709365844726562500 HTTP/1.1" 404 27478 "-" "WordPress/6.9; https://luxwento.com"
47.82.11.5 - - [18/Dec/2025:22:35:09 +0000] "GET /1win-bet-364 HTTP/1.1" 301 0 "https://luxwento.com/" "Mozilla/5.0 (Macintosh; Intel Mac OS X 10_15_7) AppleWebKit/537.36 (KHTML, like Gecko) Chrome/134.0.0.0 Safari/537.36"
47.82.11.5 - - [18/Dec/2025:22:35:10 +0000] "GET /1win-bet-364/ HTTP/1.1" 200 45286 "https://luxwento.com/" "Mozilla/5.0 (Macintosh; Intel Mac OS X 10_15_7) AppleWebKit/537.36 (KHTML, like Gecko) Chrome/134.0.0.0 Safari/537.36"
66.249.79.33 - - [18/Dec/2025:22:35:20 +0000] "GET /?w=6892324721201 HTTP/1.1" 200 188003 "-" "Mozilla/5.0 (Linux; Android 6.0.1; Nexus 5X Build/MMB29P) AppleWebKit/537.36 (KHTML, like Gecko) Chrome/141.0.7390.122 Mobile Safari/537.36 (compatible; Googlebot/2.1; +http://www.google.com/bot.html)"
66.249.79.32 - - [18/Dec/2025:22:35:26 +0000] "GET /9611893 HTTP/1.1" 200 203179 "-" "Mozilla/5.0 (Linux; Android 6.0.1; Nexus 5X Build/MMB29P) AppleWebKit/537.36 (KHTML, like Gecko) Chrome/141.0.7390.122 Mobile Safari/537.36 (compatible; Googlebot/2.1; +http://www.google.com/bot.html)"
66.249.79.32 - - [18/Dec/2025:22:35:45 +0000] "GET /?w=3904747495001 HTTP/1.1" 200 190359 "-" "Mozilla/5.0 (Linux; Android 6.0.1; Nexus 5X Build/MMB29P) AppleWebKit/537.36 (KHTML, like Gecko) Chrome/141.0.7390.122 Mobile Safari/537.36 (compatible; Googlebot/2.1; +http://www.google.com/bot.html)"
181.217.180.209 - - [18/Dec/2025:22:35:46 +0000] "GET /xmlrpc.php HTTP/1.1" 404 27502 "-" "Mozilla/5.0 (Windows NT 10.0; WOW64; rv:45.0) Gecko/20100101 Firefox/45.0"
66.249.79.32 - - [18/Dec/2025:22:36:10 +0000] "GET /49152987 HTTP/1.1" 200 201490 "-" "Mozilla/5.0 (Linux; Android 6.0.1; Nexus 5X Build/MMB29P) AppleWebKit/537.36 (KHTML, like Gecko) Chrome/141.0.7390.122 Mobile Safari/537.36 (compatible; Googlebot/2.1; +http://www.google.com/bot.html)"
66.249.79.32 - - [18/Dec/2025:22:36:11 +0000] "GET /?w=5282530742805 HTTP/1.1" 200 202525 "-" "Mozilla/5.0 (Linux; Android 6.0.1; Nexus 5X Build/MMB29P) AppleWebKit/537.36 (KHTML, like Gecko) Chrome/141.0.7390.122 Mobile Safari/537.36 (compatible; Googlebot/2.1; +http://www.google.com/bot.html)"
66.249.79.32 - - [18/Dec/2025:22:36:23 +0000] "GET /5565865 HTTP/1.1" 200 204499 "-" "Mozilla/5.0 (Linux; Android 6.0.1; Nexus 5X Build/MMB29P) AppleWebKit/537.36 (KHTML, like Gecko) Chrome/141.0.7390.122 Mobile Safari/537.36 (compatible; Googlebot/2.1; +http://www.google.com/bot.html)"
52.167.144.162 - - [18/Dec/2025:22:36:26 +0000] "GET /luchshie-kazino-2025-stavki-na-sredstva-v-topovyh-igrovyh-mashinah/ HTTP/1.1" 200 205362 "-" "Mozilla/5.0 AppleWebKit/537.36 (KHTML, like Gecko; compatible; bingbot/2.0; +http://www.bing.com/bingbot.htm) Chrome/116.0.1938.76 Safari/537.36"
66.249.79.32 - - [18/Dec/2025:22:36:30 +0000] "GET /68812964 HTTP/1.1" 200 203849 "-" "Mozilla/5.0 (Linux; Android 6.0.1; Nexus 5X Build/MMB29P) AppleWebKit/537.36 (KHTML, like Gecko) Chrome/141.0.7390.122 Mobile Safari/537.36 (compatible; Googlebot/2.1; +http://www.google.com/bot.html)"
66.249.79.32 - - [18/Dec/2025:22:36:37 +0000] "GET /5975206 HTTP/1.1" 200 203660 "-" "Mozilla/5.0 (Linux; Android 6.0.1; Nexus 5X Build/MMB29P) AppleWebKit/537.36 (KHTML, like Gecko) Chrome/141.0.7390.122 Mobile Safari/537.36 (compatible; Googlebot/2.1; +http://www.google.com/bot.html)"
66.249.79.32 - - [18/Dec/2025:22:36:54 +0000] "GET /86882212 HTTP/1.1" 200 202747 "-" "Mozilla/5.0 (Linux; Android 6.0.1; Nexus 5X Build/MMB29P) AppleWebKit/537.36 (KHTML, like Gecko) Chrome/141.0.7390.122 Mobile Safari/537.36 (compatible; Googlebot/2.1; +http://www.google.com/bot.html)"
66.249.79.33 - - [18/Dec/2025:22:37:19 +0000] "GET /?w=1180921859201 HTTP/1.1" 200 198955 "-" "Mozilla/5.0 (Linux; Android 6.0.1; Nexus 5X Build/MMB29P) AppleWebKit/537.36 (KHTML, like Gecko) Chrome/141.0.7390.122 Mobile Safari/537.36 (compatible; Googlebot/2.1; +http://www.google.com/bot.html)"
159.198.77.92 - - [18/Dec/2025:22:37:20 +0000] "POST /wp-cron.php?doing_wp_cron=1766097439.7738308906555175781250 HTTP/1.1" 404 27478 "-" "WordPress/6.9; https://luxwento.com"
179.48.219.76 - - [18/Dec/2025:22:37:20 +0000] "GET /xmlrpc.php HTTP/1.1" 404 27502 "-" "Mozilla/5.0 (Windows NT 10.0; WOW64; rv:45.0) Gecko/20100101 Firefox/45.0"
66.249.79.32 - - [18/Dec/2025:22:37:30 +0000] "GET /15222318 HTTP/1.1" 200 201294 "-" "Mozilla/5.0 (Linux; Android 6.0.1; Nexus 5X Build/MMB29P) AppleWebKit/537.36 (KHTML, like Gecko) Chrome/141.0.7390.122 Mobile Safari/537.36 (compatible; Googlebot/2.1; +http://www.google.com/bot.html)"
66.249.79.32 - - [18/Dec/2025:22:37:39 +0000] "GET /8899932 HTTP/1.1" 200 202947 "-" "Mozilla/5.0 (Linux; Android 6.0.1; Nexus 5X Build/MMB29P) AppleWebKit/537.36 (KHTML, like Gecko) Chrome/141.0.7390.122 Mobile Safari/537.36 (compatible; Googlebot/2.1; +http://www.google.com/bot.html)"
66.249.79.32 - - [18/Dec/2025:22:37:39 +0000] "GET /92920926 HTTP/1.1" 200 203266 "-" "Mozilla/5.0 (Linux; Android 6.0.1; Nexus 5X Build/MMB29P) AppleWebKit/537.36 (KHTML, like Gecko) Chrome/141.0.7390.122 Mobile Safari/537.36 (compatible; Googlebot/2.1; +http://www.google.com/bot.html)"
66.249.79.32 - - [18/Dec/2025:22:37:47 +0000] "GET /7773860 HTTP/1.1" 200 198365 "-" "Mozilla/5.0 (Linux; Android 6.0.1; Nexus 5X Build/MMB29P) AppleWebKit/537.36 (KHTML, like Gecko) Chrome/141.0.7390.122 Mobile Safari/537.36 (compatible; Googlebot/2.1; +http://www.google.com/bot.html)"
66.249.79.32 - - [18/Dec/2025:22:37:49 +0000] "GET /94212497 HTTP/1.1" 200 204313 "-" "Mozilla/5.0 (Linux; Android 6.0.1; Nexus 5X Build/MMB29P) AppleWebKit/537.36 (KHTML, like Gecko) Chrome/141.0.7390.122 Mobile Safari/537.36 (compatible; Googlebot/2.1; +http://www.google.com/bot.html)"
66.249.79.32 - - [18/Dec/2025:22:37:54 +0000] "GET /?w=608593309902 HTTP/1.1" 200 204879 "-" "Mozilla/5.0 (Linux; Android 6.0.1; Nexus 5X Build/MMB29P) AppleWebKit/537.36 (KHTML, like Gecko) Chrome/141.0.7390.122 Mobile Safari/537.36 (compatible; Googlebot/2.1; +http://www.google.com/bot.html)"
17.22.237.196 - - [18/Dec/2025:22:37:55 +0000] "GET /tag/game-kasino-real-time/ HTTP/1.1" 200 18662 "-" "Mozilla/5.0 (Macintosh; Intel Mac OS X 10_15_7) AppleWebKit/605.1.15 (KHTML, like Gecko) Version/17.4 Safari/605.1.15 (Applebot/0.1; +http://www.apple.com/go/applebot)"
66.249.79.32 - - [18/Dec/2025:22:38:02 +0000] "GET /84945685 HTTP/1.1" 200 204465 "-" "Mozilla/5.0 (Linux; Android 6.0.1; Nexus 5X Build/MMB29P) AppleWebKit/537.36 (KHTML, like Gecko) Chrome/141.0.7390.122 Mobile Safari/537.36 (compatible; Googlebot/2.1; +http://www.google.com/bot.html)"
158.173.156.185 - - [18/Dec/2025:22:38:05 +0000] "GET /wp-login.php HTTP/1.1" 200 6058 "-" "Mozilla/5.0 (Windows NT 10.0; Win64; x64) AppleWebKit/537.36 (KHTML, like Gecko) Chrome/91.0.4472.124 Safari/537.36"
158.173.156.185 - - [18/Dec/2025:22:38:06 +0000] "POST /xmlrpc.php HTTP/1.1" 404 27502 "-" "curl/7.30.0"
66.249.79.37 - - [18/Dec/2025:22:38:12 +0000] "GET /257411524 HTTP/1.1" 200 188183 "-" "Mozilla/5.0 (Linux; Android 6.0.1; Nexus 5X Build/MMB29P) AppleWebKit/537.36 (KHTML, like Gecko) Chrome/141.0.7390.122 Mobile Safari/537.36 (compatible; Googlebot/2.1; +http://www.google.com/bot.html)"
66.249.79.37 - - [18/Dec/2025:22:38:16 +0000] "GET /63359112 HTTP/1.1" 200 203019 "-" "Mozilla/5.0 (Linux; Android 6.0.1; Nexus 5X Build/MMB29P) AppleWebKit/537.36 (KHTML, like Gecko) Chrome/141.0.7390.122 Mobile Safari/537.36 (compatible; Googlebot/2.1; +http://www.google.com/bot.html)"
66.249.79.37 - - [18/Dec/2025:22:38:18 +0000] "GET /850277694 HTTP/1.1" 200 188411 "-" "Mozilla/5.0 (Linux; Android 6.0.1; Nexus 5X Build/MMB29P) AppleWebKit/537.36 (KHTML, like Gecko) Chrome/141.0.7390.122 Mobile Safari/537.36 (compatible; Googlebot/2.1; +http://www.google.com/bot.html)"
66.249.79.37 - - [18/Dec/2025:22:38:20 +0000] "GET /125871904 HTTP/1.1" 200 204052 "-" "Mozilla/5.0 (Linux; Android 6.0.1; Nexus 5X Build/MMB29P) AppleWebKit/537.36 (KHTML, like Gecko) Chrome/141.0.7390.122 Mobile Safari/537.36 (compatible; Googlebot/2.1; +http://www.google.com/bot.html)"
66.249.79.37 - - [18/Dec/2025:22:38:26 +0000] "GET /825057191 HTTP/1.1" 200 189468 "-" "Mozilla/5.0 (Linux; Android 6.0.1; Nexus 5X Build/MMB29P) AppleWebKit/537.36 (KHTML, like Gecko) Chrome/141.0.7390.122 Mobile Safari/537.36 (compatible; Googlebot/2.1; +http://www.google.com/bot.html)"
66.249.79.37 - - [18/Dec/2025:22:38:37 +0000] "GET /192953687 HTTP/1.1" 200 204664 "-" "Mozilla/5.0 (Linux; Android 6.0.1; Nexus 5X Build/MMB29P) AppleWebKit/537.36 (KHTML, like Gecko) Chrome/141.0.7390.122 Mobile Safari/537.36 (compatible; Googlebot/2.1; +http://www.google.com/bot.html)"
66.249.79.37 - - [18/Dec/2025:22:38:45 +0000] "GET /?w=0020051782505 HTTP/1.1" 200 205028 "-" "Mozilla/5.0 (Linux; Android 6.0.1; Nexus 5X Build/MMB29P) AppleWebKit/537.36 (KHTML, like Gecko) Chrome/141.0.7390.122 Mobile Safari/537.36 (compatible; Googlebot/2.1; +http://www.google.com/bot.html)"
66.249.79.32 - - [18/Dec/2025:22:39:06 +0000] "GET /62752257 HTTP/1.1" 200 204040 "-" "Mozilla/5.0 (Linux; Android 6.0.1; Nexus 5X Build/MMB29P) AppleWebKit/537.36 (KHTML, like Gecko) Chrome/141.0.7390.122 Mobile Safari/537.36 (compatible; Googlebot/2.1; +http://www.google.com/bot.html)"
66.249.79.32 - - [18/Dec/2025:22:39:11 +0000] "GET /7932775 HTTP/1.1" 200 203347 "-" "Mozilla/5.0 (Linux; Android 6.0.1; Nexus 5X Build/MMB29P) AppleWebKit/537.36 (KHTML, like Gecko) Chrome/141.0.7390.122 Mobile Safari/537.36 (compatible; Googlebot/2.1; +http://www.google.com/bot.html)"
52.167.144.162 - - [18/Dec/2025:22:39:23 +0000] "GET /products/7471347/ HTTP/1.1" 200 201159 "-" "Mozilla/5.0 AppleWebKit/537.36 (KHTML, like Gecko; compatible; bingbot/2.0; +http://www.bing.com/bingbot.htm) Chrome/116.0.1938.76 Safari/537.36"
66.249.79.37 - - [18/Dec/2025:22:39:30 +0000] "GET /732817492 HTTP/1.1" 200 204609 "-" "Mozilla/5.0 (Linux; Android 6.0.1; Nexus 5X Build/MMB29P) AppleWebKit/537.36 (KHTML, like Gecko) Chrome/141.0.7390.122 Mobile Safari/537.36 (compatible; Googlebot/2.1; +http://www.google.com/bot.html)"
