66.249.79.37 - - [18/Dec/2025:22:39:37 +0000] "GET /?w=0175218018005 HTTP/1.1" 200 204743 "-" "Mozilla/5.0 (Linux; Android 6.0.1; Nexus 5X Build/MMB29P) AppleWebKit/537.36 (KHTML, like Gecko) Chrome/141.0.7390.122 Mobile Safari/537.36 (compatible; Googlebot/2.1; +http://www.google.com/bot.html)"
3.83.76.234 - - [18/Dec/2025:22:39:56 +0000] "GET /index.php?sitemap399.xml HTTP/1.1" 200 170670 "-" "TerraCotta https://github.com/CeramicTeam/CeramicTerracotta"
3.83.76.234 - - [18/Dec/2025:22:39:57 +0000] "GET /index.php?sitemap372.xml HTTP/1.1" 200 170662 "-" "TerraCotta https://github.com/CeramicTeam/CeramicTerracotta"
3.83.76.234 - - [18/Dec/2025:22:39:57 +0000] "GET /index.php?sitemap487.xml HTTP/1.1" 200 170662 "-" "TerraCotta https://github.com/CeramicTeam/CeramicTerracotta"
3.83.76.234 - - [18/Dec/2025:22:39:57 +0000] "GET /index.php?sitemap373.xml HTTP/1.1" 200 170662 "-" "TerraCotta https://github.com/CeramicTeam/CeramicTerracotta"
3.83.76.234 - - [18/Dec/2025:22:39:57 +0000] "GET /index.php?sitemap657.xml HTTP/1.1" 200 170662 "-" "TerraCotta https://github.com/CeramicTeam/CeramicTerracotta"
3.83.76.234 - - [18/Dec/2025:22:39:57 +0000] "GET /index.php?sitemap354.xml HTTP/1.1" 200 170662 "-" "TerraCotta https://github.com/CeramicTeam/CeramicTerracotta"
3.83.76.234 - - [18/Dec/2025:22:39:57 +0000] "GET /index.php?sitemap437.xml HTTP/1.1" 200 170662 "-" "TerraCotta https://github.com/CeramicTeam/CeramicTerracotta"
3.83.76.234 - - [18/Dec/2025:22:39:57 +0000] "GET /index.php?sitemap281.xml HTTP/1.1" 200 170649 "-" "TerraCotta https://github.com/CeramicTeam/CeramicTerracotta"
3.83.76.234 - - [18/Dec/2025:22:39:57 +0000] "GET /index.php?sitemap393.xml HTTP/1.1" 200 170662 "-" "TerraCotta https://github.com/CeramicTeam/CeramicTerracotta"
3.83.76.234 - - [18/Dec/2025:22:39:57 +0000] "GET /index.php?sitemap794.xml HTTP/1.1" 200 170662 "-" "TerraCotta https://github.com/CeramicTeam/CeramicTerracotta"
3.83.76.234 - - [18/Dec/2025:22:39:57 +0000] "GET /index.php?sitemap.xml HTTP/1.1" 200 173365 "-" "TerraCotta https://github.com/CeramicTeam/CeramicTerracotta"
3.83.76.234 - - [18/Dec/2025:22:39:57 +0000] "GET /index.php?sitemap324.xml HTTP/1.1" 200 170662 "-" "TerraCotta https://github.com/CeramicTeam/CeramicTerracotta"
3.83.76.234 - - [18/Dec/2025:22:39:57 +0000] "GET /index.php?sitemap614.xml HTTP/1.1" 200 170662 "-" "TerraCotta https://github.com/CeramicTeam/CeramicTerracotta"
3.83.76.234 - - [18/Dec/2025:22:39:57 +0000] "GET /index.php?sitemap570.xml HTTP/1.1" 200 170662 "-" "TerraCotta https://github.com/CeramicTeam/CeramicTerracotta"
3.83.76.234 - - [18/Dec/2025:22:39:57 +0000] "GET /index.php?sitemap662.xml HTTP/1.1" 200 170662 "-" "TerraCotta https://github.com/CeramicTeam/CeramicTerracotta"
3.83.76.234 - - [18/Dec/2025:22:39:57 +0000] "GET /index.php?sitemap610.xml HTTP/1.1" 200 170662 "-" "TerraCotta https://github.com/CeramicTeam/CeramicTerracotta"
3.83.76.234 - - [18/Dec/2025:22:39:57 +0000] "GET /index.php?sitemap719.xml HTTP/1.1" 200 170662 "-" "TerraCotta https://github.com/CeramicTeam/CeramicTerracotta"
3.83.76.234 - - [18/Dec/2025:22:39:57 +0000] "GET /index.php?sitemap395.xml HTTP/1.1" 200 170670 "-" "TerraCotta https://github.com/CeramicTeam/CeramicTerracotta"
3.83.76.234 - - [18/Dec/2025:22:39:57 +0000] "GET /index.php?sitemap382.xml HTTP/1.1" 200 170662 "-" "TerraCotta https://github.com/CeramicTeam/CeramicTerracotta"
3.83.76.234 - - [18/Dec/2025:22:39:57 +0000] "GET /index.php?sitemap788.xml HTTP/1.1" 200 170662 "-" "TerraCotta https://github.com/CeramicTeam/CeramicTerracotta"
3.83.76.234 - - [18/Dec/2025:22:39:57 +0000] "GET /index.php?sitemap587.xml HTTP/1.1" 200 170662 "-" "TerraCotta https://github.com/CeramicTeam/CeramicTerracotta"
66.249.79.33 - - [18/Dec/2025:22:40:03 +0000] "GET /10290044 HTTP/1.1" 200 202875 "-" "Mozilla/5.0 (Linux; Android 6.0.1; Nexus 5X Build/MMB29P) AppleWebKit/537.36 (KHTML, like Gecko) Chrome/141.0.7390.122 Mobile Safari/537.36 (compatible; Googlebot/2.1; +http://www.google.com/bot.html)"
66.249.79.32 - - [18/Dec/2025:22:40:28 +0000] "GET /?w=006867315201 HTTP/1.1" 200 204263 "-" "Mozilla/5.0 (Linux; Android 6.0.1; Nexus 5X Build/MMB29P) AppleWebKit/537.36 (KHTML, like Gecko) Chrome/141.0.7390.122 Mobile Safari/537.36 (compatible; Googlebot/2.1; +http://www.google.com/bot.html)"
66.249.79.37 - - [18/Dec/2025:22:40:34 +0000] "GET /94211122 HTTP/1.1" 200 203866 "-" "Mozilla/5.0 (Linux; Android 6.0.1; Nexus 5X Build/MMB29P) AppleWebKit/537.36 (KHTML, like Gecko) Chrome/141.0.7390.122 Mobile Safari/537.36 (compatible; Googlebot/2.1; +http://www.google.com/bot.html)"
66.249.79.37 - - [18/Dec/2025:22:40:54 +0000] "GET /59906456 HTTP/1.1" 200 203211 "-" "Mozilla/5.0 (Linux; Android 6.0.1; Nexus 5X Build/MMB29P) AppleWebKit/537.36 (KHTML, like Gecko) Chrome/141.0.7390.122 Mobile Safari/537.36 (compatible; Googlebot/2.1; +http://www.google.com/bot.html)"
159.198.77.92 - - [18/Dec/2025:22:41:20 +0000] "POST /wp-cron.php?doing_wp_cron=1766097679.6205799579620361328125 HTTP/1.1" 404 27478 "-" "WordPress/6.9; https://luxwento.com"
162.128.163.232 - - [18/Dec/2025:22:41:20 +0000] "GET /fb777-vip-login-registration-110/ HTTP/1.1" 200 42328 "https://luxwento.com/fb777-vip-login-registration-110/" "Mozilla/5.0 (Macintosh; Intel Mac OS X 10_15_7) AppleWebKit/537.36 (KHTML, like Gecko) Chrome/131.0.0.0 Safari/537.36"
66.249.79.32 - - [18/Dec/2025:22:41:27 +0000] "GET /58281630 HTTP/1.1" 200 205462 "-" "Mozilla/5.0 (Linux; Android 6.0.1; Nexus 5X Build/MMB29P) AppleWebKit/537.36 (KHTML, like Gecko) Chrome/141.0.7390.122 Mobile Safari/537.36 (compatible; Googlebot/2.1; +http://www.google.com/bot.html)"
66.249.79.32 - - [18/Dec/2025:22:41:33 +0000] "GET /974378639 HTTP/1.1" 200 188280 "-" "Mozilla/5.0 (Linux; Android 6.0.1; Nexus 5X Build/MMB29P) AppleWebKit/537.36 (KHTML, like Gecko) Chrome/141.0.7390.122 Mobile Safari/537.36 (compatible; Googlebot/2.1; +http://www.google.com/bot.html)"
66.249.79.32 - - [18/Dec/2025:22:41:34 +0000] "GET /86148385 HTTP/1.1" 200 201020 "-" "Mozilla/5.0 (Linux; Android 6.0.1; Nexus 5X Build/MMB29P) AppleWebKit/537.36 (KHTML, like Gecko) Chrome/141.0.7390.122 Mobile Safari/537.36 (compatible; Googlebot/2.1; +http://www.google.com/bot.html)"
66.249.79.37 - - [18/Dec/2025:22:41:40 +0000] "GET /?w=6004052632008 HTTP/1.1" 200 199316 "-" "Mozilla/5.0 (Linux; Android 6.0.1; Nexus 5X Build/MMB29P) AppleWebKit/537.36 (KHTML, like Gecko) Chrome/141.0.7390.122 Mobile Safari/537.36 (compatible; Googlebot/2.1; +http://www.google.com/bot.html)"
66.249.79.37 - - [18/Dec/2025:22:41:52 +0000] "GET /48931596 HTTP/1.1" 200 204843 "-" "Mozilla/5.0 (Linux; Android 6.0.1; Nexus 5X Build/MMB29P) AppleWebKit/537.36 (KHTML, like Gecko) Chrome/141.0.7390.122 Mobile Safari/537.36 (compatible; Googlebot/2.1; +http://www.google.com/bot.html)"
179.189.138.129 - - [18/Dec/2025:22:42:02 +0000] "GET /xmlrpc.php HTTP/1.1" 404 27502 "-" "Mozilla/5.0 (Windows NT 10.0; WOW64; rv:45.0) Gecko/20100101 Firefox/45.0"
66.249.79.33 - - [18/Dec/2025:22:42:12 +0000] "GET /?w=7548225051001 HTTP/1.1" 200 199843 "-" "Mozilla/5.0 (Linux; Android 6.0.1; Nexus 5X Build/MMB29P) AppleWebKit/537.36 (KHTML, like Gecko) Chrome/141.0.7390.122 Mobile Safari/537.36 (compatible; Googlebot/2.1; +http://www.google.com/bot.html)"
66.249.79.37 - - [18/Dec/2025:22:42:37 +0000] "GET /3948742 HTTP/1.1" 200 203171 "-" "Mozilla/5.0 (Linux; Android 6.0.1; Nexus 5X Build/MMB29P) AppleWebKit/537.36 (KHTML, like Gecko) Chrome/141.0.7390.122 Mobile Safari/537.36 (compatible; Googlebot/2.1; +http://www.google.com/bot.html)"
66.249.79.37 - - [18/Dec/2025:22:42:58 +0000] "GET /48577331 HTTP/1.1" 200 201091 "-" "Mozilla/5.0 (Linux; Android 6.0.1; Nexus 5X Build/MMB29P) AppleWebKit/537.36 (KHTML, like Gecko) Chrome/141.0.7390.122 Mobile Safari/537.36 (compatible; Googlebot/2.1; +http://www.google.com/bot.html)"
66.249.79.32 - - [18/Dec/2025:22:43:03 +0000] "GET /?w=225317348801 HTTP/1.1" 200 198456 "-" "Mozilla/5.0 (Linux; Android 6.0.1; Nexus 5X Build/MMB29P) AppleWebKit/537.36 (KHTML, like Gecko) Chrome/141.0.7390.122 Mobile Safari/537.36 (compatible; Googlebot/2.1; +http://www.google.com/bot.html)"
159.198.77.92 - - [18/Dec/2025:22:43:19 +0000] "POST /wp-cron.php?doing_wp_cron=1766097799.0385649204254150390625 HTTP/1.1" 404 27478 "-" "WordPress/6.9; https://luxwento.com"
2a14:7c1::2 - - [18/Dec/2025:22:43:19 +0000] "GET /.env HTTP/1.1" 404 27502 "-" "Mozilla/5.0 (Windows NT 10.0; Win64; x64) AppleWebKit/537.36 (KHTML, like Gecko) Chrome/134.0.0.0 Safari/537.3"
66.249.79.32 - - [18/Dec/2025:22:43:29 +0000] "GET /5044569 HTTP/1.1" 200 202105 "-" "Mozilla/5.0 (Linux; Android 6.0.1; Nexus 5X Build/MMB29P) AppleWebKit/537.36 (KHTML, like Gecko) Chrome/141.0.7390.122 Mobile Safari/537.36 (compatible; Googlebot/2.1; +http://www.google.com/bot.html)"
66.249.79.32 - - [18/Dec/2025:22:43:55 +0000] "GET /?w=4618866783002 HTTP/1.1" 200 199953 "-" "Mozilla/5.0 (Linux; Android 6.0.1; Nexus 5X Build/MMB29P) AppleWebKit/537.36 (KHTML, like Gecko) Chrome/141.0.7390.122 Mobile Safari/537.36 (compatible; Googlebot/2.1; +http://www.google.com/bot.html)"
66.249.79.34 - - [18/Dec/2025:22:44:20 +0000] "GET /319634748 HTTP/1.1" 200 188169 "-" "Mozilla/5.0 (Linux; Android 6.0.1; Nexus 5X Build/MMB29P) AppleWebKit/537.36 (KHTML, like Gecko) Chrome/141.0.7390.122 Mobile Safari/537.36 (compatible; Googlebot/2.1; +http://www.google.com/bot.html)"
66.249.79.33 - - [18/Dec/2025:22:44:46 +0000] "GET /75373991 HTTP/1.1" 200 203469 "-" "Mozilla/5.0 (Linux; Android 6.0.1; Nexus 5X Build/MMB29P) AppleWebKit/537.36 (KHTML, like Gecko) Chrome/141.0.7390.122 Mobile Safari/537.36 (compatible; Googlebot/2.1; +http://www.google.com/bot.html)"
66.249.79.33 - - [18/Dec/2025:22:44:46 +0000] "GET /?w=1322674522704 HTTP/1.1" 200 187674 "-" "Mozilla/5.0 (Linux; Android 6.0.1; Nexus 5X Build/MMB29P) AppleWebKit/537.36 (KHTML, like Gecko) Chrome/141.0.7390.122 Mobile Safari/537.36 (compatible; Googlebot/2.1; +http://www.google.com/bot.html)"
66.249.79.33 - - [18/Dec/2025:22:45:12 +0000] "GET /672073650 HTTP/1.1" 200 200438 "-" "Mozilla/5.0 (Linux; Android 6.0.1; Nexus 5X Build/MMB29P) AppleWebKit/537.36 (KHTML, like Gecko) Chrome/141.0.7390.122 Mobile Safari/537.36 (compatible; Googlebot/2.1; +http://www.google.com/bot.html)"
159.198.77.92 - - [18/Dec/2025:22:45:30 +0000] "POST /wp-cron.php?doing_wp_cron=1766097930.1864709854125976562500 HTTP/1.1" 404 27478 "-" "WordPress/6.9; https://luxwento.com"
47.82.11.135 - - [18/Dec/2025:22:45:30 +0000] "GET /evoljucijata-na-kazino-igri-ot-tradicionno-do-39 HTTP/1.1" 301 0 "https://luxwento.com/" "Mozilla/5.0 (Windows NT 10.0; Win64; x64) AppleWebKit/537.36 (KHTML, like Gecko) Chrome/135.0.0.0 Safari/537.36"
47.82.11.135 - - [18/Dec/2025:22:45:31 +0000] "GET /evoljucijata-na-kazino-igri-ot-tradicionno-do-39/ HTTP/1.1" 200 34752 "https://luxwento.com/" "Mozilla/5.0 (Windows NT 10.0; Win64; x64) AppleWebKit/537.36 (KHTML, like Gecko) Chrome/135.0.0.0 Safari/537.36"
66.249.79.32 - - [18/Dec/2025:22:45:57 +0000] "GET /?w=9399970352804 HTTP/1.1" 200 198757 "-" "Mozilla/5.0 (Linux; Android 6.0.1; Nexus 5X Build/MMB29P) AppleWebKit/537.36 (KHTML, like Gecko) Chrome/141.0.7390.122 Mobile Safari/537.36 (compatible; Googlebot/2.1; +http://www.google.com/bot.html)"
66.249.79.32 - - [18/Dec/2025:22:45:59 +0000] "GET /92313111 HTTP/1.1" 200 198345 "-" "Mozilla/5.0 (Linux; Android 6.0.1; Nexus 5X Build/MMB29P) AppleWebKit/537.36 (KHTML, like Gecko) Chrome/141.0.7390.122 Mobile Safari/537.36 (compatible; Googlebot/2.1; +http://www.google.com/bot.html)"
66.249.79.32 - - [18/Dec/2025:22:46:10 +0000] "GET /128912419 HTTP/1.1" 200 202723 "-" "Mozilla/5.0 (Linux; Android 6.0.1; Nexus 5X Build/MMB29P) AppleWebKit/537.36 (KHTML, like Gecko) Chrome/141.0.7390.122 Mobile Safari/537.36 (compatible; Googlebot/2.1; +http://www.google.com/bot.html)"
66.249.79.32 - - [18/Dec/2025:22:46:18 +0000] "GET /sygrajte-darom-v-topovyh-virtualnyh-kazino/ HTTP/1.1" 200 202534 "-" "Mozilla/5.0 (Linux; Android 6.0.1; Nexus 5X Build/MMB29P) AppleWebKit/537.36 (KHTML, like Gecko) Chrome/141.0.7390.122 Mobile Safari/537.36 (compatible; Googlebot/2.1; +http://www.google.com/bot.html)"
40.77.167.76 - - [18/Dec/2025:22:46:19 +0000] "GET /products/6302114/ HTTP/1.1" 200 202106 "-" "Mozilla/5.0 AppleWebKit/537.36 (KHTML, like Gecko; compatible; bingbot/2.0; +http://www.bing.com/bingbot.htm) Chrome/116.0.1938.76 Safari/537.36"
66.249.79.32 - - [18/Dec/2025:22:46:25 +0000] "GET /vseobemljuschij-razbor-virtualnogo-kazino-aspekty-igrovye-avtomaty-servis/ HTTP/1.1" 200 204572 "-" "Mozilla/5.0 (Linux; Android 6.0.1; Nexus 5X Build/MMB29P) AppleWebKit/537.36 (KHTML, like Gecko) Chrome/141.0.7390.122 Mobile Safari/537.36 (compatible; Googlebot/2.1; +http://www.google.com/bot.html)"
66.249.79.32 - - [18/Dec/2025:22:46:29 +0000] "GET /?w=8753147602404 HTTP/1.1" 200 202824 "-" "Mozilla/5.0 (Linux; Android 6.0.1; Nexus 5X Build/MMB29P) AppleWebKit/537.36 (KHTML, like Gecko) Chrome/141.0.7390.122 Mobile Safari/537.36 (compatible; Googlebot/2.1; +http://www.google.com/bot.html)"
66.249.79.32 - - [18/Dec/2025:22:46:55 +0000] "GET /3103832 HTTP/1.1" 200 204762 "-" "Mozilla/5.0 (Linux; Android 6.0.1; Nexus 5X Build/MMB29P) AppleWebKit/537.36 (KHTML, like Gecko) Chrome/141.0.7390.122 Mobile Safari/537.36 (compatible; Googlebot/2.1; +http://www.google.com/bot.html)"
18.232.12.157 - - [18/Dec/2025:22:46:57 +0000] "GET /adobe-generative-ai-2/ HTTP/1.1" 403 0 "-" "Mozilla/5.0 AppleWebKit/537.36 (KHTML, like Gecko; compatible; Amazonbot/0.1; +https://developer.amazon.com/support/amazonbot) Chrome/119.0.6045.214 Safari/537.36"
66.249.79.32 - - [18/Dec/2025:22:46:59 +0000] "GET /mobil-varyant-ve-uygulama-internet-kumarhane-bonuslar-ile/ HTTP/1.1" 200 204695 "-" "Mozilla/5.0 (Linux; Android 6.0.1; Nexus 5X Build/MMB29P) AppleWebKit/537.36 (KHTML, like Gecko) Chrome/141.0.7390.122 Mobile Safari/537.36 (compatible; Googlebot/2.1; +http://www.google.com/bot.html)"
3.219.81.66 - - [18/Dec/2025:22:47:00 +0000] "GET /error-of-transposition-in-accounting-examples-and/ HTTP/1.1" 403 0 "-" "Mozilla/5.0 AppleWebKit/537.36 (KHTML, like Gecko; compatible; Amazonbot/0.1; +https://developer.amazon.com/support/amazonbot) Chrome/119.0.6045.214 Safari/537.36"
66.249.79.32 - - [18/Dec/2025:22:47:21 +0000] "GET /?w=0809164210302 HTTP/1.1" 200 204818 "-" "Mozilla/5.0 (Linux; Android 6.0.1; Nexus 5X Build/MMB29P) AppleWebKit/537.36 (KHTML, like Gecko) Chrome/141.0.7390.122 Mobile Safari/537.36 (compatible; Googlebot/2.1; +http://www.google.com/bot.html)"
218.152.33.183 - - [18/Dec/2025:22:47:21 +0000] "GET /the-crypto-trading-bot-for-critical-merchants/ HTTP/1.1" 200 63817 "https://luxwento.com/" "Mozilla/5.0 (Windows NT 10.0; Win64; x64) AppleWebKit/537.36 (KHTML, like Gecko) Chrome/114.0.0.0 Safari/537.36"
159.198.77.92 - - [18/Dec/2025:22:47:29 +0000] "POST /wp-cron.php?doing_wp_cron=1766098048.6240420341491699218750 HTTP/1.1" 404 27478 "-" "WordPress/6.9; https://luxwento.com"
218.152.33.183 - - [18/Dec/2025:22:47:29 +0000] "GET /wp-login.php HTTP/1.1" 200 6058 "https://luxwento.com/the-crypto-trading-bot-for-critical-merchants/" "Mozilla/5.0 (Windows NT 6.3; Win64; x64) AppleWebKit/537.36 (KHTML, like Gecko) Chrome/103.0.0.0 Safari/537.36"
218.152.33.183 - - [18/Dec/2025:22:47:31 +0000] "GET /wp-login.php HTTP/1.1" 200 6058 "https://luxwento.com/wp-login.php" "Mozilla/5.0 (Windows NT 6.3; Win64; x64) AppleWebKit/537.36 (KHTML, like Gecko) Chrome/103.0.0.0 Safari/537.36"
66.249.79.34 - - [18/Dec/2025:22:48:06 +0000] "GET /3006192 HTTP/1.1" 200 203827 "-" "Mozilla/5.0 (Linux; Android 6.0.1; Nexus 5X Build/MMB29P) AppleWebKit/537.36 (KHTML, like Gecko) Chrome/141.0.7390.122 Mobile Safari/537.36 (compatible; Googlebot/2.1; +http://www.google.com/bot.html)"
66.249.79.34 - - [18/Dec/2025:22:48:06 +0000] "GET /3085534 HTTP/1.1" 200 202079 "-" "Mozilla/5.0 (Linux; Android 6.0.1; Nexus 5X Build/MMB29P) AppleWebKit/537.36 (KHTML, like Gecko) Chrome/141.0.7390.122 Mobile Safari/537.36 (compatible; Googlebot/2.1; +http://www.google.com/bot.html)"
66.249.79.33 - - [18/Dec/2025:22:48:19 +0000] "GET /?w=7122564575203 HTTP/1.1" 200 189479 "-" "Mozilla/5.0 (Linux; Android 6.0.1; Nexus 5X Build/MMB29P) AppleWebKit/537.36 (KHTML, like Gecko) Chrome/141.0.7390.122 Mobile Safari/537.36 (compatible; Googlebot/2.1; +http://www.google.com/bot.html)"
66.249.79.37 - - [18/Dec/2025:22:48:38 +0000] "GET /2118447 HTTP/1.1" 200 202613 "-" "Mozilla/5.0 (Linux; Android 6.0.1; Nexus 5X Build/MMB29P) AppleWebKit/537.36 (KHTML, like Gecko) Chrome/141.0.7390.122 Mobile Safari/537.36 (compatible; Googlebot/2.1; +http://www.google.com/bot.html)"
2a03:2880:f800:34:: - - [18/Dec/2025:22:48:48 +0000] "GET /tag/rise-of-samurai-megaways/feed/ HTTP/1.1" 200 8161 "-" "meta-externalagent/1.1 (+https://developers.facebook.com/docs/sharing/webmasters/crawler)"
66.249.79.33 - - [18/Dec/2025:22:49:04 +0000] "GET /?w=28888175404 HTTP/1.1" 200 200643 "-" "Mozilla/5.0 (Linux; Android 6.0.1; Nexus 5X Build/MMB29P) AppleWebKit/537.36 (KHTML, like Gecko) Chrome/141.0.7390.122 Mobile Safari/537.36 (compatible; Googlebot/2.1; +http://www.google.com/bot.html)"
159.198.77.92 - - [18/Dec/2025:22:49:14 +0000] "POST /wp-cron.php?doing_wp_cron=1766098153.8137159347534179687500 HTTP/1.1" 404 27478 "-" "WordPress/6.9; https://luxwento.com"
185.170.167.18 - - [18/Dec/2025:22:49:14 +0000] "GET /tag/pin-up-apuestas-deportivas/ HTTP/1.1" 200 18662 "-" "Mozilla/5.0 (compatible; BacklinksExtendedBot)"
66.249.79.32 - - [18/Dec/2025:22:49:30 +0000] "GET /58851339 HTTP/1.1" 200 203572 "-" "Mozilla/5.0 (Linux; Android 6.0.1; Nexus 5X Build/MMB29P) AppleWebKit/537.36 (KHTML, like Gecko) Chrome/141.0.7390.122 Mobile Safari/537.36 (compatible; Googlebot/2.1; +http://www.google.com/bot.html)"
66.249.79.37 - - [18/Dec/2025:22:49:55 +0000] "GET /?w=098213638400 HTTP/1.1" 200 203652 "-" "Mozilla/5.0 (Linux; Android 6.0.1; Nexus 5X Build/MMB29P) AppleWebKit/537.36 (KHTML, like Gecko) Chrome/141.0.7390.122 Mobile Safari/537.36 (compatible; Googlebot/2.1; +http://www.google.com/bot.html)"
40.77.167.16 - - [18/Dec/2025:22:50:13 +0000] "GET /tag/strategi-kemenangan/ HTTP/1.1" 200 201539 "-" "Mozilla/5.0 AppleWebKit/537.36 (KHTML, like Gecko; compatible; bingbot/2.0; +http://www.bing.com/bingbot.htm) Chrome/116.0.1938.76 Safari/537.36"
159.198.77.92 - - [18/Dec/2025:22:50:16 +0000] "POST /wp-cron.php?doing_wp_cron=1766098215.7419068813323974609375 HTTP/1.1" 404 27478 "-" "WordPress/6.9; https://luxwento.com"
185.189.115.103 - - [18/Dec/2025:22:50:16 +0000] "GET /wp-login.php HTTP/1.1" 200 6058 "https://luxwento.com/" "Mozilla/5.0 (Windows NT 10.0; Win64; x64) AppleWebKit/537.36 (KHTML, like Gecko) Chrome/142.0.0.0 Safari/537.36"
185.189.115.103 - - [18/Dec/2025:22:50:16 +0000] "GET /wp-admin/load-styles.php?c=0&dir=ltr&load%5Bchunk_0%5D=dashicons,buttons,forms,l10n,login&ver=6.9 HTTP/1.1" 200 102816 "https://luxwento.com/wp-login.php" "Mozilla/5.0 (Windows NT 10.0; Win64; x64) AppleWebKit/537.36 (KHTML, like Gecko) Chrome/142.0.0.0 Safari/537.36"
185.189.115.103 - - [18/Dec/2025:22:50:16 +0000] "GET /wp-includes/js/wp-util.min.js?ver=6.9 HTTP/1.1" 304 0 "https://luxwento.com/wp-login.php" "Mozilla/5.0 (Windows NT 10.0; Win64; x64) AppleWebKit/537.36 (KHTML, like Gecko) Chrome/142.0.0.0 Safari/537.36"
185.189.115.103 - - [18/Dec/2025:22:50:16 +0000] "GET /wp-includes/js/dist/i18n.min.js?ver=c26c3dc7bed366793375 HTTP/1.1" 304 0 "https://luxwento.com/wp-login.php" "Mozilla/5.0 (Windows NT 10.0; Win64; x64) AppleWebKit/537.36 (KHTML, like Gecko) Chrome/142.0.0.0 Safari/537.36"
185.189.115.103 - - [18/Dec/2025:22:50:16 +0000] "GET /wp-admin/load-scripts.php?c=0&load%5Bchunk_0%5D=clipboard,jquery-core,jquery-migrate,zxcvbn-async,wp-hooks&ver=6.9 HTTP/1.1" 200 116193 "https://luxwento.com/wp-login.php" "Mozilla/5.0 (Windows NT 10.0; Win64; x64) AppleWebKit/537.36 (KHTML, like Gecko) Chrome/142.0.0.0 Safari/537.36"
185.189.115.103 - - [18/Dec/2025:22:50:16 +0000] "GET /wp-includes/js/dist/dom-ready.min.js?ver=f77871ff7694fffea381 HTTP/1.1" 304 0 "https://luxwento.com/wp-login.php" "Mozilla/5.0 (Windows NT 10.0; Win64; x64) AppleWebKit/537.36 (KHTML, like Gecko) Chrome/142.0.0.0 Safari/537.36"
185.189.115.103 - - [18/Dec/2025:22:50:16 +0000] "GET /wp-includes/js/underscore.min.js?ver=1.13.7 HTTP/1.1" 304 0 "https://luxwento.com/wp-login.php" "Mozilla/5.0 (Windows NT 10.0; Win64; x64) AppleWebKit/537.36 (KHTML, like Gecko) Chrome/142.0.0.0 Safari/537.36"
185.189.115.103 - - [18/Dec/2025:22:50:16 +0000] "GET /wp-admin/js/password-strength-meter.min.js?ver=6.9 HTTP/1.1" 304 0 "https://luxwento.com/wp-login.php" "Mozilla/5.0 (Windows NT 10.0; Win64; x64) AppleWebKit/537.36 (KHTML, like Gecko) Chrome/142.0.0.0 Safari/537.36"
185.189.115.103 - - [18/Dec/2025:22:50:16 +0000] "GET /wp-includes/js/dist/a11y.min.js?ver=cb460b4676c94bd228ed HTTP/1.1" 304 0 "https://luxwento.com/wp-login.php" "Mozilla/5.0 (Windows NT 10.0; Win64; x64) AppleWebKit/537.36 (KHTML, like Gecko) Chrome/142.0.0.0 Safari/537.36"
185.189.115.103 - - [18/Dec/2025:22:50:16 +0000] "GET /wp-admin/js/user-profile.min.js?ver=6.9 HTTP/1.1" 304 0 "https://luxwento.com/wp-login.php" "Mozilla/5.0 (Windows NT 10.0; Win64; x64) AppleWebKit/537.36 (KHTML, like Gecko) Chrome/142.0.0.0 Safari/537.36"
185.189.115.103 - - [18/Dec/2025:22:50:17 +0000] "GET /wp-admin/images/wordpress-logo.svg?ver=20131107 HTTP/1.1" 304 0 "https://luxwento.com/wp-admin/load-styles.php?c=0&dir=ltr&load%5Bchunk_0%5D=dashicons,buttons,forms,l10n,login&ver=6.9" "Mozilla/5.0 (Windows NT 10.0; Win64; x64) AppleWebKit/537.36 (KHTML, like Gecko) Chrome/142.0.0.0 Safari/537.36"
185.189.115.103 - - [18/Dec/2025:22:50:17 +0000] "GET /wp-includes/js/zxcvbn.min.js HTTP/1.1" 304 0 "https://luxwento.com/wp-login.php" "Mozilla/5.0 (Windows NT 10.0; Win64; x64) AppleWebKit/537.36 (KHTML, like Gecko) Chrome/142.0.0.0 Safari/537.36"
185.189.115.103 - - [18/Dec/2025:22:50:17 +0000] "GET /wp-content/uploads/2025/06/cropped-luxury-letter-l-logo-l-logotype-for-elegant-and-stylish-fashion-symbol-vector-192x192.jpg HTTP/1.1" 304 0 "https://luxwento.com/wp-login.php" "Mozilla/5.0 (Windows NT 10.0; Win64; x64) AppleWebKit/537.36 (KHTML, like Gecko) Chrome/142.0.0.0 Safari/537.36"
185.189.115.103 - - [18/Dec/2025:22:50:20 +0000] "POST /wp-login.php HTTP/1.1" 200 6493 "https://luxwento.com/wp-login.php" "Mozilla/5.0 (Windows NT 10.0; Win64; x64) AppleWebKit/537.36 (KHTML, like Gecko) Chrome/142.0.0.0 Safari/537.36"
66.249.79.32 - - [18/Dec/2025:22:50:21 +0000] "GET /540204472 HTTP/1.1" 200 199227 "-" "Mozilla/5.0 (Linux; Android 6.0.1; Nexus 5X Build/MMB29P) AppleWebKit/537.36 (KHTML, like Gecko) Chrome/141.0.7390.122 Mobile Safari/537.36 (compatible; Googlebot/2.1; +http://www.google.com/bot.html)"
185.189.115.103 - - [18/Dec/2025:22:50:24 +0000] "POST /xmlrpc.php HTTP/1.1" 404 27502 "-" "Mozilla/5.0 (Windows NT 10.0; Win64; x64) AppleWebKit/537.36 (KHTML, like Gecko) Chrome/142.0.0.0 Safari/537.36"
45.227.253.15 - - [18/Dec/2025:22:50:36 +0000] "GET /index.php/jk HTTP/1.1" 200 54 "-" "Mozilla/5.0 (Windows NT 6.2; WOW64) AppleWebKit/535.24 (KHTML, like Gecko) Chrome/83.0.1055.1 Safari/535.24"
66.249.79.32 - - [18/Dec/2025:22:50:47 +0000] "GET /?w=562506327300 HTTP/1.1" 200 200898 "-" "Mozilla/5.0 (Linux; Android 6.0.1; Nexus 5X Build/MMB29P) AppleWebKit/537.36 (KHTML, like Gecko) Chrome/141.0.7390.122 Mobile Safari/537.36 (compatible; Googlebot/2.1; +http://www.google.com/bot.html)"
66.249.79.32 - - [18/Dec/2025:22:50:56 +0000] "GET /357249603 HTTP/1.1" 200 184528 "-" "Mozilla/5.0 (Linux; Android 6.0.1; Nexus 5X Build/MMB29P) AppleWebKit/537.36 (KHTML, like Gecko) Chrome/141.0.7390.122 Mobile Safari/537.36 (compatible; Googlebot/2.1; +http://www.google.com/bot.html)"
66.249.79.37 - - [18/Dec/2025:22:51:09 +0000] "GET /robots.txt HTTP/1.1" 200 1196 "-" "Mozilla/5.0 (compatible; Googlebot/2.1; +http://www.google.com/bot.html)"
66.249.79.33 - - [18/Dec/2025:22:51:10 +0000] "GET /sposobom-igry-uluchshajut-sosredotochennost-i-reaktsiju/ HTTP/1.1" 200 200779 "-" "Mozilla/5.0 (Linux; Android 6.0.1; Nexus 5X Build/MMB29P) AppleWebKit/537.36 (KHTML, like Gecko) Chrome/141.0.7390.122 Mobile Safari/537.36 (compatible; Googlebot/2.1; +http://www.google.com/bot.html)"
66.249.79.37 - - [18/Dec/2025:22:51:12 +0000] "GET /463741717 HTTP/1.1" 200 197122 "-" "Mozilla/5.0 (Linux; Android 6.0.1; Nexus 5X Build/MMB29P) AppleWebKit/537.36 (KHTML, like Gecko) Chrome/141.0.7390.122 Mobile Safari/537.36 (compatible; Googlebot/2.1; +http://www.google.com/bot.html)"
45.86.200.201 - - [18/Dec/2025:22:51:22 +0000] "GET /the-crypto-trading-bot-for-critical-merchants/ HTTP/1.1" 200 63817 "https://luxwento.com/" "Mozilla/5.0 (Windows NT 10.0) AppleWebKit/537.36 (KHTML, like Gecko) Chrome/114.0.0.0 Safari/537.36"
45.86.200.184 - - [18/Dec/2025:22:51:27 +0000] "GET /page-449/ HTTP/1.1" 200 36440 "https://luxwento.com/page-449/" "Mozilla/5.0 (Windows NT 10.0) AppleWebKit/537.36 (KHTML, like Gecko) Chrome/114.0.0.0 Safari/537.36"
66.249.79.37 - - [18/Dec/2025:22:51:38 +0000] "GET /?w=8887420196010 HTTP/1.1" 200 200756 "-" "Mozilla/5.0 (Linux; Android 6.0.1; Nexus 5X Build/MMB29P) AppleWebKit/537.36 (KHTML, like Gecko) Chrome/141.0.7390.122 Mobile Safari/537.36 (compatible; Googlebot/2.1; +http://www.google.com/bot.html)"
159.198.77.92 - - [18/Dec/2025:22:51:38 +0000] "POST /wp-cron.php?doing_wp_cron=1766098298.3155450820922851562500 HTTP/1.1" 404 27478 "-" "WordPress/6.9; https://luxwento.com"
185.189.115.103 - - [18/Dec/2025:22:51:38 +0000] "GET /wp-login.php HTTP/1.1" 200 6058 "https://luxwento.com/" "Mozilla/5.0 (Windows NT 10.0; Win64; x64) AppleWebKit/537.36 (KHTML, like Gecko) Chrome/142.0.0.0 Safari/537.36"
185.189.115.103 - - [18/Dec/2025:22:51:39 +0000] "GET /wp-admin/load-styles.php?c=0&dir=ltr&load%5Bchunk_0%5D=dashicons,buttons,forms,l10n,login&ver=6.9 HTTP/1.1" 200 102816 "https://luxwento.com/wp-login.php" "Mozilla/5.0 (Windows NT 10.0; Win64; x64) AppleWebKit/537.36 (KHTML, like Gecko) Chrome/142.0.0.0 Safari/537.36"
185.189.115.103 - - [18/Dec/2025:22:51:39 +0000] "GET /wp-admin/load-scripts.php?c=0&load%5Bchunk_0%5D=clipboard,jquery-core,jquery-migrate,zxcvbn-async,wp-hooks&ver=6.9 HTTP/1.1" 200 116193 "https://luxwento.com/wp-login.php" "Mozilla/5.0 (Windows NT 10.0; Win64; x64) AppleWebKit/537.36 (KHTML, like Gecko) Chrome/142.0.0.0 Safari/537.36"
185.189.115.103 - - [18/Dec/2025:22:51:42 +0000] "POST /wp-login.php HTTP/1.1" 200 6493 "https://luxwento.com/wp-login.php" "Mozilla/5.0 (Windows NT 10.0; Win64; x64) AppleWebKit/537.36 (KHTML, like Gecko) Chrome/142.0.0.0 Safari/537.36"
185.189.115.103 - - [18/Dec/2025:22:51:45 +0000] "POST /xmlrpc.php HTTP/1.1" 404 27502 "-" "Mozilla/5.0 (Windows NT 10.0; Win64; x64) AppleWebKit/537.36 (KHTML, like Gecko) Chrome/142.0.0.0 Safari/537.36"
66.249.79.32 - - [18/Dec/2025:22:52:04 +0000] "GET /4610366 HTTP/1.1" 200 205559 "-" "Mozilla/5.0 (Linux; Android 6.0.1; Nexus 5X Build/MMB29P) AppleWebKit/537.36 (KHTML, like Gecko) Chrome/141.0.7390.122 Mobile Safari/537.36 (compatible; Googlebot/2.1; +http://www.google.com/bot.html)"
66.249.79.37 - - [18/Dec/2025:22:52:06 +0000] "GET /luchshie-kazino-s-bonusami-i-vhodom-cherez-mobilnye-ustrojstva/ HTTP/1.1" 200 204036 "-" "Mozilla/5.0 (Linux; Android 6.0.1; Nexus 5X Build/MMB29P) AppleWebKit/537.36 (KHTML, like Gecko) Chrome/141.0.7390.122 Mobile Safari/537.36 (compatible; Googlebot/2.1; +http://www.google.com/bot.html)"
66.249.79.32 - - [18/Dec/2025:22:52:29 +0000] "GET /robots.txt HTTP/1.1" 200 1196 "-" "Mozilla/5.0 (compatible; Googlebot/2.1; +http://www.google.com/bot.html)"
66.249.79.37 - - [18/Dec/2025:22:52:30 +0000] "GET /?w=2178843920000 HTTP/1.1" 200 187721 "-" "Mozilla/5.0 (Linux; Android 6.0.1; Nexus 5X Build/MMB29P) AppleWebKit/537.36 (KHTML, like Gecko) Chrome/141.0.7390.122 Mobile Safari/537.36 (compatible; Googlebot/2.1; +http://www.google.com/bot.html)"
66.249.79.37 - - [18/Dec/2025:22:52:30 +0000] "GET /94965291 HTTP/1.1" 200 204401 "-" "Mozilla/5.0 (Linux; Android 6.0.1; Nexus 5X Build/MMB29P) AppleWebKit/537.36 (KHTML, like Gecko) Chrome/141.0.7390.122 Mobile Safari/537.36 (compatible; Googlebot/2.1; +http://www.google.com/bot.html)"
66.249.79.37 - - [18/Dec/2025:22:52:31 +0000] "GET /517777543 HTTP/1.1" 200 199708 "-" "Mozilla/5.0 (Linux; Android 6.0.1; Nexus 5X Build/MMB29P) AppleWebKit/537.36 (KHTML, like Gecko) Chrome/141.0.7390.122 Mobile Safari/537.36 (compatible; Googlebot/2.1; +http://www.google.com/bot.html)"
66.249.79.37 - - [18/Dec/2025:22:52:55 +0000] "GET /38889035 HTTP/1.1" 200 202648 "-" "Mozilla/5.0 (Linux; Android 6.0.1; Nexus 5X Build/MMB29P) AppleWebKit/537.36 (KHTML, like Gecko) Chrome/141.0.7390.122 Mobile Safari/537.36 (compatible; Googlebot/2.1; +http://www.google.com/bot.html)"
66.249.79.37 - - [18/Dec/2025:22:52:58 +0000] "GET /rejting-onlajn-igornyh-zavedenij-s-osobennymi-predlozhenijami/ HTTP/1.1" 200 204396 "-" "Mozilla/5.0 (Linux; Android 6.0.1; Nexus 5X Build/MMB29P) AppleWebKit/537.36 (KHTML, like Gecko) Chrome/141.0.7390.122 Mobile Safari/537.36 (compatible; Googlebot/2.1; +http://www.google.com/bot.html)"
66.249.79.33 - - [18/Dec/2025:22:53:20 +0000] "GET /48022204 HTTP/1.1" 200 204334 "-" "Mozilla/5.0 (Linux; Android 6.0.1; Nexus 5X Build/MMB29P) AppleWebKit/537.36 (KHTML, like Gecko) Chrome/141.0.7390.122 Mobile Safari/537.36 (compatible; Googlebot/2.1; +http://www.google.com/bot.html)"
66.249.79.37 - - [18/Dec/2025:22:53:21 +0000] "GET /?w=9185233322200 HTTP/1.1" 200 199637 "-" "Mozilla/5.0 (Linux; Android 6.0.1; Nexus 5X Build/MMB29P) AppleWebKit/537.36 (KHTML, like Gecko) Chrome/141.0.7390.122 Mobile Safari/537.36 (compatible; Googlebot/2.1; +http://www.google.com/bot.html)"
66.249.79.37 - - [18/Dec/2025:22:53:29 +0000] "GET /7548015 HTTP/1.1" 200 203927 "-" "Mozilla/5.0 (Linux; Android 6.0.1; Nexus 5X Build/MMB29P) AppleWebKit/537.36 (KHTML, like Gecko) Chrome/141.0.7390.122 Mobile Safari/537.36 (compatible; Googlebot/2.1; +http://www.google.com/bot.html)"
66.249.79.32 - - [18/Dec/2025:22:53:47 +0000] "GET /7724433 HTTP/1.1" 200 202997 "-" "Mozilla/5.0 (Linux; Android 6.0.1; Nexus 5X Build/MMB29P) AppleWebKit/537.36 (KHTML, like Gecko) Chrome/141.0.7390.122 Mobile Safari/537.36 (compatible; Googlebot/2.1; +http://www.google.com/bot.html)"
66.249.79.32 - - [18/Dec/2025:22:54:13 +0000] "GET /?w=2159061163900 HTTP/1.1" 200 201066 "-" "Mozilla/5.0 (Linux; Android 6.0.1; Nexus 5X Build/MMB29P) AppleWebKit/537.36 (KHTML, like Gecko) Chrome/141.0.7390.122 Mobile Safari/537.36 (compatible; Googlebot/2.1; +http://www.google.com/bot.html)"
66.249.79.32 - - [18/Dec/2025:22:54:18 +0000] "GET /nadezhnye-onlajnkazino-zavedenie-uchetnoj-zapisi-i-igrovye-avtomaty/ HTTP/1.1" 200 204072 "-" "Mozilla/5.0 (Linux; Android 6.0.1; Nexus 5X Build/MMB29P) AppleWebKit/537.36 (KHTML, like Gecko) Chrome/141.0.7390.122 Mobile Safari/537.36 (compatible; Googlebot/2.1; +http://www.google.com/bot.html)"
66.249.79.32 - - [18/Dec/2025:22:54:38 +0000] "GET /63752793 HTTP/1.1" 200 204695 "-" "Mozilla/5.0 (Linux; Android 6.0.1; Nexus 5X Build/MMB29P) AppleWebKit/537.36 (KHTML, like Gecko) Chrome/141.0.7390.122 Mobile Safari/537.36 (compatible; Googlebot/2.1; +http://www.google.com/bot.html)"
2001:41d0:303:5877::1 - - [18/Dec/2025:22:54:42 +0000] "GET /kak-otkryt%D1%8C-panel%D1%8C-upravlenija-v-sisteme-windows/ HTTP/1.1" 403 0 "-" "Mozilla/5.0 (compatible; MJ12bot/v1.4.8; http://mj12bot.com/)"
66.249.79.33 - - [18/Dec/2025:22:55:04 +0000] "GET /?w=80903250000 HTTP/1.1" 200 188740 "-" "Mozilla/5.0 (Linux; Android 6.0.1; Nexus 5X Build/MMB29P) AppleWebKit/537.36 (KHTML, like Gecko) Chrome/141.0.7390.122 Mobile Safari/537.36 (compatible; Googlebot/2.1; +http://www.google.com/bot.html)"
66.249.79.33 - - [18/Dec/2025:22:55:05 +0000] "GET /294829484 HTTP/1.1" 200 185925 "-" "Mozilla/5.0 (Linux; Android 6.0.1; Nexus 5X Build/MMB29P) AppleWebKit/537.36 (KHTML, like Gecko) Chrome/141.0.7390.122 Mobile Safari/537.36 (compatible; Googlebot/2.1; +http://www.google.com/bot.html)"
66.249.79.32 - - [18/Dec/2025:22:55:28 +0000] "GET /rejting-doverennyh-kazino-kak-vybrat-luchshij-klub-dlja-uchetnoj-zapisi/ HTTP/1.1" 200 204665 "-" "Mozilla/5.0 (Linux; Android 6.0.1; Nexus 5X Build/MMB29P) AppleWebKit/537.36 (KHTML, like Gecko) Chrome/141.0.7390.122 Mobile Safari/537.36 (compatible; Googlebot/2.1; +http://www.google.com/bot.html)"
66.249.79.32 - - [18/Dec/2025:22:55:30 +0000] "GET /32807904 HTTP/1.1" 200 203983 "-" "Mozilla/5.0 (Linux; Android 6.0.1; Nexus 5X Build/MMB29P) AppleWebKit/537.36 (KHTML, like Gecko) Chrome/141.0.7390.122 Mobile Safari/537.36 (compatible; Googlebot/2.1; +http://www.google.com/bot.html)"
66.249.79.32 - - [18/Dec/2025:22:55:34 +0000] "GET /5945731 HTTP/1.1" 200 203047 "-" "Mozilla/5.0 (Linux; Android 6.0.1; Nexus 5X Build/MMB29P) AppleWebKit/537.36 (KHTML, like Gecko) Chrome/141.0.7390.122 Mobile Safari/537.36 (compatible; Googlebot/2.1; +http://www.google.com/bot.html)"
66.249.79.32 - - [18/Dec/2025:22:55:39 +0000] "GET /182911883 HTTP/1.1" 200 200202 "-" "Mozilla/5.0 (Linux; Android 6.0.1; Nexus 5X Build/MMB29P) AppleWebKit/537.36 (KHTML, like Gecko) Chrome/141.0.7390.122 Mobile Safari/537.36 (compatible; Googlebot/2.1; +http://www.google.com/bot.html)"
66.249.79.32 - - [18/Dec/2025:22:55:48 +0000] "GET /rassmotrenie-ofitsialnogo-vebsajta-i-igrovyh-mashin-igornogo-doma/ HTTP/1.1" 200 200853 "-" "Mozilla/5.0 (Linux; Android 6.0.1; Nexus 5X Build/MMB29P) AppleWebKit/537.36 (KHTML, like Gecko) Chrome/141.0.7390.122 Mobile Safari/537.36 (compatible; Googlebot/2.1; +http://www.google.com/bot.html)"
66.249.79.32 - - [18/Dec/2025:22:55:51 +0000] "GET /?w=015253046004 HTTP/1.1" 200 201989 "-" "Mozilla/5.0 (Linux; Android 6.0.1; Nexus 5X Build/MMB29P) AppleWebKit/537.36 (KHTML, like Gecko) Chrome/141.0.7390.122 Mobile Safari/537.36 (compatible; Googlebot/2.1; +http://www.google.com/bot.html)"
66.249.79.32 - - [18/Dec/2025:22:55:56 +0000] "GET /?w=6495127518703 HTTP/1.1" 200 203320 "-" "Mozilla/5.0 (Linux; Android 6.0.1; Nexus 5X Build/MMB29P) AppleWebKit/537.36 (KHTML, like Gecko) Chrome/141.0.7390.122 Mobile Safari/537.36 (compatible; Googlebot/2.1; +http://www.google.com/bot.html)"
40.77.167.25 - - [18/Dec/2025:22:56:13 +0000] "GET /?s=2026 HTTP/1.1" 200 204766 "-" "Mozilla/5.0 AppleWebKit/537.36 (KHTML, like Gecko; compatible; bingbot/2.0; +http://www.bing.com/bingbot.htm) Chrome/116.0.1938.76 Safari/537.36"
66.249.79.33 - - [18/Dec/2025:22:56:21 +0000] "GET /robots.txt HTTP/1.1" 304 0 "-" "Mozilla/5.0 (compatible; Googlebot/2.1; +http://www.google.com/bot.html)"
66.249.79.33 - - [18/Dec/2025:22:56:22 +0000] "GET /32255352 HTTP/1.1" 200 205405 "-" "Mozilla/5.0 (Linux; Android 6.0.1; Nexus 5X Build/MMB29P) AppleWebKit/537.36 (KHTML, like Gecko) Chrome/141.0.7390.122 Mobile Safari/537.36 (compatible; Googlebot/2.1; +http://www.google.com/bot.html)"
66.249.79.34 - - [18/Dec/2025:22:56:25 +0000] "GET /73836662 HTTP/1.1" 200 201132 "-" "Mozilla/5.0 (Linux; Android 6.0.1; Nexus 5X Build/MMB29P) AppleWebKit/537.36 (KHTML, like Gecko) Chrome/141.0.7390.122 Mobile Safari/537.36 (compatible; Googlebot/2.1; +http://www.google.com/bot.html)"
66.249.79.33 - - [18/Dec/2025:22:56:32 +0000] "GET /76881873 HTTP/1.1" 200 199817 "-" "Mozilla/5.0 (Linux; Android 6.0.1; Nexus 5X Build/MMB29P) AppleWebKit/537.36 (KHTML, like Gecko) Chrome/141.0.7390.122 Mobile Safari/537.36 (compatible; Googlebot/2.1; +http://www.google.com/bot.html)"
66.249.79.32 - - [18/Dec/2025:22:56:34 +0000] "GET /6829853 HTTP/1.1" 200 200199 "-" "Mozilla/5.0 (Linux; Android 6.0.1; Nexus 5X Build/MMB29P) AppleWebKit/537.36 (KHTML, like Gecko) Chrome/141.0.7390.122 Mobile Safari/537.36 (compatible; Googlebot/2.1; +http://www.google.com/bot.html)"
66.249.79.34 - - [18/Dec/2025:22:57:07 +0000] "GET /19795075 HTTP/1.1" 200 202625 "-" "Mozilla/5.0 (Linux; Android 6.0.1; Nexus 5X Build/MMB29P) AppleWebKit/537.36 (KHTML, like Gecko) Chrome/141.0.7390.122 Mobile Safari/537.36 (compatible; Googlebot/2.1; +http://www.google.com/bot.html)"
66.249.79.32 - - [18/Dec/2025:22:57:08 +0000] "GET /?w=0801661950003 HTTP/1.1" 200 198082 "-" "Mozilla/5.0 (Linux; Android 6.0.1; Nexus 5X Build/MMB29P) AppleWebKit/537.36 (KHTML, like Gecko) Chrome/141.0.7390.122 Mobile Safari/537.36 (compatible; Googlebot/2.1; +http://www.google.com/bot.html)"
66.249.79.33 - - [18/Dec/2025:22:57:21 +0000] "GET /9449436 HTTP/1.1" 200 203450 "-" "Mozilla/5.0 (Linux; Android 6.0.1; Nexus 5X Build/MMB29P) AppleWebKit/537.36 (KHTML, like Gecko) Chrome/141.0.7390.122 Mobile Safari/537.36 (compatible; Googlebot/2.1; +http://www.google.com/bot.html)"
66.249.79.33 - - [18/Dec/2025:22:57:22 +0000] "GET /948192832 HTTP/1.1" 200 183673 "-" "Mozilla/5.0 (Linux; Android 6.0.1; Nexus 5X Build/MMB29P) AppleWebKit/537.36 (KHTML, like Gecko) Chrome/141.0.7390.122 Mobile Safari/537.36 (compatible; Googlebot/2.1; +http://www.google.com/bot.html)"
159.198.77.92 - - [18/Dec/2025:22:57:28 +0000] "POST /wp-cron.php?doing_wp_cron=1766098648.4077229499816894531250 HTTP/1.1" 404 27478 "-" "WordPress/6.9; https://luxwento.com"
14.180.234.210 - - [18/Dec/2025:22:57:28 +0000] "GET /xmlrpc.php HTTP/1.1" 404 27502 "-" "Mozilla/5.0 (Windows NT 10.0; WOW64; rv:45.0) Gecko/20100101 Firefox/45.0"
66.249.79.32 - - [18/Dec/2025:22:57:39 +0000] "GET /?w=8876911270202 HTTP/1.1" 200 188083 "-" "Mozilla/5.0 (Linux; Android 6.0.1; Nexus 5X Build/MMB29P) AppleWebKit/537.36 (KHTML, like Gecko) Chrome/141.0.7390.122 Mobile Safari/537.36 (compatible; Googlebot/2.1; +http://www.google.com/bot.html)"
66.249.79.32 - - [18/Dec/2025:22:57:48 +0000] "GET /395554229 HTTP/1.1" 200 184557 "-" "Mozilla/5.0 (Linux; Android 6.0.1; Nexus 5X Build/MMB29P) AppleWebKit/537.36 (KHTML, like Gecko) Chrome/141.0.7390.122 Mobile Safari/537.36 (compatible; Googlebot/2.1; +http://www.google.com/bot.html)"
66.249.79.33 - - [18/Dec/2025:22:58:04 +0000] "GET /2913714 HTTP/1.1" 200 202634 "-" "Mozilla/5.0 (Linux; Android 6.0.1; Nexus 5X Build/MMB29P) AppleWebKit/537.36 (KHTML, like Gecko) Chrome/141.0.7390.122 Mobile Safari/537.36 (compatible; Googlebot/2.1; +http://www.google.com/bot.html)"
159.198.77.92 - - [18/Dec/2025:22:58:35 +0000] "POST /wp-cron.php?doing_wp_cron=1766098715.0389521121978759765625 HTTP/1.1" 404 27478 "-" "WordPress/6.9; https://luxwento.com"
2a03:2880:f800:3a:: - - [18/Dec/2025:22:58:35 +0000] "GET /wp-json/wp/v2/posts/2865 HTTP/1.1" 200 66054 "-" "meta-externalagent/1.1 (+https://developers.facebook.com/docs/sharing/webmasters/crawler)"
66.249.79.33 - - [18/Dec/2025:22:58:44 +0000] "GET /43878774?item=0043661754 HTTP/1.1" 200 205835 "-" "Mozilla/5.0 (Linux; Android 6.0.1; Nexus 5X Build/MMB29P) AppleWebKit/537.36 (KHTML, like Gecko) Chrome/141.0.7390.122 Mobile Safari/537.36 (compatible; Googlebot/2.1; +http://www.google.com/bot.html)"
66.249.79.32 - - [18/Dec/2025:22:59:26 +0000] "GET /top-internet-kazino-retsenzii-i-funktsii/ HTTP/1.1" 200 205269 "-" "Mozilla/5.0 (Linux; Android 6.0.1; Nexus 5X Build/MMB29P) AppleWebKit/537.36 (KHTML, like Gecko) Chrome/141.0.7390.122 Mobile Safari/537.36 (compatible; Googlebot/2.1; +http://www.google.com/bot.html)"
66.249.79.32 - - [18/Dec/2025:22:59:44 +0000] "GET /943875466 HTTP/1.1" 200 187874 "-" "Mozilla/5.0 (Linux; Android 6.0.1; Nexus 5X Build/MMB29P) AppleWebKit/537.36 (KHTML, like Gecko) Chrome/141.0.7390.122 Mobile Safari/537.36 (compatible; Googlebot/2.1; +http://www.google.com/bot.html)"
66.249.79.32 - - [18/Dec/2025:22:59:44 +0000] "GET /569918900 HTTP/1.1" 200 198668 "-" "Mozilla/5.0 (Linux; Android 6.0.1; Nexus 5X Build/MMB29P) AppleWebKit/537.36 (KHTML, like Gecko) Chrome/141.0.7390.122 Mobile Safari/537.36 (compatible; Googlebot/2.1; +http://www.google.com/bot.html)"
66.249.79.32 - - [18/Dec/2025:22:59:44 +0000] "GET /52077365 HTTP/1.1" 200 203964 "-" "Mozilla/5.0 (Linux; Android 6.0.1; Nexus 5X Build/MMB29P) AppleWebKit/537.36 (KHTML, like Gecko) Chrome/141.0.7390.122 Mobile Safari/537.36 (compatible; Googlebot/2.1; +http://www.google.com/bot.html)"
66.249.79.32 - - [18/Dec/2025:22:59:51 +0000] "GET /18055177 HTTP/1.1" 200 203137 "-" "Mozilla/5.0 (Linux; Android 6.0.1; Nexus 5X Build/MMB29P) AppleWebKit/537.36 (KHTML, like Gecko) Chrome/141.0.7390.122 Mobile Safari/537.36 (compatible; Googlebot/2.1; +http://www.google.com/bot.html)"
66.249.79.32 - - [18/Dec/2025:22:59:57 +0000] "GET /43880114?item=0043663088 HTTP/1.1" 200 204121 "-" "Mozilla/5.0 (Linux; Android 6.0.1; Nexus 5X Build/MMB29P) AppleWebKit/537.36 (KHTML, like Gecko) Chrome/141.0.7390.122 Mobile Safari/537.36 (compatible; Googlebot/2.1; +http://www.google.com/bot.html)"
66.249.79.33 - - [18/Dec/2025:23:00:10 +0000] "GET /79175808 HTTP/1.1" 200 201740 "-" "Mozilla/5.0 (Linux; Android 6.0.1; Nexus 5X Build/MMB29P) AppleWebKit/537.36 (KHTML, like Gecko) Chrome/141.0.7390.122 Mobile Safari/537.36 (compatible; Googlebot/2.1; +http://www.google.com/bot.html)"
66.249.79.33 - - [18/Dec/2025:23:00:15 +0000] "GET /rejting-internet-igornyh-zavedenij-2025-dlja-azartnyh-igr-na-dengi/ HTTP/1.1" 200 205369 "-" "Mozilla/5.0 (Linux; Android 6.0.1; Nexus 5X Build/MMB29P) AppleWebKit/537.36 (KHTML, like Gecko) Chrome/141.0.7390.122 Mobile Safari/537.36 (compatible; Googlebot/2.1; +http://www.google.com/bot.html)"
66.249.79.32 - - [18/Dec/2025:23:00:16 +0000] "GET /284425201 HTTP/1.1" 200 183633 "-" "Mozilla/5.0 (Linux; Android 6.0.1; Nexus 5X Build/MMB29P) AppleWebKit/537.36 (KHTML, like Gecko) Chrome/141.0.7390.122 Mobile Safari/537.36 (compatible; Googlebot/2.1; +http://www.google.com/bot.html)"
66.249.79.32 - - [18/Dec/2025:23:00:42 +0000] "GET /360130704?item=0358348081 HTTP/1.1" 200 188392 "-" "Mozilla/5.0 (Linux; Android 6.0.1; Nexus 5X Build/MMB29P) AppleWebKit/537.36 (KHTML, like Gecko) Chrome/141.0.7390.122 Mobile Safari/537.36 (compatible; Googlebot/2.1; +http://www.google.com/bot.html)"
136.243.67.161 - - [18/Dec/2025:23:00:50 +0000] "GET /the-crypto-trading-bot-for-critical-merchants/ HTTP/1.1" 200 63817 "https://luxwento.com/" "Mozilla/5.0 (Windows NT 10.0; WOW64) AppleWebKit/537.36 (KHTML, like Gecko) Chrome/114.0.0.0 Safari/537.36 Vivaldi/5.3.2679.68"
136.243.67.161 - - [18/Dec/2025:23:00:51 +0000] "GET /page-449/ HTTP/1.1" 200 36440 "https://luxwento.com/the-crypto-trading-bot-for-critical-merchants/" "Mozilla/5.0 (Windows NT 10.0; WOW64) AppleWebKit/537.36 (KHTML, like Gecko) Chrome/114.0.0.0 Safari/537.36 Vivaldi/5.3.2679.68"
66.249.79.33 - - [18/Dec/2025:23:00:55 +0000] "GET /816413515 HTTP/1.1" 200 185053 "-" "Mozilla/5.0 (Linux; Android 6.0.1; Nexus 5X Build/MMB29P) AppleWebKit/537.36 (KHTML, like Gecko) Chrome/141.0.7390.122 Mobile Safari/537.36 (compatible; Googlebot/2.1; +http://www.google.com/bot.html)"
66.249.79.32 - - [18/Dec/2025:23:01:08 +0000] "GET /360128358?item=0358345746 HTTP/1.1" 200 188505 "-" "Mozilla/5.0 (Linux; Android 6.0.1; Nexus 5X Build/MMB29P) AppleWebKit/537.36 (KHTML, like Gecko) Chrome/141.0.7390.122 Mobile Safari/537.36 (compatible; Googlebot/2.1; +http://www.google.com/bot.html)"
66.249.79.32 - - [18/Dec/2025:23:01:19 +0000] "GET /analiz-internetkazino-osnovnoj-sajt-i-igrovye-avtomaty/ HTTP/1.1" 200 202984 "-" "Mozilla/5.0 (Linux; Android 6.0.1; Nexus 5X Build/MMB29P) AppleWebKit/537.36 (KHTML, like Gecko) Chrome/141.0.7390.122 Mobile Safari/537.36 (compatible; Googlebot/2.1; +http://www.google.com/bot.html)"
66.249.79.32 - - [18/Dec/2025:23:01:31 +0000] "GET /65123922?item=0064801728 HTTP/1.1" 200 205178 "-" "Mozilla/5.0 (Linux; Android 6.0.1; Nexus 5X Build/MMB29P) AppleWebKit/537.36 (KHTML, like Gecko) Chrome/141.0.7390.122 Mobile Safari/537.36 (compatible; Googlebot/2.1; +http://www.google.com/bot.html)"
66.249.79.32 - - [18/Dec/2025:23:01:56 +0000] "GET /292609194?item=0291160836 HTTP/1.1" 200 188439 "-" "Mozilla/5.0 (Linux; Android 6.0.1; Nexus 5X Build/MMB29P) AppleWebKit/537.36 (KHTML, like Gecko) Chrome/141.0.7390.122 Mobile Safari/537.36 (compatible; Googlebot/2.1; +http://www.google.com/bot.html)"
159.198.77.92 - - [18/Dec/2025:23:02:33 +0000] "POST /wp-cron.php?doing_wp_cron=1766098953.2563920021057128906250 HTTP/1.1" 404 27478 "-" "WordPress/6.9; https://luxwento.com"
2a03:2880:f800:2e:: - - [18/Dec/2025:23:02:33 +0000] "GET /tag/nv-kasyno-opinie/feed/ HTTP/1.1" 200 17826 "-" "meta-externalagent/1.1 (+https://developers.facebook.com/docs/sharing/webmasters/crawler)"
66.249.79.32 - - [18/Dec/2025:23:02:42 +0000] "GET /55623104?item=0055347945 HTTP/1.1" 200 204274 "-" "Mozilla/5.0 (Linux; Android 6.0.1; Nexus 5X Build/MMB29P) AppleWebKit/537.36 (KHTML, like Gecko) Chrome/141.0.7390.122 Mobile Safari/537.36 (compatible; Googlebot/2.1; +http://www.google.com/bot.html)"
66.249.79.32 - - [18/Dec/2025:23:02:49 +0000] "GET /61980065 HTTP/1.1" 200 206528 "-" "Mozilla/5.0 (Linux; Android 6.0.1; Nexus 5X Build/MMB29P) AppleWebKit/537.36 (KHTML, like Gecko) Chrome/141.0.7390.122 Mobile Safari/537.36 (compatible; Googlebot/2.1; +http://www.google.com/bot.html)"
66.249.79.32 - - [18/Dec/2025:23:02:54 +0000] "GET /2708198?item=0002694994 HTTP/1.1" 200 201541 "-" "Mozilla/5.0 (Linux; Android 6.0.1; Nexus 5X Build/MMB29P) AppleWebKit/537.36 (KHTML, like Gecko) Chrome/141.0.7390.122 Mobile Safari/537.36 (compatible; Googlebot/2.1; +http://www.google.com/bot.html)"
66.249.79.33 - - [18/Dec/2025:23:03:19 +0000] "GET /populjarnye-kazino-2025-goda/ HTTP/1.1" 200 204981 "-" "Mozilla/5.0 (Linux; Android 6.0.1; Nexus 5X Build/MMB29P) AppleWebKit/537.36 (KHTML, like Gecko) Chrome/141.0.7390.122 Mobile Safari/537.36 (compatible; Googlebot/2.1; +http://www.google.com/bot.html)"
66.249.79.32 - - [18/Dec/2025:23:03:29 +0000] "GET /4446348 HTTP/1.1" 200 200150 "-" "Mozilla/5.0 (Linux; Android 6.0.1; Nexus 5X Build/MMB29P) AppleWebKit/537.36 (KHTML, like Gecko) Chrome/141.0.7390.122 Mobile Safari/537.36 (compatible; Googlebot/2.1; +http://www.google.com/bot.html)"
66.249.79.33 - - [18/Dec/2025:23:03:33 +0000] "GET /65121918?item=0064799734 HTTP/1.1" 200 204685 "-" "Mozilla/5.0 (Linux; Android 6.0.1; Nexus 5X Build/MMB29P) AppleWebKit/537.36 (KHTML, like Gecko) Chrome/141.0.7390.122 Mobile Safari/537.36 (compatible; Googlebot/2.1; +http://www.google.com/bot.html)"
52.167.144.203 - - [18/Dec/2025:23:03:41 +0000] "GET /slot-bertema-safari-berburu-kemenangan-di-alam-liar/ HTTP/1.1" 200 205224 "-" "Mozilla/5.0 AppleWebKit/537.36 (KHTML, like Gecko; compatible; bingbot/2.0; +http://www.bing.com/bingbot.htm) Chrome/116.0.1938.76 Safari/537.36"
66.249.79.32 - - [18/Dec/2025:23:03:46 +0000] "GET /21959416?item=0021850909 HTTP/1.1" 200 202018 "-" "Mozilla/5.0 (Linux; Android 6.0.1; Nexus 5X Build/MMB29P) AppleWebKit/537.36 (KHTML, like Gecko) Chrome/141.0.7390.122 Mobile Safari/537.36 (compatible; Googlebot/2.1; +http://www.google.com/bot.html)"
66.249.79.32 - - [18/Dec/2025:23:03:59 +0000] "GET /975980766 HTTP/1.1" 200 188446 "-" "Mozilla/5.0 (Linux; Android 6.0.1; Nexus 5X Build/MMB29P) AppleWebKit/537.36 (KHTML, like Gecko) Chrome/141.0.7390.122 Mobile Safari/537.36 (compatible; Googlebot/2.1; +http://www.google.com/bot.html)"
66.249.79.32 - - [18/Dec/2025:23:04:00 +0000] "GET /edinyj-portal-dlja-bettinga-na-atletiku-i-internetkazino/ HTTP/1.1" 200 205393 "-" "Mozilla/5.0 (Linux; Android 6.0.1; Nexus 5X Build/MMB29P) AppleWebKit/537.36 (KHTML, like Gecko) Chrome/141.0.7390.122 Mobile Safari/537.36 (compatible; Googlebot/2.1; +http://www.google.com/bot.html)"
66.249.79.32 - - [18/Dec/2025:23:04:05 +0000] "GET /68800116?item=0068459723 HTTP/1.1" 200 203409 "-" "Mozilla/5.0 (Linux; Android 6.0.1; Nexus 5X Build/MMB29P) AppleWebKit/537.36 (KHTML, like Gecko) Chrome/141.0.7390.122 Mobile Safari/537.36 (compatible; Googlebot/2.1; +http://www.google.com/bot.html)"
159.198.77.92 - - [18/Dec/2025:23:04:23 +0000] "POST /wp-cron.php?doing_wp_cron=1766099063.0938560962677001953125 HTTP/1.1" 404 27478 "-" "WordPress/6.9; https://luxwento.com"
185.170.167.18 - - [18/Dec/2025:23:04:23 +0000] "GET /otchego-ljudi-obozhajut-kollektirovat-kollektsii/ HTTP/1.1" 200 49329 "-" "Mozilla/5.0 (compatible; BacklinksExtendedBot)"
66.249.79.32 - - [18/Dec/2025:23:04:31 +0000] "GET /44417450?item=0044197764 HTTP/1.1" 200 201484 "-" "Mozilla/5.0 (Linux; Android 6.0.1; Nexus 5X Build/MMB29P) AppleWebKit/537.36 (KHTML, like Gecko) Chrome/141.0.7390.122 Mobile Safari/537.36 (compatible; Googlebot/2.1; +http://www.google.com/bot.html)"
66.249.79.32 - - [18/Dec/2025:23:04:57 +0000] "GET /165165118?item=0164347670 HTTP/1.1" 200 205874 "-" "Mozilla/5.0 (Linux; Android 6.0.1; Nexus 5X Build/MMB29P) AppleWebKit/537.36 (KHTML, like Gecko) Chrome/141.0.7390.122 Mobile Safari/537.36 (compatible; Googlebot/2.1; +http://www.google.com/bot.html)"
66.249.79.32 - - [18/Dec/2025:23:05:16 +0000] "GET /26860428 HTTP/1.1" 200 198105 "-" "Mozilla/5.0 (Linux; Android 6.0.1; Nexus 5X Build/MMB29P) AppleWebKit/537.36 (KHTML, like Gecko) Chrome/141.0.7390.122 Mobile Safari/537.36 (compatible; Googlebot/2.1; +http://www.google.com/bot.html)"
66.249.79.32 - - [18/Dec/2025:23:05:22 +0000] "GET /367008548?item=0365191875 HTTP/1.1" 200 188737 "-" "Mozilla/5.0 (Linux; Android 6.0.1; Nexus 5X Build/MMB29P) AppleWebKit/537.36 (KHTML, like Gecko) Chrome/141.0.7390.122 Mobile Safari/537.36 (compatible; Googlebot/2.1; +http://www.google.com/bot.html)"
66.249.79.32 - - [18/Dec/2025:23:05:29 +0000] "GET /8687573 HTTP/1.1" 200 202614 "-" "Mozilla/5.0 (Linux; Android 6.0.1; Nexus 5X Build/MMB29P) AppleWebKit/537.36 (KHTML, like Gecko) Chrome/141.0.7390.122 Mobile Safari/537.36 (compatible; Googlebot/2.1; +http://www.google.com/bot.html)"
66.249.79.32 - - [18/Dec/2025:23:05:48 +0000] "GET /6738566 HTTP/1.1" 200 203879 "-" "Mozilla/5.0 (Linux; Android 6.0.1; Nexus 5X Build/MMB29P) AppleWebKit/537.36 (KHTML, like Gecko) Chrome/141.0.7390.122 Mobile Safari/537.36 (compatible; Googlebot/2.1; +http://www.google.com/bot.html)"
159.198.77.92 - - [18/Dec/2025:23:06:03 +0000] "POST /wp-cron.php?doing_wp_cron=1766099163.1753940582275390625000 HTTP/1.1" 404 27478 "-" "WordPress/6.9; https://luxwento.com"
