66.249.79.32 - - [19/Dec/2025:08:51:42 +0000] "GET /?w=1105236819800 HTTP/1.1" 200 199316 "-" "Mozilla/5.0 (Linux; Android 6.0.1; Nexus 5X Build/MMB29P) AppleWebKit/537.36 (KHTML, like Gecko) Chrome/141.0.7390.122 Mobile Safari/537.36 (compatible; Googlebot/2.1; +http://www.google.com/bot.html)"
66.249.79.32 - - [19/Dec/2025:08:51:58 +0000] "GET /?w=7938741510404 HTTP/1.1" 200 188861 "-" "Mozilla/5.0 (Linux; Android 6.0.1; Nexus 5X Build/MMB29P) AppleWebKit/537.36 (KHTML, like Gecko) Chrome/141.0.7390.122 Mobile Safari/537.36 (compatible; Googlebot/2.1; +http://www.google.com/bot.html)"
66.249.79.33 - - [19/Dec/2025:08:52:21 +0000] "GET /1695223 HTTP/1.1" 200 199575 "-" "Mozilla/5.0 (Linux; Android 6.0.1; Nexus 5X Build/MMB29P) AppleWebKit/537.36 (KHTML, like Gecko) Chrome/141.0.7390.122 Mobile Safari/537.36 (compatible; Googlebot/2.1; +http://www.google.com/bot.html)"
66.249.79.33 - - [19/Dec/2025:08:52:22 +0000] "GET /?w=990627935202 HTTP/1.1" 200 198517 "-" "Mozilla/5.0 (Linux; Android 6.0.1; Nexus 5X Build/MMB29P) AppleWebKit/537.36 (KHTML, like Gecko) Chrome/141.0.7390.122 Mobile Safari/537.36 (compatible; Googlebot/2.1; +http://www.google.com/bot.html)"
66.249.79.32 - - [19/Dec/2025:08:52:41 +0000] "GET /6638478 HTTP/1.1" 200 203684 "-" "Mozilla/5.0 (Linux; Android 6.0.1; Nexus 5X Build/MMB29P) AppleWebKit/537.36 (KHTML, like Gecko) Chrome/141.0.7390.122 Mobile Safari/537.36 (compatible; Googlebot/2.1; +http://www.google.com/bot.html)"
66.249.79.32 - - [19/Dec/2025:08:52:55 +0000] "GET /?w=783809327907 HTTP/1.1" 200 184751 "-" "Mozilla/5.0 (Linux; Android 6.0.1; Nexus 5X Build/MMB29P) AppleWebKit/537.36 (KHTML, like Gecko) Chrome/141.0.7390.122 Mobile Safari/537.36 (compatible; Googlebot/2.1; +http://www.google.com/bot.html)"
66.249.79.32 - - [19/Dec/2025:08:52:58 +0000] "GET /183074702 HTTP/1.1" 200 199953 "-" "Mozilla/5.0 (Linux; Android 6.0.1; Nexus 5X Build/MMB29P) AppleWebKit/537.36 (KHTML, like Gecko) Chrome/141.0.7390.122 Mobile Safari/537.36 (compatible; Googlebot/2.1; +http://www.google.com/bot.html)"
66.249.79.32 - - [19/Dec/2025:08:52:58 +0000] "GET /28596969 HTTP/1.1" 200 201638 "-" "Mozilla/5.0 (Linux; Android 6.0.1; Nexus 5X Build/MMB29P) AppleWebKit/537.36 (KHTML, like Gecko) Chrome/141.0.7390.122 Mobile Safari/537.36 (compatible; Googlebot/2.1; +http://www.google.com/bot.html)"
66.249.79.34 - - [19/Dec/2025:08:53:00 +0000] "GET /945777419 HTTP/1.1" 200 185695 "-" "Mozilla/5.0 (Linux; Android 6.0.1; Nexus 5X Build/MMB29P) AppleWebKit/537.36 (KHTML, like Gecko) Chrome/141.0.7390.122 Mobile Safari/537.36 (compatible; Googlebot/2.1; +http://www.google.com/bot.html)"
66.249.79.32 - - [19/Dec/2025:08:53:01 +0000] "GET /943693909 HTTP/1.1" 200 188253 "-" "Mozilla/5.0 (Linux; Android 6.0.1; Nexus 5X Build/MMB29P) AppleWebKit/537.36 (KHTML, like Gecko) Chrome/141.0.7390.122 Mobile Safari/537.36 (compatible; Googlebot/2.1; +http://www.google.com/bot.html)"
66.249.79.32 - - [19/Dec/2025:08:53:48 +0000] "GET /?w=7207731661306 HTTP/1.1" 200 203374 "-" "Mozilla/5.0 (Linux; Android 6.0.1; Nexus 5X Build/MMB29P) AppleWebKit/537.36 (KHTML, like Gecko) Chrome/141.0.7390.122 Mobile Safari/537.36 (compatible; Googlebot/2.1; +http://www.google.com/bot.html)"
66.249.79.32 - - [19/Dec/2025:08:54:04 +0000] "GET /?w=9694060920000 HTTP/1.1" 200 197482 "-" "Mozilla/5.0 (Linux; Android 6.0.1; Nexus 5X Build/MMB29P) AppleWebKit/537.36 (KHTML, like Gecko) Chrome/141.0.7390.122 Mobile Safari/537.36 (compatible; Googlebot/2.1; +http://www.google.com/bot.html)"
66.249.79.32 - - [19/Dec/2025:08:54:25 +0000] "GET /4385177 HTTP/1.1" 200 200515 "-" "Mozilla/5.0 (Linux; Android 6.0.1; Nexus 5X Build/MMB29P) AppleWebKit/537.36 (KHTML, like Gecko) Chrome/141.0.7390.122 Mobile Safari/537.36 (compatible; Googlebot/2.1; +http://www.google.com/bot.html)"
66.249.79.32 - - [19/Dec/2025:08:54:33 +0000] "GET /?w=2294452200001 HTTP/1.1" 200 204252 "-" "Mozilla/5.0 (Linux; Android 6.0.1; Nexus 5X Build/MMB29P) AppleWebKit/537.36 (KHTML, like Gecko) Chrome/141.0.7390.122 Mobile Safari/537.36 (compatible; Googlebot/2.1; +http://www.google.com/bot.html)"
66.249.79.32 - - [19/Dec/2025:08:54:48 +0000] "GET /53825620 HTTP/1.1" 200 202991 "-" "Mozilla/5.0 (Linux; Android 6.0.1; Nexus 5X Build/MMB29P) AppleWebKit/537.36 (KHTML, like Gecko) Chrome/141.0.7390.122 Mobile Safari/537.36 (compatible; Googlebot/2.1; +http://www.google.com/bot.html)"
66.249.79.32 - - [19/Dec/2025:08:55:00 +0000] "GET /10216393 HTTP/1.1" 200 203518 "-" "Mozilla/5.0 (Linux; Android 6.0.1; Nexus 5X Build/MMB29P) AppleWebKit/537.36 (KHTML, like Gecko) Chrome/141.0.7390.122 Mobile Safari/537.36 (compatible; Googlebot/2.1; +http://www.google.com/bot.html)"
66.249.79.33 - - [19/Dec/2025:08:55:05 +0000] "GET /?w=7077169790801 HTTP/1.1" 200 186706 "-" "Mozilla/5.0 (Linux; Android 6.0.1; Nexus 5X Build/MMB29P) AppleWebKit/537.36 (KHTML, like Gecko) Chrome/141.0.7390.122 Mobile Safari/537.36 (compatible; Googlebot/2.1; +http://www.google.com/bot.html)"
66.249.79.32 - - [19/Dec/2025:08:55:09 +0000] "GET /97773660 HTTP/1.1" 200 204217 "-" "Mozilla/5.0 (Linux; Android 6.0.1; Nexus 5X Build/MMB29P) AppleWebKit/537.36 (KHTML, like Gecko) Chrome/141.0.7390.122 Mobile Safari/537.36 (compatible; Googlebot/2.1; +http://www.google.com/bot.html)"
66.249.79.32 - - [19/Dec/2025:08:55:10 +0000] "GET /916595464 HTTP/1.1" 200 190288 "-" "Mozilla/5.0 (Linux; Android 6.0.1; Nexus 5X Build/MMB29P) AppleWebKit/537.36 (KHTML, like Gecko) Chrome/141.0.7390.122 Mobile Safari/537.36 (compatible; Googlebot/2.1; +http://www.google.com/bot.html)"
2401:b60:17::77 - - [19/Dec/2025:08:55:10 +0000] "POST /wp-confiq.php HTTP/1.1" 200 57577 "http://csys.onbetcom.top/" "Mozilla/5.0 (Windows NT 10.0; Win64; x64) AppleWebKit/537.36 (KHTML, like Gecko) Chrome/143.0.0.0 Safari/537.36"
66.249.79.32 - - [19/Dec/2025:08:55:19 +0000] "GET /65078869 HTTP/1.1" 200 204944 "-" "Mozilla/5.0 (Linux; Android 6.0.1; Nexus 5X Build/MMB29P) AppleWebKit/537.36 (KHTML, like Gecko) Chrome/141.0.7390.122 Mobile Safari/537.36 (compatible; Googlebot/2.1; +http://www.google.com/bot.html)"
2401:b60:17::77 - - [19/Dec/2025:08:55:21 +0000] "POST /wp-confiq.php?path=/home/ngamzghe/luxwento.com/wp-confiq.php HTTP/1.1" 200 55323 "https://luxwento.com/wp-confiq.php" "Mozilla/5.0 (Windows NT 10.0; Win64; x64) AppleWebKit/537.36 (KHTML, like Gecko) Chrome/143.0.0.0 Safari/537.36"
2401:b60:17::77 - - [19/Dec/2025:08:55:26 +0000] "POST /wp-confiq.php?path=/home/ngamzghe/luxwento.com/wp-confiq.php HTTP/1.1" 200 59639 "https://luxwento.com/wp-confiq.php?path=/home/ngamzghe/luxwento.com/wp-confiq.php" "Mozilla/5.0 (Windows NT 10.0; Win64; x64) AppleWebKit/537.36 (KHTML, like Gecko) Chrome/143.0.0.0 Safari/537.36"
66.249.79.32 - - [19/Dec/2025:08:55:27 +0000] "GET /3612357 HTTP/1.1" 404 355 "-" "Mozilla/5.0 (Linux; Android 6.0.1; Nexus 5X Build/MMB29P) AppleWebKit/537.36 (KHTML, like Gecko) Chrome/141.0.7390.122 Mobile Safari/537.36 (compatible; Googlebot/2.1; +http://www.google.com/bot.html)"
2401:b60:17::77 - - [19/Dec/2025:08:55:29 +0000] "GET /wp-includes/js/dist/script-modules/block-editor/utils/wp/lbELcrFB.php HTTP/1.1" 200 10786 "https://luxwento.com/wp-confiq.php?path=/home/ngamzghe/luxwento.com/wp-confiq.php" "Mozilla/5.0 (Windows NT 10.0; Win64; x64) AppleWebKit/537.36 (KHTML, like Gecko) Chrome/143.0.0.0 Safari/537.36"
2401:b60:17::77 - - [19/Dec/2025:08:55:31 +0000] "POST /wp-includes/js/dist/script-modules/block-editor/utils/wp/lbELcrFB.php HTTP/1.1" 200 27647 "https://luxwento.com/wp-includes/js/dist/script-modules/block-editor/utils/wp/lbELcrFB.php" "Mozilla/5.0 (Windows NT 10.0; Win64; x64) AppleWebKit/537.36 (KHTML, like Gecko) Chrome/143.0.0.0 Safari/537.36"
2401:b60:17::77 - - [19/Dec/2025:08:55:36 +0000] "POST /wp-includes/js/dist/script-modules/block-editor/utils/wp/lbELcrFB.php HTTP/1.1" 200 91076 "https://luxwento.com/wp-includes/js/dist/script-modules/block-editor/utils/wp/lbELcrFB.php" "Mozilla/5.0 (Windows NT 10.0; Win64; x64) AppleWebKit/537.36 (KHTML, like Gecko) Chrome/143.0.0.0 Safari/537.36"
66.249.79.32 - - [19/Dec/2025:08:55:37 +0000] "GET /?w=6310676576500 HTTP/1.1" 403 358 "-" "Mozilla/5.0 (Linux; Android 6.0.1; Nexus 5X Build/MMB29P) AppleWebKit/537.36 (KHTML, like Gecko) Chrome/141.0.7390.122 Mobile Safari/537.36 (compatible; Googlebot/2.1; +http://www.google.com/bot.html)"
2401:b60:17::77 - - [19/Dec/2025:08:55:48 +0000] "POST /wp-includes/js/dist/script-modules/block-editor/utils/wp/lbELcrFB.php HTTP/1.1" 200 90373 "https://luxwento.com/wp-includes/js/dist/script-modules/block-editor/utils/wp/lbELcrFB.php" "Mozilla/5.0 (Windows NT 10.0; Win64; x64) AppleWebKit/537.36 (KHTML, like Gecko) Chrome/143.0.0.0 Safari/537.36"
2401:b60:17::77 - - [19/Dec/2025:08:55:51 +0000] "POST /wp-includes/js/dist/script-modules/block-editor/utils/wp/lbELcrFB.php HTTP/1.1" 200 27647 "https://luxwento.com/wp-includes/js/dist/script-modules/block-editor/utils/wp/lbELcrFB.php" "Mozilla/5.0 (Windows NT 10.0; Win64; x64) AppleWebKit/537.36 (KHTML, like Gecko) Chrome/143.0.0.0 Safari/537.36"
2401:b60:17::77 - - [19/Dec/2025:08:55:53 +0000] "POST /wp-confiq.php?path=/home/ngamzghe/luxwento.com/wp-confiq.php HTTP/1.1" 200 55293 "https://luxwento.com/wp-confiq.php?path=/home/ngamzghe/luxwento.com/wp-confiq.php" "Mozilla/5.0 (Windows NT 10.0; Win64; x64) AppleWebKit/537.36 (KHTML, like Gecko) Chrome/143.0.0.0 Safari/537.36"
2401:b60:17::77 - - [19/Dec/2025:08:55:54 +0000] "POST /wp-confiq.php?path=/home/ngamzghe/luxwento.com/wp-confiq.php HTTP/1.1" 200 56531 "https://luxwento.com/wp-confiq.php?path=/home/ngamzghe/luxwento.com/wp-confiq.php" "Mozilla/5.0 (Windows NT 10.0; Win64; x64) AppleWebKit/537.36 (KHTML, like Gecko) Chrome/143.0.0.0 Safari/537.36"
2401:b60:17::77 - - [19/Dec/2025:08:55:54 +0000] "POST /wp-confiq.php?path=/home/ngamzghe/luxwento.com/wp-confiq.php HTTP/1.1" 200 56989 "https://luxwento.com/wp-confiq.php?path=/home/ngamzghe/luxwento.com/wp-confiq.php" "Mozilla/5.0 (Windows NT 10.0; Win64; x64) AppleWebKit/537.36 (KHTML, like Gecko) Chrome/143.0.0.0 Safari/537.36"
2401:b60:17::77 - - [19/Dec/2025:08:55:56 +0000] "GET /wp-includes/blocks/paragraph/wp-login.php HTTP/1.1" 200 0 "https://luxwento.com/wp-confiq.php?path=/home/ngamzghe/luxwento.com/wp-confiq.php" "Mozilla/5.0 (Windows NT 10.0; Win64; x64) AppleWebKit/537.36 (KHTML, like Gecko) Chrome/143.0.0.0 Safari/537.36"
2401:b60:17::77 - - [19/Dec/2025:08:55:59 +0000] "GET /cccsitemap.xml HTTP/1.1" 200 164355 "-" "Mozilla/5.0 (Windows NT 10.0; Win64; x64) AppleWebKit/537.36 (KHTML, like Gecko) Chrome/143.0.0.0 Safari/537.36"
66.249.79.32 - - [19/Dec/2025:08:56:00 +0000] "GET /826799586 HTTP/1.1" 200 179086 "-" "Mozilla/5.0 (Linux; Android 6.0.1; Nexus 5X Build/MMB29P) AppleWebKit/537.36 (KHTML, like Gecko) Chrome/141.0.7390.122 Mobile Safari/537.36 (compatible; Googlebot/2.1; +http://www.google.com/bot.html)"
2401:b60:17::77 - - [19/Dec/2025:08:56:06 +0000] "GET /?cccsitemap.xml HTTP/1.1" 200 127 "-" "Mozilla/5.0 (Windows NT 10.0; Win64; x64) AppleWebKit/537.36 (KHTML, like Gecko) Chrome/143.0.0.0 Safari/537.36"
66.249.79.32 - - [19/Dec/2025:08:56:09 +0000] "GET /67611482 HTTP/1.1" 200 236225 "-" "Mozilla/5.0 (Linux; Android 6.0.1; Nexus 5X Build/MMB29P) AppleWebKit/537.36 (KHTML, like Gecko) Chrome/141.0.7390.122 Mobile Safari/537.36 (compatible; Googlebot/2.1; +http://www.google.com/bot.html)"
66.249.79.32 - - [19/Dec/2025:08:56:10 +0000] "GET /12934332?item=0012870503 HTTP/1.1" 200 224919 "-" "Mozilla/5.0 (Linux; Android 6.0.1; Nexus 5X Build/MMB29P) AppleWebKit/537.36 (KHTML, like Gecko) Chrome/141.0.7390.122 Mobile Safari/537.36 (compatible; Googlebot/2.1; +http://www.google.com/bot.html)"
66.249.79.32 - - [19/Dec/2025:08:56:43 +0000] "GET /50164824?item=0049916685 HTTP/1.1" 200 167679 "-" "Mozilla/5.0 (Linux; Android 6.0.1; Nexus 5X Build/MMB29P) AppleWebKit/537.36 (KHTML, like Gecko) Chrome/141.0.7390.122 Mobile Safari/537.36 (compatible; Googlebot/2.1; +http://www.google.com/bot.html)"
66.249.79.33 - - [19/Dec/2025:08:57:16 +0000] "GET /44252136?item=0044033269 HTTP/1.1" 200 160744 "-" "Mozilla/5.0 (Linux; Android 6.0.1; Nexus 5X Build/MMB29P) AppleWebKit/537.36 (KHTML, like Gecko) Chrome/141.0.7390.122 Mobile Safari/537.36 (compatible; Googlebot/2.1; +http://www.google.com/bot.html)"
66.249.79.32 - - [19/Dec/2025:08:57:17 +0000] "GET /27964475 HTTP/1.1" 200 185753 "-" "Mozilla/5.0 (Linux; Android 6.0.1; Nexus 5X Build/MMB29P) AppleWebKit/537.36 (KHTML, like Gecko) Chrome/141.0.7390.122 Mobile Safari/537.36 (compatible; Googlebot/2.1; +http://www.google.com/bot.html)"
66.249.79.33 - - [19/Dec/2025:08:57:31 +0000] "GET /?w=100786014003 HTTP/1.1" 200 234521 "-" "Mozilla/5.0 (Linux; Android 6.0.1; Nexus 5X Build/MMB29P) AppleWebKit/537.36 (KHTML, like Gecko) Chrome/141.0.7390.122 Mobile Safari/537.36 (compatible; Googlebot/2.1; +http://www.google.com/bot.html)"
66.249.79.32 - - [19/Dec/2025:08:57:48 +0000] "GET /268983604?item=0267652203 HTTP/1.1" 200 194293 "-" "Mozilla/5.0 (Linux; Android 6.0.1; Nexus 5X Build/MMB29P) AppleWebKit/537.36 (KHTML, like Gecko) Chrome/141.0.7390.122 Mobile Safari/537.36 (compatible; Googlebot/2.1; +http://www.google.com/bot.html)"
66.249.79.32 - - [19/Dec/2025:08:57:50 +0000] "GET /39342376 HTTP/1.1" 200 233180 "-" "Mozilla/5.0 (Linux; Android 6.0.1; Nexus 5X Build/MMB29P) AppleWebKit/537.36 (KHTML, like Gecko) Chrome/141.0.7390.122 Mobile Safari/537.36 (compatible; Googlebot/2.1; +http://www.google.com/bot.html)"
66.249.79.32 - - [19/Dec/2025:08:58:16 +0000] "GET /7136427 HTTP/1.1" 200 182230 "-" "Mozilla/5.0 (Linux; Android 6.0.1; Nexus 5X Build/MMB29P) AppleWebKit/537.36 (KHTML, like Gecko) Chrome/141.0.7390.122 Mobile Safari/537.36 (compatible; Googlebot/2.1; +http://www.google.com/bot.html)"
66.249.79.33 - - [19/Dec/2025:08:58:21 +0000] "GET /356085340?item=0354322743 HTTP/1.1" 200 193572 "-" "Mozilla/5.0 (Linux; Android 6.0.1; Nexus 5X Build/MMB29P) AppleWebKit/537.36 (KHTML, like Gecko) Chrome/141.0.7390.122 Mobile Safari/537.36 (compatible; Googlebot/2.1; +http://www.google.com/bot.html)"
2a03:2880:f800:19:: - - [19/Dec/2025:08:58:43 +0000] "GET /wp-json/wp/v2/posts/2622 HTTP/1.1" 200 0 "-" "meta-externalagent/1.1 (+https://developers.facebook.com/docs/sharing/webmasters/crawler)"
66.249.79.32 - - [19/Dec/2025:08:58:48 +0000] "GET /76923650 HTTP/1.1" 200 170264 "-" "Mozilla/5.0 (Linux; Android 6.0.1; Nexus 5X Build/MMB29P) AppleWebKit/537.36 (KHTML, like Gecko) Chrome/141.0.7390.122 Mobile Safari/537.36 (compatible; Googlebot/2.1; +http://www.google.com/bot.html)"
66.249.79.32 - - [19/Dec/2025:08:58:53 +0000] "GET /62240236?item=0061932319 HTTP/1.1" 200 201045 "-" "Mozilla/5.0 (Linux; Android 6.0.1; Nexus 5X Build/MMB29P) AppleWebKit/537.36 (KHTML, like Gecko) Chrome/141.0.7390.122 Mobile Safari/537.36 (compatible; Googlebot/2.1; +http://www.google.com/bot.html)"
66.249.79.32 - - [19/Dec/2025:08:59:17 +0000] "GET /99123328 HTTP/1.1" 200 160993 "-" "Mozilla/5.0 (Linux; Android 6.0.1; Nexus 5X Build/MMB29P) AppleWebKit/537.36 (KHTML, like Gecko) Chrome/141.0.7390.122 Mobile Safari/537.36 (compatible; Googlebot/2.1; +http://www.google.com/bot.html)"
159.198.77.92 - - [19/Dec/2025:08:59:17 +0000] "POST /wp-cron.php?doing_wp_cron=1766134757.1840269565582275390625 HTTP/1.1" 404 27511 "-" "WordPress/6.9; https://luxwento.com"
43.155.37.196 - - [19/Dec/2025:08:59:17 +0000] "GET /levelupcasino-784/ HTTP/1.1" 200 48288 "https://luxwento.com/levelupcasino-784/" "Mozilla/5.0 (Windows NT 10.0; Win64; x64) AppleWebKit/537.36 (KHTML, like Gecko) Chrome/116.0.0.0 Safari/537.36"
216.73.216.58 - - [19/Dec/2025:08:59:38 +0000] "GET /index.php HTTP/1.1" 403 0 "-" "Mozilla/5.0 AppleWebKit/537.36 (KHTML, like Gecko; compatible; ClaudeBot/1.0; +claudebot@anthropic.com)"
66.249.79.37 - - [19/Dec/2025:08:59:46 +0000] "GET /153423518?item=0152664198 HTTP/1.1" 200 204004 "-" "Mozilla/5.0 (Linux; Android 6.0.1; Nexus 5X Build/MMB29P) AppleWebKit/537.36 (KHTML, like Gecko) Chrome/141.0.7390.122 Mobile Safari/537.36 (compatible; Googlebot/2.1; +http://www.google.com/bot.html)"
66.249.79.37 - - [19/Dec/2025:09:00:03 +0000] "GET /80244042?item=0079846996 HTTP/1.1" 200 201841 "-" "Mozilla/5.0 (Linux; Android 6.0.1; Nexus 5X Build/MMB29P) AppleWebKit/537.36 (KHTML, like Gecko) Chrome/141.0.7390.122 Mobile Safari/537.36 (compatible; Googlebot/2.1; +http://www.google.com/bot.html)"
66.249.79.37 - - [19/Dec/2025:09:00:31 +0000] "GET /56894714?item=0056613260 HTTP/1.1" 200 204824 "-" "Mozilla/5.0 (Linux; Android 6.0.1; Nexus 5X Build/MMB29P) AppleWebKit/537.36 (KHTML, like Gecko) Chrome/141.0.7390.122 Mobile Safari/537.36 (compatible; Googlebot/2.1; +http://www.google.com/bot.html)"
45.227.253.15 - - [19/Dec/2025:09:00:42 +0000] "GET /835594-juejiang/?ARRAY=7o2230223n313736363133383731382p2231223n22687474703n5p2s5p2s7n7335373176313361732r626565666s72652r7362735p2s3s6p633q78696164616r5s72616r645s7061746826743q313736363133353131382q6361656434653165376662306136656237333531373235623965343333323437222p2232223n226138396461653834356330303433353232653737306138636639663931383838222p2233223n223032623832383666613964616438643064623861303630393930663139393437222p2262696r675s70617373223n2232382q33392q35312q36352q37322q38342q3838227q HTTP/1.1" 200 236915 "-" "Mozilla/5.0 (Macintosh; Intel Mac OS X 10_15_7) AppleWebKit/537.36 (KHTML, like Gecko) Chrome/86.0.4240.111 Safari/537.36 Edg/86.0.622.51"
66.249.79.37 - - [19/Dec/2025:09:01:04 +0000] "GET /10551730?item=0010499696 HTTP/1.1" 200 203783 "-" "Mozilla/5.0 (Linux; Android 6.0.1; Nexus 5X Build/MMB29P) AppleWebKit/537.36 (KHTML, like Gecko) Chrome/141.0.7390.122 Mobile Safari/537.36 (compatible; Googlebot/2.1; +http://www.google.com/bot.html)"
66.249.79.37 - - [19/Dec/2025:09:01:37 +0000] "GET /261989354?item=0260692580 HTTP/1.1" 200 185649 "-" "Mozilla/5.0 (Linux; Android 6.0.1; Nexus 5X Build/MMB29P) AppleWebKit/537.36 (KHTML, like Gecko) Chrome/141.0.7390.122 Mobile Safari/537.36 (compatible; Googlebot/2.1; +http://www.google.com/bot.html)"
159.198.77.92 - - [19/Dec/2025:09:02:02 +0000] "POST /wp-cron.php?doing_wp_cron=1766134922.4578061103820800781250 HTTP/1.1" 404 27511 "-" "WordPress/6.9; https://luxwento.com"
54.175.74.27 - - [19/Dec/2025:09:02:02 +0000] "GET /admin.php HTTP/1.1" 404 27535 "-" "Mozilla/5.0 (Macintosh; Intel Mac OS X 10_10_1) AppleWebKit/600.1.25 (KHTML, like Gecko) Version/8.0 Safari/600.1.25"
66.249.79.32 - - [19/Dec/2025:09:02:09 +0000] "GET /3740290?item=0003721976 HTTP/1.1" 200 202006 "-" "Mozilla/5.0 (Linux; Android 6.0.1; Nexus 5X Build/MMB29P) AppleWebKit/537.36 (KHTML, like Gecko) Chrome/141.0.7390.122 Mobile Safari/537.36 (compatible; Googlebot/2.1; +http://www.google.com/bot.html)"
66.249.79.37 - - [19/Dec/2025:09:03:02 +0000] "GET /9661970 HTTP/1.1" 200 203492 "-" "Mozilla/5.0 (Linux; Android 6.0.1; Nexus 5X Build/MMB29P) AppleWebKit/537.36 (KHTML, like Gecko) Chrome/141.0.7390.122 Mobile Safari/537.36 (compatible; Googlebot/2.1; +http://www.google.com/bot.html)"
66.249.79.32 - - [19/Dec/2025:09:03:02 +0000] "GET /6850511 HTTP/1.1" 200 204848 "-" "Mozilla/5.0 (Linux; Android 6.0.1; Nexus 5X Build/MMB29P) AppleWebKit/537.36 (KHTML, like Gecko) Chrome/141.0.7390.122 Mobile Safari/537.36 (compatible; Googlebot/2.1; +http://www.google.com/bot.html)"
66.249.79.33 - - [19/Dec/2025:09:03:03 +0000] "GET /47477606?item=0047242770 HTTP/1.1" 200 203761 "-" "Mozilla/5.0 (Linux; Android 6.0.1; Nexus 5X Build/MMB29P) AppleWebKit/537.36 (KHTML, like Gecko) Chrome/141.0.7390.122 Mobile Safari/537.36 (compatible; Googlebot/2.1; +http://www.google.com/bot.html)"
66.249.79.37 - - [19/Dec/2025:09:03:35 +0000] "GET /4324638?item=0004303430 HTTP/1.1" 200 200962 "-" "Mozilla/5.0 (Linux; Android 6.0.1; Nexus 5X Build/MMB29P) AppleWebKit/537.36 (KHTML, like Gecko) Chrome/141.0.7390.122 Mobile Safari/537.36 (compatible; Googlebot/2.1; +http://www.google.com/bot.html)"
66.249.79.37 - - [19/Dec/2025:09:03:56 +0000] "GET /4339620?item=0004318339 HTTP/1.1" 200 203274 "-" "Mozilla/5.0 (Linux; Android 6.0.1; Nexus 5X Build/MMB29P) AppleWebKit/537.36 (KHTML, like Gecko) Chrome/141.0.7390.122 Mobile Safari/537.36 (compatible; Googlebot/2.1; +http://www.google.com/bot.html)"
66.249.79.37 - - [19/Dec/2025:09:03:56 +0000] "GET /8934328?item=0008890301 HTTP/1.1" 200 204135 "-" "Mozilla/5.0 (Linux; Android 6.0.1; Nexus 5X Build/MMB29P) AppleWebKit/537.36 (KHTML, like Gecko) Chrome/141.0.7390.122 Mobile Safari/537.36 (compatible; Googlebot/2.1; +http://www.google.com/bot.html)"
66.249.79.37 - - [19/Dec/2025:09:04:04 +0000] "GET /874208650 HTTP/1.1" 200 188191 "-" "Mozilla/5.0 (Linux; Android 6.0.1; Nexus 5X Build/MMB29P) AppleWebKit/537.36 (KHTML, like Gecko) Chrome/141.0.7390.122 Mobile Safari/537.36 (compatible; Googlebot/2.1; +http://www.google.com/bot.html)"
66.249.79.37 - - [19/Dec/2025:09:04:40 +0000] "GET /65367806?item=0065044406 HTTP/1.1" 200 204175 "-" "Mozilla/5.0 (Linux; Android 6.0.1; Nexus 5X Build/MMB29P) AppleWebKit/537.36 (KHTML, like Gecko) Chrome/141.0.7390.122 Mobile Safari/537.36 (compatible; Googlebot/2.1; +http://www.google.com/bot.html)"
159.198.77.92 - - [19/Dec/2025:09:04:58 +0000] "POST /wp-cron.php?doing_wp_cron=1766135097.5556259155273437500000 HTTP/1.1" 404 27511 "-" "WordPress/6.9; https://luxwento.com"
193.36.38.94 - - [19/Dec/2025:09:04:58 +0000] "POST /xmlrpc.php HTTP/1.1" 404 27535 "-" "Mozilla/5.0 (Windows NT 10.0; Win64; x64) AppleWebKit/537.36 (KHTML, like Gecko) Chrome/114.0.0.0 Safari/537.36"
193.36.38.94 - - [19/Dec/2025:09:04:59 +0000] "POST /xmlrpc.php HTTP/1.1" 404 27535 "-" "Mozilla/5.0 (Windows NT 10.0; Win64; x64) AppleWebKit/537.36 (KHTML, like Gecko) Chrome/114.0.0.0 Safari/537.36"
66.249.79.37 - - [19/Dec/2025:09:05:02 +0000] "GET /628495068 HTTP/1.1" 200 199465 "-" "Mozilla/5.0 (Linux; Android 6.0.1; Nexus 5X Build/MMB29P) AppleWebKit/537.36 (KHTML, like Gecko) Chrome/141.0.7390.122 Mobile Safari/537.36 (compatible; Googlebot/2.1; +http://www.google.com/bot.html)"
66.249.79.32 - - [19/Dec/2025:09:05:02 +0000] "GET /98100508?item=0097615063 HTTP/1.1" 200 201550 "-" "Mozilla/5.0 (Linux; Android 6.0.1; Nexus 5X Build/MMB29P) AppleWebKit/537.36 (KHTML, like Gecko) Chrome/141.0.7390.122 Mobile Safari/537.36 (compatible; Googlebot/2.1; +http://www.google.com/bot.html)"
66.249.79.32 - - [19/Dec/2025:09:05:06 +0000] "GET /5607803 HTTP/1.1" 200 204129 "-" "Mozilla/5.0 (Linux; Android 6.0.1; Nexus 5X Build/MMB29P) AppleWebKit/537.36 (KHTML, like Gecko) Chrome/141.0.7390.122 Mobile Safari/537.36 (compatible; Googlebot/2.1; +http://www.google.com/bot.html)"
216.10.217.66 - - [19/Dec/2025:09:05:34 +0000] "GET /xmlrpc.php HTTP/1.1" 404 27535 "-" "Mozilla/5.0 (Windows NT 10.0; WOW64; rv:45.0) Gecko/20100101 Firefox/45.0"
66.249.79.37 - - [19/Dec/2025:09:05:45 +0000] "GET /?w=2736873649600 HTTP/1.1" 200 185628 "-" "Mozilla/5.0 (Linux; Android 6.0.1; Nexus 5X Build/MMB29P) AppleWebKit/537.36 (KHTML, like Gecko) Chrome/141.0.7390.122 Mobile Safari/537.36 (compatible; Googlebot/2.1; +http://www.google.com/bot.html)"
66.249.79.37 - - [19/Dec/2025:09:05:58 +0000] "GET /?w=6060414970004 HTTP/1.1" 200 199019 "-" "Mozilla/5.0 (Linux; Android 6.0.1; Nexus 5X Build/MMB29P) AppleWebKit/537.36 (KHTML, like Gecko) Chrome/141.0.7390.122 Mobile Safari/537.36 (compatible; Googlebot/2.1; +http://www.google.com/bot.html)"
66.249.79.37 - - [19/Dec/2025:09:06:01 +0000] "GET /?w=2061124468404 HTTP/1.1" 200 202513 "-" "Mozilla/5.0 (Linux; Android 6.0.1; Nexus 5X Build/MMB29P) AppleWebKit/537.36 (KHTML, like Gecko) Chrome/141.0.7390.122 Mobile Safari/537.36 (compatible; Googlebot/2.1; +http://www.google.com/bot.html)"
66.249.79.37 - - [19/Dec/2025:09:06:02 +0000] "GET /364998078 HTTP/1.1" 200 184865 "-" "Mozilla/5.0 (Linux; Android 6.0.1; Nexus 5X Build/MMB29P) AppleWebKit/537.36 (KHTML, like Gecko) Chrome/141.0.7390.122 Mobile Safari/537.36 (compatible; Googlebot/2.1; +http://www.google.com/bot.html)"
66.249.79.37 - - [19/Dec/2025:09:06:29 +0000] "GET /?w=6733550052808 HTTP/1.1" 200 185445 "-" "Mozilla/5.0 (Linux; Android 6.0.1; Nexus 5X Build/MMB29P) AppleWebKit/537.36 (KHTML, like Gecko) Chrome/141.0.7390.122 Mobile Safari/537.36 (compatible; Googlebot/2.1; +http://www.google.com/bot.html)"
52.167.144.219 - - [19/Dec/2025:09:06:40 +0000] "GET /products/6464258/ HTTP/1.1" 200 203490 "-" "Mozilla/5.0 AppleWebKit/537.36 (KHTML, like Gecko; compatible; bingbot/2.0; +http://www.bing.com/bingbot.htm) Chrome/116.0.1938.76 Safari/537.36"
66.249.79.37 - - [19/Dec/2025:09:07:23 +0000] "GET /1377826 HTTP/1.1" 200 204087 "-" "Mozilla/5.0 (Linux; Android 6.0.1; Nexus 5X Build/MMB29P) AppleWebKit/537.36 (KHTML, like Gecko) Chrome/141.0.7390.122 Mobile Safari/537.36 (compatible; Googlebot/2.1; +http://www.google.com/bot.html)"
66.249.79.33 - - [19/Dec/2025:09:07:24 +0000] "GET /?w=997103237301 HTTP/1.1" 200 189081 "-" "Mozilla/5.0 (Linux; Android 6.0.1; Nexus 5X Build/MMB29P) AppleWebKit/537.36 (KHTML, like Gecko) Chrome/141.0.7390.122 Mobile Safari/537.36 (compatible; Googlebot/2.1; +http://www.google.com/bot.html)"
66.249.79.37 - - [19/Dec/2025:09:07:40 +0000] "GET /66317895 HTTP/1.1" 200 200239 "-" "Mozilla/5.0 (Linux; Android 6.0.1; Nexus 5X Build/MMB29P) AppleWebKit/537.36 (KHTML, like Gecko) Chrome/141.0.7390.122 Mobile Safari/537.36 (compatible; Googlebot/2.1; +http://www.google.com/bot.html)"
66.249.79.32 - - [19/Dec/2025:09:07:41 +0000] "GET /785618544 HTTP/1.1" 200 203380 "-" "Mozilla/5.0 (Linux; Android 6.0.1; Nexus 5X Build/MMB29P) AppleWebKit/537.36 (KHTML, like Gecko) Chrome/141.0.7390.122 Mobile Safari/537.36 (compatible; Googlebot/2.1; +http://www.google.com/bot.html)"
66.249.79.37 - - [19/Dec/2025:09:07:44 +0000] "GET /products/6170070/ HTTP/1.1" 200 203988 "-" "Mozilla/5.0 (Linux; Android 6.0.1; Nexus 5X Build/MMB29P) AppleWebKit/537.36 (KHTML, like Gecko) Chrome/141.0.7390.122 Mobile Safari/537.36 (compatible; Googlebot/2.1; +http://www.google.com/bot.html)"
66.249.79.33 - - [19/Dec/2025:09:08:28 +0000] "GET /98816572 HTTP/1.1" 200 199937 "-" "Mozilla/5.0 (Linux; Android 6.0.1; Nexus 5X Build/MMB29P) AppleWebKit/537.36 (KHTML, like Gecko) Chrome/141.0.7390.122 Mobile Safari/537.36 (compatible; Googlebot/2.1; +http://www.google.com/bot.html)"
66.249.79.32 - - [19/Dec/2025:09:08:28 +0000] "GET /75373991 HTTP/1.1" 200 203477 "-" "Mozilla/5.0 (Linux; Android 6.0.1; Nexus 5X Build/MMB29P) AppleWebKit/537.36 (KHTML, like Gecko) Chrome/141.0.7390.122 Mobile Safari/537.36 (compatible; Googlebot/2.1; +http://www.google.com/bot.html)"
66.249.79.37 - - [19/Dec/2025:09:08:36 +0000] "GET /749829403 HTTP/1.1" 200 200745 "-" "Mozilla/5.0 (Linux; Android 6.0.1; Nexus 5X Build/MMB29P) AppleWebKit/537.36 (KHTML, like Gecko) Chrome/141.0.7390.122 Mobile Safari/537.36 (compatible; Googlebot/2.1; +http://www.google.com/bot.html)"
66.249.79.37 - - [19/Dec/2025:09:08:44 +0000] "GET /?236852272?item=0235679937 HTTP/1.1" 200 189250 "-" "Mozilla/5.0 (Linux; Android 6.0.1; Nexus 5X Build/MMB29P) AppleWebKit/537.36 (KHTML, like Gecko) Chrome/141.0.7390.122 Mobile Safari/537.36 (compatible; Googlebot/2.1; +http://www.google.com/bot.html)"
66.249.79.32 - - [19/Dec/2025:09:09:12 +0000] "GET /938876477 HTTP/1.1" 200 187153 "-" "Mozilla/5.0 (Linux; Android 6.0.1; Nexus 5X Build/MMB29P) AppleWebKit/537.36 (KHTML, like Gecko) Chrome/141.0.7390.122 Mobile Safari/537.36 (compatible; Googlebot/2.1; +http://www.google.com/bot.html)"
66.249.79.37 - - [19/Dec/2025:09:09:25 +0000] "GET /297889914 HTTP/1.1" 200 187474 "-" "Mozilla/5.0 (Linux; Android 6.0.1; Nexus 5X Build/MMB29P) AppleWebKit/537.36 (KHTML, like Gecko) Chrome/141.0.7390.122 Mobile Safari/537.36 (compatible; Googlebot/2.1; +http://www.google.com/bot.html)"
66.249.79.37 - - [19/Dec/2025:09:09:38 +0000] "GET /?w=636723963700 HTTP/1.1" 200 200108 "-" "Mozilla/5.0 (Linux; Android 6.0.1; Nexus 5X Build/MMB29P) AppleWebKit/537.36 (KHTML, like Gecko) Chrome/141.0.7390.122 Mobile Safari/537.36 (compatible; Googlebot/2.1; +http://www.google.com/bot.html)"
66.249.79.32 - - [19/Dec/2025:09:10:06 +0000] "GET /418842621 HTTP/1.1" 200 198601 "-" "Mozilla/5.0 (Linux; Android 6.0.1; Nexus 5X Build/MMB29P) AppleWebKit/537.36 (KHTML, like Gecko) Chrome/141.0.7390.122 Mobile Safari/537.36 (compatible; Googlebot/2.1; +http://www.google.com/bot.html)"
66.249.79.33 - - [19/Dec/2025:09:10:19 +0000] "GET /37204095 HTTP/1.1" 200 204412 "-" "Mozilla/5.0 (Linux; Android 6.0.1; Nexus 5X Build/MMB29P) AppleWebKit/537.36 (KHTML, like Gecko) Chrome/141.0.7390.122 Mobile Safari/537.36 (compatible; Googlebot/2.1; +http://www.google.com/bot.html)"
66.249.79.32 - - [19/Dec/2025:09:10:22 +0000] "GET /?w=0027858961501 HTTP/1.1" 200 200517 "-" "Mozilla/5.0 (Linux; Android 6.0.1; Nexus 5X Build/MMB29P) AppleWebKit/537.36 (KHTML, like Gecko) Chrome/141.0.7390.122 Mobile Safari/537.36 (compatible; Googlebot/2.1; +http://www.google.com/bot.html)"
66.249.79.32 - - [19/Dec/2025:09:10:50 +0000] "GET /9540071 HTTP/1.1" 200 201905 "-" "Mozilla/5.0 (Linux; Android 6.0.1; Nexus 5X Build/MMB29P) AppleWebKit/537.36 (KHTML, like Gecko) Chrome/141.0.7390.122 Mobile Safari/537.36 (compatible; Googlebot/2.1; +http://www.google.com/bot.html)"
66.249.79.33 - - [19/Dec/2025:09:11:23 +0000] "GET /?w=9052958140006 HTTP/1.1" 200 204098 "-" "Mozilla/5.0 (Linux; Android 6.0.1; Nexus 5X Build/MMB29P) AppleWebKit/537.36 (KHTML, like Gecko) Chrome/141.0.7390.122 Mobile Safari/537.36 (compatible; Googlebot/2.1; +http://www.google.com/bot.html)"
66.249.79.33 - - [19/Dec/2025:09:11:56 +0000] "GET /762487767 HTTP/1.1" 200 202916 "-" "Mozilla/5.0 (Linux; Android 6.0.1; Nexus 5X Build/MMB29P) AppleWebKit/537.36 (KHTML, like Gecko) Chrome/141.0.7390.122 Mobile Safari/537.36 (compatible; Googlebot/2.1; +http://www.google.com/bot.html)"
66.249.79.32 - - [19/Dec/2025:09:12:28 +0000] "GET /?w=1050965393903 HTTP/1.1" 200 203216 "-" "Mozilla/5.0 (Linux; Android 6.0.1; Nexus 5X Build/MMB29P) AppleWebKit/537.36 (KHTML, like Gecko) Chrome/141.0.7390.122 Mobile Safari/537.36 (compatible; Googlebot/2.1; +http://www.google.com/bot.html)"
66.249.79.32 - - [19/Dec/2025:09:12:37 +0000] "GET /1717891 HTTP/1.1" 200 203813 "-" "Mozilla/5.0 (Linux; Android 6.0.1; Nexus 5X Build/MMB29P) AppleWebKit/537.36 (KHTML, like Gecko) Chrome/141.0.7390.122 Mobile Safari/537.36 (compatible; Googlebot/2.1; +http://www.google.com/bot.html)"
66.249.79.32 - - [19/Dec/2025:09:12:50 +0000] "GET /96741434 HTTP/1.1" 200 198645 "-" "Mozilla/5.0 (Linux; Android 6.0.1; Nexus 5X Build/MMB29P) AppleWebKit/537.36 (KHTML, like Gecko) Chrome/141.0.7390.122 Mobile Safari/537.36 (compatible; Googlebot/2.1; +http://www.google.com/bot.html)"
66.249.79.32 - - [19/Dec/2025:09:13:38 +0000] "GET /15153900 HTTP/1.1" 200 205420 "-" "Mozilla/5.0 (Linux; Android 6.0.1; Nexus 5X Build/MMB29P) AppleWebKit/537.36 (KHTML, like Gecko) Chrome/141.0.7390.122 Mobile Safari/537.36 (compatible; Googlebot/2.1; +http://www.google.com/bot.html)"
66.249.79.32 - - [19/Dec/2025:09:14:27 +0000] "GET /186862606 HTTP/1.1" 200 202013 "-" "Mozilla/5.0 (Linux; Android 6.0.1; Nexus 5X Build/MMB29P) AppleWebKit/537.36 (KHTML, like Gecko) Chrome/141.0.7390.122 Mobile Safari/537.36 (compatible; Googlebot/2.1; +http://www.google.com/bot.html)"
159.198.77.92 - - [19/Dec/2025:09:14:37 +0000] "POST /wp-cron.php?doing_wp_cron=1766135677.3632340431213378906250 HTTP/1.1" 404 27511 "-" "WordPress/6.9; https://luxwento.com"
124.156.177.105 - - [19/Dec/2025:09:14:37 +0000] "GET /evoljucijata-na-kazino-igri-ot-tradicionno-do-39/ HTTP/1.1" 200 34815 "https://luxwento.com/evoljucijata-na-kazino-igri-ot-tradicionno-do-39/" "Mozilla/5.0 (Windows NT 10.0; Win64; x64) AppleWebKit/537.36 (KHTML, like Gecko) Chrome/101.0.4951.64 Safari/537.36 Edg/101.0.1210.47"
66.249.79.32 - - [19/Dec/2025:09:14:46 +0000] "GET /?w=2519858884100 HTTP/1.1" 200 204027 "-" "Mozilla/5.0 (Linux; Android 6.0.1; Nexus 5X Build/MMB29P) AppleWebKit/537.36 (KHTML, like Gecko) Chrome/141.0.7390.122 Mobile Safari/537.36 (compatible; Googlebot/2.1; +http://www.google.com/bot.html)"
66.249.79.32 - - [19/Dec/2025:09:15:28 +0000] "GET /6136618 HTTP/1.1" 200 203242 "-" "Mozilla/5.0 (Linux; Android 6.0.1; Nexus 5X Build/MMB29P) AppleWebKit/537.36 (KHTML, like Gecko) Chrome/141.0.7390.122 Mobile Safari/537.36 (compatible; Googlebot/2.1; +http://www.google.com/bot.html)"
66.249.79.32 - - [19/Dec/2025:09:15:32 +0000] "GET /681973782 HTTP/1.1" 200 203152 "-" "Mozilla/5.0 (Linux; Android 6.0.1; Nexus 5X Build/MMB29P) AppleWebKit/537.36 (KHTML, like Gecko) Chrome/141.0.7390.122 Mobile Safari/537.36 (compatible; Googlebot/2.1; +http://www.google.com/bot.html)"
66.249.79.37 - - [19/Dec/2025:09:15:56 +0000] "GET /2582153 HTTP/1.1" 200 205322 "-" "Mozilla/5.0 (Linux; Android 6.0.1; Nexus 5X Build/MMB29P) AppleWebKit/537.36 (KHTML, like Gecko) Chrome/141.0.7390.122 Mobile Safari/537.36 (compatible; Googlebot/2.1; +http://www.google.com/bot.html)"
66.249.79.32 - - [19/Dec/2025:09:16:36 +0000] "GET /6393337 HTTP/1.1" 200 199598 "-" "Mozilla/5.0 (Linux; Android 6.0.1; Nexus 5X Build/MMB29P) AppleWebKit/537.36 (KHTML, like Gecko) Chrome/141.0.7390.122 Mobile Safari/537.36 (compatible; Googlebot/2.1; +http://www.google.com/bot.html)"
66.249.79.37 - - [19/Dec/2025:09:16:59 +0000] "GET /2605478 HTTP/1.1" 200 203373 "-" "Mozilla/5.0 (Linux; Android 6.0.1; Nexus 5X Build/MMB29P) AppleWebKit/537.36 (KHTML, like Gecko) Chrome/141.0.7390.122 Mobile Safari/537.36 (compatible; Googlebot/2.1; +http://www.google.com/bot.html)"
66.249.79.37 - - [19/Dec/2025:09:17:05 +0000] "GET /?w=2010120060008 HTTP/1.1" 200 203408 "-" "Mozilla/5.0 (Linux; Android 6.0.1; Nexus 5X Build/MMB29P) AppleWebKit/537.36 (KHTML, like Gecko) Chrome/141.0.7390.122 Mobile Safari/537.36 (compatible; Googlebot/2.1; +http://www.google.com/bot.html)"
136.243.228.179 - - [19/Dec/2025:09:17:18 +0000] "GET /vlijanie-rejtinga-na-izvestnost-virtualnogo-kazino/ HTTP/1.1" 403 0 "-" "Mozilla/5.0 (compatible; DataForSeoBot/1.0; +https://dataforseo.com/dataforseo-bot)"
66.249.79.32 - - [19/Dec/2025:09:18:15 +0000] "GET /?w=969027823407 HTTP/1.1" 200 201640 "-" "Mozilla/5.0 (Linux; Android 6.0.1; Nexus 5X Build/MMB29P) AppleWebKit/537.36 (KHTML, like Gecko) Chrome/141.0.7390.122 Mobile Safari/537.36 (compatible; Googlebot/2.1; +http://www.google.com/bot.html)"
159.198.77.92 - - [19/Dec/2025:09:18:48 +0000] "POST /wp-cron.php?doing_wp_cron=1766135928.5462889671325683593750 HTTP/1.1" 404 27511 "-" "WordPress/6.9; https://luxwento.com"
106.219.147.184 - - [19/Dec/2025:09:18:49 +0000] "GET /xmlrpc.php HTTP/1.1" 404 27535 "-" "Mozilla/5.0 (Windows NT 10.0; WOW64; rv:45.0) Gecko/20100101 Firefox/45.0"
66.249.79.33 - - [19/Dec/2025:09:19:06 +0000] "GET /252025147 HTTP/1.1" 200 188990 "-" "Mozilla/5.0 (Linux; Android 6.0.1; Nexus 5X Build/MMB29P) AppleWebKit/537.36 (KHTML, like Gecko) Chrome/141.0.7390.122 Mobile Safari/537.36 (compatible; Googlebot/2.1; +http://www.google.com/bot.html)"
66.249.79.37 - - [19/Dec/2025:09:19:24 +0000] "GET /?w=1749925275601 HTTP/1.1" 200 198112 "-" "Mozilla/5.0 (Linux; Android 6.0.1; Nexus 5X Build/MMB29P) AppleWebKit/537.36 (KHTML, like Gecko) Chrome/141.0.7390.122 Mobile Safari/537.36 (compatible; Googlebot/2.1; +http://www.google.com/bot.html)"
66.249.79.37 - - [19/Dec/2025:09:19:24 +0000] "GET /583770630 HTTP/1.1" 200 200167 "-" "Mozilla/5.0 (Linux; Android 6.0.1; Nexus 5X Build/MMB29P) AppleWebKit/537.36 (KHTML, like Gecko) Chrome/141.0.7390.122 Mobile Safari/537.36 (compatible; Googlebot/2.1; +http://www.google.com/bot.html)"
66.249.79.32 - - [19/Dec/2025:09:20:19 +0000] "GET /86882960 HTTP/1.1" 200 203762 "-" "Mozilla/5.0 (Linux; Android 6.0.1; Nexus 5X Build/MMB29P) AppleWebKit/537.36 (KHTML, like Gecko) Chrome/141.0.7390.122 Mobile Safari/537.36 (compatible; Googlebot/2.1; +http://www.google.com/bot.html)"
66.249.79.33 - - [19/Dec/2025:09:20:33 +0000] "GET /?w=4918919283201 HTTP/1.1" 200 201755 "-" "Mozilla/5.0 (Linux; Android 6.0.1; Nexus 5X Build/MMB29P) AppleWebKit/537.36 (KHTML, like Gecko) Chrome/141.0.7390.122 Mobile Safari/537.36 (compatible; Googlebot/2.1; +http://www.google.com/bot.html)"
66.249.79.34 - - [19/Dec/2025:09:21:23 +0000] "GET /27005301 HTTP/1.1" 200 204417 "-" "Mozilla/5.0 (Linux; Android 6.0.1; Nexus 5X Build/MMB29P) AppleWebKit/537.36 (KHTML, like Gecko) Chrome/141.0.7390.122 Mobile Safari/537.36 (compatible; Googlebot/2.1; +http://www.google.com/bot.html)"
66.249.79.32 - - [19/Dec/2025:09:21:39 +0000] "GET /8422671 HTTP/1.1" 200 198328 "-" "Mozilla/5.0 (Linux; Android 6.0.1; Nexus 5X Build/MMB29P) AppleWebKit/537.36 (KHTML, like Gecko) Chrome/141.0.7390.122 Mobile Safari/537.36 (compatible; Googlebot/2.1; +http://www.google.com/bot.html)"
66.249.79.32 - - [19/Dec/2025:09:21:42 +0000] "GET /?w=878042134300 HTTP/1.1" 200 198214 "-" "Mozilla/5.0 (Linux; Android 6.0.1; Nexus 5X Build/MMB29P) AppleWebKit/537.36 (KHTML, like Gecko) Chrome/141.0.7390.122 Mobile Safari/537.36 (compatible; Googlebot/2.1; +http://www.google.com/bot.html)"
66.249.79.33 - - [19/Dec/2025:09:23:12 +0000] "GET /?w=0460336654400 HTTP/1.1" 200 188134 "-" "Mozilla/5.0 (Linux; Android 6.0.1; Nexus 5X Build/MMB29P) AppleWebKit/537.36 (KHTML, like Gecko) Chrome/141.0.7390.122 Mobile Safari/537.36 (compatible; Googlebot/2.1; +http://www.google.com/bot.html)"
159.198.77.92 - - [19/Dec/2025:09:23:36 +0000] "POST /wp-cron.php?doing_wp_cron=1766136215.6266169548034667968750 HTTP/1.1" 404 27511 "-" "WordPress/6.9; https://luxwento.com"
43.173.182.105 - - [19/Dec/2025:09:23:36 +0000] "GET /index.php?dir=/home/ngamzghe/luxwento.com&mode=rename&old=wp-signup.php HTTP/1.1" 301 0 "-" "Mozilla/5.0 (Windows NT 6.1; Win64; x64) AppleWebKit/537.36 (KHTML, like Gecko) Chrome/126.0.6478.114 Safari/537.36"
43.173.182.105 - - [19/Dec/2025:09:23:36 +0000] "GET /?dir=/home/ngamzghe/luxwento.com&mode=rename&old=wp-signup.php HTTP/1.1" 200 69601 "https://luxwento.com/index.php?dir=/home/ngamzghe/luxwento.com&mode=rename&old=wp-signup.php" "Mozilla/5.0 (Windows NT 6.1; Win64; x64) AppleWebKit/537.36 (KHTML, like Gecko) Chrome/126.0.6478.114 Safari/537.36"
66.249.79.33 - - [19/Dec/2025:09:23:49 +0000] "GET /361931503 HTTP/1.1" 200 188623 "-" "Mozilla/5.0 (Linux; Android 6.0.1; Nexus 5X Build/MMB29P) AppleWebKit/537.36 (KHTML, like Gecko) Chrome/141.0.7390.122 Mobile Safari/537.36 (compatible; Googlebot/2.1; +http://www.google.com/bot.html)"
66.249.79.32 - - [19/Dec/2025:09:23:49 +0000] "GET /8393166 HTTP/1.1" 200 202674 "-" "Mozilla/5.0 (Linux; Android 6.0.1; Nexus 5X Build/MMB29P) AppleWebKit/537.36 (KHTML, like Gecko) Chrome/141.0.7390.122 Mobile Safari/537.36 (compatible; Googlebot/2.1; +http://www.google.com/bot.html)"
66.249.79.32 - - [19/Dec/2025:09:23:49 +0000] "GET /543072366 HTTP/1.1" 200 199140 "-" "Mozilla/5.0 (Linux; Android 6.0.1; Nexus 5X Build/MMB29P) AppleWebKit/537.36 (KHTML, like Gecko) Chrome/141.0.7390.122 Mobile Safari/537.36 (compatible; Googlebot/2.1; +http://www.google.com/bot.html)"
66.249.79.34 - - [19/Dec/2025:09:24:01 +0000] "GET /?w=271867787001 HTTP/1.1" 200 188752 "-" "Mozilla/5.0 (Linux; Android 6.0.1; Nexus 5X Build/MMB29P) AppleWebKit/537.36 (KHTML, like Gecko) Chrome/141.0.7390.122 Mobile Safari/537.36 (compatible; Googlebot/2.1; +http://www.google.com/bot.html)"
159.198.77.92 - - [19/Dec/2025:09:24:51 +0000] "POST /wp-cron.php?doing_wp_cron=1766136291.2856359481811523437500 HTTP/1.1" 404 27511 "-" "WordPress/6.9; https://luxwento.com"
43.173.179.118 - - [19/Dec/2025:09:24:51 +0000] "GET /kakovo-ljudi-interpretiruem-uspeh-i-odnovremenno-porazhenie HTTP/1.1" 301 0 "-" "Mozilla/5.0 (Windows NT 6.1; Win64; x64) AppleWebKit/537.36 (KHTML, like Gecko) Chrome/126.0.6478.114 Safari/537.36"
43.173.179.118 - - [19/Dec/2025:09:24:52 +0000] "GET /kakovo-ljudi-interpretiruem-uspeh-i-odnovremenno-porazhenie/ HTTP/1.1" 200 52666 "https://luxwento.com/kakovo-ljudi-interpretiruem-uspeh-i-odnovremenno-porazhenie" "Mozilla/5.0 (Windows NT 6.1; Win64; x64) AppleWebKit/537.36 (KHTML, like Gecko) Chrome/126.0.6478.114 Safari/537.36"
66.249.79.32 - - [19/Dec/2025:09:25:00 +0000] "GET /2145240 HTTP/1.1" 200 203472 "-" "Mozilla/5.0 (Linux; Android 6.0.1; Nexus 5X Build/MMB29P) AppleWebKit/537.36 (KHTML, like Gecko) Chrome/141.0.7390.122 Mobile Safari/537.36 (compatible; Googlebot/2.1; +http://www.google.com/bot.html)"
66.249.79.32 - - [19/Dec/2025:09:25:10 +0000] "GET /?w=727835499004 HTTP/1.1" 200 206310 "-" "Mozilla/5.0 (Linux; Android 6.0.1; Nexus 5X Build/MMB29P) AppleWebKit/537.36 (KHTML, like Gecko) Chrome/141.0.7390.122 Mobile Safari/537.36 (compatible; Googlebot/2.1; +http://www.google.com/bot.html)"
66.249.79.32 - - [19/Dec/2025:09:25:30 +0000] "GET /56909494 HTTP/1.1" 200 204618 "-" "Mozilla/5.0 (Linux; Android 6.0.1; Nexus 5X Build/MMB29P) AppleWebKit/537.36 (KHTML, like Gecko) Chrome/141.0.7390.122 Mobile Safari/537.36 (compatible; Googlebot/2.1; +http://www.google.com/bot.html)"
159.198.77.92 - - [19/Dec/2025:09:26:08 +0000] "POST /wp-cron.php?doing_wp_cron=1766136367.7493278980255126953125 HTTP/1.1" 404 27511 "-" "WordPress/6.9; https://luxwento.com"
212.56.36.122 - - [19/Dec/2025:09:26:08 +0000] "GET /feed/ HTTP/1.1" 200 48491 "-" "Mozilla/5.0 (X11; Linux x86_64) AppleWebKit/537.36 (KHTML, like Gecko) Chrome/141.0.7390.77 Safari/537.36"
212.56.36.122 - - [19/Dec/2025:09:26:11 +0000] "GET / HTTP/1.1" 200 69143 "-" "Mozilla/5.0 (X11; Linux x86_64) AppleWebKit/537.36 (KHTML, like Gecko) Chrome/141.0.7390.77 Safari/537.36"
212.56.36.122 - - [19/Dec/2025:09:26:14 +0000] "GET /wp-json/oembed/1.0/embed?url=https%3A%2F%2Fwww.nytimes.com%2F2023%2F01%2F15%2Fbusiness%2Fonline-gaming-trends.html HTTP/1.1" 404 84 "-" "Mozilla/5.0 (X11; Linux x86_64) AppleWebKit/537.36 (KHTML, like Gecko) Chrome/141.0.7390.77 Safari/537.36"
81.12.27.190 - - [19/Dec/2025:09:26:18 +0000] "GET /wp-json/oembed/1.0/embed?url=https%3A%2F%2Fwww.nytimes.com%2F2023%2F01%2F15%2Fbusiness%2Fonline-gaming-trends.html HTTP/1.1" 404 84 "-" "Mozilla/5.0 (X11; Linux x86_64) AppleWebKit/537.36 (KHTML, like Gecko) Chrome/141.0.7390.77 Safari/537.36"
66.249.79.33 - - [19/Dec/2025:09:26:20 +0000] "GET /?w=9003729805105 HTTP/1.1" 200 199106 "-" "Mozilla/5.0 (Linux; Android 6.0.1; Nexus 5X Build/MMB29P) AppleWebKit/537.36 (KHTML, like Gecko) Chrome/141.0.7390.122 Mobile Safari/537.36 (compatible; Googlebot/2.1; +http://www.google.com/bot.html)"
142.119.89.224 - - [19/Dec/2025:09:26:22 +0000] "GET /xmlrpc.php HTTP/1.1" 404 27535 "-" "Mozilla/5.0 (Windows NT 10.0; WOW64; rv:45.0) Gecko/20100101 Firefox/45.0"
125.228.47.114 - - [19/Dec/2025:09:26:24 +0000] "GET /wp-json/oembed/1.0/embed?url=https%3A%2F%2Fwww.nytimes.com%2F2023%2F01%2F15%2Fbusiness%2Fonline-gaming-trends.html HTTP/1.1" 404 84 "-" "Mozilla/5.0 (X11; Linux x86_64) AppleWebKit/537.36 (KHTML, like Gecko) Chrome/141.0.7390.77 Safari/537.36"
66.249.79.32 - - [19/Dec/2025:09:26:28 +0000] "GET /23995145 HTTP/1.1" 200 199775 "-" "Mozilla/5.0 (Linux; Android 6.0.1; Nexus 5X Build/MMB29P) AppleWebKit/537.36 (KHTML, like Gecko) Chrome/141.0.7390.122 Mobile Safari/537.36 (compatible; Googlebot/2.1; +http://www.google.com/bot.html)"
192.250.232.15 - - [19/Dec/2025:09:26:28 +0000] "GET / HTTP/1.1" 200 69143 "-" "Mozilla/5.0 (X11; Linux x86_64) AppleWebKit/537.36 (KHTML, like Gecko) Chrome/141.0.7390.77 Safari/537.36"
49.51.39.209 - - [19/Dec/2025:09:26:32 +0000] "GET /rise-of-live-dealer-casinos-en-ny-ra-i-online-spil-2/ HTTP/1.1" 200 32809 "-" "Mozilla/5.0 (iPhone; CPU iPhone OS 13_2_3 like Mac OS X) AppleWebKit/605.1.15 (KHTML, like Gecko) Version/13.0.3 Mobile/15E148 Safari/604.1"
69.163.140.5 - - [19/Dec/2025:09:26:32 +0000] "GET /sitemap_index.xml HTTP/1.1" 200 10693 "-" "Mozilla/5.0 (X11; Linux x86_64) AppleWebKit/537.36 (KHTML, like Gecko) Chrome/141.0.7390.77 Safari/537.36"
66.249.79.37 - - [19/Dec/2025:09:26:34 +0000] "GET /6531792 HTTP/1.1" 200 202858 "-" "Mozilla/5.0 (Linux; Android 6.0.1; Nexus 5X Build/MMB29P) AppleWebKit/537.36 (KHTML, like Gecko) Chrome/141.0.7390.122 Mobile Safari/537.36 (compatible; Googlebot/2.1; +http://www.google.com/bot.html)"
69.163.140.5 - - [19/Dec/2025:09:26:34 +0000] "GET /sitemap.xml HTTP/1.1" 200 164355 "-" "Mozilla/5.0 (X11; Linux x86_64) AppleWebKit/537.36 (KHTML, like Gecko) Chrome/141.0.7390.77 Safari/537.36"
69.163.140.5 - - [19/Dec/2025:09:26:36 +0000] "GET /wp-sitemap.xml HTTP/1.1" 200 164362 "-" "Mozilla/5.0 (X11; Linux x86_64) AppleWebKit/537.36 (KHTML, like Gecko) Chrome/141.0.7390.77 Safari/537.36"
69.163.140.5 - - [19/Dec/2025:09:26:38 +0000] "GET /wp-sitemap-users-1.xml HTTP/1.1" 200 161359 "-" "Mozilla/5.0 (X11; Linux x86_64) AppleWebKit/537.36 (KHTML, like Gecko) Chrome/141.0.7390.77 Safari/537.36"
69.163.140.5 - - [19/Dec/2025:09:26:40 +0000] "GET /author-sitemap.xml HTTP/1.1" 200 162553 "-" "Mozilla/5.0 (X11; Linux x86_64) AppleWebKit/537.36 (KHTML, like Gecko) Chrome/141.0.7390.77 Safari/537.36"
192.250.239.84 - - [19/Dec/2025:09:26:47 +0000] "GET /wp-json/wp/v2/users HTTP/1.1" 200 4850 "-" "Mozilla/5.0 (X11; Linux x86_64) AppleWebKit/537.36 (KHTML, like Gecko) Chrome/141.0.7390.77 Safari/537.36"
192.250.239.84 - - [19/Dec/2025:09:26:51 +0000] "GET /wp-json/wp/v2/posts?per_page=50&_fields=author HTTP/1.1" 200 663 "-" "Mozilla/5.0 (X11; Linux x86_64) AppleWebKit/537.36 (KHTML, like Gecko) Chrome/141.0.7390.77 Safari/537.36"
192.250.239.84 - - [19/Dec/2025:09:26:55 +0000] "GET /wp-json/wp/v2/users/1?_fields=slug,name HTTP/1.1" 200 46 "-" "Mozilla/5.0 (X11; Linux x86_64) AppleWebKit/537.36 (KHTML, like Gecko) Chrome/141.0.7390.77 Safari/537.36"
192.250.239.84 - - [19/Dec/2025:09:26:59 +0000] "GET /index.php/wp-json/wp/v2/users HTTP/1.1" 200 4850 "-" "Mozilla/5.0 (X11; Linux x86_64) AppleWebKit/537.36 (KHTML, like Gecko) Chrome/141.0.7390.77 Safari/537.36"
192.250.239.84 - - [19/Dec/2025:09:27:04 +0000] "GET /?rest_route=/wp/v2/users HTTP/1.1" 200 4850 "-" "Mozilla/5.0 (X11; Linux x86_64) AppleWebKit/537.36 (KHTML, like Gecko) Chrome/141.0.7390.77 Safari/537.36"
159.198.77.92 - - [19/Dec/2025:09:27:11 +0000] "POST /wp-cron.php?doing_wp_cron=1766136431.5617210865020751953125 HTTP/1.1" 404 27511 "-" "WordPress/6.9; https://luxwento.com"
192.250.239.84 - - [19/Dec/2025:09:27:11 +0000] "GET /?rest_route=%2Fwp%2Fv2%2Fusers HTTP/1.1" 200 4850 "-" "Mozilla/5.0 (X11; Linux x86_64) AppleWebKit/537.36 (KHTML, like Gecko) Chrome/141.0.7390.77 Safari/537.36"
192.250.239.84 - - [19/Dec/2025:09:27:14 +0000] "GET /?rest_route=/Wp/v2/users HTTP/1.1" 200 4850 "-" "Mozilla/5.0 (X11; Linux x86_64) AppleWebKit/537.36 (KHTML, like Gecko) Chrome/141.0.7390.77 Safari/537.36"
192.250.239.84 - - [19/Dec/2025:09:27:17 +0000] "GET /?rest_route=/wp/V2/users HTTP/1.1" 200 4850 "-" "Mozilla/5.0 (X11; Linux x86_64) AppleWebKit/537.36 (KHTML, like Gecko) Chrome/141.0.7390.77 Safari/537.36"
192.250.239.84 - - [19/Dec/2025:09:27:19 +0000] "GET /?rest_route=/wp/v2/usErs HTTP/1.1" 200 4850 "-" "Mozilla/5.0 (X11; Linux x86_64) AppleWebKit/537.36 (KHTML, like Gecko) Chrome/141.0.7390.77 Safari/537.36"
192.250.239.84 - - [19/Dec/2025:09:27:21 +0000] "GET /wp-json/Wp/v2/users HTTP/1.1" 200 4850 "-" "Mozilla/5.0 (X11; Linux x86_64) AppleWebKit/537.36 (KHTML, like Gecko) Chrome/141.0.7390.77 Safari/537.36"
192.250.239.84 - - [19/Dec/2025:09:27:23 +0000] "GET /wp-json/wp/V2/users HTTP/1.1" 200 4850 "-" "Mozilla/5.0 (X11; Linux x86_64) AppleWebKit/537.36 (KHTML, like Gecko) Chrome/141.0.7390.77 Safari/537.36"
192.250.239.84 - - [19/Dec/2025:09:27:27 +0000] "GET /wp-json/wp/v2/usErs HTTP/1.1" 200 4850 "-" "Mozilla/5.0 (X11; Linux x86_64) AppleWebKit/537.36 (KHTML, like Gecko) Chrome/141.0.7390.77 Safari/537.36"
66.249.79.37 - - [19/Dec/2025:09:27:29 +0000] "GET /?w=5157821385001 HTTP/1.1" 200 189291 "-" "Mozilla/5.0 (Linux; Android 6.0.1; Nexus 5X Build/MMB29P) AppleWebKit/537.36 (KHTML, like Gecko) Chrome/141.0.7390.122 Mobile Safari/537.36 (compatible; Googlebot/2.1; +http://www.google.com/bot.html)"
66.249.79.32 - - [19/Dec/2025:09:27:30 +0000] "GET /?w=2898227051200 HTTP/1.1" 200 188856 "-" "Mozilla/5.0 (Linux; Android 6.0.1; Nexus 5X Build/MMB29P) AppleWebKit/537.36 (KHTML, like Gecko) Chrome/141.0.7390.122 Mobile Safari/537.36 (compatible; Googlebot/2.1; +http://www.google.com/bot.html)"
192.250.239.84 - - [19/Dec/2025:09:27:31 +0000] "GET /Wp-JsOn/Wp/V2/UsErS HTTP/1.1" 404 27535 "-" "Mozilla/5.0 (X11; Linux x86_64) AppleWebKit/537.36 (KHTML, like Gecko) Chrome/141.0.7390.77 Safari/537.36"
161.132.49.90 - - [19/Dec/2025:09:27:34 +0000] "GET /Wp-JsOn/Wp/V2/UsErS HTTP/1.1" 404 27535 "-" "Mozilla/5.0 (X11; Linux x86_64) AppleWebKit/537.36 (KHTML, like Gecko) Chrome/141.0.7390.77 Safari/537.36"
20.120.241.165 - - [19/Dec/2025:09:27:38 +0000] "GET /Wp-JsOn/Wp/V2/UsErS HTTP/1.1" 404 27535 "-" "Mozilla/5.0 (X11; Linux x86_64) AppleWebKit/537.36 (KHTML, like Gecko) Chrome/141.0.7390.77 Safari/537.36"
185.243.11.123 - - [19/Dec/2025:09:27:46 +0000] "GET /wp-json/wp/v2/users?per_page=100&page=1 HTTP/1.1" 200 4850 "-" "Mozilla/5.0 (X11; Linux x86_64) AppleWebKit/537.36 (KHTML, like Gecko) Chrome/141.0.7390.77 Safari/537.36"
185.243.11.123 - - [19/Dec/2025:09:27:50 +0000] "GET /?rest_route=/wp/v2/users&per_page=100 HTTP/1.1" 200 4850 "-" "Mozilla/5.0 (X11; Linux x86_64) AppleWebKit/537.36 (KHTML, like Gecko) Chrome/141.0.7390.77 Safari/537.36"
185.243.11.123 - - [19/Dec/2025:09:27:54 +0000] "GET /wp-json/wp/v2/users.json HTTP/1.1" 404 125 "-" "Mozilla/5.0 (X11; Linux x86_64) AppleWebKit/537.36 (KHTML, like Gecko) Chrome/141.0.7390.77 Safari/537.36"
103.178.231.51 - - [19/Dec/2025:09:27:59 +0000] "GET /wp-json/wp/v2/users.json HTTP/1.1" 404 125 "-" "Mozilla/5.0 (X11; Linux x86_64) AppleWebKit/537.36 (KHTML, like Gecko) Chrome/141.0.7390.77 Safari/537.36"
157.10.171.176 - - [19/Dec/2025:09:28:04 +0000] "GET /wp-json/wp/v2/users.json HTTP/1.1" 404 125 "-" "Mozilla/5.0 (X11; Linux x86_64) AppleWebKit/537.36 (KHTML, like Gecko) Chrome/141.0.7390.77 Safari/537.36"
197.250.34.36 - - [19/Dec/2025:09:28:07 +0000] "GET /wp-json/wc/v3/customers HTTP/1.1" 404 125 "-" "Mozilla/5.0 (X11; Linux x86_64) AppleWebKit/537.36 (KHTML, like Gecko) Chrome/141.0.7390.77 Safari/537.36"
