101.32.191.89 - - [19/Dec/2025:05:33:25 +0000] "GET /mostbet-casino-bonus-829/ HTTP/1.1" 200 49538 "https://luxwento.com/mostbet-casino-bonus-829/" "Mozilla/5.0 (Windows NT 10.0; Win64; x64) AppleWebKit/537.36 (KHTML, like Gecko) Chrome/101.0.4951.64 Safari/537.36 Edg/101.0.1210.47"
66.249.79.33 - - [19/Dec/2025:05:33:26 +0000] "GET /?47414050?item=0047179528 HTTP/1.1" 200 202583 "-" "Mozilla/5.0 (Linux; Android 6.0.1; Nexus 5X Build/MMB29P) AppleWebKit/537.36 (KHTML, like Gecko) Chrome/141.0.7390.122 Mobile Safari/537.36 (compatible; Googlebot/2.1; +http://www.google.com/bot.html)"
66.249.79.32 - - [19/Dec/2025:05:33:26 +0000] "GET /947427198 HTTP/1.1" 200 189201 "-" "Mozilla/5.0 (Linux; Android 6.0.1; Nexus 5X Build/MMB29P) AppleWebKit/537.36 (KHTML, like Gecko) Chrome/141.0.7390.122 Mobile Safari/537.36 (compatible; Googlebot/2.1; +http://www.google.com/bot.html)"
66.249.79.33 - - [19/Dec/2025:05:33:26 +0000] "GET /6550053 HTTP/1.1" 200 203784 "-" "Mozilla/5.0 (Linux; Android 6.0.1; Nexus 5X Build/MMB29P) AppleWebKit/537.36 (KHTML, like Gecko) Chrome/141.0.7390.122 Mobile Safari/537.36 (compatible; Googlebot/2.1; +http://www.google.com/bot.html)"
66.249.79.32 - - [19/Dec/2025:05:33:56 +0000] "GET /2227021 HTTP/1.1" 200 204591 "-" "Mozilla/5.0 (Linux; Android 6.0.1; Nexus 5X Build/MMB29P) AppleWebKit/537.36 (KHTML, like Gecko) Chrome/141.0.7390.122 Mobile Safari/537.36 (compatible; Googlebot/2.1; +http://www.google.com/bot.html)"
66.249.79.33 - - [19/Dec/2025:05:33:57 +0000] "GET /65064216?item=0064742317 HTTP/1.1" 200 205761 "-" "Mozilla/5.0 (Linux; Android 6.0.1; Nexus 5X Build/MMB29P) AppleWebKit/537.36 (KHTML, like Gecko) Chrome/141.0.7390.122 Mobile Safari/537.36 (compatible; Googlebot/2.1; +http://www.google.com/bot.html)"
66.249.79.33 - - [19/Dec/2025:05:33:57 +0000] "GET /82844920 HTTP/1.1" 200 203681 "-" "Mozilla/5.0 (Linux; Android 6.0.1; Nexus 5X Build/MMB29P) AppleWebKit/537.36 (KHTML, like Gecko) Chrome/141.0.7390.122 Mobile Safari/537.36 (compatible; Googlebot/2.1; +http://www.google.com/bot.html)"
66.249.79.33 - - [19/Dec/2025:05:34:18 +0000] "GET /2636558 HTTP/1.1" 200 202596 "-" "Mozilla/5.0 (Linux; Android 6.0.1; Nexus 5X Build/MMB29P) AppleWebKit/537.36 (KHTML, like Gecko) Chrome/141.0.7390.122 Mobile Safari/537.36 (compatible; Googlebot/2.1; +http://www.google.com/bot.html)"
159.198.77.92 - - [19/Dec/2025:05:34:28 +0000] "POST /wp-cron.php?doing_wp_cron=1766122468.4764909744262695312500 HTTP/1.1" 404 27478 "-" "WordPress/6.9; https://luxwento.com"
185.170.167.18 - - [19/Dec/2025:05:34:29 +0000] "GET /mostbet-skachat-619/ HTTP/1.1" 200 44170 "-" "Mozilla/5.0 (compatible; BacklinksExtendedBot)"
66.249.79.32 - - [19/Dec/2025:05:34:48 +0000] "GET /7936024 HTTP/1.1" 200 203554 "-" "Mozilla/5.0 (Linux; Android 6.0.1; Nexus 5X Build/MMB29P) AppleWebKit/537.36 (KHTML, like Gecko) Chrome/141.0.7390.122 Mobile Safari/537.36 (compatible; Googlebot/2.1; +http://www.google.com/bot.html)"
66.249.79.33 - - [19/Dec/2025:05:34:49 +0000] "GET /679439253 HTTP/1.1" 200 204215 "-" "Mozilla/5.0 (Linux; Android 6.0.1; Nexus 5X Build/MMB29P) AppleWebKit/537.36 (KHTML, like Gecko) Chrome/141.0.7390.122 Mobile Safari/537.36 (compatible; Googlebot/2.1; +http://www.google.com/bot.html)"
66.249.79.32 - - [19/Dec/2025:05:34:49 +0000] "GET /655102672 HTTP/1.1" 200 203368 "-" "Mozilla/5.0 (Linux; Android 6.0.1; Nexus 5X Build/MMB29P) AppleWebKit/537.36 (KHTML, like Gecko) Chrome/141.0.7390.122 Mobile Safari/537.36 (compatible; Googlebot/2.1; +http://www.google.com/bot.html)"
66.249.79.33 - - [19/Dec/2025:05:34:49 +0000] "GET /?w=6467410987202 HTTP/1.1" 200 188085 "-" "Mozilla/5.0 (Linux; Android 6.0.1; Nexus 5X Build/MMB29P) AppleWebKit/537.36 (KHTML, like Gecko) Chrome/141.0.7390.122 Mobile Safari/537.36 (compatible; Googlebot/2.1; +http://www.google.com/bot.html)"
45.227.253.15 - - [19/Dec/2025:05:34:53 +0000] "GET /?of=1 HTTP/1.1" 200 24153 "-" "Mozilla/5.0 (Macintosh; Intel Mac OS X 10.12; rv:103.0) Gecko/20100101 Firefox/102.0"
66.249.79.32 - - [19/Dec/2025:05:34:57 +0000] "GET /4517198 HTTP/1.1" 200 202060 "-" "Mozilla/5.0 (Linux; Android 6.0.1; Nexus 5X Build/MMB29P) AppleWebKit/537.36 (KHTML, like Gecko) Chrome/141.0.7390.122 Mobile Safari/537.36 (compatible; Googlebot/2.1; +http://www.google.com/bot.html)"
66.249.79.32 - - [19/Dec/2025:05:34:57 +0000] "GET /6361421 HTTP/1.1" 200 202285 "-" "Mozilla/5.0 (Linux; Android 6.0.1; Nexus 5X Build/MMB29P) AppleWebKit/537.36 (KHTML, like Gecko) Chrome/141.0.7390.122 Mobile Safari/537.36 (compatible; Googlebot/2.1; +http://www.google.com/bot.html)"
43.159.227.241 - - [19/Dec/2025:05:35:16 +0000] "GET /casino-online-contact HTTP/1.1" 404 27502 "https://luxwento.com/casino-online-contact" "Mozilla/5.0 (Macintosh; Intel Mac OS X 10_15_7) AppleWebKit/537.36 (KHTML, like Gecko) Chrome/120.0.0.0 Safari/537.36"
66.249.79.32 - - [19/Dec/2025:05:35:58 +0000] "GET /?269874758?item=0268538946 HTTP/1.1" 200 185092 "-" "Mozilla/5.0 (Linux; Android 6.0.1; Nexus 5X Build/MMB29P) AppleWebKit/537.36 (KHTML, like Gecko) Chrome/141.0.7390.122 Mobile Safari/537.36 (compatible; Googlebot/2.1; +http://www.google.com/bot.html)"
66.249.79.32 - - [19/Dec/2025:05:37:07 +0000] "GET /?6023088?item=0005993473 HTTP/1.1" 200 203725 "-" "Mozilla/5.0 (Linux; Android 6.0.1; Nexus 5X Build/MMB29P) AppleWebKit/537.36 (KHTML, like Gecko) Chrome/141.0.7390.122 Mobile Safari/537.36 (compatible; Googlebot/2.1; +http://www.google.com/bot.html)"
66.249.79.33 - - [19/Dec/2025:05:37:51 +0000] "GET /?6693212?item=0006660279 HTTP/1.1" 200 202988 "-" "Mozilla/5.0 (Linux; Android 6.0.1; Nexus 5X Build/MMB29P) AppleWebKit/537.36 (KHTML, like Gecko) Chrome/141.0.7390.122 Mobile Safari/537.36 (compatible; Googlebot/2.1; +http://www.google.com/bot.html)"
159.198.77.92 - - [19/Dec/2025:05:38:07 +0000] "POST /wp-cron.php?doing_wp_cron=1766122687.3334069252014160156250 HTTP/1.1" 404 27478 "-" "WordPress/6.9; https://luxwento.com"
159.138.84.226 - - [19/Dec/2025:05:38:07 +0000] "GET /pinco/play HTTP/1.1" 301 0 "https://luxwento.com/pinco/play" "Mozilla/5.0 (Windows NT 10.0; Win64; x64) AppleWebKit/537.36 (KHTML, like Gecko) Chrome/116.0.0.0 Safari/537.36"
159.138.84.226 - - [19/Dec/2025:05:38:09 +0000] "GET /play-bison-casino-155/ HTTP/1.1" 200 46324 "https://luxwento.com/play-bison-casino-155/" "Mozilla/5.0 (Windows NT 10.0; Win64; x64) AppleWebKit/537.36 (KHTML, like Gecko) Chrome/116.0.0.0 Safari/537.36"
66.249.79.33 - - [19/Dec/2025:05:38:12 +0000] "GET /65936463 HTTP/1.1" 200 201682 "-" "Mozilla/5.0 (Linux; Android 6.0.1; Nexus 5X Build/MMB29P) AppleWebKit/537.36 (KHTML, like Gecko) Chrome/141.0.7390.122 Mobile Safari/537.36 (compatible; Googlebot/2.1; +http://www.google.com/bot.html)"
66.249.79.34 - - [19/Dec/2025:05:38:15 +0000] "GET /298867006 HTTP/1.1" 200 185258 "-" "Mozilla/5.0 (Linux; Android 6.0.1; Nexus 5X Build/MMB29P) AppleWebKit/537.36 (KHTML, like Gecko) Chrome/141.0.7390.122 Mobile Safari/537.36 (compatible; Googlebot/2.1; +http://www.google.com/bot.html)"
188.239.41.151 - - [19/Dec/2025:05:38:46 +0000] "GET /pokerdom/play HTTP/1.1" 301 0 "https://luxwento.com/pokerdom/play" "Mozilla/5.0 (Windows NT 10.0; Win64; x64) AppleWebKit/537.36 (KHTML, like Gecko) Chrome/101.0.4951.64 Safari/537.36 Edg/101.0.1210.47"
188.239.41.151 - - [19/Dec/2025:05:38:48 +0000] "GET /play-bison-casino-155/ HTTP/1.1" 200 46324 "https://luxwento.com/play-bison-casino-155/" "Mozilla/5.0 (Windows NT 10.0; Win64; x64) AppleWebKit/537.36 (KHTML, like Gecko) Chrome/101.0.4951.64 Safari/537.36 Edg/101.0.1210.47"
159.198.77.92 - - [19/Dec/2025:05:39:26 +0000] "POST /wp-cron.php?doing_wp_cron=1766122765.8310019969940185546875 HTTP/1.1" 404 27478 "-" "WordPress/6.9; https://luxwento.com"
94.74.84.125 - - [19/Dec/2025:05:39:26 +0000] "GET /sykaaa/play HTTP/1.1" 301 0 "https://luxwento.com/sykaaa/play" "Mozilla/5.0 (Windows NT 10.0; Win64; x64) AppleWebKit/537.36 (KHTML, like Gecko) Chrome/116.0.0.0 Safari/537.36"
66.249.79.32 - - [19/Dec/2025:05:39:27 +0000] "GET /?w=1101556531606 HTTP/1.1" 200 201085 "-" "Mozilla/5.0 (Linux; Android 6.0.1; Nexus 5X Build/MMB29P) AppleWebKit/537.36 (KHTML, like Gecko) Chrome/141.0.7390.122 Mobile Safari/537.36 (compatible; Googlebot/2.1; +http://www.google.com/bot.html)"
94.74.84.125 - - [19/Dec/2025:05:39:28 +0000] "GET /play-bison-casino-155/ HTTP/1.1" 200 46324 "https://luxwento.com/play-bison-casino-155/" "Mozilla/5.0 (Windows NT 10.0; Win64; x64) AppleWebKit/537.36 (KHTML, like Gecko) Chrome/116.0.0.0 Safari/537.36"
66.249.79.32 - - [19/Dec/2025:05:39:57 +0000] "GET /22160592?item=0022051089 HTTP/1.1" 200 201958 "-" "Mozilla/5.0 (Linux; Android 6.0.1; Nexus 5X Build/MMB29P) AppleWebKit/537.36 (KHTML, like Gecko) Chrome/141.0.7390.122 Mobile Safari/537.36 (compatible; Googlebot/2.1; +http://www.google.com/bot.html)"
66.249.79.32 - - [19/Dec/2025:05:40:25 +0000] "GET /49258162?item=0049014512 HTTP/1.1" 200 204791 "-" "Mozilla/5.0 (Linux; Android 6.0.1; Nexus 5X Build/MMB29P) AppleWebKit/537.36 (KHTML, like Gecko) Chrome/141.0.7390.122 Mobile Safari/537.36 (compatible; Googlebot/2.1; +http://www.google.com/bot.html)"
66.249.79.32 - - [19/Dec/2025:05:40:33 +0000] "GET /35385370 HTTP/1.1" 200 205607 "-" "Mozilla/5.0 (Linux; Android 6.0.1; Nexus 5X Build/MMB29P) AppleWebKit/537.36 (KHTML, like Gecko) Chrome/141.0.7390.122 Mobile Safari/537.36 (compatible; Googlebot/2.1; +http://www.google.com/bot.html)"
66.249.79.32 - - [19/Dec/2025:05:40:38 +0000] "GET /9453242 HTTP/1.1" 200 203979 "-" "Mozilla/5.0 (Linux; Android 6.0.1; Nexus 5X Build/MMB29P) AppleWebKit/537.36 (KHTML, like Gecko) Chrome/141.0.7390.122 Mobile Safari/537.36 (compatible; Googlebot/2.1; +http://www.google.com/bot.html)"
159.198.77.92 - - [19/Dec/2025:05:40:49 +0000] "POST /wp-cron.php?doing_wp_cron=1766122849.4251019954681396484375 HTTP/1.1" 404 27478 "-" "WordPress/6.9; https://luxwento.com"
185.170.167.18 - - [19/Dec/2025:05:40:49 +0000] "GET /category/casino/page/5/ HTTP/1.1" 200 19410 "-" "Mozilla/5.0 (compatible; BacklinksExtendedBot)"
66.249.79.34 - - [19/Dec/2025:05:42:41 +0000] "GET /?39078240?item=0038884985 HTTP/1.1" 200 201566 "-" "Mozilla/5.0 (Linux; Android 6.0.1; Nexus 5X Build/MMB29P) AppleWebKit/537.36 (KHTML, like Gecko) Chrome/141.0.7390.122 Mobile Safari/537.36 (compatible; Googlebot/2.1; +http://www.google.com/bot.html)"
66.249.79.34 - - [19/Dec/2025:05:42:42 +0000] "GET /?10481504?item=0010429817 HTTP/1.1" 200 203659 "-" "Mozilla/5.0 (Linux; Android 6.0.1; Nexus 5X Build/MMB29P) AppleWebKit/537.36 (KHTML, like Gecko) Chrome/141.0.7390.122 Mobile Safari/537.36 (compatible; Googlebot/2.1; +http://www.google.com/bot.html)"
66.249.79.33 - - [19/Dec/2025:05:42:42 +0000] "GET /?w=2510475174000 HTTP/1.1" 200 200578 "-" "Mozilla/5.0 (Linux; Android 6.0.1; Nexus 5X Build/MMB29P) AppleWebKit/537.36 (KHTML, like Gecko) Chrome/141.0.7390.122 Mobile Safari/537.36 (compatible; Googlebot/2.1; +http://www.google.com/bot.html)"
66.249.79.32 - - [19/Dec/2025:05:42:50 +0000] "GET /?66649768?item=0066320021 HTTP/1.1" 200 199650 "-" "Mozilla/5.0 (Linux; Android 6.0.1; Nexus 5X Build/MMB29P) AppleWebKit/537.36 (KHTML, like Gecko) Chrome/141.0.7390.122 Mobile Safari/537.36 (compatible; Googlebot/2.1; +http://www.google.com/bot.html)"
66.249.79.32 - - [19/Dec/2025:05:43:16 +0000] "GET /87552342 HTTP/1.1" 200 203645 "-" "Mozilla/5.0 (Linux; Android 6.0.1; Nexus 5X Build/MMB29P) AppleWebKit/537.36 (KHTML, like Gecko) Chrome/141.0.7390.122 Mobile Safari/537.36 (compatible; Googlebot/2.1; +http://www.google.com/bot.html)"
66.249.79.33 - - [19/Dec/2025:05:43:59 +0000] "GET /?w=2919068310003 HTTP/1.1" 200 199727 "-" "Mozilla/5.0 (Linux; Android 6.0.1; Nexus 5X Build/MMB29P) AppleWebKit/537.36 (KHTML, like Gecko) Chrome/141.0.7390.122 Mobile Safari/537.36 (compatible; Googlebot/2.1; +http://www.google.com/bot.html)"
66.249.79.32 - - [19/Dec/2025:05:44:39 +0000] "GET /?515629866?item=0513077444 HTTP/1.1" 200 200275 "-" "Mozilla/5.0 (Linux; Android 6.0.1; Nexus 5X Build/MMB29P) AppleWebKit/537.36 (KHTML, like Gecko) Chrome/141.0.7390.122 Mobile Safari/537.36 (compatible; Googlebot/2.1; +http://www.google.com/bot.html)"
66.249.79.34 - - [19/Dec/2025:05:45:06 +0000] "GET /482083860 HTTP/1.1" 200 197829 "-" "Mozilla/5.0 (Linux; Android 6.0.1; Nexus 5X Build/MMB29P) AppleWebKit/537.36 (KHTML, like Gecko) Chrome/141.0.7390.122 Mobile Safari/537.36 (compatible; Googlebot/2.1; +http://www.google.com/bot.html)"
66.249.79.33 - - [19/Dec/2025:05:45:08 +0000] "GET /5864957 HTTP/1.1" 200 203433 "-" "Mozilla/5.0 (Linux; Android 6.0.1; Nexus 5X Build/MMB29P) AppleWebKit/537.36 (KHTML, like Gecko) Chrome/141.0.7390.122 Mobile Safari/537.36 (compatible; Googlebot/2.1; +http://www.google.com/bot.html)"
66.249.79.33 - - [19/Dec/2025:05:45:15 +0000] "GET /?104118278?item=0103603042 HTTP/1.1" 200 203268 "-" "Mozilla/5.0 (Linux; Android 6.0.1; Nexus 5X Build/MMB29P) AppleWebKit/537.36 (KHTML, like Gecko) Chrome/141.0.7390.122 Mobile Safari/537.36 (compatible; Googlebot/2.1; +http://www.google.com/bot.html)"
66.249.79.33 - - [19/Dec/2025:05:45:15 +0000] "GET /942005828 HTTP/1.1" 200 189878 "-" "Mozilla/5.0 (Linux; Android 6.0.1; Nexus 5X Build/MMB29P) AppleWebKit/537.36 (KHTML, like Gecko) Chrome/141.0.7390.122 Mobile Safari/537.36 (compatible; Googlebot/2.1; +http://www.google.com/bot.html)"
66.249.79.32 - - [19/Dec/2025:05:45:27 +0000] "GET /10218207 HTTP/1.1" 200 203251 "-" "Mozilla/5.0 (Linux; Android 6.0.1; Nexus 5X Build/MMB29P) AppleWebKit/537.36 (KHTML, like Gecko) Chrome/141.0.7390.122 Mobile Safari/537.36 (compatible; Googlebot/2.1; +http://www.google.com/bot.html)"
159.198.77.92 - - [19/Dec/2025:05:45:27 +0000] "POST /wp-cron.php?doing_wp_cron=1766123127.2363419532775878906250 HTTP/1.1" 404 27478 "-" "WordPress/6.9; https://luxwento.com"
124.156.104.13 - - [19/Dec/2025:05:45:27 +0000] "GET /1win-bet-852/ HTTP/1.1" 200 44887 "https://luxwento.com/1win-bet-852/" "Mozilla/5.0 (Macintosh; Intel Mac OS X 10_15_7) AppleWebKit/537.36 (KHTML, like Gecko) Chrome/119.0.0.0 Safari/537.36"
66.249.79.32 - - [19/Dec/2025:05:45:28 +0000] "GET /vozdejstvujuschee-vlijanie-affektov-na-osuschestvlenie-reshenij/ HTTP/1.1" 200 204026 "-" "Mozilla/5.0 (Linux; Android 6.0.1; Nexus 5X Build/MMB29P) AppleWebKit/537.36 (KHTML, like Gecko) Chrome/141.0.7390.122 Mobile Safari/537.36 (compatible; Googlebot/2.1; +http://www.google.com/bot.html)"
66.249.79.32 - - [19/Dec/2025:05:45:30 +0000] "GET /14585587 HTTP/1.1" 200 204464 "-" "Mozilla/5.0 (Linux; Android 6.0.1; Nexus 5X Build/MMB29P) AppleWebKit/537.36 (KHTML, like Gecko) Chrome/141.0.7390.122 Mobile Safari/537.36 (compatible; Googlebot/2.1; +http://www.google.com/bot.html)"
66.249.79.32 - - [19/Dec/2025:05:45:52 +0000] "GET /?307015138?item=0305495464 HTTP/1.1" 200 189936 "-" "Mozilla/5.0 (Linux; Android 6.0.1; Nexus 5X Build/MMB29P) AppleWebKit/537.36 (KHTML, like Gecko) Chrome/141.0.7390.122 Mobile Safari/537.36 (compatible; Googlebot/2.1; +http://www.google.com/bot.html)"
66.249.79.34 - - [19/Dec/2025:05:46:16 +0000] "GET /?w=674112436001 HTTP/1.1" 200 184375 "-" "Mozilla/5.0 (Linux; Android 6.0.1; Nexus 5X Build/MMB29P) AppleWebKit/537.36 (KHTML, like Gecko) Chrome/141.0.7390.122 Mobile Safari/537.36 (compatible; Googlebot/2.1; +http://www.google.com/bot.html)"
159.198.77.92 - - [19/Dec/2025:05:46:45 +0000] "POST /wp-cron.php?doing_wp_cron=1766123204.7284059524536132812500 HTTP/1.1" 404 27478 "-" "WordPress/6.9; https://luxwento.com"
2a03:2880:f800:10:: - - [19/Dec/2025:05:46:45 +0000] "GET /wp-json/oembed/1.0/embed?url=https%3A%2F%2Fluxwento.com%2Fkak-feshn-vozdejstvuet-opredeljaet-dosug%2F HTTP/1.1" 200 5406 "-" "meta-externalagent/1.1 (+https://developers.facebook.com/docs/sharing/webmasters/crawler)"
66.249.79.32 - - [19/Dec/2025:05:47:25 +0000] "GET /4342802 HTTP/1.1" 200 201843 "-" "Mozilla/5.0 (Linux; Android 6.0.1; Nexus 5X Build/MMB29P) AppleWebKit/537.36 (KHTML, like Gecko) Chrome/141.0.7390.122 Mobile Safari/537.36 (compatible; Googlebot/2.1; +http://www.google.com/bot.html)"
52.167.144.142 - - [19/Dec/2025:05:47:35 +0000] "GET /obzor-onlajnkazino-zavedenie-uchetnoj-zapisi-i-igrovoj-protsess-na-realnye-dengi/ HTTP/1.1" 200 204744 "-" "Mozilla/5.0 AppleWebKit/537.36 (KHTML, like Gecko; compatible; bingbot/2.0; +http://www.bing.com/bingbot.htm) Chrome/116.0.1938.76 Safari/537.36"
66.249.79.32 - - [19/Dec/2025:05:47:55 +0000] "GET /?w=691431202801 HTTP/1.1" 200 199537 "-" "Mozilla/5.0 (Linux; Android 6.0.1; Nexus 5X Build/MMB29P) AppleWebKit/537.36 (KHTML, like Gecko) Chrome/141.0.7390.122 Mobile Safari/537.36 (compatible; Googlebot/2.1; +http://www.google.com/bot.html)"
159.198.77.92 - - [19/Dec/2025:05:48:16 +0000] "POST /wp-cron.php?doing_wp_cron=1766123295.7192330360412597656250 HTTP/1.1" 404 27478 "-" "WordPress/6.9; https://luxwento.com"
159.198.77.92 - - [19/Dec/2025:05:48:16 +0000] "POST /wp-cron.php?doing_wp_cron=1766123295.7126610279083251953125 HTTP/1.1" 404 27478 "-" "WordPress/6.9; https://luxwento.com"
2a03:2880:f800:1d:: - - [19/Dec/2025:05:48:16 +0000] "GET /wp-json/wp/v2/posts/2448 HTTP/1.1" 200 10888 "-" "meta-externalagent/1.1 (+https://developers.facebook.com/docs/sharing/webmasters/crawler)"
124.156.184.20 - - [19/Dec/2025:05:48:16 +0000] "GET /pin-up-oyunu-993/ HTTP/1.1" 200 40689 "https://luxwento.com/pin-up-oyunu-993/" "Mozilla/5.0 (Macintosh; Intel Mac OS X 10_15_7) AppleWebKit/537.36 (KHTML, like Gecko) Chrome/120.0.0.0 Safari/537.36"
66.249.79.33 - - [19/Dec/2025:05:48:44 +0000] "GET /?ctg/search/similarImageSearchResultView/?ctgItemCd=320491 HTTP/1.1" 200 203532 "-" "Mozilla/5.0 (Linux; Android 6.0.1; Nexus 5X Build/MMB29P) AppleWebKit/537.36 (KHTML, like Gecko) Chrome/141.0.7390.122 Mobile Safari/537.36 (compatible; Googlebot/2.1; +http://www.google.com/bot.html)"
66.249.79.33 - - [19/Dec/2025:05:48:44 +0000] "GET /?w=737109470501 HTTP/1.1" 200 185957 "-" "Mozilla/5.0 (Linux; Android 6.0.1; Nexus 5X Build/MMB29P) AppleWebKit/537.36 (KHTML, like Gecko) Chrome/141.0.7390.122 Mobile Safari/537.36 (compatible; Googlebot/2.1; +http://www.google.com/bot.html)"
2a02:598:96:8a00::1200:124 - - [19/Dec/2025:05:49:08 +0000] "GET /pin-up-apuestas-deportivas-419/ HTTP/1.1" 403 0 "-" "Mozilla/5.0 (compatible; SeznamBot/4.0; +https://o-seznam.cz/napoveda/vyhledavani/en/seznambot-crawler/)"
124.156.134.214 - - [19/Dec/2025:05:49:15 +0000] "GET /mostbet-bet-450/ HTTP/1.1" 200 53046 "https://luxwento.com/mostbet-bet-450/" "Mozilla/5.0 (Windows NT 10.0; Win64; x64) AppleWebKit/537.36 (KHTML, like Gecko) Chrome/116.0.0.0 Safari/537.36"
66.249.79.34 - - [19/Dec/2025:05:49:17 +0000] "GET /322839158?item=0321241146 HTTP/1.1" 200 188108 "-" "Mozilla/5.0 (Linux; Android 6.0.1; Nexus 5X Build/MMB29P) AppleWebKit/537.36 (KHTML, like Gecko) Chrome/141.0.7390.122 Mobile Safari/537.36 (compatible; Googlebot/2.1; +http://www.google.com/bot.html)"
66.249.79.34 - - [19/Dec/2025:05:49:18 +0000] "GET /?73291272?item=0072928645 HTTP/1.1" 200 203020 "-" "Mozilla/5.0 (Linux; Android 6.0.1; Nexus 5X Build/MMB29P) AppleWebKit/537.36 (KHTML, like Gecko) Chrome/141.0.7390.122 Mobile Safari/537.36 (compatible; Googlebot/2.1; +http://www.google.com/bot.html)"
66.249.79.33 - - [19/Dec/2025:05:49:32 +0000] "GET /?w=9537539941901 HTTP/1.1" 200 198995 "-" "Mozilla/5.0 (Linux; Android 6.0.1; Nexus 5X Build/MMB29P) AppleWebKit/537.36 (KHTML, like Gecko) Chrome/141.0.7390.122 Mobile Safari/537.36 (compatible; Googlebot/2.1; +http://www.google.com/bot.html)"
66.249.79.32 - - [19/Dec/2025:05:49:38 +0000] "GET /products/13807225/ HTTP/1.1" 200 205567 "-" "Mozilla/5.0 (Linux; Android 6.0.1; Nexus 5X Build/MMB29P) AppleWebKit/537.36 (KHTML, like Gecko) Chrome/141.0.7390.122 Mobile Safari/537.36 (compatible; Googlebot/2.1; +http://www.google.com/bot.html)"
66.249.79.32 - - [19/Dec/2025:05:49:40 +0000] "GET /?w=1694140834202 HTTP/1.1" 200 185865 "-" "Mozilla/5.0 (Linux; Android 6.0.1; Nexus 5X Build/MMB29P) AppleWebKit/537.36 (KHTML, like Gecko) Chrome/141.0.7390.122 Mobile Safari/537.36 (compatible; Googlebot/2.1; +http://www.google.com/bot.html)"
66.249.79.32 - - [19/Dec/2025:05:49:41 +0000] "GET /?529262492?item=0526642583 HTTP/1.1" 200 198887 "-" "Mozilla/5.0 (Linux; Android 6.0.1; Nexus 5X Build/MMB29P) AppleWebKit/537.36 (KHTML, like Gecko) Chrome/141.0.7390.122 Mobile Safari/537.36 (compatible; Googlebot/2.1; +http://www.google.com/bot.html)"
66.249.79.32 - - [19/Dec/2025:05:49:42 +0000] "GET /72942393 HTTP/1.1" 200 200226 "-" "Mozilla/5.0 (Linux; Android 6.0.1; Nexus 5X Build/MMB29P) AppleWebKit/537.36 (KHTML, like Gecko) Chrome/141.0.7390.122 Mobile Safari/537.36 (compatible; Googlebot/2.1; +http://www.google.com/bot.html)"
43.154.62.84 - - [19/Dec/2025:05:49:55 +0000] "GET /mostbet-aviator-app-387/ HTTP/1.1" 200 41793 "https://luxwento.com/mostbet-aviator-app-387/" "Mozilla/5.0 (Macintosh; Intel Mac OS X 10_15_7) AppleWebKit/537.36 (KHTML, like Gecko) Chrome/120.0.0.0 Safari/537.36"
66.249.79.33 - - [19/Dec/2025:05:50:52 +0000] "GET /459858829 HTTP/1.1" 200 197099 "-" "Mozilla/5.0 (Linux; Android 6.0.1; Nexus 5X Build/MMB29P) AppleWebKit/537.36 (KHTML, like Gecko) Chrome/141.0.7390.122 Mobile Safari/537.36 (compatible; Googlebot/2.1; +http://www.google.com/bot.html)"
40.77.167.70 - - [19/Dec/2025:05:51:38 +0000] "GET /slot-dengan-simbol-transformasi-kejutan-di-tengah-gulungan/ HTTP/1.1" 200 204169 "-" "Mozilla/5.0 AppleWebKit/537.36 (KHTML, like Gecko; compatible; bingbot/2.0; +http://www.bing.com/bingbot.htm) Chrome/116.0.1938.76 Safari/537.36"
159.198.77.92 - - [19/Dec/2025:05:51:39 +0000] "POST /wp-cron.php?doing_wp_cron=1766123498.6172940731048583984375 HTTP/1.1" 404 27478 "-" "WordPress/6.9; https://luxwento.com"
43.154.11.243 - - [19/Dec/2025:05:51:39 +0000] "GET /casino-online-privacy-policy HTTP/1.1" 404 27502 "https://luxwento.com/casino-online-privacy-policy" "Mozilla/5.0 (Windows NT 10.0; Win64; x64) AppleWebKit/537.36 (KHTML, like Gecko) Chrome/101.0.4951.64 Safari/537.36 Edg/101.0.1210.47"
103.234.203.234 - - [19/Dec/2025:05:51:47 +0000] "GET /xmlrpc.php HTTP/1.1" 404 27502 "-" "Mozilla/5.0 (Windows NT 10.0; WOW64; rv:45.0) Gecko/20100101 Firefox/45.0"
66.249.79.32 - - [19/Dec/2025:05:52:29 +0000] "GET /54339818?item=0054071012 HTTP/1.1" 200 202895 "-" "Mozilla/5.0 (Linux; Android 6.0.1; Nexus 5X Build/MMB29P) AppleWebKit/537.36 (KHTML, like Gecko) Chrome/141.0.7390.122 Mobile Safari/537.36 (compatible; Googlebot/2.1; +http://www.google.com/bot.html)"
66.249.79.33 - - [19/Dec/2025:05:52:30 +0000] "GET /5660507 HTTP/1.1" 200 200328 "-" "Mozilla/5.0 (Linux; Android 6.0.1; Nexus 5X Build/MMB29P) AppleWebKit/537.36 (KHTML, like Gecko) Chrome/141.0.7390.122 Mobile Safari/537.36 (compatible; Googlebot/2.1; +http://www.google.com/bot.html)"
66.249.79.34 - - [19/Dec/2025:05:52:30 +0000] "GET /49262366?item=0049018694 HTTP/1.1" 200 199673 "-" "Mozilla/5.0 (Linux; Android 6.0.1; Nexus 5X Build/MMB29P) AppleWebKit/537.36 (KHTML, like Gecko) Chrome/141.0.7390.122 Mobile Safari/537.36 (compatible; Googlebot/2.1; +http://www.google.com/bot.html)"
159.198.77.92 - - [19/Dec/2025:05:52:43 +0000] "POST /wp-cron.php?doing_wp_cron=1766123563.1816120147705078125000 HTTP/1.1" 404 27478 "-" "WordPress/6.9; https://luxwento.com"
159.198.77.92 - - [19/Dec/2025:05:52:43 +0000] "POST /wp-cron.php?doing_wp_cron=1766123563.1828589439392089843750 HTTP/1.1" 404 27478 "-" "WordPress/6.9; https://luxwento.com"
220.158.232.162 - - [19/Dec/2025:05:52:43 +0000] "POST /xmlrpc.php HTTP/1.1" 404 27502 "-" "Mozilla/5.0 (Windows NT 10.0; Win64; x64) AppleWebKit/537.36 (KHTML, like Gecko) Chrome/90.0.4430.212 Safari/537.36"
15.235.212.186 - - [19/Dec/2025:05:52:43 +0000] "POST /xmlrpc.php HTTP/1.1" 404 27502 "-" "Mozilla/5.0 (Linux; Android 10; SM-A102U) AppleWebKit/537.36 (KHTML, like Gecko) Chrome/91.0.4472.114 Mobile Safari/537.36"
2a0c:b641:30:1::22 - - [19/Dec/2025:05:52:44 +0000] "POST /xmlrpc.php HTTP/1.1" 404 27502 "-" "Mozilla/5.0 (Windows NT 10.0; Win64; x64) AppleWebKit/537.36 (KHTML, like Gecko) Chrome/69.0.3497.100 Safari/537.36"
220.158.232.162 - - [19/Dec/2025:05:52:55 +0000] "POST /xmlrpc.php HTTP/1.1" 404 27502 "-" "Mozilla/5.0 (Linux; Android 10; SM-A205U) AppleWebKit/537.36 (KHTML, like Gecko) Chrome/91.0.4472.114 Mobile Safari/537.36"
162.19.70.61 - - [19/Dec/2025:05:53:04 +0000] "POST /xmlrpc.php HTTP/1.1" 404 27502 "-" "Mozilla/5.0 (Windows NT 6.1; WOW64; rv:18.0) Gecko/20100101 Firefox/18.0"
103.87.69.139 - - [19/Dec/2025:05:53:06 +0000] "POST /xmlrpc.php HTTP/1.1" 404 27502 "-" "Mozilla/5.0 (Windows NT 10.0; Win64; x64) AppleWebKit/537.36 (KHTML, like Gecko) Chrome/67.0.3396.99 Safari/537.36"
66.249.79.33 - - [19/Dec/2025:05:53:09 +0000] "GET /?w=6004052632008 HTTP/1.1" 200 199309 "-" "Mozilla/5.0 (Linux; Android 6.0.1; Nexus 5X Build/MMB29P) AppleWebKit/537.36 (KHTML, like Gecko) Chrome/141.0.7390.122 Mobile Safari/537.36 (compatible; Googlebot/2.1; +http://www.google.com/bot.html)"
47.236.177.201 - - [19/Dec/2025:05:53:13 +0000] "POST /xmlrpc.php HTTP/1.1" 404 27502 "-" "Mozilla/5.0 (Windows NT 6.1; WOW64; rv:41.0) Gecko/20100101 Firefox/41.0"
220.158.233.185 - - [19/Dec/2025:05:53:14 +0000] "POST /xmlrpc.php HTTP/1.1" 404 27502 "-" "Mozilla/5.0 (Linux; Android 10; SM-A205U) AppleWebKit/537.36 (KHTML, like Gecko) Chrome/91.0.4472.114 Mobile Safari/537.36"
2001:1810:1041:200:0:4:d1eb:8895 - - [19/Dec/2025:05:53:22 +0000] "POST /xmlrpc.php HTTP/1.1" 404 27502 "-" "Mozilla/5.0 (Linux; Android 10; SM-G960U) AppleWebKit/537.36 (KHTML, like Gecko) Chrome/91.0.4472.114 Mobile Safari/537.36"
109.95.158.82 - - [19/Dec/2025:05:53:22 +0000] "POST /xmlrpc.php HTTP/1.1" 404 27502 "-" "Mozilla/5.0 (Linux; Android 10; SM-A102U) AppleWebKit/537.36 (KHTML, like Gecko) Chrome/91.0.4472.114 Mobile Safari/537.36"
119.3.123.81 - - [19/Dec/2025:05:53:29 +0000] "POST /xmlrpc.php HTTP/1.1" 404 27502 "-" "Mozilla/5.0 (Windows NT 10.0; WOW64) AppleWebKit/537.36 (KHTML, like Gecko) Chrome/72.0.3626.121 Safari/537.36"
66.249.79.32 - - [19/Dec/2025:05:54:17 +0000] "GET /637812523 HTTP/1.1" 200 203546 "-" "Mozilla/5.0 (Linux; Android 6.0.1; Nexus 5X Build/MMB29P) AppleWebKit/537.36 (KHTML, like Gecko) Chrome/141.0.7390.122 Mobile Safari/537.36 (compatible; Googlebot/2.1; +http://www.google.com/bot.html)"
66.249.79.33 - - [19/Dec/2025:05:54:18 +0000] "GET /89898508 HTTP/1.1" 200 198447 "-" "Mozilla/5.0 (Linux; Android 6.0.1; Nexus 5X Build/MMB29P) AppleWebKit/537.36 (KHTML, like Gecko) Chrome/141.0.7390.122 Mobile Safari/537.36 (compatible; Googlebot/2.1; +http://www.google.com/bot.html)"
66.249.79.37 - - [19/Dec/2025:05:54:29 +0000] "GET /26733192 HTTP/1.1" 200 201569 "-" "Mozilla/5.0 (Linux; Android 6.0.1; Nexus 5X Build/MMB29P) AppleWebKit/537.36 (KHTML, like Gecko) Chrome/141.0.7390.122 Mobile Safari/537.36 (compatible; Googlebot/2.1; +http://www.google.com/bot.html)"
66.249.79.37 - - [19/Dec/2025:05:55:25 +0000] "GET /?w=8777260340203 HTTP/1.1" 200 204118 "-" "Mozilla/5.0 (Linux; Android 6.0.1; Nexus 5X Build/MMB29P) AppleWebKit/537.36 (KHTML, like Gecko) Chrome/141.0.7390.122 Mobile Safari/537.36 (compatible; Googlebot/2.1; +http://www.google.com/bot.html)"
66.249.79.37 - - [19/Dec/2025:05:55:26 +0000] "GET /?w=6826239654604 HTTP/1.1" 200 184602 "-" "Mozilla/5.0 (Linux; Android 6.0.1; Nexus 5X Build/MMB29P) AppleWebKit/537.36 (KHTML, like Gecko) Chrome/141.0.7390.122 Mobile Safari/537.36 (compatible; Googlebot/2.1; +http://www.google.com/bot.html)"
66.249.79.32 - - [19/Dec/2025:05:55:29 +0000] "GET /category/ready-text/ HTTP/1.1" 200 200818 "-" "Mozilla/5.0 (Linux; Android 6.0.1; Nexus 5X Build/MMB29P) AppleWebKit/537.36 (KHTML, like Gecko) Chrome/141.0.7390.122 Mobile Safari/537.36 (compatible; Googlebot/2.1; +http://www.google.com/bot.html)"
66.249.79.33 - - [19/Dec/2025:05:56:05 +0000] "GET /5176363 HTTP/1.1" 200 204606 "-" "Mozilla/5.0 (Linux; Android 6.0.1; Nexus 5X Build/MMB29P) AppleWebKit/537.36 (KHTML, like Gecko) Chrome/141.0.7390.122 Mobile Safari/537.36 (compatible; Googlebot/2.1; +http://www.google.com/bot.html)"
66.249.79.32 - - [19/Dec/2025:05:56:18 +0000] "GET /rejting-kazino-s-populjarnymi-razvlechenijami-i-aktsijami/ HTTP/1.1" 200 203137 "-" "Mozilla/5.0 (Linux; Android 6.0.1; Nexus 5X Build/MMB29P) AppleWebKit/537.36 (KHTML, like Gecko) Chrome/141.0.7390.122 Mobile Safari/537.36 (compatible; Googlebot/2.1; +http://www.google.com/bot.html)"
66.249.79.37 - - [19/Dec/2025:05:56:23 +0000] "GET /obzor-novejshego-internetkazino-s-litsenziej/ HTTP/1.1" 200 202591 "-" "Mozilla/5.0 (Linux; Android 6.0.1; Nexus 5X Build/MMB29P) AppleWebKit/537.36 (KHTML, like Gecko) Chrome/141.0.7390.122 Mobile Safari/537.36 (compatible; Googlebot/2.1; +http://www.google.com/bot.html)"
66.249.79.37 - - [19/Dec/2025:05:56:34 +0000] "GET /376108342 HTTP/1.1" 200 189432 "-" "Mozilla/5.0 (Linux; Android 6.0.1; Nexus 5X Build/MMB29P) AppleWebKit/537.36 (KHTML, like Gecko) Chrome/141.0.7390.122 Mobile Safari/537.36 (compatible; Googlebot/2.1; +http://www.google.com/bot.html)"
43.154.233.141 - - [19/Dec/2025:05:57:16 +0000] "GET /mostbet-app-344/ HTTP/1.1" 200 46706 "https://luxwento.com/mostbet-app-344/" "Mozilla/5.0 (Macintosh; Intel Mac OS X 10_15_7) AppleWebKit/537.36 (KHTML, like Gecko) Chrome/120.0.0.0 Safari/537.36"
66.249.79.33 - - [19/Dec/2025:05:57:43 +0000] "GET /?w=2221245910805 HTTP/1.1" 200 189807 "-" "Mozilla/5.0 (Linux; Android 6.0.1; Nexus 5X Build/MMB29P) AppleWebKit/537.36 (KHTML, like Gecko) Chrome/141.0.7390.122 Mobile Safari/537.36 (compatible; Googlebot/2.1; +http://www.google.com/bot.html)"
66.249.79.32 - - [19/Dec/2025:05:57:50 +0000] "GET /11199136?item=0011143897 HTTP/1.1" 200 202971 "-" "Mozilla/5.0 (Linux; Android 6.0.1; Nexus 5X Build/MMB29P) AppleWebKit/537.36 (KHTML, like Gecko) Chrome/141.0.7390.122 Mobile Safari/537.36 (compatible; Googlebot/2.1; +http://www.google.com/bot.html)"
66.249.79.33 - - [19/Dec/2025:05:58:52 +0000] "GET /44198168 HTTP/1.1" 200 201559 "-" "Mozilla/5.0 (Linux; Android 6.0.1; Nexus 5X Build/MMB29P) AppleWebKit/537.36 (KHTML, like Gecko) Chrome/141.0.7390.122 Mobile Safari/537.36 (compatible; Googlebot/2.1; +http://www.google.com/bot.html)"
149.232.141.70 - - [19/Dec/2025:05:58:57 +0000] "GET /mostbet-app-download-891/ HTTP/1.1" 200 45184 "https://luxwento.com/mostbet-app-download-891/" "Mozilla/5.0 (Macintosh; Intel Mac OS X 10_15_7) AppleWebKit/537.36 (KHTML, like Gecko) Chrome/119.0.0.0 Safari/537.36"
66.249.79.32 - - [19/Dec/2025:05:58:59 +0000] "GET /obzor-internet-gemblingplatformy-s-bezvkladnym-podarkom/ HTTP/1.1" 200 204462 "-" "Mozilla/5.0 (Linux; Android 6.0.1; Nexus 5X Build/MMB29P) AppleWebKit/537.36 (KHTML, like Gecko) Chrome/141.0.7390.122 Mobile Safari/537.36 (compatible; Googlebot/2.1; +http://www.google.com/bot.html)"
159.198.77.92 - - [19/Dec/2025:05:59:26 +0000] "POST /wp-cron.php?doing_wp_cron=1766123966.0579659938812255859375 HTTP/1.1" 404 27478 "-" "WordPress/6.9; https://luxwento.com"
43.132.152.153 - - [19/Dec/2025:05:59:26 +0000] "GET /bezdepozitnye-bonusy-casino HTTP/1.1" 404 27502 "https://luxwento.com/bezdepozitnye-bonusy-casino" "Mozilla/5.0 (Windows NT 10.0; Win64; x64) AppleWebKit/537.36 (KHTML, like Gecko) Chrome/101.0.4951.64 Safari/537.36 Edg/101.0.1210.47"
205.185.114.254 - - [19/Dec/2025:05:59:50 +0000] "GET /wp-login.php HTTP/1.1" 200 6058 "https://www.google.com/" "Mozilla/5.0 (Windows NT 10.0; Win64; x64; rv:120.0) Gecko/20100101 Firefox/120.0"
205.185.114.254 - - [19/Dec/2025:05:59:52 +0000] "POST /wp-login.php HTTP/1.1" 200 6511 "https://www.google.com/" "Mozilla/5.0 (Windows NT 10.0; Win64; x64; rv:120.0) Gecko/20100101 Firefox/120.0"
66.249.79.33 - - [19/Dec/2025:06:00:01 +0000] "GET /?w=892848726105 HTTP/1.1" 200 184886 "-" "Mozilla/5.0 (Linux; Android 6.0.1; Nexus 5X Build/MMB29P) AppleWebKit/537.36 (KHTML, like Gecko) Chrome/141.0.7390.122 Mobile Safari/537.36 (compatible; Googlebot/2.1; +http://www.google.com/bot.html)"
66.249.79.33 - - [19/Dec/2025:06:00:15 +0000] "GET /49263372?item=0049019695 HTTP/1.1" 200 200700 "-" "Mozilla/5.0 (Linux; Android 6.0.1; Nexus 5X Build/MMB29P) AppleWebKit/537.36 (KHTML, like Gecko) Chrome/141.0.7390.122 Mobile Safari/537.36 (compatible; Googlebot/2.1; +http://www.google.com/bot.html)"
66.249.79.32 - - [19/Dec/2025:06:00:53 +0000] "GET /938541861 HTTP/1.1" 200 184812 "-" "Mozilla/5.0 (Linux; Android 6.0.1; Nexus 5X Build/MMB29P) AppleWebKit/537.36 (KHTML, like Gecko) Chrome/141.0.7390.122 Mobile Safari/537.36 (compatible; Googlebot/2.1; +http://www.google.com/bot.html)"
159.198.77.92 - - [19/Dec/2025:06:00:57 +0000] "POST /wp-cron.php?doing_wp_cron=1766124057.0239369869232177734375 HTTP/1.1" 404 27478 "-" "WordPress/6.9; https://luxwento.com"
149.232.132.78 - - [19/Dec/2025:06:00:57 +0000] "GET /category/pin-up-casino-giris-389/ HTTP/1.1" 200 19410 "https://luxwento.com/category/pin-up-casino-giris-389/" "Mozilla/5.0 (Macintosh; Intel Mac OS X 10_15_7) AppleWebKit/537.36 (KHTML, like Gecko) Chrome/123.0.0.0 Safari/537.36"
66.249.79.33 - - [19/Dec/2025:06:01:09 +0000] "GET /104116600?item=0103601373 HTTP/1.1" 200 201457 "-" "Mozilla/5.0 (Linux; Android 6.0.1; Nexus 5X Build/MMB29P) AppleWebKit/537.36 (KHTML, like Gecko) Chrome/141.0.7390.122 Mobile Safari/537.36 (compatible; Googlebot/2.1; +http://www.google.com/bot.html)"
66.249.79.33 - - [19/Dec/2025:06:01:10 +0000] "GET /istorija-tablichnyh-sostjazanij-v-nyneshnem-realnosti/ HTTP/1.1" 200 205874 "-" "Mozilla/5.0 (Linux; Android 6.0.1; Nexus 5X Build/MMB29P) AppleWebKit/537.36 (KHTML, like Gecko) Chrome/141.0.7390.122 Mobile Safari/537.36 (compatible; Googlebot/2.1; +http://www.google.com/bot.html)"
66.249.79.32 - - [19/Dec/2025:06:02:01 +0000] "GET /onlajn-gemblingplatforma-s-nemedlennymi-vyplatami-i-zamanchivymi-predlozhenijami/ HTTP/1.1" 200 205353 "-" "Mozilla/5.0 (Linux; Android 6.0.1; Nexus 5X Build/MMB29P) AppleWebKit/537.36 (KHTML, like Gecko) Chrome/141.0.7390.122 Mobile Safari/537.36 (compatible; Googlebot/2.1; +http://www.google.com/bot.html)"
66.249.79.32 - - [19/Dec/2025:06:02:18 +0000] "GET /8367738 HTTP/1.1" 200 201899 "-" "Mozilla/5.0 (Linux; Android 6.0.1; Nexus 5X Build/MMB29P) AppleWebKit/537.36 (KHTML, like Gecko) Chrome/141.0.7390.122 Mobile Safari/537.36 (compatible; Googlebot/2.1; +http://www.google.com/bot.html)"
17.22.245.203 - - [19/Dec/2025:06:02:22 +0000] "GET /robots.txt HTTP/1.1" 304 0 "-" "Mozilla/5.0 (Macintosh; Intel Mac OS X 10_15_7) AppleWebKit/605.1.15 (KHTML, like Gecko) Version/17.4 Safari/605.1.15 (Applebot/0.1; +http://www.apple.com/go/applebot)"
159.198.77.92 - - [19/Dec/2025:06:02:24 +0000] "POST /wp-cron.php?doing_wp_cron=1766124144.2155110836029052734375 HTTP/1.1" 404 27478 "-" "WordPress/6.9; https://luxwento.com"
17.22.245.203 - - [19/Dec/2025:06:02:24 +0000] "GET /suasana-festival-dalam-slot-joker/ HTTP/1.1" 200 35526 "-" "Mozilla/5.0 (Macintosh; Intel Mac OS X 10_15_7) AppleWebKit/605.1.15 (KHTML, like Gecko) Version/17.4 Safari/605.1.15 (Applebot/0.1; +http://www.apple.com/go/applebot)"
66.249.79.32 - - [19/Dec/2025:06:02:55 +0000] "GET /products/10924169/ HTTP/1.1" 200 202163 "-" "Mozilla/5.0 (Linux; Android 6.0.1; Nexus 5X Build/MMB29P) AppleWebKit/537.36 (KHTML, like Gecko) Chrome/141.0.7390.122 Mobile Safari/537.36 (compatible; Googlebot/2.1; +http://www.google.com/bot.html)"
66.249.79.33 - - [19/Dec/2025:06:03:06 +0000] "GET /52385831 HTTP/1.1" 200 201373 "-" "Mozilla/5.0 (Linux; Android 6.0.1; Nexus 5X Build/MMB29P) AppleWebKit/537.36 (KHTML, like Gecko) Chrome/141.0.7390.122 Mobile Safari/537.36 (compatible; Googlebot/2.1; +http://www.google.com/bot.html)"
66.249.79.33 - - [19/Dec/2025:06:03:44 +0000] "GET /?w=225317348801 HTTP/1.1" 200 198456 "-" "Mozilla/5.0 (Linux; Android 6.0.1; Nexus 5X Build/MMB29P) AppleWebKit/537.36 (KHTML, like Gecko) Chrome/141.0.7390.122 Mobile Safari/537.36 (compatible; Googlebot/2.1; +http://www.google.com/bot.html)"
66.249.79.33 - - [19/Dec/2025:06:03:59 +0000] "GET /160305611 HTTP/1.1" 200 204220 "-" "Mozilla/5.0 (Linux; Android 6.0.1; Nexus 5X Build/MMB29P) AppleWebKit/537.36 (KHTML, like Gecko) Chrome/141.0.7390.122 Mobile Safari/537.36 (compatible; Googlebot/2.1; +http://www.google.com/bot.html)"
159.198.77.92 - - [19/Dec/2025:06:04:14 +0000] "POST /wp-cron.php?doing_wp_cron=1766124253.9257459640502929687500 HTTP/1.1" 404 27478 "-" "WordPress/6.9; https://luxwento.com"
193.36.38.94 - - [19/Dec/2025:06:04:14 +0000] "POST /xmlrpc.php HTTP/1.1" 404 27502 "-" "Mozilla/5.0 (Windows NT 10.0; Win64; x64) AppleWebKit/537.36 (KHTML, like Gecko) Chrome/114.0.0.0 Safari/537.36"
66.249.79.33 - - [19/Dec/2025:06:04:14 +0000] "GET /?w=525245810201 HTTP/1.1" 200 197378 "-" "Mozilla/5.0 (Linux; Android 6.0.1; Nexus 5X Build/MMB29P) AppleWebKit/537.36 (KHTML, like Gecko) Chrome/141.0.7390.122 Mobile Safari/537.36 (compatible; Googlebot/2.1; +http://www.google.com/bot.html)"
193.36.38.94 - - [19/Dec/2025:06:04:15 +0000] "POST /xmlrpc.php HTTP/1.1" 404 27502 "-" "Mozilla/5.0 (Windows NT 10.0; Win64; x64) AppleWebKit/537.36 (KHTML, like Gecko) Chrome/114.0.0.0 Safari/537.36"
66.249.79.32 - - [19/Dec/2025:06:04:26 +0000] "GET /744016432 HTTP/1.1" 200 204917 "-" "Mozilla/5.0 (Linux; Android 6.0.1; Nexus 5X Build/MMB29P) AppleWebKit/537.36 (KHTML, like Gecko) Chrome/141.0.7390.122 Mobile Safari/537.36 (compatible; Googlebot/2.1; +http://www.google.com/bot.html)"
66.249.79.32 - - [19/Dec/2025:06:04:45 +0000] "GET /318016610?item=0316442472 HTTP/1.1" 200 186876 "-" "Mozilla/5.0 (Linux; Android 6.0.1; Nexus 5X Build/MMB29P) AppleWebKit/537.36 (KHTML, like Gecko) Chrome/141.0.7390.122 Mobile Safari/537.36 (compatible; Googlebot/2.1; +http://www.google.com/bot.html)"
66.249.79.32 - - [19/Dec/2025:06:04:45 +0000] "GET /?w=7929131736400 HTTP/1.1" 200 185989 "-" "Mozilla/5.0 (Linux; Android 6.0.1; Nexus 5X Build/MMB29P) AppleWebKit/537.36 (KHTML, like Gecko) Chrome/141.0.7390.122 Mobile Safari/537.36 (compatible; Googlebot/2.1; +http://www.google.com/bot.html)"
66.249.79.32 - - [19/Dec/2025:06:04:45 +0000] "GET /9199888?item=0009154545 HTTP/1.1" 200 205001 "-" "Mozilla/5.0 (Linux; Android 6.0.1; Nexus 5X Build/MMB29P) AppleWebKit/537.36 (KHTML, like Gecko) Chrome/141.0.7390.122 Mobile Safari/537.36 (compatible; Googlebot/2.1; +http://www.google.com/bot.html)"
66.249.79.32 - - [19/Dec/2025:06:04:45 +0000] "GET /?52190942?item=0051932774 HTTP/1.1" 200 204764 "-" "Mozilla/5.0 (Linux; Android 6.0.1; Nexus 5X Build/MMB29P) AppleWebKit/537.36 (KHTML, like Gecko) Chrome/141.0.7390.122 Mobile Safari/537.36 (compatible; Googlebot/2.1; +http://www.google.com/bot.html)"
66.249.79.32 - - [19/Dec/2025:06:04:46 +0000] "GET /322842518?item=0321244490 HTTP/1.1" 200 188611 "-" "Mozilla/5.0 (Linux; Android 6.0.1; Nexus 5X Build/MMB29P) AppleWebKit/537.36 (KHTML, like Gecko) Chrome/141.0.7390.122 Mobile Safari/537.36 (compatible; Googlebot/2.1; +http://www.google.com/bot.html)"
66.249.79.32 - - [19/Dec/2025:06:05:44 +0000] "GET /7464014 HTTP/1.1" 200 200990 "-" "Mozilla/5.0 (Linux; Android 6.0.1; Nexus 5X Build/MMB29P) AppleWebKit/537.36 (KHTML, like Gecko) Chrome/141.0.7390.122 Mobile Safari/537.36 (compatible; Googlebot/2.1; +http://www.google.com/bot.html)"
159.198.77.92 - - [19/Dec/2025:06:05:50 +0000] "POST /wp-cron.php?doing_wp_cron=1766124350.0843238830566406250000 HTTP/1.1" 404 27478 "-" "WordPress/6.9; https://luxwento.com"
2a03:2880:f800:22:: - - [19/Dec/2025:06:05:50 +0000] "GET /wp-json/wp/v2/posts/2618 HTTP/1.1" 200 71041 "-" "meta-externalagent/1.1 (+https://developers.facebook.com/docs/sharing/webmasters/crawler)"
66.249.79.33 - - [19/Dec/2025:06:05:57 +0000] "GET /9182803 HTTP/1.1" 200 201909 "-" "Mozilla/5.0 (Linux; Android 6.0.1; Nexus 5X Build/MMB29P) AppleWebKit/537.36 (KHTML, like Gecko) Chrome/141.0.7390.122 Mobile Safari/537.36 (compatible; Googlebot/2.1; +http://www.google.com/bot.html)"
66.249.79.33 - - [19/Dec/2025:06:06:08 +0000] "GET /46106185 HTTP/1.1" 200 201272 "-" "Mozilla/5.0 (Linux; Android 6.0.1; Nexus 5X Build/MMB29P) AppleWebKit/537.36 (KHTML, like Gecko) Chrome/141.0.7390.122 Mobile Safari/537.36 (compatible; Googlebot/2.1; +http://www.google.com/bot.html)"
66.249.79.32 - - [19/Dec/2025:06:06:18 +0000] "GET /7386071 HTTP/1.1" 200 199495 "-" "Mozilla/5.0 (Linux; Android 6.0.1; Nexus 5X Build/MMB29P) AppleWebKit/537.36 (KHTML, like Gecko) Chrome/141.0.7390.122 Mobile Safari/537.36 (compatible; Googlebot/2.1; +http://www.google.com/bot.html)"
66.249.79.33 - - [19/Dec/2025:06:06:20 +0000] "GET /578914480?item=0576048769 HTTP/1.1" 200 199858 "-" "Mozilla/5.0 (Linux; Android 6.0.1; Nexus 5X Build/MMB29P) AppleWebKit/537.36 (KHTML, like Gecko) Chrome/141.0.7390.122 Mobile Safari/537.36 (compatible; Googlebot/2.1; +http://www.google.com/bot.html)"
52.167.144.229 - - [19/Dec/2025:06:06:31 +0000] "GET /products/5885414/ HTTP/1.1" 200 202610 "-" "Mozilla/5.0 AppleWebKit/537.36 (KHTML, like Gecko; compatible; bingbot/2.0; +http://www.bing.com/bingbot.htm) Chrome/116.0.1938.76 Safari/537.36"
66.249.79.32 - - [19/Dec/2025:06:06:53 +0000] "GET /?w=6761058293202 HTTP/1.1" 200 199789 "-" "Mozilla/5.0 (Linux; Android 6.0.1; Nexus 5X Build/MMB29P) AppleWebKit/537.36 (KHTML, like Gecko) Chrome/141.0.7390.122 Mobile Safari/537.36 (compatible; Googlebot/2.1; +http://www.google.com/bot.html)"
66.249.79.33 - - [19/Dec/2025:06:07:21 +0000] "GET /94228770 HTTP/1.1" 200 205088 "-" "Mozilla/5.0 (Linux; Android 6.0.1; Nexus 5X Build/MMB29P) AppleWebKit/537.36 (KHTML, like Gecko) Chrome/141.0.7390.122 Mobile Safari/537.36 (compatible; Googlebot/2.1; +http://www.google.com/bot.html)"
66.249.79.32 - - [19/Dec/2025:06:07:55 +0000] "GET /8410438 HTTP/1.1" 200 204482 "-" "Mozilla/5.0 (Linux; Android 6.0.1; Nexus 5X Build/MMB29P) AppleWebKit/537.36 (KHTML, like Gecko) Chrome/141.0.7390.122 Mobile Safari/537.36 (compatible; Googlebot/2.1; +http://www.google.com/bot.html)"
66.249.79.34 - - [19/Dec/2025:06:08:02 +0000] "GET /7224092 HTTP/1.1" 200 204256 "-" "Mozilla/5.0 (Linux; Android 6.0.1; Nexus 5X Build/MMB29P) AppleWebKit/537.36 (KHTML, like Gecko) Chrome/141.0.7390.122 Mobile Safari/537.36 (compatible; Googlebot/2.1; +http://www.google.com/bot.html)"
185.191.171.16 - - [19/Dec/2025:06:08:32 +0000] "GET /strategi-mengatur-pemain-muda-di-liga-virtual/ HTTP/1.1" 403 0 "-" "Mozilla/5.0 (compatible; SemrushBot/7~bl; +http://www.semrush.com/bot.html)"
159.198.77.92 - - [19/Dec/2025:06:08:47 +0000] "POST /wp-cron.php?doing_wp_cron=1766124526.7156689167022705078125 HTTP/1.1" 404 27478 "-" "WordPress/6.9; https://luxwento.com"
161.178.134.238 - - [19/Dec/2025:06:08:47 +0000] "POST /xmlrpc.php HTTP/1.1" 404 27502 "-" "Mozilla/5.0 (Windows NT 10.0; Win64; x64) AppleWebKit/537.36 (KHTML, like Gecko) Chrome/114.0.0.0 Safari/537.36"
161.178.134.238 - - [19/Dec/2025:06:08:48 +0000] "POST /xmlrpc.php HTTP/1.1" 404 27502 "-" "Mozilla/5.0 (Windows NT 10.0; Win64; x64) AppleWebKit/537.36 (KHTML, like Gecko) Chrome/114.0.0.0 Safari/537.36"
66.249.79.33 - - [19/Dec/2025:06:09:10 +0000] "GET /?20725810?item=0020623408 HTTP/1.1" 200 200069 "-" "Mozilla/5.0 (Linux; Android 6.0.1; Nexus 5X Build/MMB29P) AppleWebKit/537.36 (KHTML, like Gecko) Chrome/141.0.7390.122 Mobile Safari/537.36 (compatible; Googlebot/2.1; +http://www.google.com/bot.html)"
66.249.79.33 - - [19/Dec/2025:06:09:10 +0000] "GET /718529100 HTTP/1.1" 200 204936 "-" "Mozilla/5.0 (Linux; Android 6.0.1; Nexus 5X Build/MMB29P) AppleWebKit/537.36 (KHTML, like Gecko) Chrome/141.0.7390.122 Mobile Safari/537.36 (compatible; Googlebot/2.1; +http://www.google.com/bot.html)"
66.249.79.33 - - [19/Dec/2025:06:09:25 +0000] "GET /90168689 HTTP/1.1" 200 203580 "-" "Mozilla/5.0 (Linux; Android 6.0.1; Nexus 5X Build/MMB29P) AppleWebKit/537.36 (KHTML, like Gecko) Chrome/141.0.7390.122 Mobile Safari/537.36 (compatible; Googlebot/2.1; +http://www.google.com/bot.html)"
66.249.79.32 - - [19/Dec/2025:06:09:43 +0000] "GET /10220116?item=0010169723 HTTP/1.1" 200 202925 "-" "Mozilla/5.0 (Linux; Android 6.0.1; Nexus 5X Build/MMB29P) AppleWebKit/537.36 (KHTML, like Gecko) Chrome/141.0.7390.122 Mobile Safari/537.36 (compatible; Googlebot/2.1; +http://www.google.com/bot.html)"
159.198.77.92 - - [19/Dec/2025:06:10:17 +0000] "POST /wp-cron.php?doing_wp_cron=1766124616.9979150295257568359375 HTTP/1.1" 404 27478 "-" "WordPress/6.9; https://luxwento.com"
119.8.169.136 - - [19/Dec/2025:06:10:17 +0000] "GET /azino777/play HTTP/1.1" 301 0 "https://luxwento.com/azino777/play" "Mozilla/5.0 (Macintosh; Intel Mac OS X 10_15_7) AppleWebKit/537.36 (KHTML, like Gecko) Chrome/119.0.0.0 Safari/537.36"
66.249.79.32 - - [19/Dec/2025:06:10:19 +0000] "GET /?w=5157821385003 HTTP/1.1" 200 189291 "-" "Mozilla/5.0 (Linux; Android 6.0.1; Nexus 5X Build/MMB29P) AppleWebKit/537.36 (KHTML, like Gecko) Chrome/141.0.7390.122 Mobile Safari/537.36 (compatible; Googlebot/2.1; +http://www.google.com/bot.html)"
119.8.169.136 - - [19/Dec/2025:06:10:19 +0000] "GET /play-bison-casino-155/ HTTP/1.1" 200 46324 "https://luxwento.com/play-bison-casino-155/" "Mozilla/5.0 (Macintosh; Intel Mac OS X 10_15_7) AppleWebKit/537.36 (KHTML, like Gecko) Chrome/119.0.0.0 Safari/537.36"
66.249.79.33 - - [19/Dec/2025:06:10:25 +0000] "GET /?w=67324305502 HTTP/1.1" 200 200490 "-" "Mozilla/5.0 (Linux; Android 6.0.1; Nexus 5X Build/MMB29P) AppleWebKit/537.36 (KHTML, like Gecko) Chrome/141.0.7390.122 Mobile Safari/537.36 (compatible; Googlebot/2.1; +http://www.google.com/bot.html)"
66.249.79.32 - - [19/Dec/2025:06:11:28 +0000] "GET /937811068 HTTP/1.1" 200 190102 "-" "Mozilla/5.0 (Linux; Android 6.0.1; Nexus 5X Build/MMB29P) AppleWebKit/537.36 (KHTML, like Gecko) Chrome/141.0.7390.122 Mobile Safari/537.36 (compatible; Googlebot/2.1; +http://www.google.com/bot.html)"
159.198.77.92 - - [19/Dec/2025:06:12:17 +0000] "POST /wp-cron.php?doing_wp_cron=1766124736.5345559120178222656250 HTTP/1.1" 404 27478 "-" "WordPress/6.9; https://luxwento.com"
101.32.178.40 - - [19/Dec/2025:06:12:17 +0000] "GET /page/115/ HTTP/1.1" 200 336131 "https://luxwento.com/page/115/" "Mozilla/5.0 (Windows NT 10.0; Win64; x64) AppleWebKit/537.36 (KHTML, like Gecko) Chrome/101.0.4951.64 Safari/537.36 Edg/101.0.1210.47"
66.249.79.34 - - [19/Dec/2025:06:12:37 +0000] "GET /64255568 HTTP/1.1" 200 204008 "-" "Mozilla/5.0 (Linux; Android 6.0.1; Nexus 5X Build/MMB29P) AppleWebKit/537.36 (KHTML, like Gecko) Chrome/141.0.7390.122 Mobile Safari/537.36 (compatible; Googlebot/2.1; +http://www.google.com/bot.html)"
66.249.79.33 - - [19/Dec/2025:06:12:50 +0000] "GET /716571927 HTTP/1.1" 200 205640 "-" "Mozilla/5.0 (Linux; Android 6.0.1; Nexus 5X Build/MMB29P) AppleWebKit/537.36 (KHTML, like Gecko) Chrome/141.0.7390.122 Mobile Safari/537.36 (compatible; Googlebot/2.1; +http://www.google.com/bot.html)"
159.198.77.92 - - [19/Dec/2025:06:13:20 +0000] "POST /wp-cron.php?doing_wp_cron=1766124800.2431700229644775390625 HTTP/1.1" 404 27478 "-" "WordPress/6.9; https://luxwento.com"
43.173.179.92 - - [19/Dec/2025:06:13:20 +0000] "GET /category/20bet-casino-52 HTTP/1.1" 301 0 "-" "Mozilla/5.0 (Windows NT 6.1; Win64; x64) AppleWebKit/537.36 (KHTML, like Gecko) Chrome/126.0.6478.114 Safari/537.36"
43.173.179.92 - - [19/Dec/2025:06:13:21 +0000] "GET /category/20bet-casino-52/ HTTP/1.1" 200 19410 "https://luxwento.com/category/20bet-casino-52" "Mozilla/5.0 (Windows NT 6.1; Win64; x64) AppleWebKit/537.36 (KHTML, like Gecko) Chrome/126.0.6478.114 Safari/537.36"
66.249.79.32 - - [19/Dec/2025:06:13:45 +0000] "GET /?w=7904157246007 HTTP/1.1" 200 203788 "-" "Mozilla/5.0 (Linux; Android 6.0.1; Nexus 5X Build/MMB29P) AppleWebKit/537.36 (KHTML, like Gecko) Chrome/141.0.7390.122 Mobile Safari/537.36 (compatible; Googlebot/2.1; +http://www.google.com/bot.html)"
66.249.79.32 - - [19/Dec/2025:06:14:06 +0000] "GET /94072271 HTTP/1.1" 200 206454 "-" "Mozilla/5.0 (Linux; Android 6.0.1; Nexus 5X Build/MMB29P) AppleWebKit/537.36 (KHTML, like Gecko) Chrome/141.0.7390.122 Mobile Safari/537.36 (compatible; Googlebot/2.1; +http://www.google.com/bot.html)"
66.249.79.32 - - [19/Dec/2025:06:14:25 +0000] "GET /914035362 HTTP/1.1" 200 188379 "-" "Mozilla/5.0 (Linux; Android 6.0.1; Nexus 5X Build/MMB29P) AppleWebKit/537.36 (KHTML, like Gecko) Chrome/141.0.7390.122 Mobile Safari/537.36 (compatible; Googlebot/2.1; +http://www.google.com/bot.html)"
159.198.77.92 - - [19/Dec/2025:06:14:44 +0000] "POST /wp-cron.php?doing_wp_cron=1766124883.6331179141998291015625 HTTP/1.1" 404 27478 "-" "WordPress/6.9; https://luxwento.com"
47.82.11.130 - - [19/Dec/2025:06:14:44 +0000] "GET /20bet-casino-review-120 HTTP/1.1" 301 0 "https://luxwento.com/" "Mozilla/5.0 (Macintosh; Intel Mac OS X 10_15_7) AppleWebKit/537.36 (KHTML, like Gecko) Chrome/134.0.0.0 Safari/537.36"
47.82.11.130 - - [19/Dec/2025:06:14:44 +0000] "GET /20bet-casino-review-120/ HTTP/1.1" 200 47743 "https://luxwento.com/" "Mozilla/5.0 (Macintosh; Intel Mac OS X 10_15_7) AppleWebKit/537.36 (KHTML, like Gecko) Chrome/134.0.0.0 Safari/537.36"
66.249.79.37 - - [19/Dec/2025:06:14:46 +0000] "GET /?39523336?item=0039327877 HTTP/1.1" 200 203167 "-" "Mozilla/5.0 (Linux; Android 6.0.1; Nexus 5X Build/MMB29P) AppleWebKit/537.36 (KHTML, like Gecko) Chrome/141.0.7390.122 Mobile Safari/537.36 (compatible; Googlebot/2.1; +http://www.google.com/bot.html)"
66.249.79.37 - - [19/Dec/2025:06:14:54 +0000] "GET /915613176 HTTP/1.1" 200 190133 "-" "Mozilla/5.0 (Linux; Android 6.0.1; Nexus 5X Build/MMB29P) AppleWebKit/537.36 (KHTML, like Gecko) Chrome/141.0.7390.122 Mobile Safari/537.36 (compatible; Googlebot/2.1; +http://www.google.com/bot.html)"
66.249.79.37 - - [19/Dec/2025:06:14:56 +0000] "GET /?9434282?item=0009387780 HTTP/1.1" 200 203721 "-" "Mozilla/5.0 (Linux; Android 6.0.1; Nexus 5X Build/MMB29P) AppleWebKit/537.36 (KHTML, like Gecko) Chrome/141.0.7390.122 Mobile Safari/537.36 (compatible; Googlebot/2.1; +http://www.google.com/bot.html)"
66.249.79.33 - - [19/Dec/2025:06:15:07 +0000] "GET /?254213344?item=0252955065 HTTP/1.1" 200 189015 "-" "Mozilla/5.0 (Linux; Android 6.0.1; Nexus 5X Build/MMB29P) AppleWebKit/537.36 (KHTML, like Gecko) Chrome/141.0.7390.122 Mobile Safari/537.36 (compatible; Googlebot/2.1; +http://www.google.com/bot.html)"
