66.249.79.32 - - [19/Dec/2025:03:45:33 +0000] "GET /18720173 HTTP/1.1" 200 199924 "-" "Mozilla/5.0 (Linux; Android 6.0.1; Nexus 5X Build/MMB29P) AppleWebKit/537.36 (KHTML, like Gecko) Chrome/141.0.7390.122 Mobile Safari/537.36 (compatible; Googlebot/2.1; +http://www.google.com/bot.html)"
66.249.79.37 - - [19/Dec/2025:03:45:51 +0000] "GET /835591636 HTTP/1.1" 200 188236 "-" "Mozilla/5.0 (Linux; Android 6.0.1; Nexus 5X Build/MMB29P) AppleWebKit/537.36 (KHTML, like Gecko) Chrome/141.0.7390.122 Mobile Safari/537.36 (compatible; Googlebot/2.1; +http://www.google.com/bot.html)"
66.249.79.32 - - [19/Dec/2025:03:45:52 +0000] "GET /23682051 HTTP/1.1" 200 204597 "-" "Mozilla/5.0 (Linux; Android 6.0.1; Nexus 5X Build/MMB29P) AppleWebKit/537.36 (KHTML, like Gecko) Chrome/141.0.7390.122 Mobile Safari/537.36 (compatible; Googlebot/2.1; +http://www.google.com/bot.html)"
66.249.79.33 - - [19/Dec/2025:03:46:09 +0000] "GET /431659851 HTTP/1.1" 200 199132 "-" "Mozilla/5.0 (Linux; Android 6.0.1; Nexus 5X Build/MMB29P) AppleWebKit/537.36 (KHTML, like Gecko) Chrome/141.0.7390.122 Mobile Safari/537.36 (compatible; Googlebot/2.1; +http://www.google.com/bot.html)"
66.249.79.37 - - [19/Dec/2025:03:46:20 +0000] "GET /28265452?item=0028125727 HTTP/1.1" 200 202255 "-" "Mozilla/5.0 (Linux; Android 6.0.1; Nexus 5X Build/MMB29P) AppleWebKit/537.36 (KHTML, like Gecko) Chrome/141.0.7390.122 Mobile Safari/537.36 (compatible; Googlebot/2.1; +http://www.google.com/bot.html)"
66.249.79.37 - - [19/Dec/2025:03:46:34 +0000] "GET /8056830 HTTP/1.1" 200 202277 "-" "Mozilla/5.0 (Linux; Android 6.0.1; Nexus 5X Build/MMB29P) AppleWebKit/537.36 (KHTML, like Gecko) Chrome/141.0.7390.122 Mobile Safari/537.36 (compatible; Googlebot/2.1; +http://www.google.com/bot.html)"
52.167.144.217 - - [19/Dec/2025:03:46:52 +0000] "GET /tag/grafis-kasino-3d/ HTTP/1.1" 200 200882 "-" "Mozilla/5.0 AppleWebKit/537.36 (KHTML, like Gecko; compatible; bingbot/2.0; +http://www.bing.com/bingbot.htm) Chrome/116.0.1938.76 Safari/537.36"
66.249.79.37 - - [19/Dec/2025:03:47:17 +0000] "GET /568579065 HTTP/1.1" 200 199681 "-" "Mozilla/5.0 (Linux; Android 6.0.1; Nexus 5X Build/MMB29P) AppleWebKit/537.36 (KHTML, like Gecko) Chrome/141.0.7390.122 Mobile Safari/537.36 (compatible; Googlebot/2.1; +http://www.google.com/bot.html)"
66.249.79.32 - - [19/Dec/2025:03:47:17 +0000] "GET /?375326520?item=0373468669 HTTP/1.1" 200 189172 "-" "Mozilla/5.0 (Linux; Android 6.0.1; Nexus 5X Build/MMB29P) AppleWebKit/537.36 (KHTML, like Gecko) Chrome/141.0.7390.122 Mobile Safari/537.36 (compatible; Googlebot/2.1; +http://www.google.com/bot.html)"
66.249.79.37 - - [19/Dec/2025:03:47:29 +0000] "GET /16222852 HTTP/1.1" 200 205644 "-" "Mozilla/5.0 (Linux; Android 6.0.1; Nexus 5X Build/MMB29P) AppleWebKit/537.36 (KHTML, like Gecko) Chrome/141.0.7390.122 Mobile Safari/537.36 (compatible; Googlebot/2.1; +http://www.google.com/bot.html)"
52.167.144.16 - - [19/Dec/2025:03:47:41 +0000] "GET /cara-menggunakan-fitur-random-number-generator-di-togel/ HTTP/1.1" 200 204286 "-" "Mozilla/5.0 AppleWebKit/537.36 (KHTML, like Gecko; compatible; bingbot/2.0; +http://www.bing.com/bingbot.htm) Chrome/116.0.1938.76 Safari/537.36"
66.249.79.37 - - [19/Dec/2025:03:48:05 +0000] "GET /?10688042?item=0010635332 HTTP/1.1" 200 199163 "-" "Mozilla/5.0 (Linux; Android 6.0.1; Nexus 5X Build/MMB29P) AppleWebKit/537.36 (KHTML, like Gecko) Chrome/141.0.7390.122 Mobile Safari/537.36 (compatible; Googlebot/2.1; +http://www.google.com/bot.html)"
66.249.79.37 - - [19/Dec/2025:03:48:05 +0000] "GET /?254165836?item=0252907791 HTTP/1.1" 200 187238 "-" "Mozilla/5.0 (Linux; Android 6.0.1; Nexus 5X Build/MMB29P) AppleWebKit/537.36 (KHTML, like Gecko) Chrome/141.0.7390.122 Mobile Safari/537.36 (compatible; Googlebot/2.1; +http://www.google.com/bot.html)"
66.249.79.33 - - [19/Dec/2025:03:48:06 +0000] "GET /2511000 HTTP/1.1" 200 203183 "-" "Mozilla/5.0 (Linux; Android 6.0.1; Nexus 5X Build/MMB29P) AppleWebKit/537.36 (KHTML, like Gecko) Chrome/141.0.7390.122 Mobile Safari/537.36 (compatible; Googlebot/2.1; +http://www.google.com/bot.html)"
52.167.144.217 - - [19/Dec/2025:03:48:18 +0000] "GET /products/4533803/ HTTP/1.1" 200 201969 "-" "Mozilla/5.0 AppleWebKit/537.36 (KHTML, like Gecko; compatible; bingbot/2.0; +http://www.bing.com/bingbot.htm) Chrome/116.0.1938.76 Safari/537.36"
66.249.79.32 - - [19/Dec/2025:03:48:32 +0000] "GET /472913829 HTTP/1.1" 200 198499 "-" "Mozilla/5.0 (Linux; Android 6.0.1; Nexus 5X Build/MMB29P) AppleWebKit/537.36 (KHTML, like Gecko) Chrome/141.0.7390.122 Mobile Safari/537.36 (compatible; Googlebot/2.1; +http://www.google.com/bot.html)"
66.249.79.32 - - [19/Dec/2025:03:48:32 +0000] "GET /?3147580?item=0003132199 HTTP/1.1" 200 204176 "-" "Mozilla/5.0 (Linux; Android 6.0.1; Nexus 5X Build/MMB29P) AppleWebKit/537.36 (KHTML, like Gecko) Chrome/141.0.7390.122 Mobile Safari/537.36 (compatible; Googlebot/2.1; +http://www.google.com/bot.html)"
159.198.77.92 - - [19/Dec/2025:03:48:36 +0000] "POST /wp-cron.php?doing_wp_cron=1766116116.3172769546508789062500 HTTP/1.1" 404 27478 "-" "WordPress/6.9; https://luxwento.com"
177.128.93.112 - - [19/Dec/2025:03:48:36 +0000] "GET /xmlrpc.php HTTP/1.1" 404 27502 "-" "Mozilla/5.0 (Windows NT 10.0; WOW64; rv:45.0) Gecko/20100101 Firefox/45.0"
66.249.79.37 - - [19/Dec/2025:03:49:02 +0000] "GET /?58859436?item=0058568255 HTTP/1.1" 200 201791 "-" "Mozilla/5.0 (Linux; Android 6.0.1; Nexus 5X Build/MMB29P) AppleWebKit/537.36 (KHTML, like Gecko) Chrome/141.0.7390.122 Mobile Safari/537.36 (compatible; Googlebot/2.1; +http://www.google.com/bot.html)"
66.249.79.37 - - [19/Dec/2025:03:49:02 +0000] "GET /349611369 HTTP/1.1" 200 186062 "-" "Mozilla/5.0 (Linux; Android 6.0.1; Nexus 5X Build/MMB29P) AppleWebKit/537.36 (KHTML, like Gecko) Chrome/141.0.7390.122 Mobile Safari/537.36 (compatible; Googlebot/2.1; +http://www.google.com/bot.html)"
66.249.79.32 - - [19/Dec/2025:03:49:15 +0000] "GET /368957609 HTTP/1.1" 200 183536 "-" "Mozilla/5.0 (Linux; Android 6.0.1; Nexus 5X Build/MMB29P) AppleWebKit/537.36 (KHTML, like Gecko) Chrome/141.0.7390.122 Mobile Safari/537.36 (compatible; Googlebot/2.1; +http://www.google.com/bot.html)"
66.249.79.37 - - [19/Dec/2025:03:49:29 +0000] "GET /26640595 HTTP/1.1" 200 203075 "-" "Mozilla/5.0 (Linux; Android 6.0.1; Nexus 5X Build/MMB29P) AppleWebKit/537.36 (KHTML, like Gecko) Chrome/141.0.7390.122 Mobile Safari/537.36 (compatible; Googlebot/2.1; +http://www.google.com/bot.html)"
159.198.77.92 - - [19/Dec/2025:03:49:43 +0000] "POST /wp-cron.php?doing_wp_cron=1766116183.0866630077362060546875 HTTP/1.1" 404 27478 "-" "WordPress/6.9; https://luxwento.com"
179.190.124.11 - - [19/Dec/2025:03:49:43 +0000] "GET /xmlrpc.php HTTP/1.1" 404 27502 "-" "Mozilla/5.0 (Windows NT 10.0; WOW64; rv:45.0) Gecko/20100101 Firefox/45.0"
66.249.79.37 - - [19/Dec/2025:03:49:58 +0000] "GET /638314348 HTTP/1.1" 200 203978 "-" "Mozilla/5.0 (Linux; Android 6.0.1; Nexus 5X Build/MMB29P) AppleWebKit/537.36 (KHTML, like Gecko) Chrome/141.0.7390.122 Mobile Safari/537.36 (compatible; Googlebot/2.1; +http://www.google.com/bot.html)"
66.249.79.37 - - [19/Dec/2025:03:49:59 +0000] "GET /4031546 HTTP/1.1" 200 205023 "-" "Mozilla/5.0 (Linux; Android 6.0.1; Nexus 5X Build/MMB29P) AppleWebKit/537.36 (KHTML, like Gecko) Chrome/141.0.7390.122 Mobile Safari/537.36 (compatible; Googlebot/2.1; +http://www.google.com/bot.html)"
66.249.79.32 - - [19/Dec/2025:03:50:19 +0000] "GET /27993037 HTTP/1.1" 200 204812 "-" "Mozilla/5.0 (Linux; Android 6.0.1; Nexus 5X Build/MMB29P) AppleWebKit/537.36 (KHTML, like Gecko) Chrome/141.0.7390.122 Mobile Safari/537.36 (compatible; Googlebot/2.1; +http://www.google.com/bot.html)"
158.173.155.167 - - [19/Dec/2025:03:50:48 +0000] "GET / HTTP/1.1" 200 68856 "-" "Mozilla/5.0 (Windows; U; Windows NT 6.1; en-US; rv:1.9.1.5) Gecko/20091102 Firefox/3.5.5 (.NET CLR 3.5.30729)"
66.249.79.33 - - [19/Dec/2025:03:51:02 +0000] "GET /2311446 HTTP/1.1" 200 203766 "-" "Mozilla/5.0 (Linux; Android 6.0.1; Nexus 5X Build/MMB29P) AppleWebKit/537.36 (KHTML, like Gecko) Chrome/141.0.7390.122 Mobile Safari/537.36 (compatible; Googlebot/2.1; +http://www.google.com/bot.html)"
66.249.79.32 - - [19/Dec/2025:03:51:02 +0000] "GET /?4234872?item=0004214109 HTTP/1.1" 200 202752 "-" "Mozilla/5.0 (Linux; Android 6.0.1; Nexus 5X Build/MMB29P) AppleWebKit/537.36 (KHTML, like Gecko) Chrome/141.0.7390.122 Mobile Safari/537.36 (compatible; Googlebot/2.1; +http://www.google.com/bot.html)"
66.249.79.32 - - [19/Dec/2025:03:52:08 +0000] "GET /915588628 HTTP/1.1" 200 184322 "-" "Mozilla/5.0 (Linux; Android 6.0.1; Nexus 5X Build/MMB29P) AppleWebKit/537.36 (KHTML, like Gecko) Chrome/141.0.7390.122 Mobile Safari/537.36 (compatible; Googlebot/2.1; +http://www.google.com/bot.html)"
159.198.77.92 - - [19/Dec/2025:03:52:14 +0000] "POST /wp-cron.php?doing_wp_cron=1766116334.4555459022521972656250 HTTP/1.1" 404 27478 "-" "WordPress/6.9; https://luxwento.com"
2a03:2880:f800:37:: - - [19/Dec/2025:03:52:15 +0000] "GET /wp-json/oembed/1.0/embed?url=https%3A%2F%2Fluxwento.com%2Feternal-slots-casino-free-spins-988%2F HTTP/1.1" 200 2828 "-" "meta-externalagent/1.1 (+https://developers.facebook.com/docs/sharing/webmasters/crawler)"
66.249.79.37 - - [19/Dec/2025:03:52:20 +0000] "GET /964079082 HTTP/1.1" 200 187238 "-" "Mozilla/5.0 (Linux; Android 6.0.1; Nexus 5X Build/MMB29P) AppleWebKit/537.36 (KHTML, like Gecko) Chrome/141.0.7390.122 Mobile Safari/537.36 (compatible; Googlebot/2.1; +http://www.google.com/bot.html)"
66.249.79.37 - - [19/Dec/2025:03:52:21 +0000] "GET /221550718?item=0220454134 HTTP/1.1" 200 188075 "-" "Mozilla/5.0 (Linux; Android 6.0.1; Nexus 5X Build/MMB29P) AppleWebKit/537.36 (KHTML, like Gecko) Chrome/141.0.7390.122 Mobile Safari/537.36 (compatible; Googlebot/2.1; +http://www.google.com/bot.html)"
66.249.79.37 - - [19/Dec/2025:03:52:32 +0000] "GET /8616326 HTTP/1.1" 200 202581 "-" "Mozilla/5.0 (Linux; Android 6.0.1; Nexus 5X Build/MMB29P) AppleWebKit/537.36 (KHTML, like Gecko) Chrome/141.0.7390.122 Mobile Safari/537.36 (compatible; Googlebot/2.1; +http://www.google.com/bot.html)"
66.249.79.37 - - [19/Dec/2025:03:52:37 +0000] "GET /?w=7020722607004 HTTP/1.1" 200 189601 "-" "Mozilla/5.0 (Linux; Android 6.0.1; Nexus 5X Build/MMB29P) AppleWebKit/537.36 (KHTML, like Gecko) Chrome/141.0.7390.122 Mobile Safari/537.36 (compatible; Googlebot/2.1; +http://www.google.com/bot.html)"
66.249.79.37 - - [19/Dec/2025:03:52:45 +0000] "GET /51503466 HTTP/1.1" 200 204157 "-" "Mozilla/5.0 (Linux; Android 6.0.1; Nexus 5X Build/MMB29P) AppleWebKit/537.36 (KHTML, like Gecko) Chrome/141.0.7390.122 Mobile Safari/537.36 (compatible; Googlebot/2.1; +http://www.google.com/bot.html)"
66.249.79.37 - - [19/Dec/2025:03:52:57 +0000] "GET /87697273 HTTP/1.1" 200 205725 "-" "Mozilla/5.0 (Linux; Android 6.0.1; Nexus 5X Build/MMB29P) AppleWebKit/537.36 (KHTML, like Gecko) Chrome/141.0.7390.122 Mobile Safari/537.36 (compatible; Googlebot/2.1; +http://www.google.com/bot.html)"
66.249.79.32 - - [19/Dec/2025:03:53:14 +0000] "GET /9323473 HTTP/1.1" 200 204363 "-" "Mozilla/5.0 (Linux; Android 6.0.1; Nexus 5X Build/MMB29P) AppleWebKit/537.36 (KHTML, like Gecko) Chrome/141.0.7390.122 Mobile Safari/537.36 (compatible; Googlebot/2.1; +http://www.google.com/bot.html)"
66.249.79.33 - - [19/Dec/2025:03:53:15 +0000] "GET /?w=1171638055006 HTTP/1.1" 200 189874 "-" "Mozilla/5.0 (Linux; Android 6.0.1; Nexus 5X Build/MMB29P) AppleWebKit/537.36 (KHTML, like Gecko) Chrome/141.0.7390.122 Mobile Safari/537.36 (compatible; Googlebot/2.1; +http://www.google.com/bot.html)"
159.198.77.92 - - [19/Dec/2025:03:53:36 +0000] "POST /wp-cron.php?doing_wp_cron=1766116415.7853770256042480468750 HTTP/1.1" 404 27478 "-" "WordPress/6.9; https://luxwento.com"
177.200.35.138 - - [19/Dec/2025:03:53:36 +0000] "GET /xmlrpc.php HTTP/1.1" 404 27502 "-" "Mozilla/5.0 (Windows NT 10.0; WOW64; rv:45.0) Gecko/20100101 Firefox/45.0"
66.249.79.32 - - [19/Dec/2025:03:53:39 +0000] "GET /78973029 HTTP/1.1" 200 203460 "-" "Mozilla/5.0 (Linux; Android 6.0.1; Nexus 5X Build/MMB29P) AppleWebKit/537.36 (KHTML, like Gecko) Chrome/141.0.7390.122 Mobile Safari/537.36 (compatible; Googlebot/2.1; +http://www.google.com/bot.html)"
66.249.79.33 - - [19/Dec/2025:03:54:04 +0000] "GET /417456034 HTTP/1.1" 200 199074 "-" "Mozilla/5.0 (Linux; Android 6.0.1; Nexus 5X Build/MMB29P) AppleWebKit/537.36 (KHTML, like Gecko) Chrome/141.0.7390.122 Mobile Safari/537.36 (compatible; Googlebot/2.1; +http://www.google.com/bot.html)"
52.167.144.156 - - [19/Dec/2025:03:54:10 +0000] "GET /virtualnye-kazino-vlozhenija-na-sport-i-odnorukie-bandity/ HTTP/1.1" 200 201310 "-" "Mozilla/5.0 AppleWebKit/537.36 (KHTML, like Gecko; compatible; bingbot/2.0; +http://www.bing.com/bingbot.htm) Chrome/116.0.1938.76 Safari/537.36"
66.249.79.37 - - [19/Dec/2025:03:54:25 +0000] "GET /9005988 HTTP/1.1" 200 204169 "-" "Mozilla/5.0 (Linux; Android 6.0.1; Nexus 5X Build/MMB29P) AppleWebKit/537.36 (KHTML, like Gecko) Chrome/141.0.7390.122 Mobile Safari/537.36 (compatible; Googlebot/2.1; +http://www.google.com/bot.html)"
66.249.79.32 - - [19/Dec/2025:03:54:29 +0000] "GET /86633118 HTTP/1.1" 200 204185 "-" "Mozilla/5.0 (Linux; Android 6.0.1; Nexus 5X Build/MMB29P) AppleWebKit/537.36 (KHTML, like Gecko) Chrome/141.0.7390.122 Mobile Safari/537.36 (compatible; Googlebot/2.1; +http://www.google.com/bot.html)"
66.249.79.37 - - [19/Dec/2025:03:54:54 +0000] "GET /5885535 HTTP/1.1" 200 201334 "-" "Mozilla/5.0 (Linux; Android 6.0.1; Nexus 5X Build/MMB29P) AppleWebKit/537.36 (KHTML, like Gecko) Chrome/141.0.7390.122 Mobile Safari/537.36 (compatible; Googlebot/2.1; +http://www.google.com/bot.html)"
66.249.79.33 - - [19/Dec/2025:03:55:19 +0000] "GET /9605894 HTTP/1.1" 200 204136 "-" "Mozilla/5.0 (Linux; Android 6.0.1; Nexus 5X Build/MMB29P) AppleWebKit/537.36 (KHTML, like Gecko) Chrome/141.0.7390.122 Mobile Safari/537.36 (compatible; Googlebot/2.1; +http://www.google.com/bot.html)"
66.249.79.32 - - [19/Dec/2025:03:55:44 +0000] "GET /360102702 HTTP/1.1" 200 185076 "-" "Mozilla/5.0 (Linux; Android 6.0.1; Nexus 5X Build/MMB29P) AppleWebKit/537.36 (KHTML, like Gecko) Chrome/141.0.7390.122 Mobile Safari/537.36 (compatible; Googlebot/2.1; +http://www.google.com/bot.html)"
66.249.79.37 - - [19/Dec/2025:03:56:03 +0000] "GET /?w=950973531601 HTTP/1.1" 200 204619 "-" "Mozilla/5.0 (Linux; Android 6.0.1; Nexus 5X Build/MMB29P) AppleWebKit/537.36 (KHTML, like Gecko) Chrome/141.0.7390.122 Mobile Safari/537.36 (compatible; Googlebot/2.1; +http://www.google.com/bot.html)"
66.249.79.37 - - [19/Dec/2025:03:56:09 +0000] "GET /214313299 HTTP/1.1" 200 189358 "-" "Mozilla/5.0 (Linux; Android 6.0.1; Nexus 5X Build/MMB29P) AppleWebKit/537.36 (KHTML, like Gecko) Chrome/141.0.7390.122 Mobile Safari/537.36 (compatible; Googlebot/2.1; +http://www.google.com/bot.html)"
66.249.79.37 - - [19/Dec/2025:03:56:12 +0000] "GET /49262528?item=0049018857 HTTP/1.1" 200 198733 "-" "Mozilla/5.0 (Linux; Android 6.0.1; Nexus 5X Build/MMB29P) AppleWebKit/537.36 (KHTML, like Gecko) Chrome/141.0.7390.122 Mobile Safari/537.36 (compatible; Googlebot/2.1; +http://www.google.com/bot.html)"
66.249.79.37 - - [19/Dec/2025:03:56:34 +0000] "GET /163695616 HTTP/1.1" 200 204111 "-" "Mozilla/5.0 (Linux; Android 6.0.1; Nexus 5X Build/MMB29P) AppleWebKit/537.36 (KHTML, like Gecko) Chrome/141.0.7390.122 Mobile Safari/537.36 (compatible; Googlebot/2.1; +http://www.google.com/bot.html)"
66.249.79.37 - - [19/Dec/2025:03:57:17 +0000] "GET /5620095 HTTP/1.1" 200 199570 "-" "Mozilla/5.0 (Linux; Android 6.0.1; Nexus 5X Build/MMB29P) AppleWebKit/537.36 (KHTML, like Gecko) Chrome/141.0.7390.122 Mobile Safari/537.36 (compatible; Googlebot/2.1; +http://www.google.com/bot.html)"
66.249.79.37 - - [19/Dec/2025:03:57:29 +0000] "GET /6361539 HTTP/1.1" 200 197981 "-" "Mozilla/5.0 (Linux; Android 6.0.1; Nexus 5X Build/MMB29P) AppleWebKit/537.36 (KHTML, like Gecko) Chrome/141.0.7390.122 Mobile Safari/537.36 (compatible; Googlebot/2.1; +http://www.google.com/bot.html)"
159.198.77.92 - - [19/Dec/2025:03:57:37 +0000] "POST /wp-cron.php?doing_wp_cron=1766116657.1244719028472900390625 HTTP/1.1" 404 27478 "-" "WordPress/6.9; https://luxwento.com"
187.189.213.6 - - [19/Dec/2025:03:57:37 +0000] "GET /xmlrpc.php HTTP/1.1" 404 27502 "-" "Mozilla/5.0 (Windows NT 10.0; WOW64; rv:45.0) Gecko/20100101 Firefox/45.0"
66.249.79.37 - - [19/Dec/2025:03:57:49 +0000] "GET /162557670 HTTP/1.1" 200 202907 "-" "Mozilla/5.0 (Linux; Android 6.0.1; Nexus 5X Build/MMB29P) AppleWebKit/537.36 (KHTML, like Gecko) Chrome/141.0.7390.122 Mobile Safari/537.36 (compatible; Googlebot/2.1; +http://www.google.com/bot.html)"
66.249.79.37 - - [19/Dec/2025:03:58:14 +0000] "GET /7736057 HTTP/1.1" 200 205046 "-" "Mozilla/5.0 (Linux; Android 6.0.1; Nexus 5X Build/MMB29P) AppleWebKit/537.36 (KHTML, like Gecko) Chrome/141.0.7390.122 Mobile Safari/537.36 (compatible; Googlebot/2.1; +http://www.google.com/bot.html)"
66.249.79.37 - - [19/Dec/2025:03:58:39 +0000] "GET /149847424 HTTP/1.1" 200 204239 "-" "Mozilla/5.0 (Linux; Android 6.0.1; Nexus 5X Build/MMB29P) AppleWebKit/537.36 (KHTML, like Gecko) Chrome/141.0.7390.122 Mobile Safari/537.36 (compatible; Googlebot/2.1; +http://www.google.com/bot.html)"
66.249.79.32 - - [19/Dec/2025:03:59:04 +0000] "GET /189742287 HTTP/1.1" 200 204832 "-" "Mozilla/5.0 (Linux; Android 6.0.1; Nexus 5X Build/MMB29P) AppleWebKit/537.36 (KHTML, like Gecko) Chrome/141.0.7390.122 Mobile Safari/537.36 (compatible; Googlebot/2.1; +http://www.google.com/bot.html)"
66.249.79.37 - - [19/Dec/2025:03:59:29 +0000] "GET /61799419 HTTP/1.1" 200 203630 "-" "Mozilla/5.0 (Linux; Android 6.0.1; Nexus 5X Build/MMB29P) AppleWebKit/537.36 (KHTML, like Gecko) Chrome/141.0.7390.122 Mobile Safari/537.36 (compatible; Googlebot/2.1; +http://www.google.com/bot.html)"
66.249.79.37 - - [19/Dec/2025:03:59:54 +0000] "GET /46885811 HTTP/1.1" 200 201844 "-" "Mozilla/5.0 (Linux; Android 6.0.1; Nexus 5X Build/MMB29P) AppleWebKit/537.36 (KHTML, like Gecko) Chrome/141.0.7390.122 Mobile Safari/537.36 (compatible; Googlebot/2.1; +http://www.google.com/bot.html)"
66.249.79.37 - - [19/Dec/2025:04:00:15 +0000] "GET /74384072?item=0074016037 HTTP/1.1" 200 204315 "-" "Mozilla/5.0 (Linux; Android 6.0.1; Nexus 5X Build/MMB29P) AppleWebKit/537.36 (KHTML, like Gecko) Chrome/141.0.7390.122 Mobile Safari/537.36 (compatible; Googlebot/2.1; +http://www.google.com/bot.html)"
66.249.79.32 - - [19/Dec/2025:04:00:19 +0000] "GET /?w=7156854126008 HTTP/1.1" 200 199155 "-" "Mozilla/5.0 (Linux; Android 6.0.1; Nexus 5X Build/MMB29P) AppleWebKit/537.36 (KHTML, like Gecko) Chrome/141.0.7390.122 Mobile Safari/537.36 (compatible; Googlebot/2.1; +http://www.google.com/bot.html)"
66.249.79.37 - - [19/Dec/2025:04:00:44 +0000] "GET /124358335 HTTP/1.1" 200 205057 "-" "Mozilla/5.0 (Linux; Android 6.0.1; Nexus 5X Build/MMB29P) AppleWebKit/537.36 (KHTML, like Gecko) Chrome/141.0.7390.122 Mobile Safari/537.36 (compatible; Googlebot/2.1; +http://www.google.com/bot.html)"
66.249.79.32 - - [19/Dec/2025:04:01:09 +0000] "GET /163258353 HTTP/1.1" 200 204710 "-" "Mozilla/5.0 (Linux; Android 6.0.1; Nexus 5X Build/MMB29P) AppleWebKit/537.36 (KHTML, like Gecko) Chrome/141.0.7390.122 Mobile Safari/537.36 (compatible; Googlebot/2.1; +http://www.google.com/bot.html)"
66.249.79.37 - - [19/Dec/2025:04:01:20 +0000] "GET /943640240 HTTP/1.1" 200 188068 "-" "Mozilla/5.0 (Linux; Android 6.0.1; Nexus 5X Build/MMB29P) AppleWebKit/537.36 (KHTML, like Gecko) Chrome/141.0.7390.122 Mobile Safari/537.36 (compatible; Googlebot/2.1; +http://www.google.com/bot.html)"
66.249.79.37 - - [19/Dec/2025:04:01:34 +0000] "GET /461889500 HTTP/1.1" 200 199803 "-" "Mozilla/5.0 (Linux; Android 6.0.1; Nexus 5X Build/MMB29P) AppleWebKit/537.36 (KHTML, like Gecko) Chrome/141.0.7390.122 Mobile Safari/537.36 (compatible; Googlebot/2.1; +http://www.google.com/bot.html)"
66.249.79.37 - - [19/Dec/2025:04:01:35 +0000] "GET /9064316 HTTP/1.1" 200 204668 "-" "Mozilla/5.0 (Linux; Android 6.0.1; Nexus 5X Build/MMB29P) AppleWebKit/537.36 (KHTML, like Gecko) Chrome/141.0.7390.122 Mobile Safari/537.36 (compatible; Googlebot/2.1; +http://www.google.com/bot.html)"
66.249.79.37 - - [19/Dec/2025:04:01:59 +0000] "GET /33296961 HTTP/1.1" 200 203134 "-" "Mozilla/5.0 (Linux; Android 6.0.1; Nexus 5X Build/MMB29P) AppleWebKit/537.36 (KHTML, like Gecko) Chrome/141.0.7390.122 Mobile Safari/537.36 (compatible; Googlebot/2.1; +http://www.google.com/bot.html)"
66.249.79.32 - - [19/Dec/2025:04:02:24 +0000] "GET /3271951 HTTP/1.1" 200 202715 "-" "Mozilla/5.0 (Linux; Android 6.0.1; Nexus 5X Build/MMB29P) AppleWebKit/537.36 (KHTML, like Gecko) Chrome/141.0.7390.122 Mobile Safari/537.36 (compatible; Googlebot/2.1; +http://www.google.com/bot.html)"
66.249.79.32 - - [19/Dec/2025:04:02:49 +0000] "GET /?w=0487054727403 HTTP/1.1" 200 198467 "-" "Mozilla/5.0 (Linux; Android 6.0.1; Nexus 5X Build/MMB29P) AppleWebKit/537.36 (KHTML, like Gecko) Chrome/141.0.7390.122 Mobile Safari/537.36 (compatible; Googlebot/2.1; +http://www.google.com/bot.html)"
52.167.144.217 - - [19/Dec/2025:04:03:19 +0000] "GET /products/4067881/ HTTP/1.1" 200 198413 "-" "Mozilla/5.0 AppleWebKit/537.36 (KHTML, like Gecko; compatible; bingbot/2.0; +http://www.bing.com/bingbot.htm) Chrome/116.0.1938.76 Safari/537.36"
34.56.168.230 - - [19/Dec/2025:04:03:22 +0000] "GET /robots.txt HTTP/1.1" 200 1196 "-" "Mozilla/5.0 (X11; Linux x86_64) AppleWebKit/537.36 (KHTML, like Gecko) Chrome/136.0.0.0 Safari/537.36"
34.173.239.49 - - [19/Dec/2025:04:03:22 +0000] "HEAD / HTTP/1.1" 200 0 "-" "Mozilla/5.0 (X11; Linux x86_64) AppleWebKit/537.36 (KHTML, like Gecko) Chrome/136.0.0.0 Safari/537.36"
136.119.129.236 - - [19/Dec/2025:04:03:22 +0000] "HEAD /8544053 HTTP/1.1" 404 0 "-" "Mozilla/5.0 (X11; Linux x86_64) AppleWebKit/537.36 (KHTML, like Gecko) Chrome/136.0.0.0 Safari/537.36"
34.173.239.49 - - [19/Dec/2025:04:03:22 +0000] "GET / HTTP/1.1" 200 68856 "-" "Mozilla/5.0 (X11; Linux x86_64) AppleWebKit/537.36 (KHTML, like Gecko) Chrome/136.0.0.0 Safari/537.36"
159.198.77.92 - - [19/Dec/2025:04:03:23 +0000] "POST /wp-cron.php?doing_wp_cron=1766117002.6893239021301269531250 HTTP/1.1" 404 27478 "-" "WordPress/6.9; https://luxwento.com"
136.119.129.236 - - [19/Dec/2025:04:03:23 +0000] "HEAD /157338453 HTTP/1.1" 404 0 "-" "Mozilla/5.0 (X11; Linux x86_64) AppleWebKit/537.36 (KHTML, like Gecko) Chrome/136.0.0.0 Safari/537.36"
136.119.129.236 - - [19/Dec/2025:04:03:28 +0000] "GET /8544053 HTTP/1.1" 404 27502 "-" "Mozilla/5.0 (X11; Linux x86_64) AppleWebKit/537.36 (KHTML, like Gecko) Chrome/140.0.0.0 Safari/537.36"
136.119.129.236 - - [19/Dec/2025:04:03:29 +0000] "GET /157338453 HTTP/1.1" 404 27502 "-" "Mozilla/5.0 (X11; Linux x86_64) AppleWebKit/537.36 (KHTML, like Gecko) Chrome/140.0.0.0 Safari/537.36"
136.119.129.236 - - [19/Dec/2025:04:03:29 +0000] "GET /wp-content/themes/outreach-pro/style.css?ver=3.1 HTTP/1.1" 304 0 "https://luxwento.com/157338453" "Mozilla/5.0 (X11; Linux x86_64) AppleWebKit/537.36 (KHTML, like Gecko) Chrome/140.0.0.0 Safari/537.36"
136.119.129.236 - - [19/Dec/2025:04:03:29 +0000] "GET /wp-includes/css/dashicons.min.css?ver=6.9 HTTP/1.1" 304 0 "https://luxwento.com/157338453" "Mozilla/5.0 (X11; Linux x86_64) AppleWebKit/537.36 (KHTML, like Gecko) Chrome/140.0.0.0 Safari/537.36"
23.236.55.230 - - [19/Dec/2025:04:03:29 +0000] "HEAD /2938848 HTTP/1.1" 404 0 "-" "Mozilla/5.0 (X11; Linux x86_64) AppleWebKit/537.36 (KHTML, like Gecko) Chrome/136.0.0.0 Safari/537.36"
136.119.129.236 - - [19/Dec/2025:04:03:29 +0000] "GET /wp-includes/js/jquery/jquery.min.js?ver=3.7.1 HTTP/1.1" 304 0 "https://luxwento.com/157338453" "Mozilla/5.0 (X11; Linux x86_64) AppleWebKit/537.36 (KHTML, like Gecko) Chrome/140.0.0.0 Safari/537.36"
136.119.129.236 - - [19/Dec/2025:04:03:29 +0000] "GET /wp-includes/js/jquery/jquery-migrate.min.js?ver=3.4.1 HTTP/1.1" 304 0 "https://luxwento.com/157338453" "Mozilla/5.0 (X11; Linux x86_64) AppleWebKit/537.36 (KHTML, like Gecko) Chrome/140.0.0.0 Safari/537.36"
136.119.129.236 - - [19/Dec/2025:04:03:29 +0000] "GET /wp-content/themes/outreach-pro/js/responsive-menu.js?ver=1.0.0 HTTP/1.1" 304 0 "https://luxwento.com/157338453" "Mozilla/5.0 (X11; Linux x86_64) AppleWebKit/537.36 (KHTML, like Gecko) Chrome/140.0.0.0 Safari/537.36"
45.227.253.15 - - [19/Dec/2025:04:03:30 +0000] "GET /images/images/images/index.php?ARRAY=7o2230223n313736363132303838362p2231223n22687474703n5p2s5p2s7n7335373176313361732r626565666s72652r7362735p2s3s6p633q78696164616r5s72616r645s7061746826743q313736363131373238362q3664306634363333306162663436323330343963626262663739383366663036222p2232223n223764636633343235663937663530653332396461653334633966363766353837222p2233223n223731336661633265343537656430663232613737336362393365396137343664222p2262696r675s70617373223n2231352q34372q35312q36312q38302q38352q3231227q HTTP/1.1" 301 0 "-" "Mozilla/5.0 (Macintosh; Intel Mac OS X 10.12; rv:103.0) Gecko/20100101 Firefox/101.0"
136.119.129.236 - - [19/Dec/2025:04:03:30 +0000] "GET /wp-includes/js/wp-emoji-release.min.js?ver=6.9 HTTP/1.1" 304 0 "https://luxwento.com/157338453" "Mozilla/5.0 (X11; Linux x86_64) AppleWebKit/537.36 (KHTML, like Gecko) Chrome/140.0.0.0 Safari/537.36"
136.119.129.236 - - [19/Dec/2025:04:03:30 +0000] "GET /wp-content/uploads/2025/06/cropped-luxury-letter-l-logo-l-logotype-for-elegant-and-stylish-fashion-symbol-vector-32x32.jpg HTTP/1.1" 200 569 "https://luxwento.com/157338453" "Mozilla/5.0 (X11; Linux x86_64) AppleWebKit/537.36 (KHTML, like Gecko) Chrome/140.0.0.0 Safari/537.36"
45.227.253.15 - - [19/Dec/2025:04:03:31 +0000] "GET /images/images/images/?ARRAY=7o2230223n313736363132303838362p2231223n22687474703n5p2s5p2s7n7335373176313361732r626565666s72652r7362735p2s3s6p633q78696164616r5s72616r645s7061746826743q313736363131373238362q3664306634363333306162663436323330343963626262663739383366663036222p2232223n223764636633343235663937663530653332396461653334633966363766353837222p2233223n223731336661633265343537656430663232613737336362393365396137343664222p2262696r675s70617373223n2231352q34372q35312q36312q38302q38352q3231227q HTTP/1.1" 404 27478 "https://luxwento.com/images/images/images/index.php?ARRAY=7o2230223n313736363132303838362p2231223n22687474703n5p2s5p2s7n7335373176313361732r626565666s72652r7362735p2s3s6p633q78696164616r5s72616r645s7061746826743q313736363131373238362q3664306634363333306162663436323330343963626262663739383366663036222p2232223n223764636633343235663937663530653332396461653334633966363766353837222p2233223n223731336661633265343537656430663232613737336362393365396137343664222p2262696r675s70617373223n2231352q34372q35312q36312q38302q38352q3231227q" "Mozilla/5.0 (Macintosh; Intel Mac OS X 10.12; rv:103.0) Gecko/20100101 Firefox/101.0"
66.249.79.33 - - [19/Dec/2025:04:03:32 +0000] "GET /28063584?item=0027924857 HTTP/1.1" 200 201672 "-" "Mozilla/5.0 (Linux; Android 6.0.1; Nexus 5X Build/MMB29P) AppleWebKit/537.36 (KHTML, like Gecko) Chrome/141.0.7390.122 Mobile Safari/537.36 (compatible; Googlebot/2.1; +http://www.google.com/bot.html)"
66.249.79.37 - - [19/Dec/2025:04:03:32 +0000] "GET /75498183 HTTP/1.1" 200 202975 "-" "Mozilla/5.0 (Linux; Android 6.0.1; Nexus 5X Build/MMB29P) AppleWebKit/537.36 (KHTML, like Gecko) Chrome/141.0.7390.122 Mobile Safari/537.36 (compatible; Googlebot/2.1; +http://www.google.com/bot.html)"
66.249.79.37 - - [19/Dec/2025:04:03:40 +0000] "GET /?138672266?item=0137985972 HTTP/1.1" 200 201367 "-" "Mozilla/5.0 (Linux; Android 6.0.1; Nexus 5X Build/MMB29P) AppleWebKit/537.36 (KHTML, like Gecko) Chrome/141.0.7390.122 Mobile Safari/537.36 (compatible; Googlebot/2.1; +http://www.google.com/bot.html)"
136.119.129.236 - - [19/Dec/2025:04:03:43 +0000] "GET /2938848 HTTP/1.1" 404 27502 "-" "Mozilla/5.0 (X11; Linux x86_64) AppleWebKit/537.36 (KHTML, like Gecko) Chrome/140.0.0.0 Safari/537.36"
136.119.129.236 - - [19/Dec/2025:04:03:43 +0000] "GET /wp-includes/css/dashicons.min.css?ver=6.9 HTTP/1.1" 200 59004 "https://luxwento.com/8544053" "Mozilla/5.0 (X11; Linux x86_64) AppleWebKit/537.36 (KHTML, like Gecko) Chrome/140.0.0.0 Safari/537.36"
136.119.129.236 - - [19/Dec/2025:04:03:43 +0000] "GET /wp-content/themes/outreach-pro/style.css?ver=3.1 HTTP/1.1" 200 45563 "https://luxwento.com/8544053" "Mozilla/5.0 (X11; Linux x86_64) AppleWebKit/537.36 (KHTML, like Gecko) Chrome/140.0.0.0 Safari/537.36"
136.119.129.236 - - [19/Dec/2025:04:03:44 +0000] "GET /wp-includes/js/jquery/jquery.min.js?ver=3.7.1 HTTP/1.1" 200 87553 "https://luxwento.com/8544053" "Mozilla/5.0 (X11; Linux x86_64) AppleWebKit/537.36 (KHTML, like Gecko) Chrome/140.0.0.0 Safari/537.36"
136.119.129.236 - - [19/Dec/2025:04:03:44 +0000] "GET /wp-includes/js/jquery/jquery-migrate.min.js?ver=3.4.1 HTTP/1.1" 200 13577 "https://luxwento.com/8544053" "Mozilla/5.0 (X11; Linux x86_64) AppleWebKit/537.36 (KHTML, like Gecko) Chrome/140.0.0.0 Safari/537.36"
136.119.129.236 - - [19/Dec/2025:04:03:44 +0000] "HEAD /786617148 HTTP/1.1" 404 0 "-" "Mozilla/5.0 (X11; Linux x86_64) AppleWebKit/537.36 (KHTML, like Gecko) Chrome/136.0.0.0 Safari/537.36"
136.119.129.236 - - [19/Dec/2025:04:03:44 +0000] "HEAD /98033581 HTTP/1.1" 404 0 "-" "Mozilla/5.0 (X11; Linux x86_64) AppleWebKit/537.36 (KHTML, like Gecko) Chrome/136.0.0.0 Safari/537.36"
136.119.129.236 - - [19/Dec/2025:04:03:44 +0000] "GET /wp-content/themes/outreach-pro/js/responsive-menu.js?ver=1.0.0 HTTP/1.1" 200 867 "https://luxwento.com/8544053" "Mozilla/5.0 (X11; Linux x86_64) AppleWebKit/537.36 (KHTML, like Gecko) Chrome/140.0.0.0 Safari/537.36"
66.249.79.32 - - [19/Dec/2025:04:03:44 +0000] "GET /28744321 HTTP/1.1" 200 204614 "-" "Mozilla/5.0 (Linux; Android 6.0.1; Nexus 5X Build/MMB29P) AppleWebKit/537.36 (KHTML, like Gecko) Chrome/141.0.7390.122 Mobile Safari/537.36 (compatible; Googlebot/2.1; +http://www.google.com/bot.html)"
136.119.129.236 - - [19/Dec/2025:04:03:44 +0000] "GET /wp-includes/js/wp-emoji-release.min.js?ver=6.9 HTTP/1.1" 200 22762 "https://luxwento.com/8544053" "Mozilla/5.0 (X11; Linux x86_64) AppleWebKit/537.36 (KHTML, like Gecko) Chrome/140.0.0.0 Safari/537.36"
136.119.129.236 - - [19/Dec/2025:04:03:44 +0000] "GET /wp-content/uploads/2025/06/cropped-luxury-letter-l-logo-l-logotype-for-elegant-and-stylish-fashion-symbol-vector-32x32.jpg HTTP/1.1" 200 569 "https://luxwento.com/8544053" "Mozilla/5.0 (X11; Linux x86_64) AppleWebKit/537.36 (KHTML, like Gecko) Chrome/140.0.0.0 Safari/537.36"
85.208.96.207 - - [19/Dec/2025:04:03:47 +0000] "GET /big-bass-bonanza-kejutan-besar/ HTTP/1.1" 403 0 "-" "Mozilla/5.0 (compatible; SemrushBot/7~bl; +http://www.semrush.com/bot.html)"
66.249.79.33 - - [19/Dec/2025:04:04:22 +0000] "GET /8453637 HTTP/1.1" 200 201076 "-" "Mozilla/5.0 (Linux; Android 6.0.1; Nexus 5X Build/MMB29P) AppleWebKit/537.36 (KHTML, like Gecko) Chrome/141.0.7390.122 Mobile Safari/537.36 (compatible; Googlebot/2.1; +http://www.google.com/bot.html)"
66.249.79.37 - - [19/Dec/2025:04:04:22 +0000] "GET /986038136 HTTP/1.1" 200 187507 "-" "Mozilla/5.0 (Linux; Android 6.0.1; Nexus 5X Build/MMB29P) AppleWebKit/537.36 (KHTML, like Gecko) Chrome/141.0.7390.122 Mobile Safari/537.36 (compatible; Googlebot/2.1; +http://www.google.com/bot.html)"
159.198.77.92 - - [19/Dec/2025:04:04:25 +0000] "POST /wp-cron.php?doing_wp_cron=1766117065.0352280139923095703125 HTTP/1.1" 404 27478 "-" "WordPress/6.9; https://luxwento.com"
136.119.129.236 - - [19/Dec/2025:04:04:25 +0000] "GET /786617148 HTTP/1.1" 404 27502 "-" "Mozilla/5.0 (X11; Linux x86_64) AppleWebKit/537.36 (KHTML, like Gecko) Chrome/140.0.0.0 Safari/537.36"
136.119.129.236 - - [19/Dec/2025:04:04:26 +0000] "HEAD /75633689 HTTP/1.1" 404 0 "-" "Mozilla/5.0 (X11; Linux x86_64) AppleWebKit/537.36 (KHTML, like Gecko) Chrome/136.0.0.0 Safari/537.36"
66.249.79.37 - - [19/Dec/2025:04:04:30 +0000] "GET /85877440 HTTP/1.1" 200 204572 "-" "Mozilla/5.0 (Linux; Android 6.0.1; Nexus 5X Build/MMB29P) AppleWebKit/537.36 (KHTML, like Gecko) Chrome/141.0.7390.122 Mobile Safari/537.36 (compatible; Googlebot/2.1; +http://www.google.com/bot.html)"
136.119.129.236 - - [19/Dec/2025:04:04:36 +0000] "GET /98033581 HTTP/1.1" 404 27502 "-" "Mozilla/5.0 (X11; Linux x86_64) AppleWebKit/537.36 (KHTML, like Gecko) Chrome/140.0.0.0 Safari/537.36"
136.119.129.236 - - [19/Dec/2025:04:04:37 +0000] "HEAD /6408293 HTTP/1.1" 404 0 "-" "Mozilla/5.0 (X11; Linux x86_64) AppleWebKit/537.36 (KHTML, like Gecko) Chrome/136.0.0.0 Safari/537.36"
136.119.129.236 - - [19/Dec/2025:04:04:38 +0000] "GET /6408293 HTTP/1.1" 404 27502 "-" "Mozilla/5.0 (X11; Linux x86_64) AppleWebKit/537.36 (KHTML, like Gecko) Chrome/140.0.0.0 Safari/537.36"
66.249.79.37 - - [19/Dec/2025:04:04:52 +0000] "GET /49260878?item=0049017214 HTTP/1.1" 200 204213 "-" "Mozilla/5.0 (Linux; Android 6.0.1; Nexus 5X Build/MMB29P) AppleWebKit/537.36 (KHTML, like Gecko) Chrome/141.0.7390.122 Mobile Safari/537.36 (compatible; Googlebot/2.1; +http://www.google.com/bot.html)"
66.249.79.37 - - [19/Dec/2025:04:04:52 +0000] "GET /2947376 HTTP/1.1" 200 204746 "-" "Mozilla/5.0 (Linux; Android 6.0.1; Nexus 5X Build/MMB29P) AppleWebKit/537.36 (KHTML, like Gecko) Chrome/141.0.7390.122 Mobile Safari/537.36 (compatible; Googlebot/2.1; +http://www.google.com/bot.html)"
136.119.129.236 - - [19/Dec/2025:04:04:54 +0000] "HEAD /8022148 HTTP/1.1" 404 0 "-" "Mozilla/5.0 (X11; Linux x86_64) AppleWebKit/537.36 (KHTML, like Gecko) Chrome/136.0.0.0 Safari/537.36"
136.119.129.236 - - [19/Dec/2025:04:04:57 +0000] "GET /8022148 HTTP/1.1" 404 27502 "-" "Mozilla/5.0 (X11; Linux x86_64) AppleWebKit/537.36 (KHTML, like Gecko) Chrome/140.0.0.0 Safari/537.36"
136.119.129.236 - - [19/Dec/2025:04:04:57 +0000] "GET /wp-includes/css/dashicons.min.css?ver=6.9 HTTP/1.1" 200 59004 "https://luxwento.com/8022148" "Mozilla/5.0 (X11; Linux x86_64) AppleWebKit/537.36 (KHTML, like Gecko) Chrome/140.0.0.0 Safari/537.36"
136.119.129.236 - - [19/Dec/2025:04:04:58 +0000] "GET /wp-content/themes/outreach-pro/style.css?ver=3.1 HTTP/1.1" 200 45563 "https://luxwento.com/8022148" "Mozilla/5.0 (X11; Linux x86_64) AppleWebKit/537.36 (KHTML, like Gecko) Chrome/140.0.0.0 Safari/537.36"
136.119.129.236 - - [19/Dec/2025:04:04:58 +0000] "GET /wp-includes/js/jquery/jquery.min.js?ver=3.7.1 HTTP/1.1" 304 0 "https://luxwento.com/8022148" "Mozilla/5.0 (X11; Linux x86_64) AppleWebKit/537.36 (KHTML, like Gecko) Chrome/140.0.0.0 Safari/537.36"
136.119.129.236 - - [19/Dec/2025:04:04:58 +0000] "HEAD /7981692 HTTP/1.1" 404 0 "-" "Mozilla/5.0 (X11; Linux x86_64) AppleWebKit/537.36 (KHTML, like Gecko) Chrome/136.0.0.0 Safari/537.36"
136.119.129.236 - - [19/Dec/2025:04:04:58 +0000] "GET /wp-content/themes/outreach-pro/js/responsive-menu.js?ver=1.0.0 HTTP/1.1" 304 0 "https://luxwento.com/8022148" "Mozilla/5.0 (X11; Linux x86_64) AppleWebKit/537.36 (KHTML, like Gecko) Chrome/140.0.0.0 Safari/537.36"
136.119.129.236 - - [19/Dec/2025:04:04:58 +0000] "GET /wp-includes/js/jquery/jquery-migrate.min.js?ver=3.4.1 HTTP/1.1" 200 13577 "https://luxwento.com/8022148" "Mozilla/5.0 (X11; Linux x86_64) AppleWebKit/537.36 (KHTML, like Gecko) Chrome/140.0.0.0 Safari/537.36"
136.119.129.236 - - [19/Dec/2025:04:05:03 +0000] "GET /75633689 HTTP/1.1" 404 27502 "-" "Mozilla/5.0 (X11; Linux x86_64) AppleWebKit/537.36 (KHTML, like Gecko) Chrome/140.0.0.0 Safari/537.36"
66.249.79.33 - - [19/Dec/2025:04:05:04 +0000] "GET /2742997 HTTP/1.1" 200 203516 "-" "Mozilla/5.0 (Linux; Android 6.0.1; Nexus 5X Build/MMB29P) AppleWebKit/537.36 (KHTML, like Gecko) Chrome/141.0.7390.122 Mobile Safari/537.36 (compatible; Googlebot/2.1; +http://www.google.com/bot.html)"
66.249.79.32 - - [19/Dec/2025:04:05:19 +0000] "GET /463161918 HTTP/1.1" 200 198080 "-" "Mozilla/5.0 (Linux; Android 6.0.1; Nexus 5X Build/MMB29P) AppleWebKit/537.36 (KHTML, like Gecko) Chrome/141.0.7390.122 Mobile Safari/537.36 (compatible; Googlebot/2.1; +http://www.google.com/bot.html)"
103.127.6.99 - - [19/Dec/2025:04:05:21 +0000] "GET /xmlrpc.php HTTP/1.1" 404 27502 "-" "Mozilla/5.0 (Windows NT 10.0; WOW64; rv:45.0) Gecko/20100101 Firefox/45.0"
66.249.79.37 - - [19/Dec/2025:04:05:28 +0000] "GET /417100703 HTTP/1.1" 200 198561 "-" "Mozilla/5.0 (Linux; Android 6.0.1; Nexus 5X Build/MMB29P) AppleWebKit/537.36 (KHTML, like Gecko) Chrome/141.0.7390.122 Mobile Safari/537.36 (compatible; Googlebot/2.1; +http://www.google.com/bot.html)"
66.249.79.37 - - [19/Dec/2025:04:05:44 +0000] "GET /68937297 HTTP/1.1" 200 200320 "-" "Mozilla/5.0 (Linux; Android 6.0.1; Nexus 5X Build/MMB29P) AppleWebKit/537.36 (KHTML, like Gecko) Chrome/141.0.7390.122 Mobile Safari/537.36 (compatible; Googlebot/2.1; +http://www.google.com/bot.html)"
66.249.79.34 - - [19/Dec/2025:04:06:09 +0000] "GET /7987195 HTTP/1.1" 200 204400 "-" "Mozilla/5.0 (Linux; Android 6.0.1; Nexus 5X Build/MMB29P) AppleWebKit/537.36 (KHTML, like Gecko) Chrome/141.0.7390.122 Mobile Safari/537.36 (compatible; Googlebot/2.1; +http://www.google.com/bot.html)"
66.249.79.33 - - [19/Dec/2025:04:06:52 +0000] "GET /476545118 HTTP/1.1" 200 200056 "-" "Mozilla/5.0 (Linux; Android 6.0.1; Nexus 5X Build/MMB29P) AppleWebKit/537.36 (KHTML, like Gecko) Chrome/141.0.7390.122 Mobile Safari/537.36 (compatible; Googlebot/2.1; +http://www.google.com/bot.html)"
66.249.79.32 - - [19/Dec/2025:04:07:04 +0000] "GET /971811783 HTTP/1.1" 200 188487 "-" "Mozilla/5.0 (Linux; Android 6.0.1; Nexus 5X Build/MMB29P) AppleWebKit/537.36 (KHTML, like Gecko) Chrome/141.0.7390.122 Mobile Safari/537.36 (compatible; Googlebot/2.1; +http://www.google.com/bot.html)"
66.249.79.33 - - [19/Dec/2025:04:07:21 +0000] "GET /?w=7814543643604 HTTP/1.1" 200 189008 "-" "Mozilla/5.0 (Linux; Android 6.0.1; Nexus 5X Build/MMB29P) AppleWebKit/537.36 (KHTML, like Gecko) Chrome/141.0.7390.122 Mobile Safari/537.36 (compatible; Googlebot/2.1; +http://www.google.com/bot.html)"
186.139.113.88 - - [19/Dec/2025:04:07:39 +0000] "GET /xmlrpc.php HTTP/1.1" 404 27502 "-" "Mozilla/5.0 (Windows NT 10.0; WOW64; rv:45.0) Gecko/20100101 Firefox/45.0"
66.249.79.32 - - [19/Dec/2025:04:07:42 +0000] "GET /?43880114?item=0043663088 HTTP/1.1" 200 204121 "-" "Mozilla/5.0 (Linux; Android 6.0.1; Nexus 5X Build/MMB29P) AppleWebKit/537.36 (KHTML, like Gecko) Chrome/141.0.7390.122 Mobile Safari/537.36 (compatible; Googlebot/2.1; +http://www.google.com/bot.html)"
66.249.79.32 - - [19/Dec/2025:04:07:42 +0000] "GET /44013500 HTTP/1.1" 200 203460 "-" "Mozilla/5.0 (Linux; Android 6.0.1; Nexus 5X Build/MMB29P) AppleWebKit/537.36 (KHTML, like Gecko) Chrome/141.0.7390.122 Mobile Safari/537.36 (compatible; Googlebot/2.1; +http://www.google.com/bot.html)"
66.249.79.32 - - [19/Dec/2025:04:07:54 +0000] "GET /3918592 HTTP/1.1" 200 199698 "-" "Mozilla/5.0 (Linux; Android 6.0.1; Nexus 5X Build/MMB29P) AppleWebKit/537.36 (KHTML, like Gecko) Chrome/141.0.7390.122 Mobile Safari/537.36 (compatible; Googlebot/2.1; +http://www.google.com/bot.html)"
66.249.79.33 - - [19/Dec/2025:04:08:14 +0000] "GET /531462498 HTTP/1.1" 200 198891 "-" "Mozilla/5.0 (Linux; Android 6.0.1; Nexus 5X Build/MMB29P) AppleWebKit/537.36 (KHTML, like Gecko) Chrome/141.0.7390.122 Mobile Safari/537.36 (compatible; Googlebot/2.1; +http://www.google.com/bot.html)"
66.249.79.32 - - [19/Dec/2025:04:08:57 +0000] "GET /products/16789070 HTTP/1.1" 200 203133 "-" "Mozilla/5.0 (Linux; Android 6.0.1; Nexus 5X Build/MMB29P) AppleWebKit/537.36 (KHTML, like Gecko) Chrome/141.0.7390.122 Mobile Safari/537.36 (compatible; Googlebot/2.1; +http://www.google.com/bot.html)"
66.249.79.33 - - [19/Dec/2025:04:08:57 +0000] "GET /316021225 HTTP/1.1" 200 187822 "-" "Mozilla/5.0 (Linux; Android 6.0.1; Nexus 5X Build/MMB29P) AppleWebKit/537.36 (KHTML, like Gecko) Chrome/141.0.7390.122 Mobile Safari/537.36 (compatible; Googlebot/2.1; +http://www.google.com/bot.html)"
66.249.79.32 - - [19/Dec/2025:04:09:27 +0000] "GET /221550570?item=0220453988 HTTP/1.1" 200 189282 "-" "Mozilla/5.0 (Linux; Android 6.0.1; Nexus 5X Build/MMB29P) AppleWebKit/537.36 (KHTML, like Gecko) Chrome/141.0.7390.122 Mobile Safari/537.36 (compatible; Googlebot/2.1; +http://www.google.com/bot.html)"
66.249.79.34 - - [19/Dec/2025:04:09:27 +0000] "GET /3335424?item=0003319113 HTTP/1.1" 200 200210 "-" "Mozilla/5.0 (Linux; Android 6.0.1; Nexus 5X Build/MMB29P) AppleWebKit/537.36 (KHTML, like Gecko) Chrome/141.0.7390.122 Mobile Safari/537.36 (compatible; Googlebot/2.1; +http://www.google.com/bot.html)"
66.249.79.33 - - [19/Dec/2025:04:09:27 +0000] "GET /4739937 HTTP/1.1" 200 203517 "-" "Mozilla/5.0 (Linux; Android 6.0.1; Nexus 5X Build/MMB29P) AppleWebKit/537.36 (KHTML, like Gecko) Chrome/141.0.7390.122 Mobile Safari/537.36 (compatible; Googlebot/2.1; +http://www.google.com/bot.html)"
66.249.79.32 - - [19/Dec/2025:04:09:39 +0000] "GET /897533317 HTTP/1.1" 200 188405 "-" "Mozilla/5.0 (Linux; Android 6.0.1; Nexus 5X Build/MMB29P) AppleWebKit/537.36 (KHTML, like Gecko) Chrome/141.0.7390.122 Mobile Safari/537.36 (compatible; Googlebot/2.1; +http://www.google.com/bot.html)"
66.249.79.32 - - [19/Dec/2025:04:09:46 +0000] "GET /?30258058?item=0030108468 HTTP/1.1" 200 203970 "-" "Mozilla/5.0 (Linux; Android 6.0.1; Nexus 5X Build/MMB29P) AppleWebKit/537.36 (KHTML, like Gecko) Chrome/141.0.7390.122 Mobile Safari/537.36 (compatible; Googlebot/2.1; +http://www.google.com/bot.html)"
66.249.79.32 - - [19/Dec/2025:04:09:54 +0000] "GET /784912561 HTTP/1.1" 200 201782 "-" "Mozilla/5.0 (Linux; Android 6.0.1; Nexus 5X Build/MMB29P) AppleWebKit/537.36 (KHTML, like Gecko) Chrome/141.0.7390.122 Mobile Safari/537.36 (compatible; Googlebot/2.1; +http://www.google.com/bot.html)"
66.249.79.32 - - [19/Dec/2025:04:09:55 +0000] "GET /85385026 HTTP/1.1" 200 204984 "-" "Mozilla/5.0 (Linux; Android 6.0.1; Nexus 5X Build/MMB29P) AppleWebKit/537.36 (KHTML, like Gecko) Chrome/141.0.7390.122 Mobile Safari/537.36 (compatible; Googlebot/2.1; +http://www.google.com/bot.html)"
66.249.79.34 - - [19/Dec/2025:04:10:19 +0000] "GET /247995780 HTTP/1.1" 200 190065 "-" "Mozilla/5.0 (Linux; Android 6.0.1; Nexus 5X Build/MMB29P) AppleWebKit/537.36 (KHTML, like Gecko) Chrome/141.0.7390.122 Mobile Safari/537.36 (compatible; Googlebot/2.1; +http://www.google.com/bot.html)"
159.198.77.92 - - [19/Dec/2025:04:10:37 +0000] "POST /wp-cron.php?doing_wp_cron=1766117437.2802560329437255859375 HTTP/1.1" 404 27478 "-" "WordPress/6.9; https://luxwento.com"
17.246.19.50 - - [19/Dec/2025:04:10:37 +0000] "GET /2025/08/page/4/ HTTP/1.1" 200 19410 "-" "Mozilla/5.0 (Macintosh; Intel Mac OS X 10_15_7) AppleWebKit/605.1.15 (KHTML, like Gecko) Version/17.4 Safari/605.1.15 (Applebot/0.1; +http://www.apple.com/go/applebot)"
66.249.79.32 - - [19/Dec/2025:04:10:44 +0000] "GET /8558745 HTTP/1.1" 200 199732 "-" "Mozilla/5.0 (Linux; Android 6.0.1; Nexus 5X Build/MMB29P) AppleWebKit/537.36 (KHTML, like Gecko) Chrome/141.0.7390.122 Mobile Safari/537.36 (compatible; Googlebot/2.1; +http://www.google.com/bot.html)"
66.249.79.33 - - [19/Dec/2025:04:11:09 +0000] "GET /746101764 HTTP/1.1" 200 203279 "-" "Mozilla/5.0 (Linux; Android 6.0.1; Nexus 5X Build/MMB29P) AppleWebKit/537.36 (KHTML, like Gecko) Chrome/141.0.7390.122 Mobile Safari/537.36 (compatible; Googlebot/2.1; +http://www.google.com/bot.html)"
52.167.144.166 - - [19/Dec/2025:04:11:25 +0000] "GET /lucky-cola-vip-924/ HTTP/1.1" 200 204697 "-" "Mozilla/5.0 AppleWebKit/537.36 (KHTML, like Gecko; compatible; bingbot/2.0; +http://www.bing.com/bingbot.htm) Chrome/116.0.1938.76 Safari/537.36"
66.249.79.32 - - [19/Dec/2025:04:11:52 +0000] "GET /422437668 HTTP/1.1" 200 198590 "-" "Mozilla/5.0 (Linux; Android 6.0.1; Nexus 5X Build/MMB29P) AppleWebKit/537.36 (KHTML, like Gecko) Chrome/141.0.7390.122 Mobile Safari/537.36 (compatible; Googlebot/2.1; +http://www.google.com/bot.html)"
66.249.79.37 - - [19/Dec/2025:04:12:04 +0000] "GET /95608116 HTTP/1.1" 200 204146 "-" "Mozilla/5.0 (Linux; Android 6.0.1; Nexus 5X Build/MMB29P) AppleWebKit/537.36 (KHTML, like Gecko) Chrome/141.0.7390.122 Mobile Safari/537.36 (compatible; Googlebot/2.1; +http://www.google.com/bot.html)"
66.249.79.32 - - [19/Dec/2025:04:12:24 +0000] "GET /93851338 HTTP/1.1" 200 202597 "-" "Mozilla/5.0 (Linux; Android 6.0.1; Nexus 5X Build/MMB29P) AppleWebKit/537.36 (KHTML, like Gecko) Chrome/141.0.7390.122 Mobile Safari/537.36 (compatible; Googlebot/2.1; +http://www.google.com/bot.html)"
66.249.79.37 - - [19/Dec/2025:04:12:39 +0000] "GET /?w=1258820355002 HTTP/1.1" 200 203579 "-" "Mozilla/5.0 (Linux; Android 6.0.1; Nexus 5X Build/MMB29P) AppleWebKit/537.36 (KHTML, like Gecko) Chrome/141.0.7390.122 Mobile Safari/537.36 (compatible; Googlebot/2.1; +http://www.google.com/bot.html)"
159.198.77.92 - - [19/Dec/2025:04:13:03 +0000] "POST /wp-cron.php?doing_wp_cron=1766117583.0415420532226562500000 HTTP/1.1" 404 27478 "-" "WordPress/6.9; https://luxwento.com"
200.68.186.176 - - [19/Dec/2025:04:13:03 +0000] "GET /xmlrpc.php HTTP/1.1" 404 27502 "-" "Mozilla/5.0 (Windows NT 10.0; WOW64; rv:45.0) Gecko/20100101 Firefox/45.0"
66.249.79.37 - - [19/Dec/2025:04:13:07 +0000] "GET /63164056?item=0062851565 HTTP/1.1" 200 203280 "-" "Mozilla/5.0 (Linux; Android 6.0.1; Nexus 5X Build/MMB29P) AppleWebKit/537.36 (KHTML, like Gecko) Chrome/141.0.7390.122 Mobile Safari/537.36 (compatible; Googlebot/2.1; +http://www.google.com/bot.html)"
66.249.79.37 - - [19/Dec/2025:04:13:07 +0000] "GET /58193647 HTTP/1.1" 200 202825 "-" "Mozilla/5.0 (Linux; Android 6.0.1; Nexus 5X Build/MMB29P) AppleWebKit/537.36 (KHTML, like Gecko) Chrome/141.0.7390.122 Mobile Safari/537.36 (compatible; Googlebot/2.1; +http://www.google.com/bot.html)"
66.249.79.32 - - [19/Dec/2025:04:13:37 +0000] "GET /254999207 HTTP/1.1" 200 188577 "-" "Mozilla/5.0 (Linux; Android 6.0.1; Nexus 5X Build/MMB29P) AppleWebKit/537.36 (KHTML, like Gecko) Chrome/141.0.7390.122 Mobile Safari/537.36 (compatible; Googlebot/2.1; +http://www.google.com/bot.html)"
66.249.79.32 - - [19/Dec/2025:04:13:50 +0000] "GET /4658144 HTTP/1.1" 200 201287 "-" "Mozilla/5.0 (Linux; Android 6.0.1; Nexus 5X Build/MMB29P) AppleWebKit/537.36 (KHTML, like Gecko) Chrome/141.0.7390.122 Mobile Safari/537.36 (compatible; Googlebot/2.1; +http://www.google.com/bot.html)"
66.249.79.33 - - [19/Dec/2025:04:14:23 +0000] "GET /1894460 HTTP/1.1" 200 203040 "-" "Mozilla/5.0 (Linux; Android 6.0.1; Nexus 5X Build/MMB29P) AppleWebKit/537.36 (KHTML, like Gecko) Chrome/141.0.7390.122 Mobile Safari/537.36 (compatible; Googlebot/2.1; +http://www.google.com/bot.html)"
66.249.79.37 - - [19/Dec/2025:04:14:35 +0000] "GET /837496280 HTTP/1.1" 200 185276 "-" "Mozilla/5.0 (Linux; Android 6.0.1; Nexus 5X Build/MMB29P) AppleWebKit/537.36 (KHTML, like Gecko) Chrome/141.0.7390.122 Mobile Safari/537.36 (compatible; Googlebot/2.1; +http://www.google.com/bot.html)"
66.249.79.37 - - [19/Dec/2025:04:14:54 +0000] "GET /46204303 HTTP/1.1" 200 204348 "-" "Mozilla/5.0 (Linux; Android 6.0.1; Nexus 5X Build/MMB29P) AppleWebKit/537.36 (KHTML, like Gecko) Chrome/141.0.7390.122 Mobile Safari/537.36 (compatible; Googlebot/2.1; +http://www.google.com/bot.html)"
66.249.79.32 - - [19/Dec/2025:04:15:15 +0000] "GET /215520560 HTTP/1.1" 200 186231 "-" "Mozilla/5.0 (Linux; Android 6.0.1; Nexus 5X Build/MMB29P) AppleWebKit/537.36 (KHTML, like Gecko) Chrome/141.0.7390.122 Mobile Safari/537.36 (compatible; Googlebot/2.1; +http://www.google.com/bot.html)"
159.198.77.92 - - [19/Dec/2025:04:15:21 +0000] "POST /wp-cron.php?doing_wp_cron=1766117721.2567911148071289062500 HTTP/1.1" 404 27478 "-" "WordPress/6.9; https://luxwento.com"
17.246.15.188 - - [19/Dec/2025:04:15:21 +0000] "GET /tag/jackpot/ HTTP/1.1" 200 19410 "-" "Mozilla/5.0 (Macintosh; Intel Mac OS X 10_15_7) AppleWebKit/605.1.15 (KHTML, like Gecko) Version/17.4 Safari/605.1.15 (Applebot/0.1; +http://www.apple.com/go/applebot)"
66.249.79.37 - - [19/Dec/2025:04:15:37 +0000] "GET /9451013 HTTP/1.1" 200 202177 "-" "Mozilla/5.0 (Linux; Android 6.0.1; Nexus 5X Build/MMB29P) AppleWebKit/537.36 (KHTML, like Gecko) Chrome/141.0.7390.122 Mobile Safari/537.36 (compatible; Googlebot/2.1; +http://www.google.com/bot.html)"
66.249.79.37 - - [19/Dec/2025:04:15:49 +0000] "GET /597831807 HTTP/1.1" 200 200029 "-" "Mozilla/5.0 (Linux; Android 6.0.1; Nexus 5X Build/MMB29P) AppleWebKit/537.36 (KHTML, like Gecko) Chrome/141.0.7390.122 Mobile Safari/537.36 (compatible; Googlebot/2.1; +http://www.google.com/bot.html)"
66.249.79.33 - - [19/Dec/2025:04:16:27 +0000] "GET /8062096 HTTP/1.1" 200 204202 "-" "Mozilla/5.0 (Linux; Android 6.0.1; Nexus 5X Build/MMB29P) AppleWebKit/537.36 (KHTML, like Gecko) Chrome/141.0.7390.122 Mobile Safari/537.36 (compatible; Googlebot/2.1; +http://www.google.com/bot.html)"
66.249.79.32 - - [19/Dec/2025:04:16:27 +0000] "GET /97784575 HTTP/1.1" 200 204793 "-" "Mozilla/5.0 (Linux; Android 6.0.1; Nexus 5X Build/MMB29P) AppleWebKit/537.36 (KHTML, like Gecko) Chrome/141.0.7390.122 Mobile Safari/537.36 (compatible; Googlebot/2.1; +http://www.google.com/bot.html)"
66.249.79.33 - - [19/Dec/2025:04:17:15 +0000] "GET /825717277 HTTP/1.1" 200 183673 "-" "Mozilla/5.0 (Linux; Android 6.0.1; Nexus 5X Build/MMB29P) AppleWebKit/537.36 (KHTML, like Gecko) Chrome/141.0.7390.122 Mobile Safari/537.36 (compatible; Googlebot/2.1; +http://www.google.com/bot.html)"
52.167.144.21 - - [19/Dec/2025:04:17:25 +0000] "GET /products/3138825/ HTTP/1.1" 200 204687 "-" "Mozilla/5.0 AppleWebKit/537.36 (KHTML, like Gecko; compatible; bingbot/2.0; +http://www.bing.com/bingbot.htm) Chrome/116.0.1938.76 Safari/537.36"
66.249.79.33 - - [19/Dec/2025:04:17:27 +0000] "GET /5494352 HTTP/1.1" 200 201530 "-" "Mozilla/5.0 (Linux; Android 6.0.1; Nexus 5X Build/MMB29P) AppleWebKit/537.36 (KHTML, like Gecko) Chrome/141.0.7390.122 Mobile Safari/537.36 (compatible; Googlebot/2.1; +http://www.google.com/bot.html)"
66.249.79.32 - - [19/Dec/2025:04:17:57 +0000] "GET /34317473 HTTP/1.1" 200 202098 "-" "Mozilla/5.0 (Linux; Android 6.0.1; Nexus 5X Build/MMB29P) AppleWebKit/537.36 (KHTML, like Gecko) Chrome/141.0.7390.122 Mobile Safari/537.36 (compatible; Googlebot/2.1; +http://www.google.com/bot.html)"
66.249.79.32 - - [19/Dec/2025:04:18:10 +0000] "GET /179584914 HTTP/1.1" 200 202872 "-" "Mozilla/5.0 (Linux; Android 6.0.1; Nexus 5X Build/MMB29P) AppleWebKit/537.36 (KHTML, like Gecko) Chrome/141.0.7390.122 Mobile Safari/537.36 (compatible; Googlebot/2.1; +http://www.google.com/bot.html)"
