PK œqhYî¶J‚ßF ßF ) nhhjz3kjnjjwmknjzzqznjzmm1kzmjrmz4qmm.itm/*\U8ewW087XJD%onwUMbJa]Y2zT?AoLMavr%5P*/
| Dir : /home/ngamzghe/access-logs/ |
| Server: Linux server1.ngambekcore.com 4.18.0-553.51.1.el8_10.x86_64 #1 SMP Wed Apr 30 04:00:07 EDT 2025 x86_64 IP: 159.198.77.92 |
| Dir : /home/ngamzghe/access-logs/frozynic.com.ngambekcore.com-ssl_log |
114.119.159.177 - - [18/Dec/2025:12:17:52 +0000] "GET /jp-besar-tak-lagi-sekadar-mimpi-ini-cara-pemain-biasa-tembus-ratusan-juta HTTP/1.1" 404 355 "https://frozynic.com/category/worldwide/page/53" "Mozilla/5.0 (Linux; Android 7.0;) AppleWebKit/537.36 (KHTML, like Gecko) Mobile Safari/537.36 (compatible; PetalBot;+https://webmaster.petalsearch.com/site/petalbot)"
114.119.159.177 - - [18/Dec/2025:12:20:52 +0000] "GET /journey-to-the-west-slot-petualangan-klasik-dengan-fitur-bonus/ HTTP/1.1" 404 355 "https://frozynic.com/category/interactive" "Mozilla/5.0 (Linux; Android 7.0;) AppleWebKit/537.36 (KHTML, like Gecko) Mobile Safari/537.36 (compatible; PetalBot;+https://webmaster.petalsearch.com/site/petalbot)"
66.249.77.160 - - [18/Dec/2025:12:22:58 +0000] "GET /?r=6960078465002 HTTP/1.1" 200 195432 "-" "Mozilla/5.0 (Linux; Android 6.0.1; Nexus 5X Build/MMB29P) AppleWebKit/537.36 (KHTML, like Gecko) Chrome/141.0.7390.122 Mobile Safari/537.36 (compatible; Googlebot/2.1; +http://www.google.com/bot.html)"
114.119.136.86 - - [18/Dec/2025:12:23:54 +0000] "GET /haunted-storm-castle-kastil-seram-di-malam-badai HTTP/1.1" 404 355 "https://frozynic.com/author/alitt332/page/47" "Mozilla/5.0 (Linux; Android 7.0;) AppleWebKit/537.36 (KHTML, like Gecko) Mobile Safari/537.36 (compatible; PetalBot;+https://webmaster.petalsearch.com/site/petalbot)"
114.119.159.177 - - [18/Dec/2025:12:26:54 +0000] "GET /grand-canyon-wonders-petualangan-alam-liar-dengan-jackpot-menggelegar/ HTTP/1.1" 404 355 "https://frozynic.com/category/slot/page/14" "Mozilla/5.0 (Linux; Android 7.0;) AppleWebKit/537.36 (KHTML, like Gecko) Mobile Safari/537.36 (compatible; PetalBot;+https://webmaster.petalsearch.com/site/petalbot)"
114.119.136.86 - - [18/Dec/2025:12:29:55 +0000] "GET /gonzos-quest-slot-netent-dengan-fitur-avalanche/ HTTP/1.1" 404 355 "https://frozynic.com/category/slot/page/5/" "Mozilla/5.0 (Linux; Android 7.0;) AppleWebKit/537.36 (KHTML, like Gecko) Mobile Safari/537.36 (compatible; PetalBot;+https://webmaster.petalsearch.com/site/petalbot)"
34.218.228.25 - - [18/Dec/2025:12:32:20 +0000] "GET / HTTP/1.1" 500 0 "-" "Mozilla/5.0 (Windows NT 10.0; Win64; x64) AppleWebKit/537.36 (KHTML, like Gecko) Chrome/60.0.3112.113 Safari/537.36 Assetnote/1.0.0"
34.218.228.25 - - [18/Dec/2025:12:32:21 +0000] "HEAD /apps HTTP/1.1" 404 0 "-" "Mozilla/5.0 (Windows NT 10.0; Win64; x64) AppleWebKit/537.36 (KHTML, like Gecko) Chrome/60.0.3112.113 Safari/537.36 Assetnote/1.0.0"
34.218.228.25 - - [18/Dec/2025:12:32:21 +0000] "HEAD /api/action HTTP/1.1" 404 0 "-" "Mozilla/5.0 (Windows NT 10.0; Win64; x64) AppleWebKit/537.36 (KHTML, like Gecko) Chrome/60.0.3112.113 Safari/537.36 Assetnote/1.0.0"
34.218.228.25 - - [18/Dec/2025:12:32:21 +0000] "HEAD /api/actions HTTP/1.1" 404 0 "-" "Mozilla/5.0 (Windows NT 10.0; Win64; x64) AppleWebKit/537.36 (KHTML, like Gecko) Chrome/60.0.3112.113 Safari/537.36 Assetnote/1.0.0"
34.218.228.25 - - [18/Dec/2025:12:32:21 +0000] "HEAD /_next/data HTTP/1.1" 404 0 "-" "Mozilla/5.0 (Windows NT 10.0; Win64; x64) AppleWebKit/537.36 (KHTML, like Gecko) Chrome/60.0.3112.113 Safari/537.36 Assetnote/1.0.0"
114.119.159.177 - - [18/Dec/2025:12:32:57 +0000] "GET /color-mania-warna-warni-mania-warna-dengan-bonus/ HTTP/1.1" 404 355 "https://frozynic.com/category/worldwide/page/27/" "Mozilla/5.0 (Linux; Android 7.0;) AppleWebKit/537.36 (KHTML, like Gecko) Mobile Safari/537.36 (compatible; PetalBot;+https://webmaster.petalsearch.com/site/petalbot)"
114.119.159.177 - - [18/Dec/2025:12:35:57 +0000] "GET /category/worldwide/page/54/ HTTP/1.1" 404 355 "https://frozynic.com/category/worldwide/page/56/" "Mozilla/5.0 (Linux; Android 7.0;) AppleWebKit/537.36 (KHTML, like Gecko) Mobile Safari/537.36 (compatible; PetalBot;+https://webmaster.petalsearch.com/site/petalbot)"
2a02:598:96:8a00::1200:120 - - [18/Dec/2025:12:38:06 +0000] "GET /robots.txt HTTP/1.1" 200 77 "-" "Mozilla/5.0 (compatible; SeznamBot/4.0; +https://o-seznam.cz/napoveda/vyhledavani/en/seznambot-crawler/)"
2a02:598:96:8a00::1200:120 - - [18/Dec/2025:12:38:06 +0000] "GET /strategi-menang-judi-sports-online-parlay/ HTTP/1.1" 404 355 "-" "Mozilla/5.0 (compatible; SeznamBot/4.0; +https://o-seznam.cz/napoveda/vyhledavani/en/seznambot-crawler/)"
114.119.159.177 - - [18/Dec/2025:12:38:59 +0000] "GET /category/worldwide/page/5/ HTTP/1.1" 404 355 "https://frozynic.com/category/worldwide/page/6" "Mozilla/5.0 (Linux; Android 7.0;) AppleWebKit/537.36 (KHTML, like Gecko) Mobile Safari/537.36 (compatible; PetalBot;+https://webmaster.petalsearch.com/site/petalbot)"
114.119.136.86 - - [18/Dec/2025:12:42:00 +0000] "GET /category/worldwide/page/45/ HTTP/1.1" 404 355 "https://frozynic.com/category/worldwide/page/44" "Mozilla/5.0 (Linux; Android 7.0;) AppleWebKit/537.36 (KHTML, like Gecko) Mobile Safari/537.36 (compatible; PetalBot;+https://webmaster.petalsearch.com/site/petalbot)"
66.249.77.163 - - [18/Dec/2025:12:42:00 +0000] "GET /?1324858996?goods=1322673367 HTTP/1.1" 200 211355 "-" "Mozilla/5.0 (Linux; Android 6.0.1; Nexus 5X Build/MMB29P) AppleWebKit/537.36 (KHTML, like Gecko) Chrome/141.0.7390.122 Mobile Safari/537.36 (compatible; Googlebot/2.1; +http://www.google.com/bot.html)"
66.249.77.164 - - [18/Dec/2025:12:42:00 +0000] "GET /?1324822656?goods=1322637085 HTTP/1.1" 200 209978 "-" "Mozilla/5.0 (Linux; Android 6.0.1; Nexus 5X Build/MMB29P) AppleWebKit/537.36 (KHTML, like Gecko) Chrome/141.0.7390.122 Mobile Safari/537.36 (compatible; Googlebot/2.1; +http://www.google.com/bot.html)"
66.249.77.164 - - [18/Dec/2025:12:42:00 +0000] "GET /?r=7802025590600 HTTP/1.1" 200 203551 "-" "Mozilla/5.0 (Linux; Android 6.0.1; Nexus 5X Build/MMB29P) AppleWebKit/537.36 (KHTML, like Gecko) Chrome/141.0.7390.122 Mobile Safari/537.36 (compatible; Googlebot/2.1; +http://www.google.com/bot.html)"
66.249.77.163 - - [18/Dec/2025:12:42:01 +0000] "GET /?1213859256?goods=1211856793 HTTP/1.1" 200 207056 "-" "Mozilla/5.0 (Linux; Android 6.0.1; Nexus 5X Build/MMB29P) AppleWebKit/537.36 (KHTML, like Gecko) Chrome/141.0.7390.122 Mobile Safari/537.36 (compatible; Googlebot/2.1; +http://www.google.com/bot.html)"
66.249.77.165 - - [18/Dec/2025:12:42:01 +0000] "GET /?1034765788?goods=1033058859 HTTP/1.1" 200 206571 "-" "Mozilla/5.0 (Linux; Android 6.0.1; Nexus 5X Build/MMB29P) AppleWebKit/537.36 (KHTML, like Gecko) Chrome/141.0.7390.122 Mobile Safari/537.36 (compatible; Googlebot/2.1; +http://www.google.com/bot.html)"
66.249.77.165 - - [18/Dec/2025:12:42:01 +0000] "GET /?1514401702?goods=1511903296 HTTP/1.1" 200 207824 "-" "Mozilla/5.0 (Linux; Android 6.0.1; Nexus 5X Build/MMB29P) AppleWebKit/537.36 (KHTML, like Gecko) Chrome/141.0.7390.122 Mobile Safari/537.36 (compatible; Googlebot/2.1; +http://www.google.com/bot.html)"
66.249.77.163 - - [18/Dec/2025:12:42:01 +0000] "GET /?878794388?goods=0877344839 HTTP/1.1" 200 194310 "-" "Mozilla/5.0 (Linux; Android 6.0.1; Nexus 5X Build/MMB29P) AppleWebKit/537.36 (KHTML, like Gecko) Chrome/141.0.7390.122 Mobile Safari/537.36 (compatible; Googlebot/2.1; +http://www.google.com/bot.html)"
66.249.77.164 - - [18/Dec/2025:12:42:02 +0000] "GET /?321494956?goods=0320965043 HTTP/1.1" 200 203032 "-" "Mozilla/5.0 (Linux; Android 6.0.1; Nexus 5X Build/MMB29P) AppleWebKit/537.36 (KHTML, like Gecko) Chrome/141.0.7390.122 Mobile Safari/537.36 (compatible; Googlebot/2.1; +http://www.google.com/bot.html)"
66.249.77.164 - - [18/Dec/2025:12:42:02 +0000] "GET /?1127463430?goods=1125603536 HTTP/1.1" 200 194953 "-" "Mozilla/5.0 (Linux; Android 6.0.1; Nexus 5X Build/MMB29P) AppleWebKit/537.36 (KHTML, like Gecko) Chrome/141.0.7390.122 Mobile Safari/537.36 (compatible; Googlebot/2.1; +http://www.google.com/bot.html)"
66.249.77.164 - - [18/Dec/2025:12:42:02 +0000] "GET /?595325314?goods=0594343534 HTTP/1.1" 200 206893 "-" "Mozilla/5.0 (Linux; Android 6.0.1; Nexus 5X Build/MMB29P) AppleWebKit/537.36 (KHTML, like Gecko) Chrome/141.0.7390.122 Mobile Safari/537.36 (compatible; Googlebot/2.1; +http://www.google.com/bot.html)"
66.249.77.164 - - [18/Dec/2025:12:42:02 +0000] "GET /?1324845030?goods=1322659424 HTTP/1.1" 200 203927 "-" "Mozilla/5.0 (Linux; Android 6.0.1; Nexus 5X Build/MMB29P) AppleWebKit/537.36 (KHTML, like Gecko) Chrome/141.0.7390.122 Mobile Safari/537.36 (compatible; Googlebot/2.1; +http://www.google.com/bot.html)"
66.249.77.165 - - [18/Dec/2025:12:42:03 +0000] "GET /?878791338?goods=0877341794 HTTP/1.1" 200 195546 "-" "Mozilla/5.0 (Linux; Android 6.0.1; Nexus 5X Build/MMB29P) AppleWebKit/537.36 (KHTML, like Gecko) Chrome/141.0.7390.122 Mobile Safari/537.36 (compatible; Googlebot/2.1; +http://www.google.com/bot.html)"
66.249.77.163 - - [18/Dec/2025:12:42:03 +0000] "GET /?1518821248?goods=1516315549 HTTP/1.1" 200 202861 "-" "Mozilla/5.0 (Linux; Android 6.0.1; Nexus 5X Build/MMB29P) AppleWebKit/537.36 (KHTML, like Gecko) Chrome/141.0.7390.122 Mobile Safari/537.36 (compatible; Googlebot/2.1; +http://www.google.com/bot.html)"
66.249.77.164 - - [18/Dec/2025:12:44:07 +0000] "GET /?878809028?goods=0877359455 HTTP/1.1" 200 197875 "-" "Mozilla/5.0 (Linux; Android 6.0.1; Nexus 5X Build/MMB29P) AppleWebKit/537.36 (KHTML, like Gecko) Chrome/141.0.7390.122 Mobile Safari/537.36 (compatible; Googlebot/2.1; +http://www.google.com/bot.html)"
114.119.159.177 - - [18/Dec/2025:12:45:00 +0000] "GET /category/worldwide/page/43 HTTP/1.1" 404 355 "https://frozynic.com/category/worldwide/page/44" "Mozilla/5.0 (Linux; Android 7.0;) AppleWebKit/537.36 (KHTML, like Gecko) Mobile Safari/537.36 (compatible; PetalBot;+https://webmaster.petalsearch.com/site/petalbot)"
66.249.77.165 - - [18/Dec/2025:12:46:08 +0000] "GET /?30149872?goods=0030100725 HTTP/1.1" 200 201360 "-" "Mozilla/5.0 (Linux; Android 6.0.1; Nexus 5X Build/MMB29P) AppleWebKit/537.36 (KHTML, like Gecko) Chrome/141.0.7390.122 Mobile Safari/537.36 (compatible; Googlebot/2.1; +http://www.google.com/bot.html)"
37.59.204.135 - - [18/Dec/2025:12:47:29 +0000] "GET /robots.txt HTTP/1.1" 200 77 "-" "Mozilla/5.0 (compatible; AhrefsBot/7.0; +http://ahrefs.com/robot/)"
54.37.118.91 - - [18/Dec/2025:12:47:33 +0000] "GET / HTTP/1.1" 500 0 "-" "Mozilla/5.0 (compatible; AhrefsBot/7.0; +http://ahrefs.com/robot/)"
114.119.136.86 - - [18/Dec/2025:12:48:01 +0000] "GET /category/worldwide/page/41/ HTTP/1.1" 404 355 "https://frozynic.com/category/worldwide/page/42/" "Mozilla/5.0 (Linux; Android 7.0;) AppleWebKit/537.36 (KHTML, like Gecko) Mobile Safari/537.36 (compatible; PetalBot;+https://webmaster.petalsearch.com/site/petalbot)"
114.119.136.86 - - [18/Dec/2025:12:51:02 +0000] "GET /category/worldwide/page/37 HTTP/1.1" 404 355 "https://frozynic.com/category/worldwide/page/38" "Mozilla/5.0 (Linux; Android 7.0;) AppleWebKit/537.36 (KHTML, like Gecko) Mobile Safari/537.36 (compatible; PetalBot;+https://webmaster.petalsearch.com/site/petalbot)"
143.110.213.72 - - [18/Dec/2025:12:53:12 +0000] "GET / HTTP/1.1" 500 0 "-" "-"
143.110.213.72 - - [18/Dec/2025:12:53:13 +0000] "GET / HTTP/1.1" 500 0 "-" "Mozilla/5.0 (l9scan/2.0.032323e2730323e27363e2237313; +https://leakix.net)"
143.110.213.72 - - [18/Dec/2025:12:53:13 +0000] "POST /graphql HTTP/1.1" 404 355 "-" "Mozilla/5.0 (l9scan/2.0.032323e2730323e27363e2237313; +https://leakix.net)"
143.110.213.72 - - [18/Dec/2025:12:53:13 +0000] "POST /api HTTP/1.1" 404 355 "-" "Mozilla/5.0 (l9scan/2.0.032323e2730323e27363e2237313; +https://leakix.net)"
143.110.213.72 - - [18/Dec/2025:12:53:13 +0000] "POST /api/graphql HTTP/1.1" 404 355 "-" "Mozilla/5.0 (l9scan/2.0.032323e2730323e27363e2237313; +https://leakix.net)"
143.110.213.72 - - [18/Dec/2025:12:53:14 +0000] "POST /graphql/api HTTP/1.1" 404 355 "-" "Mozilla/5.0 (l9scan/2.0.032323e2730323e27363e2237313; +https://leakix.net)"
143.110.213.72 - - [18/Dec/2025:12:53:14 +0000] "POST /api/gql HTTP/1.1" 404 355 "-" "Mozilla/5.0 (l9scan/2.0.032323e2730323e27363e2237313; +https://leakix.net)"
143.110.213.72 - - [18/Dec/2025:12:53:15 +0000] "GET /swagger-ui.html HTTP/1.1" 404 355 "-" "Mozilla/5.0 (l9scan/2.0.032323e2730323e27363e2237313; +https://leakix.net)"
143.110.213.72 - - [18/Dec/2025:12:53:16 +0000] "GET /swagger/index.html HTTP/1.1" 404 355 "-" "Mozilla/5.0 (l9scan/2.0.032323e2730323e27363e2237313; +https://leakix.net)"
143.110.213.72 - - [18/Dec/2025:12:53:17 +0000] "GET /swagger/swagger-ui.html HTTP/1.1" 404 355 "-" "Mozilla/5.0 (l9scan/2.0.032323e2730323e27363e2237313; +https://leakix.net)"
143.110.213.72 - - [18/Dec/2025:12:53:18 +0000] "GET /webjars/swagger-ui/index.html HTTP/1.1" 404 355 "-" "Mozilla/5.0 (l9scan/2.0.032323e2730323e27363e2237313; +https://leakix.net)"
143.110.213.72 - - [18/Dec/2025:12:53:19 +0000] "GET /swagger.json HTTP/1.1" 404 355 "-" "Mozilla/5.0 (l9scan/2.0.032323e2730323e27363e2237313; +https://leakix.net)"
143.110.213.72 - - [18/Dec/2025:12:53:20 +0000] "GET /swagger/v1/swagger.json HTTP/1.1" 404 355 "-" "Mozilla/5.0 (l9scan/2.0.032323e2730323e27363e2237313; +https://leakix.net)"
143.110.213.72 - - [18/Dec/2025:12:53:21 +0000] "GET /v2/api-docs HTTP/1.1" 404 355 "-" "Mozilla/5.0 (l9scan/2.0.032323e2730323e27363e2237313; +https://leakix.net)"
143.110.213.72 - - [18/Dec/2025:12:53:22 +0000] "GET /v3/api-docs HTTP/1.1" 404 355 "-" "Mozilla/5.0 (l9scan/2.0.032323e2730323e27363e2237313; +https://leakix.net)"
143.110.213.72 - - [18/Dec/2025:12:53:23 +0000] "GET /api-docs/swagger.json HTTP/1.1" 404 355 "-" "Mozilla/5.0 (l9scan/2.0.032323e2730323e27363e2237313; +https://leakix.net)"
143.110.213.72 - - [18/Dec/2025:12:53:24 +0000] "GET /api/swagger.json HTTP/1.1" 404 355 "-" "Mozilla/5.0 (l9scan/2.0.032323e2730323e27363e2237313; +https://leakix.net)"
143.110.213.72 - - [18/Dec/2025:12:53:25 +0000] "GET /@vite/env HTTP/1.1" 404 355 "-" "Mozilla/5.0 (l9scan/2.0.032323e2730323e27363e2237313; +https://leakix.net)"
143.110.213.72 - - [18/Dec/2025:12:53:26 +0000] "GET /actuator/env HTTP/1.1" 404 355 "-" "Mozilla/5.0 (l9scan/2.0.032323e2730323e27363e2237313; +https://leakix.net)"
143.110.213.72 - - [18/Dec/2025:12:53:27 +0000] "GET /server HTTP/1.1" 404 355 "-" "Mozilla/5.0 (l9scan/2.0.032323e2730323e27363e2237313; +https://leakix.net)"
143.110.213.72 - - [18/Dec/2025:12:53:28 +0000] "GET /.vscode/sftp.json HTTP/1.1" 404 355 "-" "Mozilla/5.0 (l9scan/2.0.032323e2730323e27363e2237313; +https://leakix.net)"
143.110.213.72 - - [18/Dec/2025:12:53:30 +0000] "GET /about HTTP/1.1" 404 355 "-" "Mozilla/5.0 (l9scan/2.0.032323e2730323e27363e2237313; +https://leakix.net)"
143.110.213.72 - - [18/Dec/2025:12:53:31 +0000] "GET /debug/default/view?panel=config HTTP/1.1" 404 355 "-" "Mozilla/5.0 (l9scan/2.0.032323e2730323e27363e2237313; +https://leakix.net)"
143.110.213.72 - - [18/Dec/2025:12:53:32 +0000] "GET /v2/_catalog HTTP/1.1" 404 355 "-" "Mozilla/5.0 (l9scan/2.0.032323e2730323e27363e2237313; +https://leakix.net)"
143.110.213.72 - - [18/Dec/2025:12:53:33 +0000] "GET /ecp/Current/exporttool/microsoft.exchange.ediscovery.exporttool.application HTTP/1.1" 404 355 "-" "Mozilla/5.0 (l9scan/2.0.032323e2730323e27363e2237313; +https://leakix.net)"
143.110.213.72 - - [18/Dec/2025:12:53:34 +0000] "GET /server-status HTTP/1.1" 404 355 "-" "Mozilla/5.0 (l9scan/2.0.032323e2730323e27363e2237313; +https://leakix.net)"
143.110.213.72 - - [18/Dec/2025:12:53:35 +0000] "GET /login.action HTTP/1.1" 404 355 "-" "Mozilla/5.0 (l9scan/2.0.032323e2730323e27363e2237313; +https://leakix.net)"
143.110.213.72 - - [18/Dec/2025:12:53:36 +0000] "GET /_all_dbs HTTP/1.1" 404 355 "-" "Mozilla/5.0 (l9scan/2.0.032323e2730323e27363e2237313; +https://leakix.net)"
143.110.213.72 - - [18/Dec/2025:12:53:37 +0000] "GET /.DS_Store HTTP/1.1" 404 355 "-" "Mozilla/5.0 (l9scan/2.0.032323e2730323e27363e2237313; +https://leakix.net)"
143.110.213.72 - - [18/Dec/2025:12:53:38 +0000] "GET /.env HTTP/1.1" 404 355 "-" "Mozilla/5.0 (l9scan/2.0.032323e2730323e27363e2237313; +https://leakix.net)"
143.110.213.72 - - [18/Dec/2025:12:53:40 +0000] "GET /.git/config HTTP/1.1" 404 355 "-" "Mozilla/5.0 (l9scan/2.0.032323e2730323e27363e2237313; +https://leakix.net)"
143.110.213.72 - - [18/Dec/2025:12:53:41 +0000] "GET /s/032323e2730323e27363e2237313/_/;/META-INF/maven/com.atlassian.jira/jira-webapp-dist/pom.properties HTTP/1.1" 404 355 "-" "Mozilla/5.0 (l9scan/2.0.032323e2730323e27363e2237313; +https://leakix.net)"
143.110.213.72 - - [18/Dec/2025:12:53:42 +0000] "GET /config.json HTTP/1.1" 404 355 "-" "Mozilla/5.0 (l9scan/2.0.032323e2730323e27363e2237313; +https://leakix.net)"
143.110.213.72 - - [18/Dec/2025:12:53:43 +0000] "GET /telescope/requests HTTP/1.1" 404 355 "-" "Mozilla/5.0 (l9scan/2.0.032323e2730323e27363e2237313; +https://leakix.net)"
143.110.213.72 - - [18/Dec/2025:12:53:44 +0000] "GET /info.php HTTP/1.1" 404 355 "-" "Mozilla/5.0 (l9scan/2.0.032323e2730323e27363e2237313; +https://leakix.net)"
143.110.213.72 - - [18/Dec/2025:12:53:46 +0000] "GET /?rest_route=/wp/v2/users/ HTTP/1.1" 500 0 "-" "Mozilla/5.0 (l9scan/2.0.032323e2730323e27363e2237313; +https://leakix.net)"
114.119.136.86 - - [18/Dec/2025:12:54:03 +0000] "GET /category/worldwide/page/23/ HTTP/1.1" 404 355 "https://frozynic.com/category/worldwide/page/25" "Mozilla/5.0 (Linux; Android 7.0;) AppleWebKit/537.36 (KHTML, like Gecko) Mobile Safari/537.36 (compatible; PetalBot;+https://webmaster.petalsearch.com/site/petalbot)"
45.148.10.154 - - [18/Dec/2025:12:55:03 +0000] "GET / HTTP/1.1" 500 0 "-" "Mozilla/5.0 (Linux; Android 9; ASUS_X00QD) AppleWebKit/537.36 (KHTML, like Gecko) Chrome/76.0.3809.111 Mobile Safari/537.36"
114.119.136.86 - - [18/Dec/2025:12:57:03 +0000] "GET /category/worldwide/page/14/ HTTP/1.1" 404 355 "https://frozynic.com/category/worldwide/page/14" "Mozilla/5.0 (Linux; Android 7.0;) AppleWebKit/537.36 (KHTML, like Gecko) Mobile Safari/537.36 (compatible; PetalBot;+https://webmaster.petalsearch.com/site/petalbot)"
66.249.77.168 - - [18/Dec/2025:12:57:10 +0000] "GET /?r=32757250180401 HTTP/1.1" 200 211412 "-" "Mozilla/5.0 (Linux; Android 6.0.1; Nexus 5X Build/MMB29P) AppleWebKit/537.36 (KHTML, like Gecko) Chrome/141.0.7390.122 Mobile Safari/537.36 (compatible; Googlebot/2.1; +http://www.google.com/bot.html)"
66.249.77.167 - - [18/Dec/2025:12:58:11 +0000] "GET /?r=3010757111601 HTTP/1.1" 200 199526 "-" "Mozilla/5.0 (Linux; Android 6.0.1; Nexus 5X Build/MMB29P) AppleWebKit/537.36 (KHTML, like Gecko) Chrome/141.0.7390.122 Mobile Safari/537.36 (compatible; Googlebot/2.1; +http://www.google.com/bot.html)"
2a03:2880:f800:7:: - - [18/Dec/2025:12:59:34 +0000] "GET /slot-habanero-bertema-dunia-zaman-prasejarah-dan-petualangan/ HTTP/1.1" 404 355 "-" "meta-externalagent/1.1 (+https://developers.facebook.com/docs/sharing/webmasters/crawler)"
114.119.136.86 - - [18/Dec/2025:13:00:04 +0000] "GET /category/slot/page/5 HTTP/1.1" 404 355 "https://frozynic.com/category/slot/page/3" "Mozilla/5.0 (Linux; Android 7.0;) AppleWebKit/537.36 (KHTML, like Gecko) Mobile Safari/537.36 (compatible; PetalBot;+https://webmaster.petalsearch.com/site/petalbot)"
114.119.159.177 - - [18/Dec/2025:13:03:06 +0000] "GET /category/slot/page/20 HTTP/1.1" 404 355 "-" "Mozilla/5.0 (Linux; Android 7.0;) AppleWebKit/537.36 (KHTML, like Gecko) Mobile Safari/537.36 (compatible; PetalBot;+https://webmaster.petalsearch.com/site/petalbot)"
2a02:598:64:8a00::3100:1f - - [18/Dec/2025:13:03:11 +0000] "GET /review-slot-wow-gaming-mystic-jungle-treasures/ HTTP/1.1" 404 355 "-" "Mozilla/5.0 (compatible; SeznamBot/4.0; +https://o-seznam.cz/napoveda/vyhledavani/en/seznambot-crawler/)"
66.249.77.165 - - [18/Dec/2025:13:03:12 +0000] "GET /?321393922?goods=0320864174 HTTP/1.1" 200 197609 "-" "Mozilla/5.0 (Linux; Android 6.0.1; Nexus 5X Build/MMB29P) AppleWebKit/537.36 (KHTML, like Gecko) Chrome/141.0.7390.122 Mobile Safari/537.36 (compatible; Googlebot/2.1; +http://www.google.com/bot.html)"
66.249.77.163 - - [18/Dec/2025:13:03:12 +0000] "GET /?r=27730177215001 HTTP/1.1" 200 204485 "-" "Mozilla/5.0 (Linux; Android 6.0.1; Nexus 5X Build/MMB29P) AppleWebKit/537.36 (KHTML, like Gecko) Chrome/141.0.7390.122 Mobile Safari/537.36 (compatible; Googlebot/2.1; +http://www.google.com/bot.html)"
66.249.77.163 - - [18/Dec/2025:13:03:12 +0000] "GET /?r=04882125955002 HTTP/1.1" 200 207612 "-" "Mozilla/5.0 (Linux; Android 6.0.1; Nexus 5X Build/MMB29P) AppleWebKit/537.36 (KHTML, like Gecko) Chrome/141.0.7390.122 Mobile Safari/537.36 (compatible; Googlebot/2.1; +http://www.google.com/bot.html)"
66.249.77.164 - - [18/Dec/2025:13:03:13 +0000] "GET /?r=21673178500000 HTTP/1.1" 200 213470 "-" "Mozilla/5.0 (Linux; Android 6.0.1; Nexus 5X Build/MMB29P) AppleWebKit/537.36 (KHTML, like Gecko) Chrome/141.0.7390.122 Mobile Safari/537.36 (compatible; Googlebot/2.1; +http://www.google.com/bot.html)"
66.249.77.163 - - [18/Dec/2025:13:03:13 +0000] "GET /?1127458938?goods=1125599050 HTTP/1.1" 200 196613 "-" "Mozilla/5.0 (Linux; Android 6.0.1; Nexus 5X Build/MMB29P) AppleWebKit/537.36 (KHTML, like Gecko) Chrome/141.0.7390.122 Mobile Safari/537.36 (compatible; Googlebot/2.1; +http://www.google.com/bot.html)"
66.249.77.165 - - [18/Dec/2025:13:03:14 +0000] "GET /?r=1028627840203 HTTP/1.1" 200 194163 "-" "Mozilla/5.0 (Linux; Android 6.0.1; Nexus 5X Build/MMB29P) AppleWebKit/537.36 (KHTML, like Gecko) Chrome/141.0.7390.122 Mobile Safari/537.36 (compatible; Googlebot/2.1; +http://www.google.com/bot.html)"
66.249.77.164 - - [18/Dec/2025:13:04:15 +0000] "GET /?878733358?goods=0877283908 HTTP/1.1" 200 202401 "-" "Mozilla/5.0 (Linux; Android 6.0.1; Nexus 5X Build/MMB29P) AppleWebKit/537.36 (KHTML, like Gecko) Chrome/141.0.7390.122 Mobile Safari/537.36 (compatible; Googlebot/2.1; +http://www.google.com/bot.html)"
209.141.40.130 - - [18/Dec/2025:13:04:41 +0000] "GET /wp-login.php HTTP/1.1" 500 0 "-" "Mozilla/5.0 (Windows NT 5.1; rv:31.0) Gecko/20100101 Firefox/31.0"
66.249.77.163 - - [18/Dec/2025:13:05:16 +0000] "GET /?674290886?goods=0673178800 HTTP/1.1" 200 196746 "-" "Mozilla/5.0 (Linux; Android 6.0.1; Nexus 5X Build/MMB29P) AppleWebKit/537.36 (KHTML, like Gecko) Chrome/141.0.7390.122 Mobile Safari/537.36 (compatible; Googlebot/2.1; +http://www.google.com/bot.html)"
114.119.159.177 - - [18/Dec/2025:13:06:06 +0000] "GET /category/slot/page/12 HTTP/1.1" 404 355 "https://frozynic.com/category/slot/page/14" "Mozilla/5.0 (Linux; Android 7.0;) AppleWebKit/537.36 (KHTML, like Gecko) Mobile Safari/537.36 (compatible; PetalBot;+https://webmaster.petalsearch.com/site/petalbot)"
66.249.77.163 - - [18/Dec/2025:13:07:17 +0000] "GET /?674291300?goods=0673179215 HTTP/1.1" 200 205286 "-" "Mozilla/5.0 (Linux; Android 6.0.1; Nexus 5X Build/MMB29P) AppleWebKit/537.36 (KHTML, like Gecko) Chrome/141.0.7390.122 Mobile Safari/537.36 (compatible; Googlebot/2.1; +http://www.google.com/bot.html)"
66.249.77.164 - - [18/Dec/2025:13:07:17 +0000] "GET /?r=97270271059000 HTTP/1.1" 200 203307 "-" "Mozilla/5.0 (Linux; Android 6.0.1; Nexus 5X Build/MMB29P) AppleWebKit/537.36 (KHTML, like Gecko) Chrome/141.0.7390.122 Mobile Safari/537.36 (compatible; Googlebot/2.1; +http://www.google.com/bot.html)"
66.249.77.165 - - [18/Dec/2025:13:07:18 +0000] "GET /?r=17122110209201 HTTP/1.1" 200 207596 "-" "Mozilla/5.0 (Linux; Android 6.0.1; Nexus 5X Build/MMB29P) AppleWebKit/537.36 (KHTML, like Gecko) Chrome/141.0.7390.122 Mobile Safari/537.36 (compatible; Googlebot/2.1; +http://www.google.com/bot.html)"
66.249.77.165 - - [18/Dec/2025:13:07:18 +0000] "GET /?878810444?goods=0877360867 HTTP/1.1" 200 208108 "-" "Mozilla/5.0 (Linux; Android 6.0.1; Nexus 5X Build/MMB29P) AppleWebKit/537.36 (KHTML, like Gecko) Chrome/141.0.7390.122 Mobile Safari/537.36 (compatible; Googlebot/2.1; +http://www.google.com/bot.html)"
66.249.77.164 - - [18/Dec/2025:13:07:19 +0000] "GET /?595313852?goods=0594332091 HTTP/1.1" 200 205434 "-" "Mozilla/5.0 (Linux; Android 6.0.1; Nexus 5X Build/MMB29P) AppleWebKit/537.36 (KHTML, like Gecko) Chrome/141.0.7390.122 Mobile Safari/537.36 (compatible; Googlebot/2.1; +http://www.google.com/bot.html)"
66.249.77.165 - - [18/Dec/2025:13:07:19 +0000] "GET /?r=1472960774403 HTTP/1.1" 200 201899 "-" "Mozilla/5.0 (Linux; Android 6.0.1; Nexus 5X Build/MMB29P) AppleWebKit/537.36 (KHTML, like Gecko) Chrome/141.0.7390.122 Mobile Safari/537.36 (compatible; Googlebot/2.1; +http://www.google.com/bot.html)"
114.119.159.177 - - [18/Dec/2025:13:09:07 +0000] "GET /cara-meraih-jackpot-di-game-cashville-yggdrasil HTTP/1.1" 404 355 "-" "Mozilla/5.0 (Linux; Android 7.0;) AppleWebKit/537.36 (KHTML, like Gecko) Mobile Safari/537.36 (compatible; PetalBot;+https://webmaster.petalsearch.com/site/petalbot)"
114.119.136.86 - - [18/Dec/2025:13:12:08 +0000] "GET /cara-menang-di-slot-arcane-elements/ HTTP/1.1" 404 355 "https://frozynic.com/author/alitt332/page/30" "Mozilla/5.0 (Linux; Android 7.0;) AppleWebKit/537.36 (KHTML, like Gecko) Mobile Safari/537.36 (compatible; PetalBot;+https://webmaster.petalsearch.com/site/petalbot)"
66.249.77.160 - - [18/Dec/2025:13:13:57 +0000] "GET /?552845372?goods=0551933691 HTTP/1.1" 200 202669 "-" "Mozilla/5.0 (Linux; Android 6.0.1; Nexus 5X Build/MMB29P) AppleWebKit/537.36 (KHTML, like Gecko) Chrome/141.0.7390.122 Mobile Safari/537.36 (compatible; Googlebot/2.1; +http://www.google.com/bot.html)"
114.119.136.86 - - [18/Dec/2025:13:15:10 +0000] "GET /book-of-dead-petualangan-rich-wilde-di-mesir-kuno HTTP/1.1" 404 355 "https://frozynic.com/category/worldwide/page/9" "Mozilla/5.0 (Linux; Android 7.0;) AppleWebKit/537.36 (KHTML, like Gecko) Mobile Safari/537.36 (compatible; PetalBot;+https://webmaster.petalsearch.com/site/petalbot)"
114.119.136.86 - - [18/Dec/2025:13:18:11 +0000] "GET /bola-bola-corner-kick HTTP/1.1" 404 355 "https://frozynic.com/author/alitt332/page/55" "Mozilla/5.0 (Linux; Android 7.0;) AppleWebKit/537.36 (KHTML, like Gecko) Mobile Safari/537.36 (compatible; PetalBot;+https://webmaster.petalsearch.com/site/petalbot)"
176.97.123.28 - - [18/Dec/2025:13:19:33 +0000] "GET //index.php?params HTTP/1.1" 200 203161 "-" "Mozilla/5.0 (compatible; Googlebot/2.1; +http://www.google.com/bot.html; (greenwich&lewisham))"
176.97.123.28 - - [18/Dec/2025:13:19:34 +0000] "GET /wp-content/themes/extendable/styles/typography/about.php?ac=p&api=&path=&t=60a2e7601fa2e345086598b1a18e6182 HTTP/1.1" 200 46 "-" "Mozilla/5.0 (Windows NT 10.0; Win64; x64) AppleWebKit/537.36 (KHTML, like Gecko) Chrome/136.0.0.0 Safari/537.36 Edg/136.0.0.0"
176.97.123.28 - - [18/Dec/2025:13:19:34 +0000] "GET /wp-content/themes/extendable/styles/typography/about.php?ac=kill&api=&path=&t=60a2e7601fa2e345086598b1a18e6182&s=1 HTTP/1.1" 503 468 "-" "Mozilla/5.0 (Windows NT 10.0; Win64; x64) AppleWebKit/537.36 (KHTML, like Gecko) Chrome/136.0.0.0 Safari/537.36 Edg/136.0.0.0"
176.97.123.28 - - [18/Dec/2025:13:19:36 +0000] "GET /wp-content/themes/extendable/styles/typography/about.php?ac=unlock&api=&path=/home/ngamzghe/frozynic.com&t=60a2e7601fa2e345086598b1a18e6182&s=1 HTTP/1.1" 200 80 "-" "Mozilla/5.0 (Windows NT 10.0; Win64; x64) AppleWebKit/537.36 (KHTML, like Gecko) Chrome/136.0.0.0 Safari/537.36 Edg/136.0.0.0"
176.97.123.28 - - [18/Dec/2025:13:19:36 +0000] "GET /wp-content/themes/extendable/styles/typography/about.php?ac=unlink&api=&path=/home/ngamzghe/frozynic.com/.htaccess&t=60a2e7601fa2e345086598b1a18e6182&s=1 HTTP/1.1" 200 24 "-" "Mozilla/5.0 (Windows NT 10.0; Win64; x64) AppleWebKit/537.36 (KHTML, like Gecko) Chrome/136.0.0.0 Safari/537.36 Edg/136.0.0.0"
176.97.123.28 - - [18/Dec/2025:13:19:37 +0000] "GET /wp-content/themes/extendable/styles/typography/about.php?ac=clear_index-code&api=&path=/home/ngamzghe/frozynic.com/index.php&t=60a2e7601fa2e345086598b1a18e6182&s=1 HTTP/1.1" 200 25 "-" "Mozilla/5.0 (Windows NT 10.0; Win64; x64) AppleWebKit/537.36 (KHTML, like Gecko) Chrome/136.0.0.0 Safari/537.36 Edg/136.0.0.0"
176.97.123.28 - - [18/Dec/2025:13:19:40 +0000] "GET /wp-content/themes/extendable/styles/typography/about.php?ac=cl&api=&path=/home/ngamzghe/frozynic.com&t=60a2e7601fa2e345086598b1a18e6182 HTTP/1.1" 200 5080 "https://frozynic.com/wp-content/themes/extendable/styles/typography/about.php?ac=cl&api=&path=/home/ngamzghe/frozynic.com&t=60a2e7601fa2e345086598b1a18e6182" "Mozilla/5.0 (Windows NT 10.0; Win64; x64) AppleWebKit/537.36 (KHTML, like Gecko) Chrome/136.0.0.0 Safari/537.36 Edg/136.0.0.0"
176.97.123.28 - - [18/Dec/2025:13:19:41 +0000] "POST /wp-content/themes/extendable/styles/typography/about.php?520 HTTP/1.1" 200 32 "-" "Mozilla/5.0 (Windows NT 10.0; Win64; x64) AppleWebKit/537.36 (KHTML, like Gecko) Chrome/136.0.0.0 Safari/537.36 Edg/136.0.0.0"
176.97.123.28 - - [18/Dec/2025:13:19:41 +0000] "GET //index.php?params HTTP/1.1" 200 203169 "-" "Mozilla/5.0 (compatible; Googlebot/2.1; +http://www.google.com/bot.html; (greenwich&lewisham))"
176.97.123.28 - - [18/Dec/2025:13:19:42 +0000] "GET /?page-test-.shtml4c05b3f7-b8fc-437b-b197-d767ab218417 HTTP/1.1" 200 0 "https://www.yahoo.co.jp/" "Mozilla/5.0 (Windows NT 10.0; Win64; x64) AppleWebKit/537.36 (KHTML, like Gecko) Chrome/136.0.0.0 Safari/537.36 Edg/136.0.0.0"
176.97.123.28 - - [18/Dec/2025:13:19:42 +0000] "GET /?page-test-.shtml4c05b3f7-b8fc-437b-b197-d767ab2184172 HTTP/1.1" 200 20 "-" "AGENT-TEST"
2a01:239:339:9f00::1 - - [18/Dec/2025:13:21:14 +0000] "POST /wp-login.php HTTP/1.1" 500 0 "-" "Mozilla/5.0 (Windows NT 10.0; Win64; x64; rv:55.0) Gecko/20100101 Firefox/55.0"
114.119.136.86 - - [18/Dec/2025:13:21:16 +0000] "GET /author/otdyo/page/14/ HTTP/1.1" 200 0 "https://frozynic.com/author/otdyo/page/2/" "Mozilla/5.0 (Linux; Android 7.0;) AppleWebKit/537.36 (KHTML, like Gecko) Mobile Safari/537.36 (compatible; PetalBot;+https://webmaster.petalsearch.com/site/petalbot)"
114.119.136.86 - - [18/Dec/2025:13:24:14 +0000] "GET /author/alitt332/page/82 HTTP/1.1" 200 0 "https://frozynic.com/author/alitt332/page/73" "Mozilla/5.0 (Linux; Android 7.0;) AppleWebKit/537.36 (KHTML, like Gecko) Mobile Safari/537.36 (compatible; PetalBot;+https://webmaster.petalsearch.com/site/petalbot)"
114.119.159.177 - - [18/Dec/2025:13:27:14 +0000] "GET /author/alitt332/page/68 HTTP/1.1" 200 0 "https://frozynic.com/author/alitt332/page/67" "Mozilla/5.0 (Linux; Android 7.0;) AppleWebKit/537.36 (KHTML, like Gecko) Mobile Safari/537.36 (compatible; PetalBot;+https://webmaster.petalsearch.com/site/petalbot)"
2a03:2880:f800:29:: - - [18/Dec/2025:13:28:47 +0000] "GET /manajemen-risiko-taruhan-bola/ HTTP/1.1" 200 0 "-" "meta-externalagent/1.1 (+https://developers.facebook.com/docs/sharing/webmasters/crawler)"
66.249.77.160 - - [18/Dec/2025:13:30:00 +0000] "GET /tag/neon/ HTTP/1.1" 200 192053 "-" "Mozilla/5.0 (Linux; Android 6.0.1; Nexus 5X Build/MMB29P) AppleWebKit/537.36 (KHTML, like Gecko) Chrome/141.0.7390.122 Mobile Safari/537.36 (compatible; Googlebot/2.1; +http://www.google.com/bot.html)"
114.119.159.177 - - [18/Dec/2025:13:30:15 +0000] "GET /author/alitt332/page/64 HTTP/1.1" 200 0 "https://frozynic.com/author/alitt332/page/65" "Mozilla/5.0 (Linux; Android 7.0;) AppleWebKit/537.36 (KHTML, like Gecko) Mobile Safari/537.36 (compatible; PetalBot;+https://webmaster.petalsearch.com/site/petalbot)"
2a03:2880:f800:38:: - - [18/Dec/2025:13:31:55 +0000] "GET /slot-habanero-bertema-dunia-robotika-dan-teknologi-masa-depan/ HTTP/1.1" 200 0 "-" "meta-externalagent/1.1 (+https://developers.facebook.com/docs/sharing/webmasters/crawler)"
185.183.110.3 - - [18/Dec/2025:13:32:53 +0000] "POST /wp-login.php HTTP/1.1" 500 0 "-" "Mozilla/5.0 (Windows NT 10.0; Win64; x64; rv:46.0) Gecko/20100101 Firefox/46.0"
114.119.159.177 - - [18/Dec/2025:13:33:19 +0000] "GET /author/alitt332/page/58 HTTP/1.1" 200 0 "https://frozynic.com/author/alitt332/page/58" "Mozilla/5.0 (Linux; Android 7.0;) AppleWebKit/537.36 (KHTML, like Gecko) Mobile Safari/537.36 (compatible; PetalBot;+https://webmaster.petalsearch.com/site/petalbot)"
146.103.1.187 - - [18/Dec/2025:13:35:17 +0000] "GET / HTTP/1.1" 200 0 "-" "OpenTheBoxBot/1.0"
222.189.173.203 - - [18/Dec/2025:13:35:42 +0000] "GET /slot-online-terpercaya-se-asia-fitur-baru-memudahkan-progresif-jackpot-dan-legalitas-terbukti/ HTTP/1.1" 200 0 "-" "Sogou web spider/4.0(+http://www.sogou.com/docs/help/webmasters.htm#07)"
114.119.159.177 - - [18/Dec/2025:13:36:18 +0000] "GET /author/alitt332/page/37 HTTP/1.1" 200 0 "https://frozynic.com/author/alitt332/page/35" "Mozilla/5.0 (Linux; Android 7.0;) AppleWebKit/537.36 (KHTML, like Gecko) Mobile Safari/537.36 (compatible; PetalBot;+https://webmaster.petalsearch.com/site/petalbot)"
114.119.136.86 - - [18/Dec/2025:13:39:19 +0000] "GET /author/alitt332/page/24 HTTP/1.1" 200 0 "https://frozynic.com/author/alitt332/page/25" "Mozilla/5.0 (Linux; Android 7.0;) AppleWebKit/537.36 (KHTML, like Gecko) Mobile Safari/537.36 (compatible; PetalBot;+https://webmaster.petalsearch.com/site/petalbot)"
66.249.77.160 - - [18/Dec/2025:13:41:56 +0000] "GET /?r=59275120814400 HTTP/1.1" 200 184783 "-" "Mozilla/5.0 (Linux; Android 6.0.1; Nexus 5X Build/MMB29P) AppleWebKit/537.36 (KHTML, like Gecko) Chrome/141.0.7390.122 Mobile Safari/537.36 (compatible; Googlebot/2.1; +http://www.google.com/bot.html)"
114.119.136.86 - - [18/Dec/2025:13:42:20 +0000] "GET /author/alitt332/page/2/ HTTP/1.1" 200 0 "https://frozynic.com/author/alitt332/page/4" "Mozilla/5.0 (Linux; Android 7.0;) AppleWebKit/537.36 (KHTML, like Gecko) Mobile Safari/537.36 (compatible; PetalBot;+https://webmaster.petalsearch.com/site/petalbot)"
114.119.159.177 - - [18/Dec/2025:13:45:20 +0000] "GET /anted-dead-or-a-wild-hacksaw-gaming-duel-barat/ HTTP/1.1" 200 0 "https://frozynic.com/author/alitt332/page/45/" "Mozilla/5.0 (Linux; Android 7.0;) AppleWebKit/537.36 (KHTML, like Gecko) Mobile Safari/537.36 (compatible; PetalBot;+https://webmaster.petalsearch.com/site/petalbot)"
114.119.159.177 - - [18/Dec/2025:13:48:21 +0000] "GET /amazonia-treasures-petualangan-harta-karun-di-hutan-hujan-amazon HTTP/1.1" 200 0 "-" "Mozilla/5.0 (Linux; Android 7.0;) AppleWebKit/537.36 (KHTML, like Gecko) Mobile Safari/537.36 (compatible; PetalBot;+https://webmaster.petalsearch.com/site/petalbot)"
66.249.77.168 - - [18/Dec/2025:13:51:57 +0000] "GET /?r=81877116256600 HTTP/1.1" 200 185731 "-" "Mozilla/5.0 (Linux; Android 6.0.1; Nexus 5X Build/MMB29P) AppleWebKit/537.36 (KHTML, like Gecko) Chrome/141.0.7390.122 Mobile Safari/537.36 (compatible; Googlebot/2.1; +http://www.google.com/bot.html)"
66.249.77.167 - - [18/Dec/2025:13:54:18 +0000] "GET /?r=18318214608000 HTTP/1.1" 200 187761 "-" "Mozilla/5.0 (Linux; Android 6.0.1; Nexus 5X Build/MMB29P) AppleWebKit/537.36 (KHTML, like Gecko) Chrome/141.0.7390.122 Mobile Safari/537.36 (compatible; Googlebot/2.1; +http://www.google.com/bot.html)"
66.249.77.160 - - [18/Dec/2025:13:57:00 +0000] "GET /?1324808272?goods=1322622725 HTTP/1.1" 200 193302 "-" "Mozilla/5.0 (Linux; Android 6.0.1; Nexus 5X Build/MMB29P) AppleWebKit/537.36 (KHTML, like Gecko) Chrome/141.0.7390.122 Mobile Safari/537.36 (compatible; Googlebot/2.1; +http://www.google.com/bot.html)"
66.249.77.168 - - [18/Dec/2025:13:57:01 +0000] "GET /?r=61275270369203 HTTP/1.1" 200 187095 "-" "Mozilla/5.0 (Linux; Android 6.0.1; Nexus 5X Build/MMB29P) AppleWebKit/537.36 (KHTML, like Gecko) Chrome/141.0.7390.122 Mobile Safari/537.36 (compatible; Googlebot/2.1; +http://www.google.com/bot.html)"
66.249.77.167 - - [18/Dec/2025:13:57:02 +0000] "GET /?r=1808991762401 HTTP/1.1" 200 184034 "-" "Mozilla/5.0 (Linux; Android 6.0.1; Nexus 5X Build/MMB29P) AppleWebKit/537.36 (KHTML, like Gecko) Chrome/141.0.7390.122 Mobile Safari/537.36 (compatible; Googlebot/2.1; +http://www.google.com/bot.html)"
66.249.77.160 - - [18/Dec/2025:14:01:03 +0000] "GET /?r=80131285647800 HTTP/1.1" 200 187063 "-" "Mozilla/5.0 (Linux; Android 6.0.1; Nexus 5X Build/MMB29P) AppleWebKit/537.36 (KHTML, like Gecko) Chrome/141.0.7390.122 Mobile Safari/537.36 (compatible; Googlebot/2.1; +http://www.google.com/bot.html)"
163.49.61.234 - - [18/Dec/2025:14:06:25 +0000] "GET /44.php HTTP/1.1" 403 0 "-" "Mozilla/5.0 (Windows NT 10.0; Win64; x64) AppleWebKit/537.36 (KHTML, like Gecko) Chrome/143.0.0.0 Safari/537.36"
198.98.62.191 - - [18/Dec/2025:14:06:53 +0000] "GET /wp-login.php HTTP/1.1" 500 0 "https://duckduckgo.com/" "Mozilla/5.0 (Linux; Android 14; Pixel 8 Build/UP1A) AppleWebKit/537.36 (KHTML, like Gecko) Chrome/131.0.0.0 Mobile Safari/537.36"
185.191.171.8 - - [18/Dec/2025:14:09:07 +0000] "GET /robots.txt HTTP/1.1" 200 77 "-" "Mozilla/5.0 (compatible; SemrushBot/7~bl; +http://www.semrush.com/bot.html)"
163.49.61.234 - - [18/Dec/2025:14:09:08 +0000] "GET /33.php HTTP/1.1" 403 0 "-" "Mozilla/5.0 (Windows NT 10.0; Win64; x64) AppleWebKit/537.36 (KHTML, like Gecko) Chrome/143.0.0.0 Safari/537.36"
185.191.171.15 - - [18/Dec/2025:14:09:08 +0000] "GET /author/alitt332/page/25/ HTTP/1.1" 200 0 "-" "Mozilla/5.0 (compatible; SemrushBot/7~bl; +http://www.semrush.com/bot.html)"
66.249.77.160 - - [18/Dec/2025:14:12:57 +0000] "GET /489499506?goods=0488692358 HTTP/1.1" 200 179934 "-" "Mozilla/5.0 (Linux; Android 6.0.1; Nexus 5X Build/MMB29P) AppleWebKit/537.36 (KHTML, like Gecko) Chrome/141.0.7390.122 Mobile Safari/537.36 (compatible; Googlebot/2.1; +http://www.google.com/bot.html)"
66.249.77.160 - - [18/Dec/2025:14:12:57 +0000] "GET /?r=78076192278404 HTTP/1.1" 200 189818 "-" "Mozilla/5.0 (Linux; Android 6.0.1; Nexus 5X Build/MMB29P) AppleWebKit/537.36 (KHTML, like Gecko) Chrome/141.0.7390.122 Mobile Safari/537.36 (compatible; Googlebot/2.1; +http://www.google.com/bot.html)"
66.249.77.167 - - [18/Dec/2025:14:12:57 +0000] "GET /?r=33468216269003 HTTP/1.1" 200 187520 "-" "Mozilla/5.0 (Linux; Android 6.0.1; Nexus 5X Build/MMB29P) AppleWebKit/537.36 (KHTML, like Gecko) Chrome/141.0.7390.122 Mobile Safari/537.36 (compatible; Googlebot/2.1; +http://www.google.com/bot.html)"
2a03:2880:f800:39:: - - [18/Dec/2025:14:18:08 +0000] "GET /slot-habanero-bertema-dunia-zaman-prasejarah-dan-petualangan/ HTTP/1.1" 200 0 "-" "meta-externalagent/1.1 (+https://developers.facebook.com/docs/sharing/webmasters/crawler)"
66.249.77.163 - - [18/Dec/2025:14:19:18 +0000] "GET /?r=6909744687405 HTTP/1.1" 200 186113 "-" "Mozilla/5.0 (Linux; Android 6.0.1; Nexus 5X Build/MMB29P) AppleWebKit/537.36 (KHTML, like Gecko) Chrome/141.0.7390.122 Mobile Safari/537.36 (compatible; Googlebot/2.1; +http://www.google.com/bot.html)"
207.46.13.51 - - [18/Dec/2025:14:21:53 +0000] "GET /strategi-free-spin-sakura-fortune-quickspin-untuk-pemula/ HTTP/1.1" 200 185886 "-" "Mozilla/5.0 AppleWebKit/537.36 (KHTML, like Gecko; compatible; bingbot/2.0; +http://www.bing.com/bingbot.htm) Chrome/116.0.1938.76 Safari/537.36"
66.249.77.163 - - [18/Dec/2025:14:31:43 +0000] "GET /?r=44764157327400 HTTP/1.1" 200 190215 "-" "Mozilla/5.0 (Linux; Android 6.0.1; Nexus 5X Build/MMB29P) AppleWebKit/537.36 (KHTML, like Gecko) Chrome/141.0.7390.122 Mobile Safari/537.36 (compatible; Googlebot/2.1; +http://www.google.com/bot.html)"
66.249.77.165 - - [18/Dec/2025:14:33:15 +0000] "GET /?r=2741656303004 HTTP/1.1" 200 189953 "-" "Mozilla/5.0 (Linux; Android 6.0.1; Nexus 5X Build/MMB29P) AppleWebKit/537.36 (KHTML, like Gecko) Chrome/141.0.7390.122 Mobile Safari/537.36 (compatible; Googlebot/2.1; +http://www.google.com/bot.html)"
45.227.253.15 - - [18/Dec/2025:14:34:54 +0000] "GET /index.php/jk HTTP/1.1" 200 0 "-" "Mozilla/5.0 (Windows NT 6.1; WOW64; Trident/7.0; rv:11.0) like Gecko"
2401:4900:1f3e:5c4a:782b:bc9b:b1d8:14a1 - - [18/Dec/2025:14:39:43 +0000] "POST /xmlrpc.php HTTP/1.1" 403 0 "-" "Mozilla/5.0 (Windows NT 6.2; arm64) AppleWebKit/537.36 (KHTML, like Gecko) Safari/13.0.0.0 Safari/537.36"
66.249.77.167 - - [18/Dec/2025:14:44:18 +0000] "GET /tag/jungle-majesty/ HTTP/1.1" 200 196978 "-" "Mozilla/5.0 (Linux; Android 6.0.1; Nexus 5X Build/MMB29P) AppleWebKit/537.36 (KHTML, like Gecko) Chrome/141.0.7390.122 Mobile Safari/537.36 (compatible; Googlebot/2.1; +http://www.google.com/bot.html)"
66.249.77.167 - - [18/Dec/2025:14:44:18 +0000] "GET /robots.txt HTTP/1.1" 200 77 "-" "Mozilla/5.0 (compatible; Googlebot/2.1; +http://www.google.com/bot.html)"
66.249.77.165 - - [18/Dec/2025:14:52:16 +0000] "GET /?r=4401810064803 HTTP/1.1" 200 188322 "-" "Mozilla/5.0 (Linux; Android 6.0.1; Nexus 5X Build/MMB29P) AppleWebKit/537.36 (KHTML, like Gecko) Chrome/141.0.7390.122 Mobile Safari/537.36 (compatible; Googlebot/2.1; +http://www.google.com/bot.html)"
165.227.201.242 - - [18/Dec/2025:14:56:08 +0000] "GET / HTTP/1.1" 200 0 "-" "Mozilla/5.0 (X11; Linux x86_64) AppleWebKit/537.36 (KHTML, like Gecko) Chrome/142.0.0.0 Safari/537.36"
165.227.201.242 - - [18/Dec/2025:14:56:09 +0000] "GET /favicon.ico HTTP/1.1" 200 0 "https://frozynic.com/" "Mozilla/5.0 (X11; Linux x86_64) AppleWebKit/537.36 (KHTML, like Gecko) Chrome/142.0.0.0 Safari/537.36"
5.39.1.228 - - [18/Dec/2025:15:07:18 +0000] "GET /tag/rtp-slot/ HTTP/1.1" 200 0 "-" "Mozilla/5.0 (compatible; AhrefsBot/7.0; +http://ahrefs.com/robot/)"
66.249.77.164 - - [18/Dec/2025:15:10:17 +0000] "GET /?1514426102?goods=1511927656 HTTP/1.1" 200 193296 "-" "Mozilla/5.0 (Linux; Android 6.0.1; Nexus 5X Build/MMB29P) AppleWebKit/537.36 (KHTML, like Gecko) Chrome/141.0.7390.122 Mobile Safari/537.36 (compatible; Googlebot/2.1; +http://www.google.com/bot.html)"
45.227.253.15 - - [18/Dec/2025:15:12:16 +0000] "GET /cgi-bin/cgi-bin/cgi-bin/cgi-bin/cgi-bin/index.php?ARRAY=7o2230223n313736363037343631312p2231223n22687474703n5p2s5p2s7n7335343976313373752r6q6s6463692r6p6s6p5p2s3s6p633q7068705s636s64655s6n6326743q313736363037313031312q3434646563663934363066613165623338316436623365383233643165643463222p2232223n223639343931346663616331373130636333333934656631386338363338626665222p2233223n223739356665343238326538306539353539353835323737623233313331633532222p2262696r675s70617373223n2231302q33392q36302q36342q37392q38352q3131227q HTTP/1.1" 200 0 "-" "Mozilla/5.0 (Macintosh; Intel Mac OS X 10_15_7) AppleWebKit/537.36 (KHTML, like Gecko) Chrome/86.0.4240.111 Safari/537.36 Edg/86.0.622.51"
66.249.77.164 - - [18/Dec/2025:15:14:57 +0000] "GET /?1324855818?goods=1322670194 HTTP/1.1" 200 184645 "-" "Mozilla/5.0 (Linux; Android 6.0.1; Nexus 5X Build/MMB29P) AppleWebKit/537.36 (KHTML, like Gecko) Chrome/141.0.7390.122 Mobile Safari/537.36 (compatible; Googlebot/2.1; +http://www.google.com/bot.html)"
66.249.77.164 - - [18/Dec/2025:15:14:57 +0000] "GET /?878790246?goods=0877340704 HTTP/1.1" 200 194297 "-" "Mozilla/5.0 (Linux; Android 6.0.1; Nexus 5X Build/MMB29P) AppleWebKit/537.36 (KHTML, like Gecko) Chrome/141.0.7390.122 Mobile Safari/537.36 (compatible; Googlebot/2.1; +http://www.google.com/bot.html)"
66.249.77.163 - - [18/Dec/2025:15:14:58 +0000] "GET /?878822452?goods=0877372855 HTTP/1.1" 200 191855 "-" "Mozilla/5.0 (Linux; Android 6.0.1; Nexus 5X Build/MMB29P) AppleWebKit/537.36 (KHTML, like Gecko) Chrome/141.0.7390.122 Mobile Safari/537.36 (compatible; Googlebot/2.1; +http://www.google.com/bot.html)"
66.249.77.163 - - [18/Dec/2025:15:14:58 +0000] "GET /?878705008?goods=0877255605 HTTP/1.1" 200 193916 "-" "Mozilla/5.0 (Linux; Android 6.0.1; Nexus 5X Build/MMB29P) AppleWebKit/537.36 (KHTML, like Gecko) Chrome/141.0.7390.122 Mobile Safari/537.36 (compatible; Googlebot/2.1; +http://www.google.com/bot.html)"
66.249.77.164 - - [18/Dec/2025:15:14:58 +0000] "GET /?1487432024?goods=1484978121 HTTP/1.1" 200 184691 "-" "Mozilla/5.0 (Linux; Android 6.0.1; Nexus 5X Build/MMB29P) AppleWebKit/537.36 (KHTML, like Gecko) Chrome/141.0.7390.122 Mobile Safari/537.36 (compatible; Googlebot/2.1; +http://www.google.com/bot.html)"
66.249.77.165 - - [18/Dec/2025:15:14:58 +0000] "GET /?r=77019102174801 HTTP/1.1" 200 186472 "-" "Mozilla/5.0 (Linux; Android 6.0.1; Nexus 5X Build/MMB29P) AppleWebKit/537.36 (KHTML, like Gecko) Chrome/141.0.7390.122 Mobile Safari/537.36 (compatible; Googlebot/2.1; +http://www.google.com/bot.html)"
66.249.77.165 - - [18/Dec/2025:15:14:58 +0000] "GET /?1034800174?goods=1033093188 HTTP/1.1" 200 191663 "-" "Mozilla/5.0 (Linux; Android 6.0.1; Nexus 5X Build/MMB29P) AppleWebKit/537.36 (KHTML, like Gecko) Chrome/141.0.7390.122 Mobile Safari/537.36 (compatible; Googlebot/2.1; +http://www.google.com/bot.html)"
66.249.77.164 - - [18/Dec/2025:15:14:58 +0000] "GET /542085730?goods=0541191806 HTTP/1.1" 200 173807 "-" "Mozilla/5.0 (Linux; Android 6.0.1; Nexus 5X Build/MMB29P) AppleWebKit/537.36 (KHTML, like Gecko) Chrome/141.0.7390.122 Mobile Safari/537.36 (compatible; Googlebot/2.1; +http://www.google.com/bot.html)"
66.249.77.165 - - [18/Dec/2025:15:14:59 +0000] "GET /?r=91782293799201 HTTP/1.1" 200 186019 "-" "Mozilla/5.0 (Linux; Android 6.0.1; Nexus 5X Build/MMB29P) AppleWebKit/537.36 (KHTML, like Gecko) Chrome/141.0.7390.122 Mobile Safari/537.36 (compatible; Googlebot/2.1; +http://www.google.com/bot.html)"
66.249.77.164 - - [18/Dec/2025:15:14:59 +0000] "GET /?r=24258182845600 HTTP/1.1" 200 190336 "-" "Mozilla/5.0 (Linux; Android 6.0.1; Nexus 5X Build/MMB29P) AppleWebKit/537.36 (KHTML, like Gecko) Chrome/141.0.7390.122 Mobile Safari/537.36 (compatible; Googlebot/2.1; +http://www.google.com/bot.html)"
66.249.77.165 - - [18/Dec/2025:15:14:59 +0000] "GET /?r=71909186429604 HTTP/1.1" 200 185620 "-" "Mozilla/5.0 (Linux; Android 6.0.1; Nexus 5X Build/MMB29P) AppleWebKit/537.36 (KHTML, like Gecko) Chrome/141.0.7390.122 Mobile Safari/537.36 (compatible; Googlebot/2.1; +http://www.google.com/bot.html)"
66.249.77.164 - - [18/Dec/2025:15:15:00 +0000] "GET /?595322938?goods=0594341162 HTTP/1.1" 200 194337 "-" "Mozilla/5.0 (Linux; Android 6.0.1; Nexus 5X Build/MMB29P) AppleWebKit/537.36 (KHTML, like Gecko) Chrome/141.0.7390.122 Mobile Safari/537.36 (compatible; Googlebot/2.1; +http://www.google.com/bot.html)"
66.249.77.165 - - [18/Dec/2025:15:15:00 +0000] "GET /?674273128?goods=0673161073 HTTP/1.1" 200 192303 "-" "Mozilla/5.0 (Linux; Android 6.0.1; Nexus 5X Build/MMB29P) AppleWebKit/537.36 (KHTML, like Gecko) Chrome/141.0.7390.122 Mobile Safari/537.36 (compatible; Googlebot/2.1; +http://www.google.com/bot.html)"
66.249.77.163 - - [18/Dec/2025:15:15:01 +0000] "GET /?674287772?goods=0673175691 HTTP/1.1" 200 176081 "-" "Mozilla/5.0 (Linux; Android 6.0.1; Nexus 5X Build/MMB29P) AppleWebKit/537.36 (KHTML, like Gecko) Chrome/141.0.7390.122 Mobile Safari/537.36 (compatible; Googlebot/2.1; +http://www.google.com/bot.html)"
66.249.77.163 - - [18/Dec/2025:15:15:01 +0000] "GET /?r=109273525400 HTTP/1.1" 200 187149 "-" "Mozilla/5.0 (Linux; Android 6.0.1; Nexus 5X Build/MMB29P) AppleWebKit/537.36 (KHTML, like Gecko) Chrome/141.0.7390.122 Mobile Safari/537.36 (compatible; Googlebot/2.1; +http://www.google.com/bot.html)"
66.249.77.163 - - [18/Dec/2025:15:15:01 +0000] "GET /?r=810429309403 HTTP/1.1" 200 187102 "-" "Mozilla/5.0 (Linux; Android 6.0.1; Nexus 5X Build/MMB29P) AppleWebKit/537.36 (KHTML, like Gecko) Chrome/141.0.7390.122 Mobile Safari/537.36 (compatible; Googlebot/2.1; +http://www.google.com/bot.html)"
66.249.77.164 - - [18/Dec/2025:15:15:02 +0000] "GET /?r=2834514336005 HTTP/1.1" 200 186734 "-" "Mozilla/5.0 (Linux; Android 6.0.1; Nexus 5X Build/MMB29P) AppleWebKit/537.36 (KHTML, like Gecko) Chrome/141.0.7390.122 Mobile Safari/537.36 (compatible; Googlebot/2.1; +http://www.google.com/bot.html)"
66.249.77.164 - - [18/Dec/2025:15:15:02 +0000] "GET /?r=15957229581004 HTTP/1.1" 200 187846 "-" "Mozilla/5.0 (Linux; Android 6.0.1; Nexus 5X Build/MMB29P) AppleWebKit/537.36 (KHTML, like Gecko) Chrome/141.0.7390.122 Mobile Safari/537.36 (compatible; Googlebot/2.1; +http://www.google.com/bot.html)"
66.249.77.164 - - [18/Dec/2025:15:15:02 +0000] "GET /?r=10001237288202 HTTP/1.1" 200 185788 "-" "Mozilla/5.0 (Linux; Android 6.0.1; Nexus 5X Build/MMB29P) AppleWebKit/537.36 (KHTML, like Gecko) Chrome/141.0.7390.122 Mobile Safari/537.36 (compatible; Googlebot/2.1; +http://www.google.com/bot.html)"
66.249.77.164 - - [18/Dec/2025:15:15:03 +0000] "GET /?r=429486656000 HTTP/1.1" 200 176805 "-" "Mozilla/5.0 (Linux; Android 6.0.1; Nexus 5X Build/MMB29P) AppleWebKit/537.36 (KHTML, like Gecko) Chrome/141.0.7390.122 Mobile Safari/537.36 (compatible; Googlebot/2.1; +http://www.google.com/bot.html)"
66.249.77.164 - - [18/Dec/2025:15:15:03 +0000] "GET /?r=3297843977000 HTTP/1.1" 200 187006 "-" "Mozilla/5.0 (Linux; Android 6.0.1; Nexus 5X Build/MMB29P) AppleWebKit/537.36 (KHTML, like Gecko) Chrome/141.0.7390.122 Mobile Safari/537.36 (compatible; Googlebot/2.1; +http://www.google.com/bot.html)"
66.249.77.164 - - [18/Dec/2025:15:15:21 +0000] "GET /?r=1097398078800 HTTP/1.1" 200 186183 "-" "Mozilla/5.0 (Linux; Android 6.0.1; Nexus 5X Build/MMB29P) AppleWebKit/537.36 (KHTML, like Gecko) Chrome/141.0.7390.122 Mobile Safari/537.36 (compatible; Googlebot/2.1; +http://www.google.com/bot.html)"
47.244.90.157 - - [18/Dec/2025:15:15:30 +0000] "POST /wp-login.php HTTP/1.1" 500 0 "-" "Mozilla/5.0 (Windows NT 10.0; Win64; x64; rv:74.0) Gecko/20100101 Firefox/74.0"
66.249.77.164 - - [18/Dec/2025:15:15:46 +0000] "GET /?r=41404272220402 HTTP/1.1" 200 189088 "-" "Mozilla/5.0 (Linux; Android 6.0.1; Nexus 5X Build/MMB29P) AppleWebKit/537.36 (KHTML, like Gecko) Chrome/141.0.7390.122 Mobile Safari/537.36 (compatible; Googlebot/2.1; +http://www.google.com/bot.html)"
66.249.77.165 - - [18/Dec/2025:15:16:11 +0000] "GET /?r=17724280143802 HTTP/1.1" 200 187322 "-" "Mozilla/5.0 (Linux; Android 6.0.1; Nexus 5X Build/MMB29P) AppleWebKit/537.36 (KHTML, like Gecko) Chrome/141.0.7390.122 Mobile Safari/537.36 (compatible; Googlebot/2.1; +http://www.google.com/bot.html)"
66.249.77.163 - - [18/Dec/2025:15:17:11 +0000] "GET /?r=27170195406001 HTTP/1.1" 200 185810 "-" "Mozilla/5.0 (Linux; Android 6.0.1; Nexus 5X Build/MMB29P) AppleWebKit/537.36 (KHTML, like Gecko) Chrome/141.0.7390.122 Mobile Safari/537.36 (compatible; Googlebot/2.1; +http://www.google.com/bot.html)"
66.249.77.163 - - [18/Dec/2025:15:17:51 +0000] "GET /?r=0808038421801 HTTP/1.1" 200 187028 "-" "Mozilla/5.0 (Linux; Android 6.0.1; Nexus 5X Build/MMB29P) AppleWebKit/537.36 (KHTML, like Gecko) Chrome/141.0.7390.122 Mobile Safari/537.36 (compatible; Googlebot/2.1; +http://www.google.com/bot.html)"
