4.189.121.57 - - [20/Dec/2025:05:51:00 +0000] "GET /wp-includes/sitemaps/autoload_classmap.php HTTP/1.1" 403 0 "https://www.bing.com/" "Mozilla/5.0 (iPad; CPU OS 16_7_2 like Mac OS X) AppleWebKit/605.1.15 (KHTML, like Gecko) Version/16.6 Mobile/15E148 Safari/604.1"
4.189.121.57 - - [20/Dec/2025:05:51:01 +0000] "GET /wp-includes/sitemaps/providers/index.php HTTP/1.1" 200 0 "https://duckduckgo.com/" "Mozilla/5.0 (Linux; Android 12; V2134) AppleWebKit/537.36 (KHTML, like Gecko) Chrome/116.0.0.0 Mobile Safari/537.36"
4.189.121.57 - - [20/Dec/2025:05:51:01 +0000] "GET /wp-includes/style-engine/autoload_classmap.php HTTP/1.1" 403 0 "https://www.google.co.uk/" "Mozilla/5.0 (iPad; CPU OS 16_7_2 like Mac OS X) AppleWebKit/605.1.15 (KHTML, like Gecko) Version/16.6 Mobile/15E148 Safari/604.1"
4.189.121.57 - - [20/Dec/2025:05:51:02 +0000] "GET /wp-includes/style-engine/wp-conflg.php HTTP/1.1" 403 0 "https://www.google.fr/" "Mozilla/5.0 (iPhone; CPU iPhone OS 15_7_9 like Mac OS X) AppleWebKit/605.1.15 (KHTML, like Gecko) Version/15.6.5 Mobile/15E148 Safari/604.1"
4.189.121.57 - - [20/Dec/2025:05:51:02 +0000] "GET /wp-includes/theme-compat/ HTTP/1.1" 200 685 "https://www.google.fr/" "Mozilla/5.0 (iPhone; CPU iPhone OS 16_0 like Mac OS X) AppleWebKit/605.1.15 (KHTML, like Gecko) FxiOS/118.0 Mobile/15E148 Safari/605.1.15"
4.189.121.57 - - [20/Dec/2025:05:51:02 +0000] "GET /wp-login.php HTTP/1.1" 500 0 "https://www.google.com/" "Mozilla/5.0 (Linux; Android 12; 2201116SG) AppleWebKit/537.36 (KHTML, like Gecko) Chrome/116.0.0.0 Mobile Safari/537.36"
4.189.121.57 - - [20/Dec/2025:05:51:03 +0000] "GET /wp-signin.php HTTP/1.1" 403 0 "https://www.google.fr/" "Mozilla/5.0 (iPhone; CPU iPhone OS 17_1_1 like Mac OS X) AppleWebKit/605.1.15 (KHTML, like Gecko) Version/17.1 Mobile/15E148 Safari/604.1"
4.189.121.57 - - [20/Dec/2025:05:51:04 +0000] "GET /wp-user.php HTTP/1.1" 403 0 "https://www.google.fr/" "Mozilla/5.0 (Linux; Android 12; 2201116SG) AppleWebKit/537.36 (KHTML, like Gecko) Chrome/116.0.0.0 Mobile Safari/537.36"
4.189.121.57 - - [20/Dec/2025:05:51:05 +0000] "GET /wp.php HTTP/1.1" 403 0 "https://www.google.fr/" "Mozilla/5.0 (iPhone; CPU iPhone OS 17_1 like Mac OS X) AppleWebKit/605.1.15 (KHTML, like Gecko) CriOS/119.0.6045.109 Mobile/15E148 Safari/604.1"
4.189.121.57 - - [20/Dec/2025:05:51:05 +0000] "GET /xmlrpc.php HTTP/1.1" 403 0 "https://www.google.com/" "Mozilla/5.0 (iPhone; CPU iPhone OS 15_7_9 like Mac OS X) AppleWebKit/605.1.15 (KHTML, like Gecko) Version/15.6.5 Mobile/15E148 Safari/604.1"
4.189.121.57 - - [20/Dec/2025:05:51:06 +0000] "GET /xmrlpc.php HTTP/1.1" 403 0 "https://duckduckgo.com/" "Mozilla/5.0 (iPhone; CPU iPhone OS 17_1_1 like Mac OS X) AppleWebKit/605.1.15 (KHTML, like Gecko) Version/17.1 Mobile/15E148 Safari/604.1"
114.119.159.177 - - [20/Dec/2025:05:54:08 +0000] "GET /1403665712?goods=1401350037 HTTP/1.1" 200 0 "http://frozynic.com/sitemap.xml" "Mozilla/5.0 (Linux; Android 7.0;) AppleWebKit/537.36 (KHTML, like Gecko) Mobile Safari/537.36 (compatible; PetalBot;+https://webmaster.petalsearch.com/site/petalbot)"
114.119.159.177 - - [20/Dec/2025:05:58:29 +0000] "GET /1403664906?goods=1401349234 HTTP/1.1" 200 0 "http://frozynic.com/sitemap.xml" "Mozilla/5.0 (Linux; Android 7.0;) AppleWebKit/537.36 (KHTML, like Gecko) Mobile Safari/537.36 (compatible; PetalBot;+https://webmaster.petalsearch.com/site/petalbot)"
114.119.136.86 - - [20/Dec/2025:06:02:54 +0000] "GET /1403664620?goods=1401348947 HTTP/1.1" 200 0 "http://frozynic.com/sitemap.xml" "Mozilla/5.0 (Linux; Android 7.0;) AppleWebKit/537.36 (KHTML, like Gecko) Mobile Safari/537.36 (compatible; PetalBot;+https://webmaster.petalsearch.com/site/petalbot)"
114.119.136.86 - - [20/Dec/2025:06:07:16 +0000] "GET /1403664296?goods=1401348625 HTTP/1.1" 200 0 "http://frozynic.com/sitemap.xml" "Mozilla/5.0 (Linux; Android 7.0;) AppleWebKit/537.36 (KHTML, like Gecko) Mobile Safari/537.36 (compatible; PetalBot;+https://webmaster.petalsearch.com/site/petalbot)"
66.249.77.168 - - [20/Dec/2025:06:08:12 +0000] "GET /?r=7890794374800 HTTP/1.1" 200 192148 "-" "Mozilla/5.0 (Linux; Android 6.0.1; Nexus 5X Build/MMB29P) AppleWebKit/537.36 (KHTML, like Gecko) Chrome/141.0.7390.122 Mobile Safari/537.36 (compatible; Googlebot/2.1; +http://www.google.com/bot.html)"
114.119.159.177 - - [20/Dec/2025:06:11:39 +0000] "GET /1403663204?goods=1401347535 HTTP/1.1" 200 0 "http://frozynic.com/sitemap.xml" "Mozilla/5.0 (Linux; Android 7.0;) AppleWebKit/537.36 (KHTML, like Gecko) Mobile Safari/537.36 (compatible; PetalBot;+https://webmaster.petalsearch.com/site/petalbot)"
66.249.77.161 - - [20/Dec/2025:06:15:42 +0000] "GET /?r=8914026987603 HTTP/1.1" 200 185742 "-" "Mozilla/5.0 (Linux; Android 6.0.1; Nexus 5X Build/MMB29P) AppleWebKit/537.36 (KHTML, like Gecko) Chrome/141.0.7390.122 Mobile Safari/537.36 (compatible; Googlebot/2.1; +http://www.google.com/bot.html)"
114.119.159.177 - - [20/Dec/2025:06:16:04 +0000] "GET /1403662790?goods=1401347120 HTTP/1.1" 200 0 "http://frozynic.com/sitemap.xml" "Mozilla/5.0 (Linux; Android 7.0;) AppleWebKit/537.36 (KHTML, like Gecko) Mobile Safari/537.36 (compatible; PetalBot;+https://webmaster.petalsearch.com/site/petalbot)"
114.119.136.86 - - [20/Dec/2025:06:20:35 +0000] "GET /1403661856?goods=1401346189 HTTP/1.1" 200 0 "http://frozynic.com/sitemap.xml" "Mozilla/5.0 (Linux; Android 7.0;) AppleWebKit/537.36 (KHTML, like Gecko) Mobile Safari/537.36 (compatible; PetalBot;+https://webmaster.petalsearch.com/site/petalbot)"
66.249.77.167 - - [20/Dec/2025:06:23:12 +0000] "GET /?r=00770238907001 HTTP/1.1" 200 186904 "-" "Mozilla/5.0 (Linux; Android 6.0.1; Nexus 5X Build/MMB29P) AppleWebKit/537.36 (KHTML, like Gecko) Chrome/141.0.7390.122 Mobile Safari/537.36 (compatible; Googlebot/2.1; +http://www.google.com/bot.html)"
114.119.136.86 - - [20/Dec/2025:06:24:50 +0000] "GET /1403661442?goods=1401345774 HTTP/1.1" 200 0 "http://frozynic.com/sitemap.xml" "Mozilla/5.0 (Linux; Android 7.0;) AppleWebKit/537.36 (KHTML, like Gecko) Mobile Safari/537.36 (compatible; PetalBot;+https://webmaster.petalsearch.com/site/petalbot)"
114.119.159.177 - - [20/Dec/2025:06:29:14 +0000] "GET /1403660414?goods=1401344748 HTTP/1.1" 200 0 "http://frozynic.com/sitemap.xml" "Mozilla/5.0 (Linux; Android 7.0;) AppleWebKit/537.36 (KHTML, like Gecko) Mobile Safari/537.36 (compatible; PetalBot;+https://webmaster.petalsearch.com/site/petalbot)"
66.249.77.161 - - [20/Dec/2025:06:30:42 +0000] "GET /?r=87397272801401 HTTP/1.1" 200 187296 "-" "Mozilla/5.0 (Linux; Android 6.0.1; Nexus 5X Build/MMB29P) AppleWebKit/537.36 (KHTML, like Gecko) Chrome/141.0.7390.122 Mobile Safari/537.36 (compatible; Googlebot/2.1; +http://www.google.com/bot.html)"
114.119.159.177 - - [20/Dec/2025:06:34:00 +0000] "GET /1403660090?goods=1401344426 HTTP/1.1" 200 0 "http://frozynic.com/sitemap.xml" "Mozilla/5.0 (Linux; Android 7.0;) AppleWebKit/537.36 (KHTML, like Gecko) Mobile Safari/537.36 (compatible; PetalBot;+https://webmaster.petalsearch.com/site/petalbot)"
114.119.136.86 - - [20/Dec/2025:06:38:05 +0000] "GET /1403659676?goods=1401344011 HTTP/1.1" 200 0 "http://frozynic.com/sitemap.xml" "Mozilla/5.0 (Linux; Android 7.0;) AppleWebKit/537.36 (KHTML, like Gecko) Mobile Safari/537.36 (compatible; PetalBot;+https://webmaster.petalsearch.com/site/petalbot)"
66.249.77.161 - - [20/Dec/2025:06:38:14 +0000] "GET /?r=79294229336202 HTTP/1.1" 200 189824 "-" "Mozilla/5.0 (Linux; Android 6.0.1; Nexus 5X Build/MMB29P) AppleWebKit/537.36 (KHTML, like Gecko) Chrome/141.0.7390.122 Mobile Safari/537.36 (compatible; Googlebot/2.1; +http://www.google.com/bot.html)"
103.239.41.135 - - [20/Dec/2025:06:39:57 +0000] "GET /wp-json/wp/v2/posts HTTP/1.1" 200 0 "-" "Mozilla/5.0 (Windows NT 10.0; Win64; x64) AppleWebKit/537.36 (KHTML, like Gecko) Chrome/120.0.0.0 Safari/537.36"
114.119.159.177 - - [20/Dec/2025:06:42:22 +0000] "GET /1403658998?goods=1401343336 HTTP/1.1" 200 0 "http://frozynic.com/sitemap.xml" "Mozilla/5.0 (Linux; Android 7.0;) AppleWebKit/537.36 (KHTML, like Gecko) Mobile Safari/537.36 (compatible; PetalBot;+https://webmaster.petalsearch.com/site/petalbot)"
216.244.66.201 - - [20/Dec/2025:06:46:06 +0000] "GET /robots.txt HTTP/1.1" 200 76 "-" "Mozilla/5.0 (compatible; DotBot/1.2; +https://opensiteexplorer.org/dotbot; help@moz.com)"
114.119.136.86 - - [20/Dec/2025:06:46:46 +0000] "GET /1403658584?goods=1401342921 HTTP/1.1" 200 0 "http://frozynic.com/sitemap.xml" "Mozilla/5.0 (Linux; Android 7.0;) AppleWebKit/537.36 (KHTML, like Gecko) Mobile Safari/537.36 (compatible; PetalBot;+https://webmaster.petalsearch.com/site/petalbot)"
114.119.159.177 - - [20/Dec/2025:06:51:08 +0000] "GET /1403657236?goods=1401341575 HTTP/1.1" 200 0 "http://frozynic.com/sitemap.xml" "Mozilla/5.0 (Linux; Android 7.0;) AppleWebKit/537.36 (KHTML, like Gecko) Mobile Safari/537.36 (compatible; PetalBot;+https://webmaster.petalsearch.com/site/petalbot)"
114.119.136.86 - - [20/Dec/2025:06:55:32 +0000] "GET /1403657168?goods=1401341509 HTTP/1.1" 200 0 "http://frozynic.com/sitemap.xml" "Mozilla/5.0 (Linux; Android 7.0;) AppleWebKit/537.36 (KHTML, like Gecko) Mobile Safari/537.36 (compatible; PetalBot;+https://webmaster.petalsearch.com/site/petalbot)"
114.119.136.86 - - [20/Dec/2025:06:59:54 +0000] "GET /1403656626?goods=1401340966 HTTP/1.1" 200 0 "http://frozynic.com/sitemap.xml" "Mozilla/5.0 (Linux; Android 7.0;) AppleWebKit/537.36 (KHTML, like Gecko) Mobile Safari/537.36 (compatible; PetalBot;+https://webmaster.petalsearch.com/site/petalbot)"
114.119.159.177 - - [20/Dec/2025:07:04:22 +0000] "GET /1403655820?goods=1401340163 HTTP/1.1" 200 0 "http://frozynic.com/sitemap.xml" "Mozilla/5.0 (Linux; Android 7.0;) AppleWebKit/537.36 (KHTML, like Gecko) Mobile Safari/537.36 (compatible; PetalBot;+https://webmaster.petalsearch.com/site/petalbot)"
216.244.66.201 - - [20/Dec/2025:07:05:34 +0000] "GET /tag/slot-pulsa-bebas-potongan/ HTTP/1.1" 200 0 "-" "Mozilla/5.0 (compatible; DotBot/1.2; +https://opensiteexplorer.org/dotbot; help@moz.com)"
114.119.159.177 - - [20/Dec/2025:07:08:41 +0000] "GET /1403655534?goods=1401339876 HTTP/1.1" 200 0 "http://frozynic.com/sitemap.xml" "Mozilla/5.0 (Linux; Android 7.0;) AppleWebKit/537.36 (KHTML, like Gecko) Mobile Safari/537.36 (compatible; PetalBot;+https://webmaster.petalsearch.com/site/petalbot)"
114.119.136.86 - - [20/Dec/2025:07:13:05 +0000] "GET /1403654728?goods=1401339073 HTTP/1.1" 200 0 "http://frozynic.com/sitemap.xml" "Mozilla/5.0 (Linux; Android 7.0;) AppleWebKit/537.36 (KHTML, like Gecko) Mobile Safari/537.36 (compatible; PetalBot;+https://webmaster.petalsearch.com/site/petalbot)"
114.119.136.86 - - [20/Dec/2025:07:17:28 +0000] "GET /1403654186?goods=1401338530 HTTP/1.1" 200 0 "http://frozynic.com/sitemap.xml" "Mozilla/5.0 (Linux; Android 7.0;) AppleWebKit/537.36 (KHTML, like Gecko) Mobile Safari/537.36 (compatible; PetalBot;+https://webmaster.petalsearch.com/site/petalbot)"
114.119.159.177 - - [20/Dec/2025:07:22:05 +0000] "GET /1403654118?goods=1401338464 HTTP/1.1" 200 0 "http://frozynic.com/sitemap.xml" "Mozilla/5.0 (Linux; Android 7.0;) AppleWebKit/537.36 (KHTML, like Gecko) Mobile Safari/537.36 (compatible; PetalBot;+https://webmaster.petalsearch.com/site/petalbot)"
114.119.136.86 - - [20/Dec/2025:07:26:13 +0000] "GET /1403652770?goods=1401337118 HTTP/1.1" 200 0 "http://frozynic.com/sitemap.xml" "Mozilla/5.0 (Linux; Android 7.0;) AppleWebKit/537.36 (KHTML, like Gecko) Mobile Safari/537.36 (compatible; PetalBot;+https://webmaster.petalsearch.com/site/petalbot)"
66.249.77.161 - - [20/Dec/2025:07:26:31 +0000] "GET /?r=2723629533602 HTTP/1.1" 200 184590 "-" "Mozilla/5.0 (Linux; Android 6.0.1; Nexus 5X Build/MMB29P) AppleWebKit/537.36 (KHTML, like Gecko) Chrome/141.0.7390.122 Mobile Safari/537.36 (compatible; Googlebot/2.1; +http://www.google.com/bot.html)"
66.249.77.161 - - [20/Dec/2025:07:26:49 +0000] "GET /?r=251806874200 HTTP/1.1" 200 188350 "-" "Mozilla/5.0 (Linux; Android 6.0.1; Nexus 5X Build/MMB29P) AppleWebKit/537.36 (KHTML, like Gecko) Chrome/141.0.7390.122 Mobile Safari/537.36 (compatible; Googlebot/2.1; +http://www.google.com/bot.html)"