114.119.136.86 - - [20/Dec/2025:00:29:47 +0000] "GET /1403701574?goods=1401385840 HTTP/1.1" 500 0 "http://frozynic.com/sitemap.xml" "Mozilla/5.0 (Linux; Android 7.0;) AppleWebKit/537.36 (KHTML, like Gecko) Mobile Safari/537.36 (compatible; PetalBot;+https://webmaster.petalsearch.com/site/petalbot)"
114.119.159.177 - - [20/Dec/2025:00:31:53 +0000] "GET /1403700226?goods=1401384494 HTTP/1.1" 500 0 "http://frozynic.com/sitemap.xml" "Mozilla/5.0 (Linux; Android 7.0;) AppleWebKit/537.36 (KHTML, like Gecko) Mobile Safari/537.36 (compatible; PetalBot;+https://webmaster.petalsearch.com/site/petalbot)"
114.119.136.86 - - [20/Dec/2025:00:33:59 +0000] "GET /1403700222?goods=1401384492 HTTP/1.1" 500 0 "http://frozynic.com/sitemap.xml" "Mozilla/5.0 (Linux; Android 7.0;) AppleWebKit/537.36 (KHTML, like Gecko) Mobile Safari/537.36 (compatible; PetalBot;+https://webmaster.petalsearch.com/site/petalbot)"
114.119.159.177 - - [20/Dec/2025:00:36:04 +0000] "GET /1403699616?goods=1401383885 HTTP/1.1" 500 0 "http://frozynic.com/sitemap.xml" "Mozilla/5.0 (Linux; Android 7.0;) AppleWebKit/537.36 (KHTML, like Gecko) Mobile Safari/537.36 (compatible; PetalBot;+https://webmaster.petalsearch.com/site/petalbot)"
114.119.136.86 - - [20/Dec/2025:00:38:09 +0000] "GET /1403698874?goods=1401383146 HTTP/1.1" 500 0 "http://frozynic.com/sitemap.xml" "Mozilla/5.0 (Linux; Android 7.0;) AppleWebKit/537.36 (KHTML, like Gecko) Mobile Safari/537.36 (compatible; PetalBot;+https://webmaster.petalsearch.com/site/petalbot)"
69.30.225.34 - - [20/Dec/2025:00:39:35 +0000] "GET /index.php?params HTTP/1.1" 500 0 "-" "Mozilla/5.0 (Windows NT 10.0; Win64; x64) AppleWebKit/537.36 (KHTML, like Gecko) Chrome/91.0.4472.106 Safari/537.36"
114.119.159.177 - - [20/Dec/2025:00:40:15 +0000] "GET /1403698460?goods=1401382731 HTTP/1.1" 500 0 "http://frozynic.com/sitemap.xml" "Mozilla/5.0 (Linux; Android 7.0;) AppleWebKit/537.36 (KHTML, like Gecko) Mobile Safari/537.36 (compatible; PetalBot;+https://webmaster.petalsearch.com/site/petalbot)"
114.119.136.86 - - [20/Dec/2025:00:42:20 +0000] "GET /1403697782?goods=1401382056 HTTP/1.1" 500 0 "http://frozynic.com/sitemap.xml" "Mozilla/5.0 (Linux; Android 7.0;) AppleWebKit/537.36 (KHTML, like Gecko) Mobile Safari/537.36 (compatible; PetalBot;+https://webmaster.petalsearch.com/site/petalbot)"
114.119.136.86 - - [20/Dec/2025:00:44:27 +0000] "GET /1403706454?goods=1401390712 HTTP/1.1" 500 0 "http://frozynic.com/sitemap.xml" "Mozilla/5.0 (Linux; Android 7.0;) AppleWebKit/537.36 (KHTML, like Gecko) Mobile Safari/537.36 (compatible; PetalBot;+https://webmaster.petalsearch.com/site/petalbot)"
114.119.136.86 - - [20/Dec/2025:00:46:30 +0000] "GET /1403706130?goods=1401390390 HTTP/1.1" 500 0 "http://frozynic.com/sitemap.xml" "Mozilla/5.0 (Linux; Android 7.0;) AppleWebKit/537.36 (KHTML, like Gecko) Mobile Safari/537.36 (compatible; PetalBot;+https://webmaster.petalsearch.com/site/petalbot)"
114.119.136.86 - - [20/Dec/2025:00:48:36 +0000] "GET /1403705844?goods=1401390103 HTTP/1.1" 500 0 "http://frozynic.com/sitemap.xml" "Mozilla/5.0 (Linux; Android 7.0;) AppleWebKit/537.36 (KHTML, like Gecko) Mobile Safari/537.36 (compatible; PetalBot;+https://webmaster.petalsearch.com/site/petalbot)"
4.211.109.85 - - [20/Dec/2025:00:49:12 +0000] "GET /userfuns.php HTTP/1.1" 500 0 "www.google.com" "Mozlila/5.0 (Linux; Android 7.0; SM-G892A Bulid/NRD90M; wv) AppleWebKit/537.36 (KHTML, like Gecko) Version/4.0 Chrome/60.0.3112.107 Moblie Safari/537.36"
114.119.136.86 - - [20/Dec/2025:00:50:41 +0000] "GET /1403705038?goods=1401389300 HTTP/1.1" 500 0 "http://frozynic.com/sitemap.xml" "Mozilla/5.0 (Linux; Android 7.0;) AppleWebKit/537.36 (KHTML, like Gecko) Mobile Safari/537.36 (compatible; PetalBot;+https://webmaster.petalsearch.com/site/petalbot)"
114.119.136.86 - - [20/Dec/2025:00:52:47 +0000] "GET /1403704496?goods=1401388757 HTTP/1.1" 500 0 "http://frozynic.com/sitemap.xml" "Mozilla/5.0 (Linux; Android 7.0;) AppleWebKit/537.36 (KHTML, like Gecko) Mobile Safari/537.36 (compatible; PetalBot;+https://webmaster.petalsearch.com/site/petalbot)"
114.119.159.177 - - [20/Dec/2025:00:54:52 +0000] "GET /1403703404?goods=1401387667 HTTP/1.1" 500 0 "http://frozynic.com/sitemap.xml" "Mozilla/5.0 (Linux; Android 7.0;) AppleWebKit/537.36 (KHTML, like Gecko) Mobile Safari/537.36 (compatible; PetalBot;+https://webmaster.petalsearch.com/site/petalbot)"
114.119.159.177 - - [20/Dec/2025:00:56:57 +0000] "GET /1403703080?goods=1401387345 HTTP/1.1" 500 0 "http://frozynic.com/sitemap.xml" "Mozilla/5.0 (Linux; Android 7.0;) AppleWebKit/537.36 (KHTML, like Gecko) Mobile Safari/537.36 (compatible; PetalBot;+https://webmaster.petalsearch.com/site/petalbot)"
114.119.136.86 - - [20/Dec/2025:00:59:02 +0000] "GET /1403702666?goods=1401386930 HTTP/1.1" 500 0 "http://frozynic.com/sitemap.xml" "Mozilla/5.0 (Linux; Android 7.0;) AppleWebKit/537.36 (KHTML, like Gecko) Mobile Safari/537.36 (compatible; PetalBot;+https://webmaster.petalsearch.com/site/petalbot)"
114.119.136.86 - - [20/Dec/2025:01:01:09 +0000] "GET /1403701988?goods=1401386255 HTTP/1.1" 500 0 "http://frozynic.com/sitemap.xml" "Mozilla/5.0 (Linux; Android 7.0;) AppleWebKit/537.36 (KHTML, like Gecko) Mobile Safari/537.36 (compatible; PetalBot;+https://webmaster.petalsearch.com/site/petalbot)"
114.119.159.177 - - [20/Dec/2025:01:03:13 +0000] "GET /1403701574?goods=1401385840 HTTP/1.1" 500 0 "http://frozynic.com/sitemap.xml" "Mozilla/5.0 (Linux; Android 7.0;) AppleWebKit/537.36 (KHTML, like Gecko) Mobile Safari/537.36 (compatible; PetalBot;+https://webmaster.petalsearch.com/site/petalbot)"
114.119.159.177 - - [20/Dec/2025:01:05:18 +0000] "GET /1403700226?goods=1401384494 HTTP/1.1" 500 0 "http://frozynic.com/sitemap.xml" "Mozilla/5.0 (Linux; Android 7.0;) AppleWebKit/537.36 (KHTML, like Gecko) Mobile Safari/537.36 (compatible; PetalBot;+https://webmaster.petalsearch.com/site/petalbot)"
114.119.136.86 - - [20/Dec/2025:01:07:23 +0000] "GET /1403700222?goods=1401384492 HTTP/1.1" 500 0 "http://frozynic.com/sitemap.xml" "Mozilla/5.0 (Linux; Android 7.0;) AppleWebKit/537.36 (KHTML, like Gecko) Mobile Safari/537.36 (compatible; PetalBot;+https://webmaster.petalsearch.com/site/petalbot)"
114.119.136.86 - - [20/Dec/2025:01:09:30 +0000] "GET /1403699616?goods=1401383885 HTTP/1.1" 500 0 "http://frozynic.com/sitemap.xml" "Mozilla/5.0 (Linux; Android 7.0;) AppleWebKit/537.36 (KHTML, like Gecko) Mobile Safari/537.36 (compatible; PetalBot;+https://webmaster.petalsearch.com/site/petalbot)"
114.119.159.177 - - [20/Dec/2025:01:11:40 +0000] "GET /1403698874?goods=1401383146 HTTP/1.1" 500 0 "http://frozynic.com/sitemap.xml" "Mozilla/5.0 (Linux; Android 7.0;) AppleWebKit/537.36 (KHTML, like Gecko) Mobile Safari/537.36 (compatible; PetalBot;+https://webmaster.petalsearch.com/site/petalbot)"
114.119.159.177 - - [20/Dec/2025:01:13:42 +0000] "GET /1403698460?goods=1401382731 HTTP/1.1" 500 0 "http://frozynic.com/sitemap.xml" "Mozilla/5.0 (Linux; Android 7.0;) AppleWebKit/537.36 (KHTML, like Gecko) Mobile Safari/537.36 (compatible; PetalBot;+https://webmaster.petalsearch.com/site/petalbot)"
216.244.66.201 - - [20/Dec/2025:01:14:47 +0000] "GET /robots.txt HTTP/1.1" 200 77 "-" "Mozilla/5.0 (compatible; DotBot/1.2; +https://opensiteexplorer.org/dotbot; help@moz.com)"
114.119.136.86 - - [20/Dec/2025:01:15:44 +0000] "GET /1403697368?goods=1401381641 HTTP/1.1" 500 0 "http://frozynic.com/sitemap.xml" "Mozilla/5.0 (Linux; Android 7.0;) AppleWebKit/537.36 (KHTML, like Gecko) Mobile Safari/537.36 (compatible; PetalBot;+https://webmaster.petalsearch.com/site/petalbot)"
114.119.159.177 - - [20/Dec/2025:01:17:50 +0000] "GET /1403697782?goods=1401382056 HTTP/1.1" 500 0 "http://frozynic.com/sitemap.xml" "Mozilla/5.0 (Linux; Android 7.0;) AppleWebKit/537.36 (KHTML, like Gecko) Mobile Safari/537.36 (compatible; PetalBot;+https://webmaster.petalsearch.com/site/petalbot)"
114.119.159.177 - - [20/Dec/2025:01:19:55 +0000] "GET /1403697368?goods=1401381641 HTTP/1.1" 500 0 "http://frozynic.com/sitemap.xml" "Mozilla/5.0 (Linux; Android 7.0;) AppleWebKit/537.36 (KHTML, like Gecko) Mobile Safari/537.36 (compatible; PetalBot;+https://webmaster.petalsearch.com/site/petalbot)"
114.119.136.86 - - [20/Dec/2025:01:22:05 +0000] "GET /1403697044?goods=1401381319 HTTP/1.1" 500 0 "http://frozynic.com/sitemap.xml" "Mozilla/5.0 (Linux; Android 7.0;) AppleWebKit/537.36 (KHTML, like Gecko) Mobile Safari/537.36 (compatible; PetalBot;+https://webmaster.petalsearch.com/site/petalbot)"
114.119.136.86 - - [20/Dec/2025:01:24:10 +0000] "GET /1403695952?goods=1401380229 HTTP/1.1" 500 0 "http://frozynic.com/sitemap.xml" "Mozilla/5.0 (Linux; Android 7.0;) AppleWebKit/537.36 (KHTML, like Gecko) Mobile Safari/537.36 (compatible; PetalBot;+https://webmaster.petalsearch.com/site/petalbot)"
114.119.136.86 - - [20/Dec/2025:01:26:13 +0000] "GET /1403695410?goods=1401379686 HTTP/1.1" 500 0 "http://frozynic.com/sitemap.xml" "Mozilla/5.0 (Linux; Android 7.0;) AppleWebKit/537.36 (KHTML, like Gecko) Mobile Safari/537.36 (compatible; PetalBot;+https://webmaster.petalsearch.com/site/petalbot)"
114.119.136.86 - - [20/Dec/2025:01:28:23 +0000] "GET /1403694604?goods=1401378883 HTTP/1.1" 500 0 "http://frozynic.com/sitemap.xml" "Mozilla/5.0 (Linux; Android 7.0;) AppleWebKit/537.36 (KHTML, like Gecko) Mobile Safari/537.36 (compatible; PetalBot;+https://webmaster.petalsearch.com/site/petalbot)"
31.56.139.202 - - [20/Dec/2025:01:30:47 +0000] "GET /product001 HTTP/1.1" 200 194781 "-" "Mozilla/5.0 (compatible; Googlebot/2.1; +http://www.google.com/bot.html)"
31.56.139.202 - - [20/Dec/2025:01:30:48 +0000] "GET / HTTP/1.1" 200 190283 "-" "Mozilla/5.0 (compatible; Googlebot/2.1; +http://www.google.com/bot.html)"
101.99.88.90 - - [20/Dec/2025:01:30:49 +0000] "GET / HTTP/1.1" 500 0 "-" "-"
114.119.159.177 - - [20/Dec/2025:01:32:16 +0000] "GET /1403694318?goods=1401378596 HTTP/1.1" 500 0 "http://frozynic.com/sitemap.xml" "Mozilla/5.0 (Linux; Android 7.0;) AppleWebKit/537.36 (KHTML, like Gecko) Mobile Safari/537.36 (compatible; PetalBot;+https://webmaster.petalsearch.com/site/petalbot)"
114.119.136.86 - - [20/Dec/2025:01:36:10 +0000] "GET /1403693994?goods=1401378274 HTTP/1.1" 500 0 "http://frozynic.com/sitemap.xml" "Mozilla/5.0 (Linux; Android 7.0;) AppleWebKit/537.36 (KHTML, like Gecko) Mobile Safari/537.36 (compatible; PetalBot;+https://webmaster.petalsearch.com/site/petalbot)"
185.180.13.99 - - [20/Dec/2025:01:38:28 +0000] "GET /mah.php HTTP/1.1" 200 14 "-" "Mozilla/5.0 (Windows NT 10.0; Win64; x64) AppleWebKit/537.36 (KHTML, like Gecko) Chrome/138.0.0.0 Safari/537.36"
185.180.13.99 - - [20/Dec/2025:01:38:29 +0000] "GET /favicon.ico HTTP/1.1" 500 0 "http://frozynic.com/mah.php" "Mozilla/5.0 (Windows NT 10.0; Win64; x64) AppleWebKit/537.36 (KHTML, like Gecko) Chrome/138.0.0.0 Safari/537.36"
69.30.240.242 - - [20/Dec/2025:01:38:30 +0000] "GET /wp-includes/qq1f1382/index.php HTTP/1.1" 500 0 "http://frozynic.com/wp-includes/qq1f1382/index.php" "Mozilla/5.0 (Windows NT 10.0; Win64; x64) AppleWebKit/537.36 (KHTML, like Gecko) Chrome/58.0.3029.110 Safari/537.3"
69.30.240.242 - - [20/Dec/2025:01:39:58 +0000] "GET /wp-includes/qq1f1382/index.php HTTP/1.1" 200 0 "http://frozynic.com/wp-includes/qq1f1382/index.php" "Mozilla/5.0 (Windows NT 10.0; Win64; x64) AppleWebKit/537.36 (KHTML, like Gecko) Chrome/58.0.3029.110 Safari/537.3"
114.119.159.177 - - [20/Dec/2025:01:40:07 +0000] "GET /1403692902?goods=1401377184 HTTP/1.1" 500 0 "http://frozynic.com/sitemap.xml" "Mozilla/5.0 (Linux; Android 7.0;) AppleWebKit/537.36 (KHTML, like Gecko) Mobile Safari/537.36 (compatible; PetalBot;+https://webmaster.petalsearch.com/site/petalbot)"
216.244.66.201 - - [20/Dec/2025:01:41:18 +0000] "GET /link-slot-paling-stabil-di-paruh-pertama-2025-langsung-terhubung-ke-provider-resmi/ HTTP/1.1" 500 0 "-" "Mozilla/5.0 (compatible; DotBot/1.2; +https://opensiteexplorer.org/dotbot; help@moz.com)"
69.197.179.242 - - [20/Dec/2025:01:41:29 +0000] "GET /wp-includes/qq1f1382/index.php?id=612189 HTTP/1.1" 200 0 "http://frozynic.com/wp-includes/qq1f1382/index.php?id=612189" "Mozilla/5.0 (Windows NT 10.0; Win64; x64) AppleWebKit/537.36 (KHTML, like Gecko) Chrome/58.0.3029.110 Safari/537.3"
69.197.179.242 - - [20/Dec/2025:01:42:58 +0000] "GET /wp-includes/qq1f1382/index.php?id=612189 HTTP/1.1" 200 0 "http://frozynic.com/wp-includes/qq1f1382/index.php?id=612189" "Mozilla/5.0 (Windows NT 10.0; Win64; x64) AppleWebKit/537.36 (KHTML, like Gecko) Chrome/58.0.3029.110 Safari/537.3"
114.119.136.86 - - [20/Dec/2025:01:44:03 +0000] "GET /1403692488?goods=1401376769 HTTP/1.1" 500 0 "http://frozynic.com/sitemap.xml" "Mozilla/5.0 (Linux; Android 7.0;) AppleWebKit/537.36 (KHTML, like Gecko) Mobile Safari/537.36 (compatible; PetalBot;+https://webmaster.petalsearch.com/site/petalbot)"
69.197.179.242 - - [20/Dec/2025:01:44:30 +0000] "GET /wp-includes/qq1f1382/index.php?id=612189 HTTP/1.1" 200 0 "http://frozynic.com/wp-includes/qq1f1382/index.php?id=612189" "Mozilla/5.0 (Windows NT 10.0; Win64; x64) AppleWebKit/537.36 (KHTML, like Gecko) Chrome/58.0.3029.110 Safari/537.3"
69.197.179.242 - - [20/Dec/2025:01:45:59 +0000] "GET /wp-includes/qq1f1382/index.php?id=612189 HTTP/1.1" 200 0 "http://frozynic.com/wp-includes/qq1f1382/index.php?id=612189" "Mozilla/5.0 (Windows NT 10.0; Win64; x64) AppleWebKit/537.36 (KHTML, like Gecko) Chrome/58.0.3029.110 Safari/537.3"
69.197.179.242 - - [20/Dec/2025:01:47:35 +0000] "GET /wp-includes/qq1f1382/index.php?id=612189 HTTP/1.1" 200 0 "http://frozynic.com/wp-includes/qq1f1382/index.php?id=612189" "Mozilla/5.0 (Windows NT 10.0; Win64; x64) AppleWebKit/537.36 (KHTML, like Gecko) Chrome/58.0.3029.110 Safari/537.3"
114.119.136.86 - - [20/Dec/2025:01:48:00 +0000] "GET /1403691554?goods=1401375838 HTTP/1.1" 500 0 "http://frozynic.com/sitemap.xml" "Mozilla/5.0 (Linux; Android 7.0;) AppleWebKit/537.36 (KHTML, like Gecko) Mobile Safari/537.36 (compatible; PetalBot;+https://webmaster.petalsearch.com/site/petalbot)"
69.197.179.242 - - [20/Dec/2025:01:49:04 +0000] "GET /wp-includes/qq1f1382/index.php?id=612189 HTTP/1.1" 200 0 "http://frozynic.com/wp-includes/qq1f1382/index.php?id=612189" "Mozilla/5.0 (Windows NT 10.0; Win64; x64) AppleWebKit/537.36 (KHTML, like Gecko) Chrome/58.0.3029.110 Safari/537.3"
69.197.179.242 - - [20/Dec/2025:01:50:34 +0000] "GET /wp-includes/qq1f1382/index.php?id=612189 HTTP/1.1" 200 0 "http://frozynic.com/wp-includes/qq1f1382/index.php?id=612189" "Mozilla/5.0 (Windows NT 10.0; Win64; x64) AppleWebKit/537.36 (KHTML, like Gecko) Chrome/58.0.3029.110 Safari/537.3"
114.119.136.86 - - [20/Dec/2025:01:51:57 +0000] "GET /1403691140?goods=1401375423 HTTP/1.1" 500 0 "http://frozynic.com/sitemap.xml" "Mozilla/5.0 (Linux; Android 7.0;) AppleWebKit/537.36 (KHTML, like Gecko) Mobile Safari/537.36 (compatible; PetalBot;+https://webmaster.petalsearch.com/site/petalbot)"
69.197.179.242 - - [20/Dec/2025:01:52:03 +0000] "GET /wp-includes/qq1f1382/index.php?id=612189 HTTP/1.1" 200 0 "http://frozynic.com/wp-includes/qq1f1382/index.php?id=612189" "Mozilla/5.0 (Windows NT 10.0; Win64; x64) AppleWebKit/537.36 (KHTML, like Gecko) Chrome/58.0.3029.110 Safari/537.3"
69.197.179.242 - - [20/Dec/2025:01:53:35 +0000] "GET /wp-includes/qq1f1382/index.php?id=612189 HTTP/1.1" 200 0 "http://frozynic.com/wp-includes/qq1f1382/index.php?id=612189" "Mozilla/5.0 (Windows NT 10.0; Win64; x64) AppleWebKit/537.36 (KHTML, like Gecko) Chrome/58.0.3029.110 Safari/537.3"
69.197.179.242 - - [20/Dec/2025:01:55:04 +0000] "GET /wp-includes/qq1f1382/index.php?id=612189 HTTP/1.1" 200 0 "http://frozynic.com/wp-includes/qq1f1382/index.php?id=612189" "Mozilla/5.0 (Windows NT 10.0; Win64; x64) AppleWebKit/537.36 (KHTML, like Gecko) Chrome/58.0.3029.110 Safari/537.3"
114.119.159.177 - - [20/Dec/2025:01:55:54 +0000] "GET /1403690048?goods=1401374333 HTTP/1.1" 500 0 "http://frozynic.com/sitemap.xml" "Mozilla/5.0 (Linux; Android 7.0;) AppleWebKit/537.36 (KHTML, like Gecko) Mobile Safari/537.36 (compatible; PetalBot;+https://webmaster.petalsearch.com/site/petalbot)"
69.197.179.242 - - [20/Dec/2025:01:57:06 +0000] "GET /wp-includes/qq1f1382/index.php?id=612189 HTTP/1.1" 200 0 "http://frozynic.com/wp-includes/qq1f1382/index.php?id=612189" "Mozilla/5.0 (Windows NT 10.0; Win64; x64) AppleWebKit/537.36 (KHTML, like Gecko) Chrome/58.0.3029.110 Safari/537.3"
69.197.179.242 - - [20/Dec/2025:01:58:35 +0000] "GET /wp-includes/qq1f1382/index.php?id=612189 HTTP/1.1" 200 0 "http://frozynic.com/wp-includes/qq1f1382/index.php?id=612189" "Mozilla/5.0 (Windows NT 10.0; Win64; x64) AppleWebKit/537.36 (KHTML, like Gecko) Chrome/58.0.3029.110 Safari/537.3"
114.119.159.177 - - [20/Dec/2025:01:59:51 +0000] "GET /1403689788?goods=1401374075 HTTP/1.1" 500 0 "http://frozynic.com/sitemap.xml" "Mozilla/5.0 (Linux; Android 7.0;) AppleWebKit/537.36 (KHTML, like Gecko) Mobile Safari/537.36 (compatible; PetalBot;+https://webmaster.petalsearch.com/site/petalbot)"
69.197.179.242 - - [20/Dec/2025:02:00:04 +0000] "GET /wp-includes/qq1f1382/index.php?id=612189 HTTP/1.1" 200 0 "http://frozynic.com/wp-includes/qq1f1382/index.php?id=612189" "Mozilla/5.0 (Windows NT 10.0; Win64; x64) AppleWebKit/537.36 (KHTML, like Gecko) Chrome/58.0.3029.110 Safari/537.3"
69.197.179.242 - - [20/Dec/2025:02:01:34 +0000] "GET /wp-includes/qq1f1382/index.php?id=612189 HTTP/1.1" 200 0 "http://frozynic.com/wp-includes/qq1f1382/index.php?id=612189" "Mozilla/5.0 (Windows NT 10.0; Win64; x64) AppleWebKit/537.36 (KHTML, like Gecko) Chrome/58.0.3029.110 Safari/537.3"
69.197.179.242 - - [20/Dec/2025:02:03:04 +0000] "GET /wp-includes/qq1f1382/index.php?id=612189 HTTP/1.1" 200 0 "http://frozynic.com/wp-includes/qq1f1382/index.php?id=612189" "Mozilla/5.0 (Windows NT 10.0; Win64; x64) AppleWebKit/537.36 (KHTML, like Gecko) Chrome/58.0.3029.110 Safari/537.3"
69.30.225.34 - - [20/Dec/2025:02:03:09 +0000] "GET /index.php?params=1 HTTP/1.1" 500 0 "-" "Mozilla/5.0 (Windows NT 10.0; Win64; x64) AppleWebKit/537.36 (KHTML, like Gecko) Chrome/131.0.0.0 Safari/537.36"
27.49.19.48 - - [20/Dec/2025:02:03:51 +0000] "GET /index.php?params HTTP/1.1" 500 0 "-" "Mozilla/5.0 (Windows NT 10.0; Win64; x64) AppleWebKit/537.36 (KHTML, like Gecko) Chrome/91.0.4472.106 Safari/537.36"
114.119.136.86 - - [20/Dec/2025:02:03:54 +0000] "GET /1403689374?goods=1401373660 HTTP/1.1" 500 0 "http://frozynic.com/sitemap.xml" "Mozilla/5.0 (Linux; Android 7.0;) AppleWebKit/537.36 (KHTML, like Gecko) Mobile Safari/537.36 (compatible; PetalBot;+https://webmaster.petalsearch.com/site/petalbot)"
190.105.208.187 - - [20/Dec/2025:02:04:26 +0000] "GET /index.php?params=1 HTTP/1.1" 500 0 "-" "Mozilla/5.0 (Windows NT 10.0; Win64; x64) AppleWebKit/537.36 (KHTML, like Gecko) Chrome/131.0.0.0 Safari/537.36"
69.197.179.242 - - [20/Dec/2025:02:04:34 +0000] "GET /wp-includes/qq1f1382/index.php?id=612189 HTTP/1.1" 200 0 "http://frozynic.com/wp-includes/qq1f1382/index.php?id=612189" "Mozilla/5.0 (Windows NT 10.0; Win64; x64) AppleWebKit/537.36 (KHTML, like Gecko) Chrome/58.0.3029.110 Safari/537.3"
69.197.179.242 - - [20/Dec/2025:02:06:03 +0000] "GET /wp-includes/qq1f1382/index.php?id=612189 HTTP/1.1" 200 0 "http://frozynic.com/wp-includes/qq1f1382/index.php?id=612189" "Mozilla/5.0 (Windows NT 10.0; Win64; x64) AppleWebKit/537.36 (KHTML, like Gecko) Chrome/58.0.3029.110 Safari/537.3"
69.197.179.242 - - [20/Dec/2025:02:07:32 +0000] "GET /wp-includes/qq1f1382/index.php?id=612189 HTTP/1.1" 200 0 "http://frozynic.com/wp-includes/qq1f1382/index.php?id=612189" "Mozilla/5.0 (Windows NT 10.0; Win64; x64) AppleWebKit/537.36 (KHTML, like Gecko) Chrome/58.0.3029.110 Safari/537.3"
114.119.159.177 - - [20/Dec/2025:02:07:45 +0000] "GET /1403688696?goods=1401372985 HTTP/1.1" 500 0 "http://frozynic.com/sitemap.xml" "Mozilla/5.0 (Linux; Android 7.0;) AppleWebKit/537.36 (KHTML, like Gecko) Mobile Safari/537.36 (compatible; PetalBot;+https://webmaster.petalsearch.com/site/petalbot)"
69.197.179.242 - - [20/Dec/2025:02:09:01 +0000] "GET /wp-includes/qq1f1382/index.php?id=612189 HTTP/1.1" 200 0 "http://frozynic.com/wp-includes/qq1f1382/index.php?id=612189" "Mozilla/5.0 (Windows NT 10.0; Win64; x64) AppleWebKit/537.36 (KHTML, like Gecko) Chrome/58.0.3029.110 Safari/537.3"
69.197.179.242 - - [20/Dec/2025:02:10:30 +0000] "GET /wp-includes/qq1f1382/index.php?id=612189 HTTP/1.1" 200 0 "http://frozynic.com/wp-includes/qq1f1382/index.php?id=612189" "Mozilla/5.0 (Windows NT 10.0; Win64; x64) AppleWebKit/537.36 (KHTML, like Gecko) Chrome/58.0.3029.110 Safari/537.3"
114.119.159.177 - - [20/Dec/2025:02:11:43 +0000] "GET /1403697044?goods=1401381319 HTTP/1.1" 500 0 "http://frozynic.com/sitemap.xml" "Mozilla/5.0 (Linux; Android 7.0;) AppleWebKit/537.36 (KHTML, like Gecko) Mobile Safari/537.36 (compatible; PetalBot;+https://webmaster.petalsearch.com/site/petalbot)"
69.197.179.242 - - [20/Dec/2025:02:12:07 +0000] "GET /wp-includes/qq1f1382/index.php?id=612189 HTTP/1.1" 200 0 "http://frozynic.com/wp-includes/qq1f1382/index.php?id=612189" "Mozilla/5.0 (Windows NT 10.0; Win64; x64) AppleWebKit/537.36 (KHTML, like Gecko) Chrome/58.0.3029.110 Safari/537.3"
69.197.179.242 - - [20/Dec/2025:02:13:36 +0000] "GET /wp-includes/qq1f1382/index.php?id=612189 HTTP/1.1" 200 0 "http://frozynic.com/wp-includes/qq1f1382/index.php?id=612189" "Mozilla/5.0 (Windows NT 10.0; Win64; x64) AppleWebKit/537.36 (KHTML, like Gecko) Chrome/58.0.3029.110 Safari/537.3"
69.197.179.242 - - [20/Dec/2025:02:15:08 +0000] "GET /wp-includes/qq1f1382/index.php?id=612189 HTTP/1.1" 200 0 "http://frozynic.com/wp-includes/qq1f1382/index.php?id=612189" "Mozilla/5.0 (Windows NT 10.0; Win64; x64) AppleWebKit/537.36 (KHTML, like Gecko) Chrome/58.0.3029.110 Safari/537.3"
114.119.159.177 - - [20/Dec/2025:02:15:38 +0000] "GET /1403695952?goods=1401380229 HTTP/1.1" 500 0 "http://frozynic.com/sitemap.xml" "Mozilla/5.0 (Linux; Android 7.0;) AppleWebKit/537.36 (KHTML, like Gecko) Mobile Safari/537.36 (compatible; PetalBot;+https://webmaster.petalsearch.com/site/petalbot)"
69.197.179.242 - - [20/Dec/2025:02:16:37 +0000] "GET /wp-includes/qq1f1382/index.php?id=612189 HTTP/1.1" 200 0 "http://frozynic.com/wp-includes/qq1f1382/index.php?id=612189" "Mozilla/5.0 (Windows NT 10.0; Win64; x64) AppleWebKit/537.36 (KHTML, like Gecko) Chrome/58.0.3029.110 Safari/537.3"
69.197.179.242 - - [20/Dec/2025:02:18:34 +0000] "GET /wp-includes/qq1f1382/index.php?id=612189 HTTP/1.1" 200 0 "http://frozynic.com/wp-includes/qq1f1382/index.php?id=612189" "Mozilla/5.0 (Windows NT 10.0; Win64; x64) AppleWebKit/537.36 (KHTML, like Gecko) Chrome/58.0.3029.110 Safari/537.3"
69.197.179.242 - - [20/Dec/2025:02:23:35 +0000] "GET /wp-includes/qq1f1382/index.php?id=612189 HTTP/1.1" 499 0 "http://frozynic.com/wp-includes/qq1f1382/index.php?id=612189" "Mozilla/5.0 (Windows NT 10.0; Win64; x64) AppleWebKit/537.36 (KHTML, like Gecko) Chrome/58.0.3029.110 Safari/537.3"
114.119.136.86 - - [20/Dec/2025:02:24:34 +0000] "GET /1403695410?goods=1401379686 HTTP/1.1" 499 0 "http://frozynic.com/sitemap.xml" "Mozilla/5.0 (Linux; Android 7.0;) AppleWebKit/537.36 (KHTML, like Gecko) Mobile Safari/537.36 (compatible; PetalBot;+https://webmaster.petalsearch.com/site/petalbot)"
114.119.159.177 - - [20/Dec/2025:02:28:31 +0000] "GET /1403694604?goods=1401378883 HTTP/1.1" 499 0 "http://frozynic.com/sitemap.xml" "Mozilla/5.0 (Linux; Android 7.0;) AppleWebKit/537.36 (KHTML, like Gecko) Mobile Safari/537.36 (compatible; PetalBot;+https://webmaster.petalsearch.com/site/petalbot)"
114.119.159.177 - - [20/Dec/2025:02:29:07 +0000] "GET /1403694318?goods=1401378596 HTTP/1.1" 499 0 "http://frozynic.com/sitemap.xml" "Mozilla/5.0 (Linux; Android 7.0;) AppleWebKit/537.36 (KHTML, like Gecko) Mobile Safari/537.36 (compatible; PetalBot;+https://webmaster.petalsearch.com/site/petalbot)"
66.249.77.161 - - [20/Dec/2025:02:30:41 +0000] "GET /?r=5281410947803 HTTP/1.1" 200 109547 "-" "Mozilla/5.0 (Linux; Android 6.0.1; Nexus 5X Build/MMB29P) AppleWebKit/537.36 (KHTML, like Gecko) Chrome/141.0.7390.122 Mobile Safari/537.36 (compatible; Googlebot/2.1; +http://www.google.com/bot.html)"
66.249.77.161 - - [20/Dec/2025:02:31:33 +0000] "GET /?r=050413747002 HTTP/1.1" 200 111451 "-" "Mozilla/5.0 (Linux; Android 6.0.1; Nexus 5X Build/MMB29P) AppleWebKit/537.36 (KHTML, like Gecko) Chrome/141.0.7390.122 Mobile Safari/537.36 (compatible; Googlebot/2.1; +http://www.google.com/bot.html)"
66.249.77.168 - - [20/Dec/2025:02:32:07 +0000] "GET /?r=22061101454000 HTTP/1.1" 200 113502 "-" "Mozilla/5.0 (Linux; Android 6.0.1; Nexus 5X Build/MMB29P) AppleWebKit/537.36 (KHTML, like Gecko) Chrome/141.0.7390.122 Mobile Safari/537.36 (compatible; Googlebot/2.1; +http://www.google.com/bot.html)"
66.249.77.167 - - [20/Dec/2025:02:32:09 +0000] "GET /?r=87756195828800 HTTP/1.1" 200 120675 "-" "Mozilla/5.0 (Linux; Android 6.0.1; Nexus 5X Build/MMB29P) AppleWebKit/537.36 (KHTML, like Gecko) Chrome/141.0.7390.122 Mobile Safari/537.36 (compatible; Googlebot/2.1; +http://www.google.com/bot.html)"
114.119.159.177 - - [20/Dec/2025:02:32:23 +0000] "GET /1403693994?goods=1401378274 HTTP/1.1" 500 0 "http://frozynic.com/sitemap.xml" "Mozilla/5.0 (Linux; Android 7.0;) AppleWebKit/537.36 (KHTML, like Gecko) Mobile Safari/537.36 (compatible; PetalBot;+https://webmaster.petalsearch.com/site/petalbot)"
66.249.77.167 - - [20/Dec/2025:02:33:22 +0000] "GET /?r=1114430860001 HTTP/1.1" 200 117318 "-" "Mozilla/5.0 (Linux; Android 6.0.1; Nexus 5X Build/MMB29P) AppleWebKit/537.36 (KHTML, like Gecko) Chrome/141.0.7390.122 Mobile Safari/537.36 (compatible; Googlebot/2.1; +http://www.google.com/bot.html)"
66.249.77.167 - - [20/Dec/2025:02:33:24 +0000] "GET /?r=9136098648803 HTTP/1.1" 200 109050 "-" "Mozilla/5.0 (Linux; Android 6.0.1; Nexus 5X Build/MMB29P) AppleWebKit/537.36 (KHTML, like Gecko) Chrome/141.0.7390.122 Mobile Safari/537.36 (compatible; Googlebot/2.1; +http://www.google.com/bot.html)"
66.249.77.167 - - [20/Dec/2025:02:33:26 +0000] "GET /?r=71607228106003 HTTP/1.1" 200 130472 "-" "Mozilla/5.0 (Linux; Android 6.0.1; Nexus 5X Build/MMB29P) AppleWebKit/537.36 (KHTML, like Gecko) Chrome/141.0.7390.122 Mobile Safari/537.36 (compatible; Googlebot/2.1; +http://www.google.com/bot.html)"
66.249.77.160 - - [20/Dec/2025:02:34:02 +0000] "GET /?r=89905291317401 HTTP/1.1" 200 107925 "-" "Mozilla/5.0 (Linux; Android 6.0.1; Nexus 5X Build/MMB29P) AppleWebKit/537.36 (KHTML, like Gecko) Chrome/141.0.7390.122 Mobile Safari/537.36 (compatible; Googlebot/2.1; +http://www.google.com/bot.html)"
114.119.136.86 - - [20/Dec/2025:02:36:49 +0000] "GET /1403692902?goods=1401377184 HTTP/1.1" 500 0 "http://frozynic.com/sitemap.xml" "Mozilla/5.0 (Linux; Android 7.0;) AppleWebKit/537.36 (KHTML, like Gecko) Mobile Safari/537.36 (compatible; PetalBot;+https://webmaster.petalsearch.com/site/petalbot)"
114.119.136.86 - - [20/Dec/2025:02:41:05 +0000] "GET /1403692488?goods=1401376769 HTTP/1.1" 500 0 "http://frozynic.com/sitemap.xml" "Mozilla/5.0 (Linux; Android 7.0;) AppleWebKit/537.36 (KHTML, like Gecko) Mobile Safari/537.36 (compatible; PetalBot;+https://webmaster.petalsearch.com/site/petalbot)"
114.119.159.177 - - [20/Dec/2025:02:45:28 +0000] "GET /1403691554?goods=1401375838 HTTP/1.1" 500 0 "http://frozynic.com/sitemap.xml" "Mozilla/5.0 (Linux; Android 7.0;) AppleWebKit/537.36 (KHTML, like Gecko) Mobile Safari/537.36 (compatible; PetalBot;+https://webmaster.petalsearch.com/site/petalbot)"
216.244.66.201 - - [20/Dec/2025:02:47:06 +0000] "GET /robots.txt HTTP/1.1" 200 294 "-" "Mozilla/5.0 (compatible; DotBot/1.2; +https://opensiteexplorer.org/dotbot; help@moz.com)"
114.119.136.86 - - [20/Dec/2025:02:49:56 +0000] "GET /1403691140?goods=1401375423 HTTP/1.1" 500 0 "http://frozynic.com/sitemap.xml" "Mozilla/5.0 (Linux; Android 7.0;) AppleWebKit/537.36 (KHTML, like Gecko) Mobile Safari/537.36 (compatible; PetalBot;+https://webmaster.petalsearch.com/site/petalbot)"
114.119.136.86 - - [20/Dec/2025:02:54:18 +0000] "GET /1403690048?goods=1401374333 HTTP/1.1" 200 0 "http://frozynic.com/sitemap.xml" "Mozilla/5.0 (Linux; Android 7.0;) AppleWebKit/537.36 (KHTML, like Gecko) Mobile Safari/537.36 (compatible; PetalBot;+https://webmaster.petalsearch.com/site/petalbot)"
50.18.72.47 - - [20/Dec/2025:02:54:37 +0000] "GET / HTTP/1.1" 200 0 "-" "Mozilla/5.0 (X11; Linux x86_64) AppleWebKit/537.36 (KHTML, like Gecko) Chrome/137.0.0.0 Safari/537.36"
216.244.66.201 - - [20/Dec/2025:02:54:59 +0000] "GET /about-us/ HTTP/1.1" 200 0 "-" "Mozilla/5.0 (compatible; DotBot/1.2; +https://opensiteexplorer.org/dotbot; help@moz.com)"
114.119.136.86 - - [20/Dec/2025:02:58:37 +0000] "GET /1403689788?goods=1401374075 HTTP/1.1" 200 0 "http://frozynic.com/sitemap.xml" "Mozilla/5.0 (Linux; Android 7.0;) AppleWebKit/537.36 (KHTML, like Gecko) Mobile Safari/537.36 (compatible; PetalBot;+https://webmaster.petalsearch.com/site/petalbot)"
185.12.149.40 - - [20/Dec/2025:03:00:04 +0000] "GET / HTTP/1.1" 200 0 "-" "Mozilla/5.0 (Windows NT 6.1; Win64; x64; rv:109.0) Gecko/20100101 Firefox/115"
114.119.136.86 - - [20/Dec/2025:03:03:01 +0000] "GET /1403689374?goods=1401373660 HTTP/1.1" 200 0 "http://frozynic.com/sitemap.xml" "Mozilla/5.0 (Linux; Android 7.0;) AppleWebKit/537.36 (KHTML, like Gecko) Mobile Safari/537.36 (compatible; PetalBot;+https://webmaster.petalsearch.com/site/petalbot)"
114.119.136.86 - - [20/Dec/2025:03:07:23 +0000] "GET /1403688696?goods=1401372985 HTTP/1.1" 200 0 "http://frozynic.com/sitemap.xml" "Mozilla/5.0 (Linux; Android 7.0;) AppleWebKit/537.36 (KHTML, like Gecko) Mobile Safari/537.36 (compatible; PetalBot;+https://webmaster.petalsearch.com/site/petalbot)"
114.119.136.86 - - [20/Dec/2025:03:11:48 +0000] "GET /1403688282?goods=1401372570 HTTP/1.1" 200 0 "http://frozynic.com/sitemap.xml" "Mozilla/5.0 (Linux; Android 7.0;) AppleWebKit/537.36 (KHTML, like Gecko) Mobile Safari/537.36 (compatible; PetalBot;+https://webmaster.petalsearch.com/site/petalbot)"
114.119.159.177 - - [20/Dec/2025:03:16:13 +0000] "GET /1403686934?goods=1401371224 HTTP/1.1" 200 0 "http://frozynic.com/sitemap.xml" "Mozilla/5.0 (Linux; Android 7.0;) AppleWebKit/537.36 (KHTML, like Gecko) Mobile Safari/537.36 (compatible; PetalBot;+https://webmaster.petalsearch.com/site/petalbot)"
114.119.136.86 - - [20/Dec/2025:03:20:33 +0000] "GET /1403686866?goods=1401371158 HTTP/1.1" 200 0 "http://frozynic.com/sitemap.xml" "Mozilla/5.0 (Linux; Android 7.0;) AppleWebKit/537.36 (KHTML, like Gecko) Mobile Safari/537.36 (compatible; PetalBot;+https://webmaster.petalsearch.com/site/petalbot)"
45.138.16.99 - - [20/Dec/2025:03:22:36 +0000] "GET / HTTP/1.1" 200 0 "-" "Mozlila/5.0 (Linux; Android 7.0; SM-G892A Bulid/NRD90M; wv) AppleWebKit/537.36 (KHTML, like Gecko) Version/4.0 Chrome/60.0.3112.107 Moblie Safari/537.36"
45.138.16.99 - - [20/Dec/2025:03:22:36 +0000] "POST /ALFA_DATA/alfacgiapi/perl.alfa HTTP/1.1" 200 0 "www.google.com" "Mozlila/5.0 (Linux; Android 7.0; SM-G892A Bulid/NRD90M; wv) AppleWebKit/537.36 (KHTML, like Gecko) Version/4.0 Chrome/60.0.3112.107 Moblie Safari/537.36"
45.138.16.99 - - [20/Dec/2025:03:22:36 +0000] "POST /wp-plain.php HTTP/1.1" 403 0 "www.google.com" "Mozilla/5.0 (Linux; Android 7.0; SM-G892A Bulid/NRD90M; wv) AppleWebKit/537.36 (KHTML, like Gecko) Version/4.0 Chrome/60.0.3112.107 Moblie Safari/537.36"
45.138.16.99 - - [20/Dec/2025:03:22:36 +0000] "GET /wp-content/themes/seotheme/db.php?u HTTP/1.1" 200 0 "www.google.com" "Mozlila/5.0 (Linux; Android 7.0; SM-G892A Bulid/NRD90M; wv) AppleWebKit/537.36 (KHTML, like Gecko) Version/4.0 Chrome/60.0.3112.107 Moblie Safari/537.36"
45.138.16.99 - - [20/Dec/2025:03:22:36 +0000] "GET /wp-content/plugins/fix/up.php HTTP/1.1" 200 0 "-" "Mozilla/5.0 (Windows NT 10.0; Win64; x64) AppleWebKit/537.36 (KHTML, like Gecko) Chrome/85.0.4183.102 Safari/537.36"
45.138.16.99 - - [20/Dec/2025:03:22:36 +0000] "POST /alfacgiapi/perl.alfa HTTP/1.1" 200 0 "www.google.com" "Mozlila/5.0 (Linux; Android 7.0; SM-G892A Bulid/NRD90M; wv) AppleWebKit/537.36 (KHTML, like Gecko) Version/4.0 Chrome/60.0.3112.107 Moblie Safari/537.36"
45.138.16.99 - - [20/Dec/2025:03:22:36 +0000] "GET /hlpyloux.php?Fox=d3wL7 HTTP/1.1" 403 0 "www.google.com" "Mozilla/5.0 (Linux; Android 7.0; SM-G892A Bulid/NRD90M; wv) AppleWebKit/537.36 (KHTML, like Gecko) Version/4.0 Chrome/60.0.3112.107 Moblie Safari/537.36"
114.119.136.86 - - [20/Dec/2025:03:24:56 +0000] "GET /1403686324?goods=1401370615 HTTP/1.1" 200 0 "http://frozynic.com/sitemap.xml" "Mozilla/5.0 (Linux; Android 7.0;) AppleWebKit/537.36 (KHTML, like Gecko) Mobile Safari/537.36 (compatible; PetalBot;+https://webmaster.petalsearch.com/site/petalbot)"
114.119.136.86 - - [20/Dec/2025:03:29:19 +0000] "GET /1403685518?goods=1401369812 HTTP/1.1" 200 0 "http://frozynic.com/sitemap.xml" "Mozilla/5.0 (Linux; Android 7.0;) AppleWebKit/537.36 (KHTML, like Gecko) Mobile Safari/537.36 (compatible; PetalBot;+https://webmaster.petalsearch.com/site/petalbot)"
114.119.159.177 - - [20/Dec/2025:03:33:43 +0000] "GET /1403685232?goods=1401369525 HTTP/1.1" 200 0 "http://frozynic.com/sitemap.xml" "Mozilla/5.0 (Linux; Android 7.0;) AppleWebKit/537.36 (KHTML, like Gecko) Mobile Safari/537.36 (compatible; PetalBot;+https://webmaster.petalsearch.com/site/petalbot)"
114.119.136.86 - - [20/Dec/2025:03:38:06 +0000] "GET /1403684426?goods=1401368722 HTTP/1.1" 200 0 "http://frozynic.com/sitemap.xml" "Mozilla/5.0 (Linux; Android 7.0;) AppleWebKit/537.36 (KHTML, like Gecko) Mobile Safari/537.36 (compatible; PetalBot;+https://webmaster.petalsearch.com/site/petalbot)"
114.119.159.177 - - [20/Dec/2025:03:42:29 +0000] "GET /1403683884?goods=1401368179 HTTP/1.1" 200 0 "http://frozynic.com/sitemap.xml" "Mozilla/5.0 (Linux; Android 7.0;) AppleWebKit/537.36 (KHTML, like Gecko) Mobile Safari/537.36 (compatible; PetalBot;+https://webmaster.petalsearch.com/site/petalbot)"
114.119.136.86 - - [20/Dec/2025:03:46:52 +0000] "GET /1403683816?goods=1401368113 HTTP/1.1" 200 0 "http://frozynic.com/sitemap.xml" "Mozilla/5.0 (Linux; Android 7.0;) AppleWebKit/537.36 (KHTML, like Gecko) Mobile Safari/537.36 (compatible; PetalBot;+https://webmaster.petalsearch.com/site/petalbot)"
114.119.159.177 - - [20/Dec/2025:03:51:17 +0000] "GET /1403682468?goods=1401366767 HTTP/1.1" 200 0 "http://frozynic.com/sitemap.xml" "Mozilla/5.0 (Linux; Android 7.0;) AppleWebKit/537.36 (KHTML, like Gecko) Mobile Safari/537.36 (compatible; PetalBot;+https://webmaster.petalsearch.com/site/petalbot)"
216.244.66.201 - - [20/Dec/2025:03:55:29 +0000] "GET /tag/rtp-slot/ HTTP/1.1" 200 0 "-" "Mozilla/5.0 (compatible; DotBot/1.2; +https://opensiteexplorer.org/dotbot; help@moz.com)"
114.119.136.86 - - [20/Dec/2025:03:55:39 +0000] "GET /1403682054?goods=1401366352 HTTP/1.1" 200 0 "http://frozynic.com/sitemap.xml" "Mozilla/5.0 (Linux; Android 7.0;) AppleWebKit/537.36 (KHTML, like Gecko) Mobile Safari/537.36 (compatible; PetalBot;+https://webmaster.petalsearch.com/site/petalbot)"
114.119.136.86 - - [20/Dec/2025:04:00:03 +0000] "GET /1403681376?goods=1401365677 HTTP/1.1" 200 0 "http://frozynic.com/sitemap.xml" "Mozilla/5.0 (Linux; Android 7.0;) AppleWebKit/537.36 (KHTML, like Gecko) Mobile Safari/537.36 (compatible; PetalBot;+https://webmaster.petalsearch.com/site/petalbot)"
36.41.75.167 - - [20/Dec/2025:04:00:40 +0000] "GET / HTTP/1.1" 200 0 "-" "Mozilla/5.0 (iPhone; CPU iPhone OS 13_2_3 like Mac OS X) AppleWebKit/605.1.15 (KHTML, like Gecko) Version/13.0.3 Mobile/15E148 Safari/604.1"
69.30.225.34 - - [20/Dec/2025:04:02:43 +0000] "GET /index.php?params=1 HTTP/1.1" 200 375 "-" "Mozilla/5.0 (Windows NT 10.0; Win64; x64) AppleWebKit/537.36 (KHTML, like Gecko) Chrome/131.0.0.0 Safari/537.36"
114.119.159.177 - - [20/Dec/2025:04:04:25 +0000] "GET /1403680962?goods=1401365262 HTTP/1.1" 200 0 "http://frozynic.com/sitemap.xml" "Mozilla/5.0 (Linux; Android 7.0;) AppleWebKit/537.36 (KHTML, like Gecko) Mobile Safari/537.36 (compatible; PetalBot;+https://webmaster.petalsearch.com/site/petalbot)"
66.249.77.167 - - [20/Dec/2025:04:05:24 +0000] "GET /?r=2627733607204 HTTP/1.1" 200 185522 "-" "Mozilla/5.0 (Linux; Android 6.0.1; Nexus 5X Build/MMB29P) AppleWebKit/537.36 (KHTML, like Gecko) Chrome/141.0.7390.122 Mobile Safari/537.36 (compatible; Googlebot/2.1; +http://www.google.com/bot.html)"
66.249.77.167 - - [20/Dec/2025:04:05:36 +0000] "GET /?r=9981746337206 HTTP/1.1" 200 188667 "-" "Mozilla/5.0 (Linux; Android 6.0.1; Nexus 5X Build/MMB29P) AppleWebKit/537.36 (KHTML, like Gecko) Chrome/141.0.7390.122 Mobile Safari/537.36 (compatible; Googlebot/2.1; +http://www.google.com/bot.html)"
66.249.77.163 - - [20/Dec/2025:04:06:08 +0000] "GET /?r=2979845064201 HTTP/1.1" 200 187572 "-" "Mozilla/5.0 (Linux; Android 6.0.1; Nexus 5X Build/MMB29P) AppleWebKit/537.36 (KHTML, like Gecko) Chrome/141.0.7390.122 Mobile Safari/537.36 (compatible; Googlebot/2.1; +http://www.google.com/bot.html)"
157.15.63.201 - - [20/Dec/2025:04:08:39 +0000] "GET /index.php?params HTTP/1.1" 200 362 "-" "Mozilla/5.0 (Windows NT 10.0; Win64; x64) AppleWebKit/537.36 (KHTML, like Gecko) Chrome/91.0.4472.106 Safari/537.36"
114.119.136.86 - - [20/Dec/2025:04:08:59 +0000] "GET /1403680702?goods=1401365004 HTTP/1.1" 200 0 "http://frozynic.com/sitemap.xml" "Mozilla/5.0 (Linux; Android 7.0;) AppleWebKit/537.36 (KHTML, like Gecko) Mobile Safari/537.36 (compatible; PetalBot;+https://webmaster.petalsearch.com/site/petalbot)"
114.119.136.86 - - [20/Dec/2025:04:13:13 +0000] "GET /1403679610?goods=1401363914 HTTP/1.1" 200 0 "http://frozynic.com/sitemap.xml" "Mozilla/5.0 (Linux; Android 7.0;) AppleWebKit/537.36 (KHTML, like Gecko) Mobile Safari/537.36 (compatible; PetalBot;+https://webmaster.petalsearch.com/site/petalbot)"
114.119.159.177 - - [20/Dec/2025:04:17:35 +0000] "GET /1403679196?goods=1401363499 HTTP/1.1" 200 0 "http://frozynic.com/sitemap.xml" "Mozilla/5.0 (Linux; Android 7.0;) AppleWebKit/537.36 (KHTML, like Gecko) Mobile Safari/537.36 (compatible; PetalBot;+https://webmaster.petalsearch.com/site/petalbot)"
66.249.77.167 - - [20/Dec/2025:04:21:34 +0000] "GET /robots.txt HTTP/1.1" 200 76 "-" "Mozilla/5.0 (compatible; Googlebot/2.1; +http://www.google.com/bot.html)"
66.249.77.167 - - [20/Dec/2025:04:21:34 +0000] "GET /?r=1982349647000 HTTP/1.1" 200 185453 "-" "Mozilla/5.0 (Linux; Android 6.0.1; Nexus 5X Build/MMB29P) AppleWebKit/537.36 (KHTML, like Gecko) Chrome/141.0.7390.122 Mobile Safari/537.36 (compatible; Googlebot/2.1; +http://www.google.com/bot.html)"
114.119.136.86 - - [20/Dec/2025:04:22:04 +0000] "GET /1403678262?goods=1401362568 HTTP/1.1" 200 0 "http://frozynic.com/sitemap.xml" "Mozilla/5.0 (Linux; Android 7.0;) AppleWebKit/537.36 (KHTML, like Gecko) Mobile Safari/537.36 (compatible; PetalBot;+https://webmaster.petalsearch.com/site/petalbot)"
114.119.159.177 - - [20/Dec/2025:04:26:28 +0000] "GET /1403677848?goods=1401362153 HTTP/1.1" 200 0 "http://frozynic.com/sitemap.xml" "Mozilla/5.0 (Linux; Android 7.0;) AppleWebKit/537.36 (KHTML, like Gecko) Mobile Safari/537.36 (compatible; PetalBot;+https://webmaster.petalsearch.com/site/petalbot)"
198.244.168.117 - - [20/Dec/2025:04:28:00 +0000] "GET /robots.txt HTTP/1.1" 200 0 "-" "Mozilla/5.0 (compatible; AhrefsBot/7.0; +http://ahrefs.com/robot/)"
198.244.183.181 - - [20/Dec/2025:04:28:04 +0000] "GET / HTTP/1.1" 200 0 "-" "Mozilla/5.0 (compatible; AhrefsBot/7.0; +http://ahrefs.com/robot/)"
216.244.66.201 - - [20/Dec/2025:04:29:22 +0000] "GET /robots.txt HTTP/1.1" 200 76 "-" "Mozilla/5.0 (compatible; DotBot/1.2; +https://opensiteexplorer.org/dotbot; help@moz.com)"
114.119.136.86 - - [20/Dec/2025:04:30:44 +0000] "GET /1403676756?goods=1401361063 HTTP/1.1" 200 0 "http://frozynic.com/sitemap.xml" "Mozilla/5.0 (Linux; Android 7.0;) AppleWebKit/537.36 (KHTML, like Gecko) Mobile Safari/537.36 (compatible; PetalBot;+https://webmaster.petalsearch.com/site/petalbot)"
114.119.136.86 - - [20/Dec/2025:04:35:07 +0000] "GET /1403676432?goods=1401360741 HTTP/1.1" 200 0 "http://frozynic.com/sitemap.xml" "Mozilla/5.0 (Linux; Android 7.0;) AppleWebKit/537.36 (KHTML, like Gecko) Mobile Safari/537.36 (compatible; PetalBot;+https://webmaster.petalsearch.com/site/petalbot)"
66.249.77.160 - - [20/Dec/2025:04:37:16 +0000] "GET /?r=7491343027400 HTTP/1.1" 200 192101 "-" "Mozilla/5.0 (Linux; Android 6.0.1; Nexus 5X Build/MMB29P) AppleWebKit/537.36 (KHTML, like Gecko) Chrome/141.0.7390.122 Mobile Safari/537.36 (compatible; Googlebot/2.1; +http://www.google.com/bot.html)"
66.249.77.167 - - [20/Dec/2025:04:37:27 +0000] "GET /?r=42880129608 HTTP/1.1" 200 181008 "-" "Mozilla/5.0 (Linux; Android 6.0.1; Nexus 5X Build/MMB29P) AppleWebKit/537.36 (KHTML, like Gecko) Chrome/141.0.7390.122 Mobile Safari/537.36 (compatible; Googlebot/2.1; +http://www.google.com/bot.html)"
66.249.77.167 - - [20/Dec/2025:04:37:37 +0000] "GET /?r=2922013493804 HTTP/1.1" 200 175014 "-" "Mozilla/5.0 (Linux; Android 6.0.1; Nexus 5X Build/MMB29P) AppleWebKit/537.36 (KHTML, like Gecko) Chrome/141.0.7390.122 Mobile Safari/537.36 (compatible; Googlebot/2.1; +http://www.google.com/bot.html)"
66.249.77.167 - - [20/Dec/2025:04:38:17 +0000] "GET /?r=5241424187002 HTTP/1.1" 200 184460 "-" "Mozilla/5.0 (Linux; Android 6.0.1; Nexus 5X Build/MMB29P) AppleWebKit/537.36 (KHTML, like Gecko) Chrome/141.0.7390.122 Mobile Safari/537.36 (compatible; Googlebot/2.1; +http://www.google.com/bot.html)"
66.249.77.167 - - [20/Dec/2025:04:38:24 +0000] "GET /?r=6564014257600 HTTP/1.1" 200 190742 "-" "Mozilla/5.0 (Linux; Android 6.0.1; Nexus 5X Build/MMB29P) AppleWebKit/537.36 (KHTML, like Gecko) Chrome/141.0.7390.122 Mobile Safari/537.36 (compatible; Googlebot/2.1; +http://www.google.com/bot.html)"
66.249.77.167 - - [20/Dec/2025:04:38:37 +0000] "GET /?r=3922835644002 HTTP/1.1" 200 185108 "-" "Mozilla/5.0 (Linux; Android 6.0.1; Nexus 5X Build/MMB29P) AppleWebKit/537.36 (KHTML, like Gecko) Chrome/141.0.7390.122 Mobile Safari/537.36 (compatible; Googlebot/2.1; +http://www.google.com/bot.html)"
114.119.136.86 - - [20/Dec/2025:04:39:33 +0000] "GET /1403676146?goods=1401360454 HTTP/1.1" 200 0 "http://frozynic.com/sitemap.xml" "Mozilla/5.0 (Linux; Android 7.0;) AppleWebKit/537.36 (KHTML, like Gecko) Mobile Safari/537.36 (compatible; PetalBot;+https://webmaster.petalsearch.com/site/petalbot)"
66.249.77.168 - - [20/Dec/2025:04:40:17 +0000] "GET /?r=2132815530603 HTTP/1.1" 200 186849 "-" "Mozilla/5.0 (Linux; Android 6.0.1; Nexus 5X Build/MMB29P) AppleWebKit/537.36 (KHTML, like Gecko) Chrome/141.0.7390.122 Mobile Safari/537.36 (compatible; Googlebot/2.1; +http://www.google.com/bot.html)"
66.249.77.167 - - [20/Dec/2025:04:40:58 +0000] "GET /?r=8928931061206 HTTP/1.1" 200 189823 "-" "Mozilla/5.0 (Linux; Android 6.0.1; Nexus 5X Build/MMB29P) AppleWebKit/537.36 (KHTML, like Gecko) Chrome/141.0.7390.122 Mobile Safari/537.36 (compatible; Googlebot/2.1; +http://www.google.com/bot.html)"
66.249.77.168 - - [20/Dec/2025:04:41:19 +0000] "GET /?r=1981112475406 HTTP/1.1" 200 193373 "-" "Mozilla/5.0 (Linux; Android 6.0.1; Nexus 5X Build/MMB29P) AppleWebKit/537.36 (KHTML, like Gecko) Chrome/141.0.7390.122 Mobile Safari/537.36 (compatible; Googlebot/2.1; +http://www.google.com/bot.html)"
66.249.77.167 - - [20/Dec/2025:04:41:31 +0000] "GET /?r=9060759576401 HTTP/1.1" 200 186511 "-" "Mozilla/5.0 (Linux; Android 6.0.1; Nexus 5X Build/MMB29P) AppleWebKit/537.36 (KHTML, like Gecko) Chrome/141.0.7390.122 Mobile Safari/537.36 (compatible; Googlebot/2.1; +http://www.google.com/bot.html)"
216.244.66.201 - - [20/Dec/2025:04:41:55 +0000] "GET /tag/link-slot/ HTTP/1.1" 200 0 "-" "Mozilla/5.0 (compatible; DotBot/1.2; +https://opensiteexplorer.org/dotbot; help@moz.com)"
66.249.77.168 - - [20/Dec/2025:04:42:21 +0000] "GET /?r=9718748628602 HTTP/1.1" 200 186361 "-" "Mozilla/5.0 (Linux; Android 6.0.1; Nexus 5X Build/MMB29P) AppleWebKit/537.36 (KHTML, like Gecko) Chrome/141.0.7390.122 Mobile Safari/537.36 (compatible; Googlebot/2.1; +http://www.google.com/bot.html)"
66.249.77.167 - - [20/Dec/2025:04:42:28 +0000] "GET /?r=7292010438602 HTTP/1.1" 200 187464 "-" "Mozilla/5.0 (Linux; Android 6.0.1; Nexus 5X Build/MMB29P) AppleWebKit/537.36 (KHTML, like Gecko) Chrome/141.0.7390.122 Mobile Safari/537.36 (compatible; Googlebot/2.1; +http://www.google.com/bot.html)"
66.249.77.167 - - [20/Dec/2025:04:42:34 +0000] "GET /?r=9209046082600 HTTP/1.1" 200 188183 "-" "Mozilla/5.0 (Linux; Android 6.0.1; Nexus 5X Build/MMB29P) AppleWebKit/537.36 (KHTML, like Gecko) Chrome/141.0.7390.122 Mobile Safari/537.36 (compatible; Googlebot/2.1; +http://www.google.com/bot.html)"
66.249.77.167 - - [20/Dec/2025:04:42:40 +0000] "GET /?r=689533564405 HTTP/1.1" 200 187590 "-" "Mozilla/5.0 (Linux; Android 6.0.1; Nexus 5X Build/MMB29P) AppleWebKit/537.36 (KHTML, like Gecko) Chrome/141.0.7390.122 Mobile Safari/537.36 (compatible; Googlebot/2.1; +http://www.google.com/bot.html)"
66.249.77.167 - - [20/Dec/2025:04:42:56 +0000] "GET /?r=1218735898607 HTTP/1.1" 200 185753 "-" "Mozilla/5.0 (Linux; Android 6.0.1; Nexus 5X Build/MMB29P) AppleWebKit/537.36 (KHTML, like Gecko) Chrome/141.0.7390.122 Mobile Safari/537.36 (compatible; Googlebot/2.1; +http://www.google.com/bot.html)"
66.249.77.168 - - [20/Dec/2025:04:43:16 +0000] "GET /?r=2111621641002 HTTP/1.1" 200 187537 "-" "Mozilla/5.0 (Linux; Android 6.0.1; Nexus 5X Build/MMB29P) AppleWebKit/537.36 (KHTML, like Gecko) Chrome/141.0.7390.122 Mobile Safari/537.36 (compatible; Googlebot/2.1; +http://www.google.com/bot.html)"
66.249.77.167 - - [20/Dec/2025:04:43:26 +0000] "GET /?r=4348617312800 HTTP/1.1" 200 186322 "-" "Mozilla/5.0 (Linux; Android 6.0.1; Nexus 5X Build/MMB29P) AppleWebKit/537.36 (KHTML, like Gecko) Chrome/141.0.7390.122 Mobile Safari/537.36 (compatible; Googlebot/2.1; +http://www.google.com/bot.html)"
66.249.77.167 - - [20/Dec/2025:04:43:36 +0000] "GET /?r=3280127242206 HTTP/1.1" 200 187650 "-" "Mozilla/5.0 (Linux; Android 6.0.1; Nexus 5X Build/MMB29P) AppleWebKit/537.36 (KHTML, like Gecko) Chrome/141.0.7390.122 Mobile Safari/537.36 (compatible; Googlebot/2.1; +http://www.google.com/bot.html)"
114.119.159.177 - - [20/Dec/2025:04:43:54 +0000] "GET /1403675340?goods=1401359651 HTTP/1.1" 200 0 "http://frozynic.com/sitemap.xml" "Mozilla/5.0 (Linux; Android 7.0;) AppleWebKit/537.36 (KHTML, like Gecko) Mobile Safari/537.36 (compatible; PetalBot;+https://webmaster.petalsearch.com/site/petalbot)"
193.37.32.51 - - [20/Dec/2025:04:44:13 +0000] "GET /.env HTTP/1.1" 200 0 "-" "Mozilla/5.0 (Macintosh; Intel Mac OS X 10.15; rv:77.0) Gecko/20100101 Firefox/77.0"
193.37.32.34 - - [20/Dec/2025:04:44:14 +0000] "GET /wp-content/ HTTP/1.1" 200 0 "-" "Mozilla/5.0 (Macintosh; Intel Mac OS X 10.15; rv:77.0) Gecko/20100101 Firefox/77.0"
66.249.77.167 - - [20/Dec/2025:04:44:57 +0000] "GET /?r=8219836917004 HTTP/1.1" 200 185519 "-" "Mozilla/5.0 (Linux; Android 6.0.1; Nexus 5X Build/MMB29P) AppleWebKit/537.36 (KHTML, like Gecko) Chrome/141.0.7390.122 Mobile Safari/537.36 (compatible; Googlebot/2.1; +http://www.google.com/bot.html)"
66.249.77.160 - - [20/Dec/2025:04:45:08 +0000] "GET /?r=3139959067206 HTTP/1.1" 200 186554 "-" "Mozilla/5.0 (Linux; Android 6.0.1; Nexus 5X Build/MMB29P) AppleWebKit/537.36 (KHTML, like Gecko) Chrome/141.0.7390.122 Mobile Safari/537.36 (compatible; Googlebot/2.1; +http://www.google.com/bot.html)"
66.249.77.168 - - [20/Dec/2025:04:45:37 +0000] "GET /?r=0290323423202 HTTP/1.1" 200 178630 "-" "Mozilla/5.0 (Linux; Android 6.0.1; Nexus 5X Build/MMB29P) AppleWebKit/537.36 (KHTML, like Gecko) Chrome/141.0.7390.122 Mobile Safari/537.36 (compatible; Googlebot/2.1; +http://www.google.com/bot.html)"
66.249.77.167 - - [20/Dec/2025:04:45:56 +0000] "GET /?r=1120916549002 HTTP/1.1" 200 185400 "-" "Mozilla/5.0 (Linux; Android 6.0.1; Nexus 5X Build/MMB29P) AppleWebKit/537.36 (KHTML, like Gecko) Chrome/141.0.7390.122 Mobile Safari/537.36 (compatible; Googlebot/2.1; +http://www.google.com/bot.html)"
66.249.77.168 - - [20/Dec/2025:04:46:06 +0000] "GET /?r=7011928006002 HTTP/1.1" 200 186658 "-" "Mozilla/5.0 (Linux; Android 6.0.1; Nexus 5X Build/MMB29P) AppleWebKit/537.36 (KHTML, like Gecko) Chrome/141.0.7390.122 Mobile Safari/537.36 (compatible; Googlebot/2.1; +http://www.google.com/bot.html)"
114.119.159.177 - - [20/Dec/2025:04:48:17 +0000] "GET /1403674798?goods=1401359108 HTTP/1.1" 200 0 "http://frozynic.com/sitemap.xml" "Mozilla/5.0 (Linux; Android 7.0;) AppleWebKit/537.36 (KHTML, like Gecko) Mobile Safari/537.36 (compatible; PetalBot;+https://webmaster.petalsearch.com/site/petalbot)"
114.119.136.86 - - [20/Dec/2025:04:52:41 +0000] "GET /1403673706?goods=1401358018 HTTP/1.1" 200 0 "http://frozynic.com/sitemap.xml" "Mozilla/5.0 (Linux; Android 7.0;) AppleWebKit/537.36 (KHTML, like Gecko) Mobile Safari/537.36 (compatible; PetalBot;+https://webmaster.petalsearch.com/site/petalbot)"
114.119.136.86 - - [20/Dec/2025:04:57:10 +0000] "GET /1403673382?goods=1401357696 HTTP/1.1" 200 0 "http://frozynic.com/sitemap.xml" "Mozilla/5.0 (Linux; Android 7.0;) AppleWebKit/537.36 (KHTML, like Gecko) Mobile Safari/537.36 (compatible; PetalBot;+https://webmaster.petalsearch.com/site/petalbot)"
114.119.159.177 - - [20/Dec/2025:05:01:28 +0000] "GET /1403672968?goods=1401357281 HTTP/1.1" 200 0 "http://frozynic.com/sitemap.xml" "Mozilla/5.0 (Linux; Android 7.0;) AppleWebKit/537.36 (KHTML, like Gecko) Mobile Safari/537.36 (compatible; PetalBot;+https://webmaster.petalsearch.com/site/petalbot)"
114.119.159.177 - - [20/Dec/2025:05:05:55 +0000] "GET /1403672290?goods=1401356606 HTTP/1.1" 200 0 "http://frozynic.com/sitemap.xml" "Mozilla/5.0 (Linux; Android 7.0;) AppleWebKit/537.36 (KHTML, like Gecko) Mobile Safari/537.36 (compatible; PetalBot;+https://webmaster.petalsearch.com/site/petalbot)"
114.119.136.86 - - [20/Dec/2025:05:10:15 +0000] "GET /1403671876?goods=1401356191 HTTP/1.1" 200 0 "http://frozynic.com/sitemap.xml" "Mozilla/5.0 (Linux; Android 7.0;) AppleWebKit/537.36 (KHTML, like Gecko) Mobile Safari/537.36 (compatible; PetalBot;+https://webmaster.petalsearch.com/site/petalbot)"
114.119.136.86 - - [20/Dec/2025:05:14:41 +0000] "GET /1403671134?goods=1401355452 HTTP/1.1" 200 0 "http://frozynic.com/sitemap.xml" "Mozilla/5.0 (Linux; Android 7.0;) AppleWebKit/537.36 (KHTML, like Gecko) Mobile Safari/537.36 (compatible; PetalBot;+https://webmaster.petalsearch.com/site/petalbot)"
