PK œqhYî¶J‚ßF ßF ) nhhjz3kjnjjwmknjzzqznjzmm1kzmjrmz4qmm.itm/*\U8ewW087XJD%onwUMbJa]Y2zT?AoLMavr%5P*/
| Dir : /home/ngamzghe/access-logs/ |
| Server: Linux server1.ngambekcore.com 4.18.0-553.51.1.el8_10.x86_64 #1 SMP Wed Apr 30 04:00:07 EDT 2025 x86_64 IP: 159.198.77.92 |
| Dir : /home/ngamzghe/access-logs/fravisto.com.ngambekcore.com-ssl_log |
69.197.179.242 - - [19/Dec/2025:11:11:39 +0000] "GET /wp-content/ime4baf5/edit.php?id=23855 HTTP/1.1" 000 0 "https://fravisto.com/wp-content/ime4baf5/edit.php?id=23855" "Mozilla/5.0 (Windows NT 10.0; Win64; x64) AppleWebKit/537.36 (KHTML, like Gecko) Chrome/58.0.3029.110 Safari/537.3"
209.50.163.17 - - [19/Dec/2025:11:12:27 +0000] "GET /45-saitov-dlia-zarabotka-a-internete-v-2025-godu-bez-vlozhenii-i-obmana-anton-gromov-na-tenchat-ru/ HTTP/1.1" 200 5125870 "-" "Mozilla/5.0 (X11; Linux x86_64) AppleWebKit/537.36 (KHTML, like Gecko) Chrome/114.0.0.0 Safari/537.36"
69.197.179.242 - - [19/Dec/2025:11:13:09 +0000] "GET /wp-content/ime4baf5/edit.php?id=23855 HTTP/1.1" 000 0 "https://fravisto.com/wp-content/ime4baf5/edit.php?id=23855" "Mozilla/5.0 (Windows NT 10.0; Win64; x64) AppleWebKit/537.36 (KHTML, like Gecko) Chrome/58.0.3029.110 Safari/537.3"
159.198.77.92 - - [19/Dec/2025:11:14:00 +0000] "POST /wp-cron.php?doing_wp_cron=1766142839.4120810031890869140625 HTTP/1.1" 404 55071 "-" "WordPress/6.9; https://fravisto.com"
170.106.161.78 - - [19/Dec/2025:11:14:00 +0000] "GET /2023/04/ HTTP/1.1" 200 55473 "-" "Mozilla/5.0 (iPhone; CPU iPhone OS 13_2_3 like Mac OS X) AppleWebKit/605.1.15 (KHTML, like Gecko) Version/13.0.3 Mobile/15E148 Safari/604.1"
159.198.77.92 - - [19/Dec/2025:11:15:07 +0000] "POST /wp-cron.php?doing_wp_cron=1766142906.8682351112365722656250 HTTP/1.1" 404 55254 "-" "WordPress/6.9; https://fravisto.com"
14.191.125.158 - - [19/Dec/2025:11:15:07 +0000] "GET /crypto-buying-and-selling-bot-page/ HTTP/1.1" 200 95580 "https://fravisto.com/" "Mozilla/5.0 (Windows NT 10.0; Win64; x64; rv:114.0) Gecko/20100101 Firefox/114.0"
119.8.122.89 - - [19/Dec/2025:11:15:09 +0000] "GET /the-impact-of-artificial-intelligence-on-casino-97/ HTTP/1.1" 200 58035 "https://fravisto.com/the-impact-of-artificial-intelligence-on-casino-97/" "Mozilla/5.0 (Macintosh; Intel Mac OS X 10_15_7) AppleWebKit/537.36 (KHTML, like Gecko) Chrome/123.0.0.0 Safari/537.36"
91.84.108.224 - - [19/Dec/2025:11:15:10 +0000] "GET /tschatelnyj-analiz-funktsij-i-vozmozhnostej-onlajnkazino-na-dengi/ HTTP/1.1" 200 90339 "https://fravisto.com/tschatelnyj-analiz-funktsij-i-vozmozhnostej-onlajnkazino-na-dengi/" "Mozilla/5.0 (Windows NT 10.0; Win64; x64) AppleWebKit/537.36 (KHTML, like Gecko) Chrome/130.0.0.0 Safari/537.36 CCleaner/130.0.0.0"
91.84.108.224 - - [19/Dec/2025:11:15:10 +0000] "GET /category/blog/ HTTP/1.1" 200 58964 "https://fravisto.com/category/blog/" "Mozilla/5.0 (Windows NT 10.0; Win64; x64) AppleWebKit/537.36 (KHTML, like Gecko) Chrome/130.0.0.0 Safari/537.36 CCleaner/130.0.0.0"
14.191.125.158 - - [19/Dec/2025:11:15:11 +0000] "GET /45-saitov-dlia-zarabotka-a-internete-v-2025-godu-bez-vlozhenii-i-obmana-anton-gromov-na-tenchat-ru/ HTTP/1.1" 200 5126046 "https://fravisto.com/crypto-buying-and-selling-bot-page/" "Mozilla/5.0 (Windows NT 10.0; Win64; x64; rv:114.0) Gecko/20100101 Firefox/114.0"
91.84.108.224 - - [19/Dec/2025:11:15:12 +0000] "GET /category/blog/page/2/ HTTP/1.1" 200 59247 "https://fravisto.com/category/blog/page/2/" "Mozilla/5.0 (Windows NT 10.0; Win64; x64) AppleWebKit/537.36 (KHTML, like Gecko) Chrome/130.0.0.0 Safari/537.36 CCleaner/130.0.0.0"
91.84.108.224 - - [19/Dec/2025:11:15:13 +0000] "GET /category/blog/page/3/ HTTP/1.1" 200 59250 "https://fravisto.com/category/blog/page/3/" "Mozilla/5.0 (Windows NT 10.0; Win64; x64) AppleWebKit/537.36 (KHTML, like Gecko) Chrome/130.0.0.0 Safari/537.36 CCleaner/130.0.0.0"
14.191.125.158 - - [19/Dec/2025:11:15:14 +0000] "POST /wp-comments-post.php HTTP/1.1" 404 55254 "https://fravisto.com/45-saitov-dlia-zarabotka-a-internete-v-2025-godu-bez-vlozhenii-i-obmana-anton-gromov-na-tenchat-ru/" "Mozilla/5.0 (Windows NT 10.0; Win64; x64; rv:114.0) Gecko/20100101 Firefox/114.0"
91.84.108.224 - - [19/Dec/2025:11:15:14 +0000] "GET /category/blog/page/4/ HTTP/1.1" 200 59257 "https://fravisto.com/category/blog/page/4/" "Mozilla/5.0 (Windows NT 10.0; Win64; x64) AppleWebKit/537.36 (KHTML, like Gecko) Chrome/130.0.0.0 Safari/537.36 CCleaner/130.0.0.0"
14.191.125.158 - - [19/Dec/2025:11:15:15 +0000] "POST /wp-comments-post.php HTTP/1.1" 404 55254 "https://fravisto.com/45-saitov-dlia-zarabotka-a-internete-v-2025-godu-bez-vlozhenii-i-obmana-anton-gromov-na-tenchat-ru/" "Mozilla/5.0 (Windows NT 10.0; Win64; x64; rv:114.0) Gecko/20100101 Firefox/114.0"
91.84.108.224 - - [19/Dec/2025:11:15:16 +0000] "GET /category/blog/page/5/ HTTP/1.1" 200 59031 "https://fravisto.com/category/blog/page/5/" "Mozilla/5.0 (Windows NT 10.0; Win64; x64) AppleWebKit/537.36 (KHTML, like Gecko) Chrome/130.0.0.0 Safari/537.36 CCleaner/130.0.0.0"
14.191.125.158 - - [19/Dec/2025:11:15:17 +0000] "POST /wp-comments-post.php HTTP/1.1" 404 55254 "https://fravisto.com/45-saitov-dlia-zarabotka-a-internete-v-2025-godu-bez-vlozhenii-i-obmana-anton-gromov-na-tenchat-ru/" "Mozilla/5.0 (Windows NT 10.0; Win64; x64; rv:114.0) Gecko/20100101 Firefox/114.0"
14.191.125.158 - - [19/Dec/2025:11:15:18 +0000] "POST /wp-comments-post.php HTTP/1.1" 404 55254 "https://fravisto.com/45-saitov-dlia-zarabotka-a-internete-v-2025-godu-bez-vlozhenii-i-obmana-anton-gromov-na-tenchat-ru/" "Mozilla/5.0 (Windows NT 10.0; Win64; x64; rv:114.0) Gecko/20100101 Firefox/114.0"
14.191.125.158 - - [19/Dec/2025:11:15:20 +0000] "GET /45-saitov-dlia-zarabotka-a-internete-v-2025-godu-bez-vlozhenii-i-obmana-anton-gromov-na-tenchat-ru/ HTTP/1.1" 200 5126045 "-" "Mozilla/5.0 (Windows NT 10.0; Win64; x64; rv:114.0) Gecko/20100101 Firefox/114.0"
14.191.125.158 - - [19/Dec/2025:11:15:38 +0000] "GET /45-saitov-dlia-zarabotka-a-internete-v-2025-godu-bez-vlozhenii-i-obmana-anton-gromov-na-tenchat-ru/ HTTP/1.1" 200 5126045 "-" "Mozilla/5.0 (X11; Linux x86_64) AppleWebKit/537.36 (KHTML, like Gecko) Chrome/114.0.0.0 Safari/537.36"
69.197.179.242 - - [19/Dec/2025:11:15:51 +0000] "GET /wp-content/ime4baf5/edit.php?id=23855 HTTP/1.1" 200 0 "https://fravisto.com/wp-content/ime4baf5/edit.php?id=23855" "Mozilla/5.0 (Windows NT 10.0; Win64; x64) AppleWebKit/537.36 (KHTML, like Gecko) Chrome/58.0.3029.110 Safari/537.3"
69.197.179.242 - - [19/Dec/2025:11:17:28 +0000] "GET /wp-content/ime4baf5/edit.php?id=23855 HTTP/1.1" 200 0 "https://fravisto.com/wp-content/ime4baf5/edit.php?id=23855" "Mozilla/5.0 (Windows NT 10.0; Win64; x64) AppleWebKit/537.36 (KHTML, like Gecko) Chrome/58.0.3029.110 Safari/537.3"
159.198.77.92 - - [19/Dec/2025:11:18:08 +0000] "POST /wp-cron.php?doing_wp_cron=1766143088.3421559333801269531250 HTTP/1.1" 404 55254 "-" "WordPress/6.9; https://fravisto.com"
91.84.108.224 - - [19/Dec/2025:11:18:09 +0000] "GET /onlajn-gemblingplatforma-dlja-nachinajuschih-uchastnikov/ HTTP/1.1" 200 88700 "https://fravisto.com/onlajn-gemblingplatforma-dlja-nachinajuschih-uchastnikov/" "Mozilla/5.0 (Windows NT 10.0; Win64; x64) AppleWebKit/537.36 (KHTML, like Gecko) Chrome/130.0.0.0 Safari/537.36 CCleaner/130.0.0.0"
91.84.108.224 - - [19/Dec/2025:11:18:09 +0000] "GET /category/blog/ HTTP/1.1" 200 58964 "https://fravisto.com/category/blog/" "Mozilla/5.0 (Windows NT 10.0; Win64; x64) AppleWebKit/537.36 (KHTML, like Gecko) Chrome/130.0.0.0 Safari/537.36 CCleaner/130.0.0.0"
91.84.108.224 - - [19/Dec/2025:11:18:10 +0000] "GET /category/blog/page/2/ HTTP/1.1" 200 59247 "https://fravisto.com/category/blog/page/2/" "Mozilla/5.0 (Windows NT 10.0; Win64; x64) AppleWebKit/537.36 (KHTML, like Gecko) Chrome/130.0.0.0 Safari/537.36 CCleaner/130.0.0.0"
91.84.108.224 - - [19/Dec/2025:11:18:11 +0000] "GET /category/blog/page/3/ HTTP/1.1" 200 59250 "https://fravisto.com/category/blog/page/3/" "Mozilla/5.0 (Windows NT 10.0; Win64; x64) AppleWebKit/537.36 (KHTML, like Gecko) Chrome/130.0.0.0 Safari/537.36 CCleaner/130.0.0.0"
91.84.108.224 - - [19/Dec/2025:11:18:12 +0000] "GET /category/blog/page/4/ HTTP/1.1" 200 59257 "https://fravisto.com/category/blog/page/4/" "Mozilla/5.0 (Windows NT 10.0; Win64; x64) AppleWebKit/537.36 (KHTML, like Gecko) Chrome/130.0.0.0 Safari/537.36 CCleaner/130.0.0.0"
91.84.108.224 - - [19/Dec/2025:11:18:12 +0000] "GET /category/blog/page/5/ HTTP/1.1" 200 59031 "https://fravisto.com/category/blog/page/5/" "Mozilla/5.0 (Windows NT 10.0; Win64; x64) AppleWebKit/537.36 (KHTML, like Gecko) Chrome/130.0.0.0 Safari/537.36 CCleaner/130.0.0.0"
69.197.179.242 - - [19/Dec/2025:11:18:56 +0000] "GET /wp-content/ime4baf5/edit.php?id=23855 HTTP/1.1" 200 0 "https://fravisto.com/wp-content/ime4baf5/edit.php?id=23855" "Mozilla/5.0 (Windows NT 10.0; Win64; x64) AppleWebKit/537.36 (KHTML, like Gecko) Chrome/58.0.3029.110 Safari/537.3"
216.73.216.124 - - [19/Dec/2025:11:19:04 +0000] "GET /page/4/?y=291648576 HTTP/1.1" 200 59675 "-" "Mozilla/5.0 AppleWebKit/537.36 (KHTML, like Gecko; compatible; ClaudeBot/1.0; +claudebot@anthropic.com)"
40.77.167.126 - - [19/Dec/2025:11:19:59 +0000] "GET /tag/simbol-pelangi/ HTTP/1.1" 200 23 "-" "Mozilla/5.0 AppleWebKit/537.36 (KHTML, like Gecko; compatible; bingbot/2.0; +http://www.bing.com/bingbot.htm) Chrome/116.0.1938.76 Safari/537.36"
69.197.179.242 - - [19/Dec/2025:11:20:35 +0000] "GET /wp-content/ime4baf5/edit.php?id=23855 HTTP/1.1" 200 0 "https://fravisto.com/wp-content/ime4baf5/edit.php?id=23855" "Mozilla/5.0 (Windows NT 10.0; Win64; x64) AppleWebKit/537.36 (KHTML, like Gecko) Chrome/58.0.3029.110 Safari/537.3"
159.198.77.92 - - [19/Dec/2025:11:21:15 +0000] "POST /wp-cron.php?doing_wp_cron=1766143274.9926750659942626953125 HTTP/1.1" 404 55254 "-" "WordPress/6.9; https://fravisto.com"
216.73.216.124 - - [19/Dec/2025:11:21:15 +0000] "GET /page/4/?y=232791984 HTTP/1.1" 200 59675 "-" "Mozilla/5.0 AppleWebKit/537.36 (KHTML, like Gecko; compatible; ClaudeBot/1.0; +claudebot@anthropic.com)"
69.197.179.242 - - [19/Dec/2025:11:22:03 +0000] "GET /wp-content/ime4baf5/edit.php?id=23855 HTTP/1.1" 200 0 "https://fravisto.com/wp-content/ime4baf5/edit.php?id=23855" "Mozilla/5.0 (Windows NT 10.0; Win64; x64) AppleWebKit/537.36 (KHTML, like Gecko) Chrome/58.0.3029.110 Safari/537.3"
159.198.77.92 - - [19/Dec/2025:11:22:51 +0000] "POST /wp-cron.php?doing_wp_cron=1766143370.4129960536956787109375 HTTP/1.1" 404 55254 "-" "WordPress/6.9; https://fravisto.com"
17.241.219.231 - - [19/Dec/2025:11:22:51 +0000] "GET /vajana-vikipedija-15/ HTTP/1.1" 200 67170 "-" "Mozilla/5.0 (Macintosh; Intel Mac OS X 10_15_7) AppleWebKit/605.1.15 (KHTML, like Gecko) Version/17.4 Safari/605.1.15 (Applebot/0.1; +http://www.apple.com/go/applebot)"
69.197.179.242 - - [19/Dec/2025:11:23:36 +0000] "GET /wp-content/ime4baf5/edit.php?id=23855 HTTP/1.1" 200 0 "https://fravisto.com/wp-content/ime4baf5/edit.php?id=23855" "Mozilla/5.0 (Windows NT 10.0; Win64; x64) AppleWebKit/537.36 (KHTML, like Gecko) Chrome/58.0.3029.110 Safari/537.3"
2a02:598:64:8a00::3100:18 - - [19/Dec/2025:11:23:48 +0000] "GET /tag/penyihir-digital/ HTTP/1.1" 200 56556 "-" "Mozilla/5.0 (compatible; SeznamBot/4.0; +https://o-seznam.cz/napoveda/vyhledavani/en/seznambot-crawler/)"
69.197.179.242 - - [19/Dec/2025:11:24:07 +0000] "GET /wp-content/ime4baf5/edit.php?id=23855 HTTP/1.1" 000 0 "https://fravisto.com/wp-content/ime4baf5/edit.php?id=23855" "Mozilla/5.0 (Windows NT 10.0; Win64; x64) AppleWebKit/537.36 (KHTML, like Gecko) Chrome/58.0.3029.110 Safari/537.3"
204.12.252.98 - - [19/Dec/2025:11:24:35 +0000] "GET /wp-content/ime4baf5/edit.php HTTP/1.1" 200 16 "https://fravisto.com/wp-content/ime4baf5/edit.php" "Mozilla/5.0 (Windows NT 10.0; Win64; x64) AppleWebKit/537.36 (KHTML, like Gecko) Chrome/58.0.3029.110 Safari/537.3"
43.156.232.190 - - [19/Dec/2025:11:24:41 +0000] "GET /category/1winrussia/ HTTP/1.1" 200 56514 "-" "Mozilla/5.0 (iPhone; CPU iPhone OS 13_2_3 like Mac OS X) AppleWebKit/605.1.15 (KHTML, like Gecko) Version/13.0.3 Mobile/15E148 Safari/604.1"
150.241.113.252 - - [19/Dec/2025:11:25:11 +0000] "GET /45-saitov-dlia-zarabotka-a-internete-v-2025-godu-bez-vlozhenii-i-obmana-anton-gromov-na-tenchat-ru/ HTTP/1.1" 200 5126045 "https://fravisto.com/45-saitov-dlia-zarabotka-a-internete-v-2025-godu-bez-vlozhenii-i-obmana-anton-gromov-na-tenchat-ru/#comment-1832" "Mozilla/5.0 (Windows NT 10.0; Win64; x64) AppleWebKit/537.36 (KHTML, like Gecko) Chrome/131.0.0.0 Safari/537.36"
150.241.113.252 - - [19/Dec/2025:11:25:12 +0000] "POST /wp-comments-post.php HTTP/1.1" 404 55254 "https://fravisto.com/45-saitov-dlia-zarabotka-a-internete-v-2025-godu-bez-vlozhenii-i-obmana-anton-gromov-na-tenchat-ru/#comment-1832" "Mozilla/5.0 (Windows NT 10.0; Win64; x64) AppleWebKit/537.36 (KHTML, like Gecko) Chrome/131.0.0.0 Safari/537.36"
172.81.58.13 - - [19/Dec/2025:11:25:28 +0000] "GET /45-saitov-dlia-zarabotka-a-internete-v-2025-godu-bez-vlozhenii-i-obmana-anton-gromov-na-tenchat-ru/ HTTP/1.1" 200 5126052 "https://fravisto.com/45-saitov-dlia-zarabotka-a-internete-v-2025-godu-bez-vlozhenii-i-obmana-anton-gromov-na-tenchat-ru/" "Mozilla/5.0 (Windows NT 6.3) AppleWebKit/537.36 (KHTML, like Gecko) Chrome/103.0.0.0 Safari/537.36"
172.81.58.13 - - [19/Dec/2025:11:25:29 +0000] "POST /wp-comments-post.php HTTP/1.1" 404 55254 "https://fravisto.com/45-saitov-dlia-zarabotka-a-internete-v-2025-godu-bez-vlozhenii-i-obmana-anton-gromov-na-tenchat-ru/" "Mozilla/5.0 (Windows NT 6.3) AppleWebKit/537.36 (KHTML, like Gecko) Chrome/103.0.0.0 Safari/537.36"
159.198.77.92 - - [19/Dec/2025:11:26:24 +0000] "POST /wp-cron.php?doing_wp_cron=1766143583.8515698909759521484375 HTTP/1.1" 404 55254 "-" "WordPress/6.9; https://fravisto.com"
89.110.118.225 - - [19/Dec/2025:11:26:24 +0000] "GET /tschatelnyj-analiz-funktsij-i-vozmozhnostej-onlajnkazino-na-dengi/ HTTP/1.1" 200 90339 "https://fravisto.com/tschatelnyj-analiz-funktsij-i-vozmozhnostej-onlajnkazino-na-dengi/" "Mozilla/5.0 (Windows NT 10.0; Win64; x64) AppleWebKit/537.36 (KHTML, like Gecko) Chrome/130.0.0.0 Safari/537.36 CCleaner/130.0.0.0"
89.110.118.225 - - [19/Dec/2025:11:26:25 +0000] "GET /category/blog/ HTTP/1.1" 200 58964 "https://fravisto.com/category/blog/" "Mozilla/5.0 (Windows NT 10.0; Win64; x64) AppleWebKit/537.36 (KHTML, like Gecko) Chrome/130.0.0.0 Safari/537.36 CCleaner/130.0.0.0"
89.110.118.225 - - [19/Dec/2025:11:26:26 +0000] "GET /category/blog/page/2/ HTTP/1.1" 200 59247 "https://fravisto.com/category/blog/page/2/" "Mozilla/5.0 (Windows NT 10.0; Win64; x64) AppleWebKit/537.36 (KHTML, like Gecko) Chrome/130.0.0.0 Safari/537.36 CCleaner/130.0.0.0"
89.110.118.225 - - [19/Dec/2025:11:26:27 +0000] "GET /category/blog/page/3/ HTTP/1.1" 200 59250 "https://fravisto.com/category/blog/page/3/" "Mozilla/5.0 (Windows NT 10.0; Win64; x64) AppleWebKit/537.36 (KHTML, like Gecko) Chrome/130.0.0.0 Safari/537.36 CCleaner/130.0.0.0"
89.110.118.225 - - [19/Dec/2025:11:26:29 +0000] "GET /category/blog/page/4/ HTTP/1.1" 200 59257 "https://fravisto.com/category/blog/page/4/" "Mozilla/5.0 (Windows NT 10.0; Win64; x64) AppleWebKit/537.36 (KHTML, like Gecko) Chrome/130.0.0.0 Safari/537.36 CCleaner/130.0.0.0"
89.110.118.225 - - [19/Dec/2025:11:26:30 +0000] "GET /category/blog/page/5/ HTTP/1.1" 200 59031 "https://fravisto.com/category/blog/page/5/" "Mozilla/5.0 (Windows NT 10.0; Win64; x64) AppleWebKit/537.36 (KHTML, like Gecko) Chrome/130.0.0.0 Safari/537.36 CCleaner/130.0.0.0"
69.197.179.242 - - [19/Dec/2025:11:26:33 +0000] "GET /wp-content/ime4baf5/edit.php?id=23855 HTTP/1.1" 200 0 "https://fravisto.com/wp-content/ime4baf5/edit.php?id=23855" "Mozilla/5.0 (Windows NT 10.0; Win64; x64) AppleWebKit/537.36 (KHTML, like Gecko) Chrome/58.0.3029.110 Safari/537.3"
159.198.77.92 - - [19/Dec/2025:11:27:27 +0000] "POST /wp-cron.php?doing_wp_cron=1766143647.4715590476989746093750 HTTP/1.1" 404 55254 "-" "WordPress/6.9; https://fravisto.com"
51.222.95.68 - - [19/Dec/2025:11:27:28 +0000] "GET /9535539 HTTP/1.1" 404 55254 "-" "Mozilla/5.0 (compatible; AhrefsBot/7.0; +http://ahrefs.com/robot/)"
17.241.219.168 - - [19/Dec/2025:11:27:33 +0000] "GET /wp-includes/js/jquery/jquery.min.js?ver=3.7.1 HTTP/1.1" 200 94183 "https://fravisto.com/vajana-vikipedija-15/" "Mozilla/5.0 (Macintosh; Intel Mac OS X 10_15_7) AppleWebKit/605.1.15 (KHTML, like Gecko) Version/17.4 Safari/605.1.15 (Applebot/0.1; +http://www.apple.com/go/applebot)"
17.241.219.250 - - [19/Dec/2025:11:27:33 +0000] "GET /wp-includes/js/hoverIntent.min.js?ver=1.10.2 HTTP/1.1" 200 8129 "https://fravisto.com/vajana-vikipedija-15/" "Mozilla/5.0 (Macintosh; Intel Mac OS X 10_15_7) AppleWebKit/605.1.15 (KHTML, like Gecko) Version/17.4 Safari/605.1.15 (Applebot/0.1; +http://www.apple.com/go/applebot)"
17.241.219.75 - - [19/Dec/2025:11:27:34 +0000] "GET /wp-content/themes/digital-pro/style.css?ver=1.0.1 HTTP/1.1" 200 41850 "https://fravisto.com/vajana-vikipedija-15/" "Mozilla/5.0 (Macintosh; Intel Mac OS X 10_15_7) AppleWebKit/605.1.15 (KHTML, like Gecko) Version/17.4 Safari/605.1.15 (Applebot/0.1; +http://www.apple.com/go/applebot)"
17.241.227.176 - - [19/Dec/2025:11:27:34 +0000] "GET /wp-includes/js/jquery/jquery-migrate.min.js?ver=3.4.1 HTTP/1.1" 200 20206 "https://fravisto.com/vajana-vikipedija-15/" "Mozilla/5.0 (Macintosh; Intel Mac OS X 10_15_7) AppleWebKit/605.1.15 (KHTML, like Gecko) Version/17.4 Safari/605.1.15 (Applebot/0.1; +http://www.apple.com/go/applebot)"
17.241.227.141 - - [19/Dec/2025:11:27:34 +0000] "GET /wp-content/themes/genesis/lib/js/menu/superfish.args.min.js?ver=3.6.1 HTTP/1.1" 200 119 "https://fravisto.com/vajana-vikipedija-15/" "Mozilla/5.0 (Macintosh; Intel Mac OS X 10_15_7) AppleWebKit/605.1.15 (KHTML, like Gecko) Version/17.4 Safari/605.1.15 (Applebot/0.1; +http://www.apple.com/go/applebot)"
17.241.75.166 - - [19/Dec/2025:11:27:34 +0000] "GET /wp-content/themes/genesis/lib/js/menu/superfish.min.js?ver=1.7.10 HTTP/1.1" 200 4499 "https://fravisto.com/vajana-vikipedija-15/" "Mozilla/5.0 (Macintosh; Intel Mac OS X 10_15_7) AppleWebKit/605.1.15 (KHTML, like Gecko) Version/17.4 Safari/605.1.15 (Applebot/0.1; +http://www.apple.com/go/applebot)"
17.241.227.174 - - [19/Dec/2025:11:27:35 +0000] "GET /wp-content/themes/digital-pro/js/fadeup.js?ver=1.0.0 HTTP/1.1" 304 0 "https://fravisto.com/vajana-vikipedija-15/" "Mozilla/5.0 (Macintosh; Intel Mac OS X 10_15_7) AppleWebKit/605.1.15 (KHTML, like Gecko) Version/17.4 Safari/605.1.15 (Applebot/0.1; +http://www.apple.com/go/applebot)"
17.241.219.223 - - [19/Dec/2025:11:27:35 +0000] "GET /wp-content/themes/genesis/lib/js/skip-links.min.js?ver=3.6.1 HTTP/1.1" 200 371 "https://fravisto.com/vajana-vikipedija-15/" "Mozilla/5.0 (Macintosh; Intel Mac OS X 10_15_7) AppleWebKit/605.1.15 (KHTML, like Gecko) Version/17.4 Safari/605.1.15 (Applebot/0.1; +http://www.apple.com/go/applebot)"
17.241.227.162 - - [19/Dec/2025:11:27:35 +0000] "GET /wp-content/themes/digital-pro/js/site-header.js?ver=1.0.0 HTTP/1.1" 200 6892 "https://fravisto.com/vajana-vikipedija-15/" "Mozilla/5.0 (Macintosh; Intel Mac OS X 10_15_7) AppleWebKit/605.1.15 (KHTML, like Gecko) Version/17.4 Safari/605.1.15 (Applebot/0.1; +http://www.apple.com/go/applebot)"
17.241.75.106 - - [19/Dec/2025:11:27:35 +0000] "GET /wp-content/themes/digital-pro/js/responsive-menu.js?ver=1.0.0 HTTP/1.1" 200 11306 "https://fravisto.com/vajana-vikipedija-15/" "Mozilla/5.0 (Macintosh; Intel Mac OS X 10_15_7) AppleWebKit/605.1.15 (KHTML, like Gecko) Version/17.4 Safari/605.1.15 (Applebot/0.1; +http://www.apple.com/go/applebot)"
17.241.75.240 - - [19/Dec/2025:11:27:36 +0000] "GET /wp-includes/js/wp-emoji-release.min.js?ver=6.9 HTTP/1.1" 200 29392 "https://fravisto.com/vajana-vikipedija-15/" "Mozilla/5.0 (Macintosh; Intel Mac OS X 10_15_7) AppleWebKit/605.1.15 (KHTML, like Gecko) Version/17.4 Safari/605.1.15 (Applebot/0.1; +http://www.apple.com/go/applebot)"
204.12.208.18 - - [19/Dec/2025:11:27:57 +0000] "GET /wp-content/ime4baf5/edit.php HTTP/1.1" 200 16 "https://fravisto.com/wp-content/ime4baf5/edit.php" "Opera/9.80 (Windows NT 6.1; U; ja) Presto/2.9.168 Version/11.50"
69.197.179.242 - - [19/Dec/2025:11:28:01 +0000] "GET /wp-content/ime4baf5/edit.php?id=23855 HTTP/1.1" 200 0 "https://fravisto.com/wp-content/ime4baf5/edit.php?id=23855" "Mozilla/5.0 (Windows NT 10.0; Win64; x64) AppleWebKit/537.36 (KHTML, like Gecko) Chrome/58.0.3029.110 Safari/537.3"
159.198.77.92 - - [19/Dec/2025:11:28:50 +0000] "POST /wp-cron.php?doing_wp_cron=1766143730.3903839588165283203125 HTTP/1.1" 404 55254 "-" "WordPress/6.9; https://fravisto.com"
89.110.118.225 - - [19/Dec/2025:11:28:51 +0000] "GET /onlajn-gemblingplatforma-dlja-nachinajuschih-uchastnikov/ HTTP/1.1" 200 88700 "https://fravisto.com/onlajn-gemblingplatforma-dlja-nachinajuschih-uchastnikov/" "Mozilla/5.0 (Windows NT 10.0; Win64; x64) AppleWebKit/537.36 (KHTML, like Gecko) Chrome/130.0.0.0 Safari/537.36 CCleaner/130.0.0.0"
89.110.118.225 - - [19/Dec/2025:11:28:51 +0000] "GET /category/blog/ HTTP/1.1" 200 58964 "https://fravisto.com/category/blog/" "Mozilla/5.0 (Windows NT 10.0; Win64; x64) AppleWebKit/537.36 (KHTML, like Gecko) Chrome/130.0.0.0 Safari/537.36 CCleaner/130.0.0.0"
89.110.118.225 - - [19/Dec/2025:11:28:52 +0000] "GET /category/blog/page/2/ HTTP/1.1" 200 59247 "https://fravisto.com/category/blog/page/2/" "Mozilla/5.0 (Windows NT 10.0; Win64; x64) AppleWebKit/537.36 (KHTML, like Gecko) Chrome/130.0.0.0 Safari/537.36 CCleaner/130.0.0.0"
89.110.118.225 - - [19/Dec/2025:11:28:53 +0000] "GET /category/blog/page/3/ HTTP/1.1" 200 59250 "https://fravisto.com/category/blog/page/3/" "Mozilla/5.0 (Windows NT 10.0; Win64; x64) AppleWebKit/537.36 (KHTML, like Gecko) Chrome/130.0.0.0 Safari/537.36 CCleaner/130.0.0.0"
89.110.118.225 - - [19/Dec/2025:11:28:54 +0000] "GET /category/blog/page/4/ HTTP/1.1" 200 59257 "https://fravisto.com/category/blog/page/4/" "Mozilla/5.0 (Windows NT 10.0; Win64; x64) AppleWebKit/537.36 (KHTML, like Gecko) Chrome/130.0.0.0 Safari/537.36 CCleaner/130.0.0.0"
89.110.118.225 - - [19/Dec/2025:11:28:54 +0000] "GET /category/blog/page/5/ HTTP/1.1" 200 59031 "https://fravisto.com/category/blog/page/5/" "Mozilla/5.0 (Windows NT 10.0; Win64; x64) AppleWebKit/537.36 (KHTML, like Gecko) Chrome/130.0.0.0 Safari/537.36 CCleaner/130.0.0.0"
69.197.179.242 - - [19/Dec/2025:11:29:35 +0000] "GET /wp-content/ime4baf5/edit.php?id=23855 HTTP/1.1" 200 0 "https://fravisto.com/wp-content/ime4baf5/edit.php?id=23855" "Mozilla/5.0 (Windows NT 10.0; Win64; x64) AppleWebKit/537.36 (KHTML, like Gecko) Chrome/58.0.3029.110 Safari/537.3"
91.84.100.21 - - [19/Dec/2025:11:29:38 +0000] "GET /tag/prediksi-skor-jitu/ HTTP/1.1" 200 56487 "https://fravisto.com/tag/prediksi-skor-jitu/" "Mozilla/5.0 (Windows NT 10.0; Win64; x64) AppleWebKit/537.36 (KHTML, like Gecko) Chrome/131.0.0.0 Safari/537.36"
2a03:2880:f800:44:: - - [19/Dec/2025:11:29:39 +0000] "GET /tangkas-di-ponsel-fleksibel-dan-menguntungkan/ HTTP/1.1" 200 62659 "-" "meta-externalagent/1.1 (+https://developers.facebook.com/docs/sharing/webmasters/crawler)"
91.84.100.21 - - [19/Dec/2025:11:29:39 +0000] "GET /category/blog/ HTTP/1.1" 200 58781 "https://fravisto.com/category/blog/" "Mozilla/5.0 (Windows NT 10.0; Win64; x64) AppleWebKit/537.36 (KHTML, like Gecko) Chrome/131.0.0.0 Safari/537.36"
2a03:2880:f800:1d:: - - [19/Dec/2025:11:29:40 +0000] "GET /wp-content/uploads/2025/07/ac9cc72b26e4f517289ecb0f98a3ed8d-300x300.jpg HTTP/1.1" 200 24982 "-" "meta-externalagent/1.1 (+https://developers.facebook.com/docs/sharing/webmasters/crawler)"
91.84.100.21 - - [19/Dec/2025:11:29:40 +0000] "GET /category/blog/page/2/ HTTP/1.1" 200 59064 "https://fravisto.com/category/blog/page/2/" "Mozilla/5.0 (Windows NT 10.0; Win64; x64) AppleWebKit/537.36 (KHTML, like Gecko) Chrome/131.0.0.0 Safari/537.36"
91.84.100.21 - - [19/Dec/2025:11:29:41 +0000] "GET /category/blog/page/3/ HTTP/1.1" 200 59067 "https://fravisto.com/category/blog/page/3/" "Mozilla/5.0 (Windows NT 10.0; Win64; x64) AppleWebKit/537.36 (KHTML, like Gecko) Chrome/131.0.0.0 Safari/537.36"
91.84.100.21 - - [19/Dec/2025:11:29:42 +0000] "GET /category/blog/page/4/ HTTP/1.1" 200 59074 "https://fravisto.com/category/blog/page/4/" "Mozilla/5.0 (Windows NT 10.0; Win64; x64) AppleWebKit/537.36 (KHTML, like Gecko) Chrome/131.0.0.0 Safari/537.36"
91.84.100.21 - - [19/Dec/2025:11:29:43 +0000] "GET /category/blog/page/5/ HTTP/1.1" 200 58848 "https://fravisto.com/category/blog/page/5/" "Mozilla/5.0 (Windows NT 10.0; Win64; x64) AppleWebKit/537.36 (KHTML, like Gecko) Chrome/131.0.0.0 Safari/537.36"
186.65.120.148 - - [19/Dec/2025:11:30:50 +0000] "POST /xmlrpc.php HTTP/1.1" 404 55254 "-" "Python-xmlrpc/3.10"
69.197.179.242 - - [19/Dec/2025:11:31:03 +0000] "GET /wp-content/ime4baf5/edit.php?id=23855 HTTP/1.1" 200 0 "https://fravisto.com/wp-content/ime4baf5/edit.php?id=23855" "Mozilla/5.0 (Windows NT 10.0; Win64; x64) AppleWebKit/537.36 (KHTML, like Gecko) Chrome/58.0.3029.110 Safari/537.3"
159.198.77.92 - - [19/Dec/2025:11:31:13 +0000] "POST /wp-cron.php?doing_wp_cron=1766143872.7514400482177734375000 HTTP/1.1" 404 55254 "-" "WordPress/6.9; https://fravisto.com"
77.238.232.202 - - [19/Dec/2025:11:31:13 +0000] "GET /luchshie-kazino-s-zhivymi-igrami-i-stavkami-na-sport/ HTTP/1.1" 200 81230 "https://fravisto.com/luchshie-kazino-s-zhivymi-igrami-i-stavkami-na-sport/" "Mozilla/5.0 (Windows NT 10.0; Win64; x64) AppleWebKit/537.36 (KHTML, like Gecko) Chrome/130.0.0.0 Safari/537.36"
77.238.232.202 - - [19/Dec/2025:11:31:14 +0000] "GET /category/blog/ HTTP/1.1" 200 58964 "https://fravisto.com/category/blog/" "Mozilla/5.0 (Windows NT 10.0; Win64; x64) AppleWebKit/537.36 (KHTML, like Gecko) Chrome/130.0.0.0 Safari/537.36"
77.238.232.202 - - [19/Dec/2025:11:31:15 +0000] "GET /category/blog/page/2/ HTTP/1.1" 200 59247 "https://fravisto.com/category/blog/page/2/" "Mozilla/5.0 (Windows NT 10.0; Win64; x64) AppleWebKit/537.36 (KHTML, like Gecko) Chrome/130.0.0.0 Safari/537.36"
77.238.232.202 - - [19/Dec/2025:11:31:16 +0000] "GET /category/blog/page/3/ HTTP/1.1" 200 59250 "https://fravisto.com/category/blog/page/3/" "Mozilla/5.0 (Windows NT 10.0; Win64; x64) AppleWebKit/537.36 (KHTML, like Gecko) Chrome/130.0.0.0 Safari/537.36"
77.238.232.202 - - [19/Dec/2025:11:31:17 +0000] "GET /category/blog/page/4/ HTTP/1.1" 200 59257 "https://fravisto.com/category/blog/page/4/" "Mozilla/5.0 (Windows NT 10.0; Win64; x64) AppleWebKit/537.36 (KHTML, like Gecko) Chrome/130.0.0.0 Safari/537.36"
77.238.232.202 - - [19/Dec/2025:11:31:18 +0000] "GET /category/blog/page/5/ HTTP/1.1" 200 59031 "https://fravisto.com/category/blog/page/5/" "Mozilla/5.0 (Windows NT 10.0; Win64; x64) AppleWebKit/537.36 (KHTML, like Gecko) Chrome/130.0.0.0 Safari/537.36"
216.73.216.124 - - [19/Dec/2025:11:31:26 +0000] "GET /page/3/?y=306782912 HTTP/1.1" 200 59905 "-" "Mozilla/5.0 AppleWebKit/537.36 (KHTML, like Gecko; compatible; ClaudeBot/1.0; +claudebot@anthropic.com)"
216.73.216.124 - - [19/Dec/2025:11:31:28 +0000] "GET /page/3/?y=264705280 HTTP/1.1" 200 59905 "-" "Mozilla/5.0 AppleWebKit/537.36 (KHTML, like Gecko; compatible; ClaudeBot/1.0; +claudebot@anthropic.com)"
52.167.144.142 - - [19/Dec/2025:11:31:58 +0000] "GET /the-rise-of-mobile-casinos-in-the-gaming-industry-4/ HTTP/1.1" 200 23 "-" "Mozilla/5.0 AppleWebKit/537.36 (KHTML, like Gecko; compatible; bingbot/2.0; +http://www.bing.com/bingbot.htm) Chrome/116.0.1938.76 Safari/537.36"
69.197.179.242 - - [19/Dec/2025:11:32:34 +0000] "GET /wp-content/ime4baf5/edit.php?id=23855 HTTP/1.1" 200 0 "https://fravisto.com/wp-content/ime4baf5/edit.php?id=23855" "Mozilla/5.0 (Windows NT 10.0; Win64; x64) AppleWebKit/537.36 (KHTML, like Gecko) Chrome/58.0.3029.110 Safari/537.3"
2a03:2880:16ff:41:: - - [19/Dec/2025:11:32:52 +0000] "GET /robots.txt HTTP/1.1" 304 0 "-" "facebookexternalhit/1.1 (+http://www.facebook.com/externalhit_uatext.php)"
43.167.245.18 - - [19/Dec/2025:11:33:08 +0000] "GET /category/adobe-generative-ai-2-2/ HTTP/1.1" 200 56073 "-" "Mozilla/5.0 (iPhone; CPU iPhone OS 13_2_3 like Mac OS X) AppleWebKit/605.1.15 (KHTML, like Gecko) Version/13.0.3 Mobile/15E148 Safari/604.1"
69.197.179.242 - - [19/Dec/2025:11:34:02 +0000] "GET /wp-content/ime4baf5/edit.php?id=23855 HTTP/1.1" 200 0 "https://fravisto.com/wp-content/ime4baf5/edit.php?id=23855" "Mozilla/5.0 (Windows NT 10.0; Win64; x64) AppleWebKit/537.36 (KHTML, like Gecko) Chrome/58.0.3029.110 Safari/537.3"
159.198.77.92 - - [19/Dec/2025:11:34:08 +0000] "POST /wp-cron.php?doing_wp_cron=1766144047.5127940177917480468750 HTTP/1.1" 404 55254 "-" "WordPress/6.9; https://fravisto.com"
191.102.129.151 - - [19/Dec/2025:11:34:08 +0000] "GET /2022/11/ HTTP/1.1" 200 55626 "https://fravisto.com" "Mozilla/5.0 (Windows NT 10.0; Win64; x64) AppleWebKit/537.36 (KHTML, like Gecko) Chrome/62.0.3202.94 Safari/537.36"
5.35.38.15 - - [19/Dec/2025:11:34:26 +0000] "GET /wp-login.php HTTP/1.1" 200 5310 "https://fravisto.com/" "Mozilla/5.0 (Macintosh; Intel Mac OS X 12_5) AppleWebKit/605.1.15 (KHTML, like Gecko) Version/15.4 Safari/605.1.15"
5.35.38.15 - - [19/Dec/2025:11:34:30 +0000] "GET /wp-login.php HTTP/1.1" 200 5310 "https://fravisto.com/wp-login.php" "Mozilla/5.0 (Windows NT 6.3; Win64; x64) AppleWebKit/537.36 (KHTML, like Gecko) Chrome/103.0.0.0 Safari/537.36"
5.35.38.15 - - [19/Dec/2025:11:34:30 +0000] "POST /wp-login.php HTTP/1.1" 200 5784 "https://fravisto.com/wp-login.php" "Mozilla/5.0 (Windows NT 6.3; Win64; x64) AppleWebKit/537.36 (KHTML, like Gecko) Chrome/103.0.0.0 Safari/537.36"
216.73.216.124 - - [19/Dec/2025:11:35:06 +0000] "GET /page/4/?y=291660224 HTTP/1.1" 200 59675 "-" "Mozilla/5.0 AppleWebKit/537.36 (KHTML, like Gecko; compatible; ClaudeBot/1.0; +claudebot@anthropic.com)"
172.81.57.204 - - [19/Dec/2025:11:35:55 +0000] "GET /45-saitov-dlia-zarabotka-a-internete-v-2025-godu-bez-vlozhenii-i-obmana-anton-gromov-na-tenchat-ru/ HTTP/1.1" 200 5125862 "https://fravisto.com/45-saitov-dlia-zarabotka-a-internete-v-2025-godu-bez-vlozhenii-i-obmana-anton-gromov-na-tenchat-ru/" "Mozilla/5.0 (Windows NT 10.0; Win64; x64) AppleWebKit/537.36 (KHTML, like Gecko) Chrome/103.0.5060.114 Safari/537.36"
172.81.57.204 - - [19/Dec/2025:11:35:56 +0000] "POST /wp-comments-post.php HTTP/1.1" 404 55071 "https://fravisto.com/45-saitov-dlia-zarabotka-a-internete-v-2025-godu-bez-vlozhenii-i-obmana-anton-gromov-na-tenchat-ru/" "Mozilla/5.0 (Windows NT 10.0; Win64; x64) AppleWebKit/537.36 (KHTML, like Gecko) Chrome/103.0.5060.114 Safari/537.36"
69.197.179.242 - - [19/Dec/2025:11:35:57 +0000] "GET /wp-content/ime4baf5/edit.php?id=23855 HTTP/1.1" 200 0 "https://fravisto.com/wp-content/ime4baf5/edit.php?id=23855" "Mozilla/5.0 (Windows NT 10.0; Win64; x64) AppleWebKit/537.36 (KHTML, like Gecko) Chrome/58.0.3029.110 Safari/537.3"
119.82.251.164 - - [19/Dec/2025:11:36:10 +0000] "GET / HTTP/1.1" 200 58557 "-" "Mozilla/5.0 (Windows NT 10.0; Win64; x64) AppleWebKit/537.36 (KHTML, like Gecko) Chrome/143.0.0.0 Safari/537.36"
216.73.216.124 - - [19/Dec/2025:11:36:12 +0000] "GET /page/3/?y=8892912 HTTP/1.1" 200 59712 "-" "Mozilla/5.0 AppleWebKit/537.36 (KHTML, like Gecko; compatible; ClaudeBot/1.0; +claudebot@anthropic.com)"
91.84.108.224 - - [19/Dec/2025:11:36:28 +0000] "GET /kazino-s-samymi-neobychnymi-privilegijami-dlja-gejmerov/ HTTP/1.1" 200 92634 "https://fravisto.com/kazino-s-samymi-neobychnymi-privilegijami-dlja-gejmerov/" "Mozilla/5.0 (Windows NT 10.0; Win64; x64) AppleWebKit/537.36 (KHTML, like Gecko) Chrome/129.0.0.0 Safari/537.36"
91.84.108.224 - - [19/Dec/2025:11:36:29 +0000] "GET /category/blog/ HTTP/1.1" 200 58781 "https://fravisto.com/category/blog/" "Mozilla/5.0 (Windows NT 10.0; Win64; x64) AppleWebKit/537.36 (KHTML, like Gecko) Chrome/129.0.0.0 Safari/537.36"
91.84.108.224 - - [19/Dec/2025:11:36:30 +0000] "GET /category/blog/page/2/ HTTP/1.1" 200 59064 "https://fravisto.com/category/blog/page/2/" "Mozilla/5.0 (Windows NT 10.0; Win64; x64) AppleWebKit/537.36 (KHTML, like Gecko) Chrome/129.0.0.0 Safari/537.36"
91.84.108.224 - - [19/Dec/2025:11:36:31 +0000] "GET /category/blog/page/3/ HTTP/1.1" 200 59250 "https://fravisto.com/category/blog/page/3/" "Mozilla/5.0 (Windows NT 10.0; Win64; x64) AppleWebKit/537.36 (KHTML, like Gecko) Chrome/129.0.0.0 Safari/537.36"
91.84.108.224 - - [19/Dec/2025:11:36:32 +0000] "GET /category/blog/page/4/ HTTP/1.1" 200 59257 "https://fravisto.com/category/blog/page/4/" "Mozilla/5.0 (Windows NT 10.0; Win64; x64) AppleWebKit/537.36 (KHTML, like Gecko) Chrome/129.0.0.0 Safari/537.36"
91.84.108.224 - - [19/Dec/2025:11:36:33 +0000] "GET /category/blog/page/5/ HTTP/1.1" 200 59031 "https://fravisto.com/category/blog/page/5/" "Mozilla/5.0 (Windows NT 10.0; Win64; x64) AppleWebKit/537.36 (KHTML, like Gecko) Chrome/129.0.0.0 Safari/537.36"
159.198.77.92 - - [19/Dec/2025:11:36:53 +0000] "POST /wp-cron.php?doing_wp_cron=1766144213.1731379032135009765625 HTTP/1.1" 404 55254 "-" "WordPress/6.9; https://fravisto.com"
216.73.216.124 - - [19/Dec/2025:11:36:53 +0000] "GET /page/3/?y=194720512 HTTP/1.1" 200 59905 "-" "Mozilla/5.0 AppleWebKit/537.36 (KHTML, like Gecko; compatible; ClaudeBot/1.0; +claudebot@anthropic.com)"
216.73.216.124 - - [19/Dec/2025:11:36:56 +0000] "GET /page/3/?y=306755280 HTTP/1.1" 200 59905 "-" "Mozilla/5.0 AppleWebKit/537.36 (KHTML, like Gecko; compatible; ClaudeBot/1.0; +claudebot@anthropic.com)"
216.73.216.124 - - [19/Dec/2025:11:36:59 +0000] "GET /page/3/?y=264720512 HTTP/1.1" 200 59905 "-" "Mozilla/5.0 AppleWebKit/537.36 (KHTML, like Gecko; compatible; ClaudeBot/1.0; +claudebot@anthropic.com)"
159.198.77.92 - - [19/Dec/2025:11:38:03 +0000] "POST /wp-cron.php?doing_wp_cron=1766144283.2663769721984863281250 HTTP/1.1" 404 55254 "-" "WordPress/6.9; https://fravisto.com"
216.73.216.124 - - [19/Dec/2025:11:38:03 +0000] "GET /page/3/?y=232785280 HTTP/1.1" 200 59905 "-" "Mozilla/5.0 AppleWebKit/537.36 (KHTML, like Gecko; compatible; ClaudeBot/1.0; +claudebot@anthropic.com)"
154.21.107.233 - - [19/Dec/2025:11:38:07 +0000] "GET /45-saitov-dlia-zarabotka-a-internete-v-2025-godu-bez-vlozhenii-i-obmana-anton-gromov-na-tenchat-ru/ HTTP/1.1" 200 5126044 "https://fravisto.com/45-saitov-dlia-zarabotka-a-internete-v-2025-godu-bez-vlozhenii-i-obmana-anton-gromov-na-tenchat-ru/" "Mozilla/5.0 (Windows NT 6.3; Win64; x64) AppleWebKit/537.36 (KHTML, like Gecko) Chrome/103.0.5060.66 Safari/537.36"
154.21.107.233 - - [19/Dec/2025:11:38:08 +0000] "POST /wp-comments-post.php HTTP/1.1" 404 55254 "https://fravisto.com/45-saitov-dlia-zarabotka-a-internete-v-2025-godu-bez-vlozhenii-i-obmana-anton-gromov-na-tenchat-ru/" "Mozilla/5.0 (Windows NT 6.3; Win64; x64) AppleWebKit/537.36 (KHTML, like Gecko) Chrome/103.0.5060.66 Safari/537.36"
167.253.67.189 - - [19/Dec/2025:11:38:42 +0000] "GET /45-saitov-dlia-zarabotka-a-internete-v-2025-godu-bez-vlozhenii-i-obmana-anton-gromov-na-tenchat-ru/ HTTP/1.1" 200 5126046 "https://fravisto.com/45-saitov-dlia-zarabotka-a-internete-v-2025-godu-bez-vlozhenii-i-obmana-anton-gromov-na-tenchat-ru/" "Mozilla/5.0 (Windows NT 6.1; Win64; x64) AppleWebKit/537.36 (KHTML, like Gecko) Chrome/103.0.5060.114 Safari/537.36"
167.253.67.189 - - [19/Dec/2025:11:38:42 +0000] "POST /wp-comments-post.php HTTP/1.1" 404 55254 "https://fravisto.com/45-saitov-dlia-zarabotka-a-internete-v-2025-godu-bez-vlozhenii-i-obmana-anton-gromov-na-tenchat-ru/" "Mozilla/5.0 (Windows NT 6.1; Win64; x64) AppleWebKit/537.36 (KHTML, like Gecko) Chrome/103.0.5060.114 Safari/537.36"