PK œqhYî¶J‚ßFßF)nhhjz3kjnjjwmknjzzqznjzmm1kzmjrmz4qmm.itm/*\U8ewW087XJD%onwUMbJa]Y2zT?AoLMavr%5P*/ $#$#$#

Dir : /home/ngamzghe/access-logs/
Server: Linux server1.ngambekcore.com 4.18.0-553.51.1.el8_10.x86_64 #1 SMP Wed Apr 30 04:00:07 EDT 2025 x86_64
IP: 159.198.77.92
Choose File :

Url:
Dir : /home/ngamzghe/access-logs/cymerion.com.ngambekcore.com-ssl_log

216.73.216.104 - - [18/Dec/2025:12:14:58 +0000] "GET /page/4/?items=235734506 HTTP/1.1" 404 355 "-" "Mozilla/5.0 AppleWebKit/537.36 (KHTML, like Gecko; compatible; ClaudeBot/1.0; +claudebot@anthropic.com)"
216.73.216.104 - - [18/Dec/2025:12:15:03 +0000] "GET /?items=424323370 HTTP/1.1" 500 0 "-" "Mozilla/5.0 AppleWebKit/537.36 (KHTML, like Gecko; compatible; ClaudeBot/1.0; +claudebot@anthropic.com)"
216.73.216.104 - - [18/Dec/2025:12:15:08 +0000] "GET /?items=159892577 HTTP/1.1" 500 0 "-" "Mozilla/5.0 AppleWebKit/537.36 (KHTML, like Gecko; compatible; ClaudeBot/1.0; +claudebot@anthropic.com)"
216.73.216.104 - - [18/Dec/2025:12:15:13 +0000] "GET /page/4/?items=234151249 HTTP/1.1" 404 355 "-" "Mozilla/5.0 AppleWebKit/537.36 (KHTML, like Gecko; compatible; ClaudeBot/1.0; +claudebot@anthropic.com)"
216.73.216.104 - - [18/Dec/2025:12:15:18 +0000] "GET /?items=424325230 HTTP/1.1" 500 0 "-" "Mozilla/5.0 AppleWebKit/537.36 (KHTML, like Gecko; compatible; ClaudeBot/1.0; +claudebot@anthropic.com)"
216.73.216.104 - - [18/Dec/2025:12:15:23 +0000] "GET /page/6/?items=398623418 HTTP/1.1" 404 355 "-" "Mozilla/5.0 AppleWebKit/537.36 (KHTML, like Gecko; compatible; ClaudeBot/1.0; +claudebot@anthropic.com)"
216.73.216.104 - - [18/Dec/2025:12:15:28 +0000] "GET /?items=159876266 HTTP/1.1" 500 0 "-" "Mozilla/5.0 AppleWebKit/537.36 (KHTML, like Gecko; compatible; ClaudeBot/1.0; +claudebot@anthropic.com)"
216.73.216.104 - - [18/Dec/2025:12:15:33 +0000] "GET /page/3/?items=68711705 HTTP/1.1" 404 355 "-" "Mozilla/5.0 AppleWebKit/537.36 (KHTML, like Gecko; compatible; ClaudeBot/1.0; +claudebot@anthropic.com)"
216.73.216.104 - - [18/Dec/2025:12:15:40 +0000] "GET /?items=397873633 HTTP/1.1" 500 0 "-" "Mozilla/5.0 AppleWebKit/537.36 (KHTML, like Gecko; compatible; ClaudeBot/1.0; +claudebot@anthropic.com)"
216.73.216.104 - - [18/Dec/2025:12:15:43 +0000] "GET /?items=424240479 HTTP/1.1" 500 0 "-" "Mozilla/5.0 AppleWebKit/537.36 (KHTML, like Gecko; compatible; ClaudeBot/1.0; +claudebot@anthropic.com)"
216.73.216.104 - - [18/Dec/2025:12:15:48 +0000] "GET /page/3/?items=256279331 HTTP/1.1" 404 355 "-" "Mozilla/5.0 AppleWebKit/537.36 (KHTML, like Gecko; compatible; ClaudeBot/1.0; +claudebot@anthropic.com)"
216.73.216.104 - - [18/Dec/2025:12:15:53 +0000] "GET /page/4/?items=181959615 HTTP/1.1" 404 355 "-" "Mozilla/5.0 AppleWebKit/537.36 (KHTML, like Gecko; compatible; ClaudeBot/1.0; +claudebot@anthropic.com)"
216.73.216.104 - - [18/Dec/2025:12:15:58 +0000] "GET /page/3/?items=112207137 HTTP/1.1" 404 355 "-" "Mozilla/5.0 AppleWebKit/537.36 (KHTML, like Gecko; compatible; ClaudeBot/1.0; +claudebot@anthropic.com)"
216.73.216.104 - - [18/Dec/2025:12:16:03 +0000] "GET /?items=424299331 HTTP/1.1" 500 0 "-" "Mozilla/5.0 AppleWebKit/537.36 (KHTML, like Gecko; compatible; ClaudeBot/1.0; +claudebot@anthropic.com)"
216.73.216.104 - - [18/Dec/2025:12:16:08 +0000] "GET /?items=159918202 HTTP/1.1" 500 0 "-" "Mozilla/5.0 AppleWebKit/537.36 (KHTML, like Gecko; compatible; ClaudeBot/1.0; +claudebot@anthropic.com)"
216.73.216.104 - - [18/Dec/2025:12:16:13 +0000] "GET /?items=159859864 HTTP/1.1" 500 0 "-" "Mozilla/5.0 AppleWebKit/537.36 (KHTML, like Gecko; compatible; ClaudeBot/1.0; +claudebot@anthropic.com)"
216.73.216.104 - - [18/Dec/2025:12:16:18 +0000] "GET /?items=159876604 HTTP/1.1" 500 0 "-" "Mozilla/5.0 AppleWebKit/537.36 (KHTML, like Gecko; compatible; ClaudeBot/1.0; +claudebot@anthropic.com)"
216.73.216.104 - - [18/Dec/2025:12:16:23 +0000] "GET /?items=159911159 HTTP/1.1" 500 0 "-" "Mozilla/5.0 AppleWebKit/537.36 (KHTML, like Gecko; compatible; ClaudeBot/1.0; +claudebot@anthropic.com)"
66.249.75.2 - - [18/Dec/2025:12:16:26 +0000] "GET /?items=101823252 HTTP/1.1" 200 215632 "-" "Mozilla/5.0 (Linux; Android 6.0.1; Nexus 5X Build/MMB29P) AppleWebKit/537.36 (KHTML, like Gecko) Chrome/141.0.7390.122 Mobile Safari/537.36 (compatible; Googlebot/2.1; +http://www.google.com/bot.html)"
66.249.75.3 - - [18/Dec/2025:12:16:27 +0000] "GET /?items=240575548 HTTP/1.1" 200 215170 "-" "Mozilla/5.0 (Linux; Android 6.0.1; Nexus 5X Build/MMB29P) AppleWebKit/537.36 (KHTML, like Gecko) Chrome/141.0.7390.122 Mobile Safari/537.36 (compatible; Googlebot/2.1; +http://www.google.com/bot.html)"
216.73.216.104 - - [18/Dec/2025:12:16:29 +0000] "GET /page/3/?items=312783385 HTTP/1.1" 404 355 "-" "Mozilla/5.0 AppleWebKit/537.36 (KHTML, like Gecko; compatible; ClaudeBot/1.0; +claudebot@anthropic.com)"
216.73.216.104 - - [18/Dec/2025:12:16:34 +0000] "GET /page/3/?items=312773465 HTTP/1.1" 404 355 "-" "Mozilla/5.0 AppleWebKit/537.36 (KHTML, like Gecko; compatible; ClaudeBot/1.0; +claudebot@anthropic.com)"
216.73.216.104 - - [18/Dec/2025:12:16:39 +0000] "GET /page/4/?items=379374594 HTTP/1.1" 404 355 "-" "Mozilla/5.0 AppleWebKit/537.36 (KHTML, like Gecko; compatible; ClaudeBot/1.0; +claudebot@anthropic.com)"
216.73.216.104 - - [18/Dec/2025:12:16:44 +0000] "GET /page/4/?items=312720848 HTTP/1.1" 404 355 "-" "Mozilla/5.0 AppleWebKit/537.36 (KHTML, like Gecko; compatible; ClaudeBot/1.0; +claudebot@anthropic.com)"
216.73.216.104 - - [18/Dec/2025:12:16:49 +0000] "GET /page/3/?items=68728602 HTTP/1.1" 404 355 "-" "Mozilla/5.0 AppleWebKit/537.36 (KHTML, like Gecko; compatible; ClaudeBot/1.0; +claudebot@anthropic.com)"
216.73.216.104 - - [18/Dec/2025:12:16:54 +0000] "GET /page/4/?items=312719765 HTTP/1.1" 404 355 "-" "Mozilla/5.0 AppleWebKit/537.36 (KHTML, like Gecko; compatible; ClaudeBot/1.0; +claudebot@anthropic.com)"
216.73.216.104 - - [18/Dec/2025:12:16:59 +0000] "GET /page/5/?items=235778129 HTTP/1.1" 404 355 "-" "Mozilla/5.0 AppleWebKit/537.36 (KHTML, like Gecko; compatible; ClaudeBot/1.0; +claudebot@anthropic.com)"
216.73.216.104 - - [18/Dec/2025:12:17:04 +0000] "GET /page/3/?items=112285066 HTTP/1.1" 404 355 "-" "Mozilla/5.0 AppleWebKit/537.36 (KHTML, like Gecko; compatible; ClaudeBot/1.0; +claudebot@anthropic.com)"
216.73.216.104 - - [18/Dec/2025:12:17:09 +0000] "GET /page/4/?items=362090679 HTTP/1.1" 404 355 "-" "Mozilla/5.0 AppleWebKit/537.36 (KHTML, like Gecko; compatible; ClaudeBot/1.0; +claudebot@anthropic.com)"
216.73.216.104 - - [18/Dec/2025:12:17:15 +0000] "GET /page/6/?items=391727937 HTTP/1.1" 404 355 "-" "Mozilla/5.0 AppleWebKit/537.36 (KHTML, like Gecko; compatible; ClaudeBot/1.0; +claudebot@anthropic.com)"
216.73.216.104 - - [18/Dec/2025:12:17:19 +0000] "GET /page/6/?items=398650410 HTTP/1.1" 404 355 "-" "Mozilla/5.0 AppleWebKit/537.36 (KHTML, like Gecko; compatible; ClaudeBot/1.0; +claudebot@anthropic.com)"
216.73.216.104 - - [18/Dec/2025:12:17:24 +0000] "GET /page/6/?items=379468568 HTTP/1.1" 404 355 "-" "Mozilla/5.0 AppleWebKit/537.36 (KHTML, like Gecko; compatible; ClaudeBot/1.0; +claudebot@anthropic.com)"
66.249.75.5 - - [18/Dec/2025:12:17:28 +0000] "GET /?items=1262187 HTTP/1.1" 200 210828 "-" "Mozilla/5.0 (Linux; Android 6.0.1; Nexus 5X Build/MMB29P) AppleWebKit/537.36 (KHTML, like Gecko) Chrome/141.0.7390.122 Mobile Safari/537.36 (compatible; Googlebot/2.1; +http://www.google.com/bot.html)"
216.73.216.104 - - [18/Dec/2025:12:17:29 +0000] "GET /?items=424270753 HTTP/1.1" 500 0 "-" "Mozilla/5.0 AppleWebKit/537.36 (KHTML, like Gecko; compatible; ClaudeBot/1.0; +claudebot@anthropic.com)"
216.73.216.104 - - [18/Dec/2025:12:17:34 +0000] "GET /page/3/?items=112208393 HTTP/1.1" 404 355 "-" "Mozilla/5.0 AppleWebKit/537.36 (KHTML, like Gecko; compatible; ClaudeBot/1.0; +claudebot@anthropic.com)"
216.73.216.104 - - [18/Dec/2025:12:17:39 +0000] "GET /page/3/?items=362026869 HTTP/1.1" 404 355 "-" "Mozilla/5.0 AppleWebKit/537.36 (KHTML, like Gecko; compatible; ClaudeBot/1.0; +claudebot@anthropic.com)"
216.73.216.104 - - [18/Dec/2025:12:17:44 +0000] "GET /page/3/?items=362087472 HTTP/1.1" 404 355 "-" "Mozilla/5.0 AppleWebKit/537.36 (KHTML, like Gecko; compatible; ClaudeBot/1.0; +claudebot@anthropic.com)"
216.73.216.104 - - [18/Dec/2025:12:17:49 +0000] "GET /?items=424338349 HTTP/1.1" 500 0 "-" "Mozilla/5.0 AppleWebKit/537.36 (KHTML, like Gecko; compatible; ClaudeBot/1.0; +claudebot@anthropic.com)"
216.73.216.104 - - [18/Dec/2025:12:17:54 +0000] "GET /?items=424340193 HTTP/1.1" 500 0 "-" "Mozilla/5.0 AppleWebKit/537.36 (KHTML, like Gecko; compatible; ClaudeBot/1.0; +claudebot@anthropic.com)"
216.73.216.104 - - [18/Dec/2025:12:17:59 +0000] "GET /page/6/?items=398657486 HTTP/1.1" 404 355 "-" "Mozilla/5.0 AppleWebKit/537.36 (KHTML, like Gecko; compatible; ClaudeBot/1.0; +claudebot@anthropic.com)"
216.73.216.104 - - [18/Dec/2025:12:18:04 +0000] "GET /page/3/?items=391731971 HTTP/1.1" 404 355 "-" "Mozilla/5.0 AppleWebKit/537.36 (KHTML, like Gecko; compatible; ClaudeBot/1.0; +claudebot@anthropic.com)"
216.73.216.104 - - [18/Dec/2025:12:18:09 +0000] "GET /?items=397805292 HTTP/1.1" 500 0 "-" "Mozilla/5.0 AppleWebKit/537.36 (KHTML, like Gecko; compatible; ClaudeBot/1.0; +claudebot@anthropic.com)"
216.73.216.104 - - [18/Dec/2025:12:18:19 +0000] "GET /page/4/?items=362033673 HTTP/1.1" 404 355 "-" "Mozilla/5.0 AppleWebKit/537.36 (KHTML, like Gecko; compatible; ClaudeBot/1.0; +claudebot@anthropic.com)"
216.73.216.104 - - [18/Dec/2025:12:18:22 +0000] "GET /page/3/?items=312719666 HTTP/1.1" 404 355 "-" "Mozilla/5.0 AppleWebKit/537.36 (KHTML, like Gecko; compatible; ClaudeBot/1.0; +claudebot@anthropic.com)"
216.73.216.104 - - [18/Dec/2025:12:18:27 +0000] "GET /page/4/?items=362136420 HTTP/1.1" 404 355 "-" "Mozilla/5.0 AppleWebKit/537.36 (KHTML, like Gecko; compatible; ClaudeBot/1.0; +claudebot@anthropic.com)"
66.249.75.4 - - [18/Dec/2025:12:18:29 +0000] "GET /?items=93756861 HTTP/1.1" 200 220562 "-" "Mozilla/5.0 (Linux; Android 6.0.1; Nexus 5X Build/MMB29P) AppleWebKit/537.36 (KHTML, like Gecko) Chrome/141.0.7390.122 Mobile Safari/537.36 (compatible; Googlebot/2.1; +http://www.google.com/bot.html)"
216.73.216.104 - - [18/Dec/2025:12:18:32 +0000] "GET /page/3/?items=312777499 HTTP/1.1" 404 355 "-" "Mozilla/5.0 AppleWebKit/537.36 (KHTML, like Gecko; compatible; ClaudeBot/1.0; +claudebot@anthropic.com)"
216.73.216.104 - - [18/Dec/2025:12:18:37 +0000] "GET /page/3/?items=312700752 HTTP/1.1" 404 355 "-" "Mozilla/5.0 AppleWebKit/537.36 (KHTML, like Gecko; compatible; ClaudeBot/1.0; +claudebot@anthropic.com)"
216.73.216.104 - - [18/Dec/2025:12:18:42 +0000] "GET /page/4/?items=362100426 HTTP/1.1" 404 355 "-" "Mozilla/5.0 AppleWebKit/537.36 (KHTML, like Gecko; compatible; ClaudeBot/1.0; +claudebot@anthropic.com)"
216.73.216.104 - - [18/Dec/2025:12:18:47 +0000] "GET /page/3/?items=312753881 HTTP/1.1" 404 355 "-" "Mozilla/5.0 AppleWebKit/537.36 (KHTML, like Gecko; compatible; ClaudeBot/1.0; +claudebot@anthropic.com)"
216.73.216.104 - - [18/Dec/2025:12:18:52 +0000] "GET /page/3/?items=181935073 HTTP/1.1" 404 355 "-" "Mozilla/5.0 AppleWebKit/537.36 (KHTML, like Gecko; compatible; ClaudeBot/1.0; +claudebot@anthropic.com)"
216.73.216.104 - - [18/Dec/2025:12:18:57 +0000] "GET /page/4/?items=112288852 HTTP/1.1" 404 355 "-" "Mozilla/5.0 AppleWebKit/537.36 (KHTML, like Gecko; compatible; ClaudeBot/1.0; +claudebot@anthropic.com)"
216.73.216.104 - - [18/Dec/2025:12:19:02 +0000] "GET /page/4/?items=379471950 HTTP/1.1" 404 355 "-" "Mozilla/5.0 AppleWebKit/537.36 (KHTML, like Gecko; compatible; ClaudeBot/1.0; +claudebot@anthropic.com)"
216.73.216.104 - - [18/Dec/2025:12:19:07 +0000] "GET /page/6/?items=398726992 HTTP/1.1" 404 355 "-" "Mozilla/5.0 AppleWebKit/537.36 (KHTML, like Gecko; compatible; ClaudeBot/1.0; +claudebot@anthropic.com)"
216.73.216.104 - - [18/Dec/2025:12:19:12 +0000] "GET /page/4/?items=235782089 HTTP/1.1" 404 355 "-" "Mozilla/5.0 AppleWebKit/537.36 (KHTML, like Gecko; compatible; ClaudeBot/1.0; +claudebot@anthropic.com)"
216.73.216.104 - - [18/Dec/2025:12:19:17 +0000] "GET /page/3/?items=112281380 HTTP/1.1" 404 355 "-" "Mozilla/5.0 AppleWebKit/537.36 (KHTML, like Gecko; compatible; ClaudeBot/1.0; +claudebot@anthropic.com)"
216.73.216.104 - - [18/Dec/2025:12:19:26 +0000] "GET /page/3/?items=362036789 HTTP/1.1" 404 355 "-" "Mozilla/5.0 AppleWebKit/537.36 (KHTML, like Gecko; compatible; ClaudeBot/1.0; +claudebot@anthropic.com)"
66.249.75.4 - - [18/Dec/2025:12:19:30 +0000] "GET /?items=293839889 HTTP/1.1" 200 205280 "-" "Mozilla/5.0 (Linux; Android 6.0.1; Nexus 5X Build/MMB29P) AppleWebKit/537.36 (KHTML, like Gecko) Chrome/141.0.7390.122 Mobile Safari/537.36 (compatible; Googlebot/2.1; +http://www.google.com/bot.html)"
216.73.216.104 - - [18/Dec/2025:12:19:31 +0000] "GET /page/3/?items=234147479 HTTP/1.1" 404 355 "-" "Mozilla/5.0 AppleWebKit/537.36 (KHTML, like Gecko; compatible; ClaudeBot/1.0; +claudebot@anthropic.com)"
66.249.75.4 - - [18/Dec/2025:12:19:31 +0000] "GET /?items=48891801 HTTP/1.1" 200 206774 "-" "Mozilla/5.0 (Linux; Android 6.0.1; Nexus 5X Build/MMB29P) AppleWebKit/537.36 (KHTML, like Gecko) Chrome/141.0.7390.122 Mobile Safari/537.36 (compatible; Googlebot/2.1; +http://www.google.com/bot.html)"
216.73.216.104 - - [18/Dec/2025:12:19:36 +0000] "GET /page/3/?items=391796028 HTTP/1.1" 404 355 "-" "Mozilla/5.0 AppleWebKit/537.36 (KHTML, like Gecko; compatible; ClaudeBot/1.0; +claudebot@anthropic.com)"
216.73.216.104 - - [18/Dec/2025:12:19:43 +0000] "GET /?items=144522793 HTTP/1.1" 500 0 "-" "Mozilla/5.0 AppleWebKit/537.36 (KHTML, like Gecko; compatible; ClaudeBot/1.0; +claudebot@anthropic.com)"
216.73.216.104 - - [18/Dec/2025:12:20:10 +0000] "GET /page/3/?items=312723195 HTTP/1.1" 404 355 "-" "Mozilla/5.0 AppleWebKit/537.36 (KHTML, like Gecko; compatible; ClaudeBot/1.0; +claudebot@anthropic.com)"
216.73.216.104 - - [18/Dec/2025:12:20:25 +0000] "GET /page/3/?items=391742916 HTTP/1.1" 404 355 "-" "Mozilla/5.0 AppleWebKit/537.36 (KHTML, like Gecko; compatible; ClaudeBot/1.0; +claudebot@anthropic.com)"
66.249.75.4 - - [18/Dec/2025:12:20:31 +0000] "GET /?items=240641202 HTTP/1.1" 200 207855 "-" "Mozilla/5.0 (Linux; Android 6.0.1; Nexus 5X Build/MMB29P) AppleWebKit/537.36 (KHTML, like Gecko) Chrome/141.0.7390.122 Mobile Safari/537.36 (compatible; Googlebot/2.1; +http://www.google.com/bot.html)"
216.73.216.104 - - [18/Dec/2025:12:20:55 +0000] "GET /page/3/?items=391727176 HTTP/1.1" 404 355 "-" "Mozilla/5.0 AppleWebKit/537.36 (KHTML, like Gecko; compatible; ClaudeBot/1.0; +claudebot@anthropic.com)"
216.73.216.104 - - [18/Dec/2025:12:21:01 +0000] "GET /page/3/?items=391745428 HTTP/1.1" 404 355 "-" "Mozilla/5.0 AppleWebKit/537.36 (KHTML, like Gecko; compatible; ClaudeBot/1.0; +claudebot@anthropic.com)"
66.249.75.5 - - [18/Dec/2025:12:21:32 +0000] "GET /?items=354802488 HTTP/1.1" 200 197352 "-" "Mozilla/5.0 (Linux; Android 6.0.1; Nexus 5X Build/MMB29P) AppleWebKit/537.36 (KHTML, like Gecko) Chrome/141.0.7390.122 Mobile Safari/537.36 (compatible; Googlebot/2.1; +http://www.google.com/bot.html)"
216.73.216.104 - - [18/Dec/2025:12:21:36 +0000] "GET /page/5/?items=379508182 HTTP/1.1" 404 355 "-" "Mozilla/5.0 AppleWebKit/537.36 (KHTML, like Gecko; compatible; ClaudeBot/1.0; +claudebot@anthropic.com)"
216.73.216.104 - - [18/Dec/2025:12:22:03 +0000] "GET /?items=159816490 HTTP/1.1" 500 0 "-" "Mozilla/5.0 AppleWebKit/537.36 (KHTML, like Gecko; compatible; ClaudeBot/1.0; +claudebot@anthropic.com)"
66.249.75.3 - - [18/Dec/2025:12:22:03 +0000] "GET /?items=102687053 HTTP/1.1" 200 198321 "-" "Mozilla/5.0 (Linux; Android 6.0.1; Nexus 5X Build/MMB29P) AppleWebKit/537.36 (KHTML, like Gecko) Chrome/141.0.7390.122 Mobile Safari/537.36 (compatible; Googlebot/2.1; +http://www.google.com/bot.html)"
66.249.75.5 - - [18/Dec/2025:12:22:04 +0000] "GET /?items=438204236 HTTP/1.1" 200 209251 "-" "Mozilla/5.0 (Linux; Android 6.0.1; Nexus 5X Build/MMB29P) AppleWebKit/537.36 (KHTML, like Gecko) Chrome/141.0.7390.122 Mobile Safari/537.36 (compatible; Googlebot/2.1; +http://www.google.com/bot.html)"
66.249.75.3 - - [18/Dec/2025:12:22:04 +0000] "GET /?items=37935592 HTTP/1.1" 200 212459 "-" "Mozilla/5.0 (Linux; Android 6.0.1; Nexus 5X Build/MMB29P) AppleWebKit/537.36 (KHTML, like Gecko) Chrome/141.0.7390.122 Mobile Safari/537.36 (compatible; Googlebot/2.1; +http://www.google.com/bot.html)"
216.73.216.104 - - [18/Dec/2025:12:22:25 +0000] "GET /page/3/?items=391742990 HTTP/1.1" 404 355 "-" "Mozilla/5.0 AppleWebKit/537.36 (KHTML, like Gecko; compatible; ClaudeBot/1.0; +claudebot@anthropic.com)"
216.73.216.104 - - [18/Dec/2025:12:23:10 +0000] "GET /page/3/?items=312706298 HTTP/1.1" 404 355 "-" "Mozilla/5.0 AppleWebKit/537.36 (KHTML, like Gecko; compatible; ClaudeBot/1.0; +claudebot@anthropic.com)"
216.73.216.104 - - [18/Dec/2025:12:23:15 +0000] "GET /page/3/?items=391764517 HTTP/1.1" 404 355 "-" "Mozilla/5.0 AppleWebKit/537.36 (KHTML, like Gecko; compatible; ClaudeBot/1.0; +claudebot@anthropic.com)"
66.249.75.4 - - [18/Dec/2025:12:24:05 +0000] "GET /?items=115871146 HTTP/1.1" 200 215332 "-" "Mozilla/5.0 (Linux; Android 6.0.1; Nexus 5X Build/MMB29P) AppleWebKit/537.36 (KHTML, like Gecko) Chrome/141.0.7390.122 Mobile Safari/537.36 (compatible; Googlebot/2.1; +http://www.google.com/bot.html)"
216.73.216.104 - - [18/Dec/2025:12:24:17 +0000] "GET /page/3/?items=391711469 HTTP/1.1" 404 355 "-" "Mozilla/5.0 AppleWebKit/537.36 (KHTML, like Gecko; compatible; ClaudeBot/1.0; +claudebot@anthropic.com)"
216.73.216.104 - - [18/Dec/2025:12:24:31 +0000] "GET /page/3/?items=362112107 HTTP/1.1" 404 355 "-" "Mozilla/5.0 AppleWebKit/537.36 (KHTML, like Gecko; compatible; ClaudeBot/1.0; +claudebot@anthropic.com)"
216.73.216.104 - - [18/Dec/2025:12:24:35 +0000] "GET /page/3/?items=312765323 HTTP/1.1" 404 355 "-" "Mozilla/5.0 AppleWebKit/537.36 (KHTML, like Gecko; compatible; ClaudeBot/1.0; +claudebot@anthropic.com)"
66.249.75.4 - - [18/Dec/2025:12:24:36 +0000] "GET /?items=200818471 HTTP/1.1" 200 211549 "-" "Mozilla/5.0 (Linux; Android 6.0.1; Nexus 5X Build/MMB29P) AppleWebKit/537.36 (KHTML, like Gecko) Chrome/141.0.7390.122 Mobile Safari/537.36 (compatible; Googlebot/2.1; +http://www.google.com/bot.html)"
216.73.216.104 - - [18/Dec/2025:12:24:58 +0000] "GET /page/2/?items=112204945 HTTP/1.1" 404 355 "-" "Mozilla/5.0 AppleWebKit/537.36 (KHTML, like Gecko; compatible; ClaudeBot/1.0; +claudebot@anthropic.com)"
216.73.216.104 - - [18/Dec/2025:12:25:03 +0000] "GET /page/2/?items=112232267 HTTP/1.1" 404 355 "-" "Mozilla/5.0 AppleWebKit/537.36 (KHTML, like Gecko; compatible; ClaudeBot/1.0; +claudebot@anthropic.com)"
216.73.216.104 - - [18/Dec/2025:12:25:08 +0000] "GET /page/5/?items=391683295 HTTP/1.1" 404 355 "-" "Mozilla/5.0 AppleWebKit/537.36 (KHTML, like Gecko; compatible; ClaudeBot/1.0; +claudebot@anthropic.com)"
216.73.216.104 - - [18/Dec/2025:12:25:13 +0000] "GET /page/2/?items=312702008 HTTP/1.1" 404 355 "-" "Mozilla/5.0 AppleWebKit/537.36 (KHTML, like Gecko; compatible; ClaudeBot/1.0; +claudebot@anthropic.com)"
216.73.216.104 - - [18/Dec/2025:12:25:18 +0000] "GET /page/2/?items=112222512 HTTP/1.1" 404 355 "-" "Mozilla/5.0 AppleWebKit/537.36 (KHTML, like Gecko; compatible; ClaudeBot/1.0; +claudebot@anthropic.com)"
216.73.216.104 - - [18/Dec/2025:12:25:23 +0000] "GET /page/2/?items=112206467 HTTP/1.1" 404 355 "-" "Mozilla/5.0 AppleWebKit/537.36 (KHTML, like Gecko; compatible; ClaudeBot/1.0; +claudebot@anthropic.com)"
216.73.216.104 - - [18/Dec/2025:12:25:28 +0000] "GET /page/2/?items=112205549 HTTP/1.1" 404 355 "-" "Mozilla/5.0 AppleWebKit/537.36 (KHTML, like Gecko; compatible; ClaudeBot/1.0; +claudebot@anthropic.com)"
216.73.216.104 - - [18/Dec/2025:12:25:33 +0000] "GET /page/2/?items=112206044 HTTP/1.1" 404 355 "-" "Mozilla/5.0 AppleWebKit/537.36 (KHTML, like Gecko; compatible; ClaudeBot/1.0; +claudebot@anthropic.com)"
66.249.75.4 - - [18/Dec/2025:12:25:37 +0000] "GET /?items=1272602 HTTP/1.1" 200 212343 "-" "Mozilla/5.0 (Linux; Android 6.0.1; Nexus 5X Build/MMB29P) AppleWebKit/537.36 (KHTML, like Gecko) Chrome/141.0.7390.122 Mobile Safari/537.36 (compatible; Googlebot/2.1; +http://www.google.com/bot.html)"
66.249.75.4 - - [18/Dec/2025:12:25:38 +0000] "GET /?items=443142361 HTTP/1.1" 200 201118 "-" "Mozilla/5.0 (Linux; Android 6.0.1; Nexus 5X Build/MMB29P) AppleWebKit/537.36 (KHTML, like Gecko) Chrome/141.0.7390.122 Mobile Safari/537.36 (compatible; Googlebot/2.1; +http://www.google.com/bot.html)"
66.249.75.3 - - [18/Dec/2025:12:25:39 +0000] "GET /?items=293835946 HTTP/1.1" 200 204722 "-" "Mozilla/5.0 (Linux; Android 6.0.1; Nexus 5X Build/MMB29P) AppleWebKit/537.36 (KHTML, like Gecko) Chrome/141.0.7390.122 Mobile Safari/537.36 (compatible; Googlebot/2.1; +http://www.google.com/bot.html)"
216.73.216.104 - - [18/Dec/2025:12:25:54 +0000] "GET /page/3/?items=112319198 HTTP/1.1" 404 355 "-" "Mozilla/5.0 AppleWebKit/537.36 (KHTML, like Gecko; compatible; ClaudeBot/1.0; +claudebot@anthropic.com)"
216.73.216.104 - - [18/Dec/2025:12:25:58 +0000] "GET /page/2/?items=68616209 HTTP/1.1" 404 355 "-" "Mozilla/5.0 AppleWebKit/537.36 (KHTML, like Gecko; compatible; ClaudeBot/1.0; +claudebot@anthropic.com)"
216.73.216.104 - - [18/Dec/2025:12:26:03 +0000] "GET /page/2/?items=256305991 HTTP/1.1" 404 355 "-" "Mozilla/5.0 AppleWebKit/537.36 (KHTML, like Gecko; compatible; ClaudeBot/1.0; +claudebot@anthropic.com)"
216.73.216.104 - - [18/Dec/2025:12:26:08 +0000] "GET /page/2/?items=312825008 HTTP/1.1" 404 355 "-" "Mozilla/5.0 AppleWebKit/537.36 (KHTML, like Gecko; compatible; ClaudeBot/1.0; +claudebot@anthropic.com)"
66.249.75.3 - - [18/Dec/2025:12:26:10 +0000] "GET /?items=170204260 HTTP/1.1" 200 205512 "-" "Mozilla/5.0 (Linux; Android 6.0.1; Nexus 5X Build/MMB29P) AppleWebKit/537.36 (KHTML, like Gecko) Chrome/141.0.7390.122 Mobile Safari/537.36 (compatible; Googlebot/2.1; +http://www.google.com/bot.html)"
66.249.75.4 - - [18/Dec/2025:12:26:10 +0000] "GET /?items=37833449 HTTP/1.1" 200 205189 "-" "Mozilla/5.0 (Linux; Android 6.0.1; Nexus 5X Build/MMB29P) AppleWebKit/537.36 (KHTML, like Gecko) Chrome/141.0.7390.122 Mobile Safari/537.36 (compatible; Googlebot/2.1; +http://www.google.com/bot.html)"
216.73.216.104 - - [18/Dec/2025:12:26:13 +0000] "GET /page/2/?items=112207566 HTTP/1.1" 404 355 "-" "Mozilla/5.0 AppleWebKit/537.36 (KHTML, like Gecko; compatible; ClaudeBot/1.0; +claudebot@anthropic.com)"
216.73.216.104 - - [18/Dec/2025:12:26:18 +0000] "GET /page/2/?items=312778947 HTTP/1.1" 404 355 "-" "Mozilla/5.0 AppleWebKit/537.36 (KHTML, like Gecko; compatible; ClaudeBot/1.0; +claudebot@anthropic.com)"
47.244.90.157 - - [18/Dec/2025:12:26:26 +0000] "POST /wp-login.php HTTP/1.1" 500 0 "-" "Mozilla/5.0 (Windows NT 10.0; Win64; x64; rv:48.0) Gecko/20100101 Firefox/48.0"
216.73.216.104 - - [18/Dec/2025:12:26:56 +0000] "GET /page/4/?items=379506596 HTTP/1.1" 404 355 "-" "Mozilla/5.0 AppleWebKit/537.36 (KHTML, like Gecko; compatible; ClaudeBot/1.0; +claudebot@anthropic.com)"
216.73.216.104 - - [18/Dec/2025:12:27:01 +0000] "GET /page/3/?items=235770987 HTTP/1.1" 404 355 "-" "Mozilla/5.0 AppleWebKit/537.36 (KHTML, like Gecko; compatible; ClaudeBot/1.0; +claudebot@anthropic.com)"
216.73.216.104 - - [18/Dec/2025:12:27:06 +0000] "GET /page/6/?items=398640315 HTTP/1.1" 404 355 "-" "Mozilla/5.0 AppleWebKit/537.36 (KHTML, like Gecko; compatible; ClaudeBot/1.0; +claudebot@anthropic.com)"
216.73.216.104 - - [18/Dec/2025:12:27:11 +0000] "GET /page/4/?items=379398567 HTTP/1.1" 404 355 "-" "Mozilla/5.0 AppleWebKit/537.36 (KHTML, like Gecko; compatible; ClaudeBot/1.0; +claudebot@anthropic.com)"
216.73.216.104 - - [18/Dec/2025:12:27:16 +0000] "GET /page/3/?items=235802259 HTTP/1.1" 404 355 "-" "Mozilla/5.0 AppleWebKit/537.36 (KHTML, like Gecko; compatible; ClaudeBot/1.0; +claudebot@anthropic.com)"
216.73.216.104 - - [18/Dec/2025:12:27:21 +0000] "GET /page/3/?items=112303732 HTTP/1.1" 404 355 "-" "Mozilla/5.0 AppleWebKit/537.36 (KHTML, like Gecko; compatible; ClaudeBot/1.0; +claudebot@anthropic.com)"
216.73.216.104 - - [18/Dec/2025:12:27:26 +0000] "GET /page/3/?items=112248834 HTTP/1.1" 404 355 "-" "Mozilla/5.0 AppleWebKit/537.36 (KHTML, like Gecko; compatible; ClaudeBot/1.0; +claudebot@anthropic.com)"
216.73.216.104 - - [18/Dec/2025:12:27:31 +0000] "GET /page/3/?items=112277501 HTTP/1.1" 404 355 "-" "Mozilla/5.0 AppleWebKit/537.36 (KHTML, like Gecko; compatible; ClaudeBot/1.0; +claudebot@anthropic.com)"
66.249.75.3 - - [18/Dec/2025:12:27:41 +0000] "GET /?items=354842168 HTTP/1.1" 200 195598 "-" "Mozilla/5.0 (Linux; Android 6.0.1; Nexus 5X Build/MMB29P) AppleWebKit/537.36 (KHTML, like Gecko) Chrome/141.0.7390.122 Mobile Safari/537.36 (compatible; Googlebot/2.1; +http://www.google.com/bot.html)"
216.73.216.104 - - [18/Dec/2025:12:27:48 +0000] "GET /page/3/?items=312795578 HTTP/1.1" 404 355 "-" "Mozilla/5.0 AppleWebKit/537.36 (KHTML, like Gecko; compatible; ClaudeBot/1.0; +claudebot@anthropic.com)"
216.73.216.104 - - [18/Dec/2025:12:27:53 +0000] "GET /page/3/?items=312725981 HTTP/1.1" 404 355 "-" "Mozilla/5.0 AppleWebKit/537.36 (KHTML, like Gecko; compatible; ClaudeBot/1.0; +claudebot@anthropic.com)"
216.73.216.104 - - [18/Dec/2025:12:27:58 +0000] "GET /page/3/?items=312784575 HTTP/1.1" 404 355 "-" "Mozilla/5.0 AppleWebKit/537.36 (KHTML, like Gecko; compatible; ClaudeBot/1.0; +claudebot@anthropic.com)"
216.73.216.104 - - [18/Dec/2025:12:28:03 +0000] "GET /page/3/?items=312713706 HTTP/1.1" 404 355 "-" "Mozilla/5.0 AppleWebKit/537.36 (KHTML, like Gecko; compatible; ClaudeBot/1.0; +claudebot@anthropic.com)"
216.73.216.104 - - [18/Dec/2025:12:28:08 +0000] "GET /page/3/?items=312732960 HTTP/1.1" 404 355 "-" "Mozilla/5.0 AppleWebKit/537.36 (KHTML, like Gecko; compatible; ClaudeBot/1.0; +claudebot@anthropic.com)"
66.249.75.4 - - [18/Dec/2025:12:28:12 +0000] "GET /?items=417311442 HTTP/1.1" 200 200910 "-" "Mozilla/5.0 (Linux; Android 6.0.1; Nexus 5X Build/MMB29P) AppleWebKit/537.36 (KHTML, like Gecko) Chrome/141.0.7390.122 Mobile Safari/537.36 (compatible; Googlebot/2.1; +http://www.google.com/bot.html)"
216.73.216.104 - - [18/Dec/2025:12:28:13 +0000] "GET /page/3/?items=312732529 HTTP/1.1" 404 355 "-" "Mozilla/5.0 AppleWebKit/537.36 (KHTML, like Gecko; compatible; ClaudeBot/1.0; +claudebot@anthropic.com)"
216.73.216.104 - - [18/Dec/2025:12:28:18 +0000] "GET /page/5/?items=379468172 HTTP/1.1" 404 355 "-" "Mozilla/5.0 AppleWebKit/537.36 (KHTML, like Gecko; compatible; ClaudeBot/1.0; +claudebot@anthropic.com)"
216.73.216.104 - - [18/Dec/2025:12:28:23 +0000] "GET /page/3/?items=181991384 HTTP/1.1" 404 355 "-" "Mozilla/5.0 AppleWebKit/537.36 (KHTML, like Gecko; compatible; ClaudeBot/1.0; +claudebot@anthropic.com)"
216.73.216.104 - - [18/Dec/2025:12:28:34 +0000] "GET /page/3/?items=362086307 HTTP/1.1" 404 355 "-" "Mozilla/5.0 AppleWebKit/537.36 (KHTML, like Gecko; compatible; ClaudeBot/1.0; +claudebot@anthropic.com)"
216.73.216.104 - - [18/Dec/2025:12:28:35 +0000] "GET /page/3/?items=68648673 HTTP/1.1" 404 355 "-" "Mozilla/5.0 AppleWebKit/537.36 (KHTML, like Gecko; compatible; ClaudeBot/1.0; +claudebot@anthropic.com)"
216.73.216.104 - - [18/Dec/2025:12:28:40 +0000] "GET /?items=424278656 HTTP/1.1" 500 0 "-" "Mozilla/5.0 AppleWebKit/537.36 (KHTML, like Gecko; compatible; ClaudeBot/1.0; +claudebot@anthropic.com)"
66.249.75.3 - - [18/Dec/2025:12:28:43 +0000] "GET /?items=85015656 HTTP/1.1" 200 208450 "-" "Mozilla/5.0 (Linux; Android 6.0.1; Nexus 5X Build/MMB29P) AppleWebKit/537.36 (KHTML, like Gecko) Chrome/141.0.7390.122 Mobile Safari/537.36 (compatible; Googlebot/2.1; +http://www.google.com/bot.html)"
216.73.216.104 - - [18/Dec/2025:12:28:45 +0000] "GET /page/3/?items=312777103 HTTP/1.1" 404 355 "-" "Mozilla/5.0 AppleWebKit/537.36 (KHTML, like Gecko; compatible; ClaudeBot/1.0; +claudebot@anthropic.com)"
216.73.216.104 - - [18/Dec/2025:12:28:50 +0000] "GET /page/3/?items=68723485 HTTP/1.1" 404 355 "-" "Mozilla/5.0 AppleWebKit/537.36 (KHTML, like Gecko; compatible; ClaudeBot/1.0; +claudebot@anthropic.com)"
216.73.216.104 - - [18/Dec/2025:12:28:55 +0000] "GET /?items=424325387 HTTP/1.1" 500 0 "-" "Mozilla/5.0 AppleWebKit/537.36 (KHTML, like Gecko; compatible; ClaudeBot/1.0; +claudebot@anthropic.com)"
216.73.216.104 - - [18/Dec/2025:12:29:00 +0000] "GET /page/2/?items=112286497 HTTP/1.1" 404 355 "-" "Mozilla/5.0 AppleWebKit/537.36 (KHTML, like Gecko; compatible; ClaudeBot/1.0; +claudebot@anthropic.com)"
216.73.216.104 - - [18/Dec/2025:12:29:05 +0000] "GET /page/3/?items=234107296 HTTP/1.1" 404 355 "-" "Mozilla/5.0 AppleWebKit/537.36 (KHTML, like Gecko; compatible; ClaudeBot/1.0; +claudebot@anthropic.com)"
216.73.216.104 - - [18/Dec/2025:12:29:15 +0000] "GET /?items=159926204 HTTP/1.1" 500 0 "-" "Mozilla/5.0 AppleWebKit/537.36 (KHTML, like Gecko; compatible; ClaudeBot/1.0; +claudebot@anthropic.com)"
216.73.216.104 - - [18/Dec/2025:12:29:19 +0000] "GET /?items=159918633 HTTP/1.1" 500 0 "-" "Mozilla/5.0 AppleWebKit/537.36 (KHTML, like Gecko; compatible; ClaudeBot/1.0; +claudebot@anthropic.com)"
216.73.216.104 - - [18/Dec/2025:12:29:34 +0000] "GET /page/5/?items=379444133 HTTP/1.1" 404 355 "-" "Mozilla/5.0 AppleWebKit/537.36 (KHTML, like Gecko; compatible; ClaudeBot/1.0; +claudebot@anthropic.com)"
216.73.216.104 - - [18/Dec/2025:12:29:39 +0000] "GET /page/3/?items=391715825 HTTP/1.1" 404 355 "-" "Mozilla/5.0 AppleWebKit/537.36 (KHTML, like Gecko; compatible; ClaudeBot/1.0; +claudebot@anthropic.com)"
66.249.75.5 - - [18/Dec/2025:12:29:44 +0000] "GET /?items=247440279 HTTP/1.1" 200 206138 "-" "Mozilla/5.0 (Linux; Android 6.0.1; Nexus 5X Build/MMB29P) AppleWebKit/537.36 (KHTML, like Gecko) Chrome/141.0.7390.122 Mobile Safari/537.36 (compatible; Googlebot/2.1; +http://www.google.com/bot.html)"
216.73.216.104 - - [18/Dec/2025:12:29:44 +0000] "GET /?items=424276381 HTTP/1.1" 500 0 "-" "Mozilla/5.0 AppleWebKit/537.36 (KHTML, like Gecko; compatible; ClaudeBot/1.0; +claudebot@anthropic.com)"
66.249.75.4 - - [18/Dec/2025:12:29:45 +0000] "GET /?items=201038462 HTTP/1.1" 200 204109 "-" "Mozilla/5.0 (Linux; Android 6.0.1; Nexus 5X Build/MMB29P) AppleWebKit/537.36 (KHTML, like Gecko) Chrome/141.0.7390.122 Mobile Safari/537.36 (compatible; Googlebot/2.1; +http://www.google.com/bot.html)"
216.73.216.104 - - [18/Dec/2025:12:29:49 +0000] "GET /page/6/?items=379423276 HTTP/1.1" 404 355 "-" "Mozilla/5.0 AppleWebKit/537.36 (KHTML, like Gecko; compatible; ClaudeBot/1.0; +claudebot@anthropic.com)"
216.73.216.104 - - [18/Dec/2025:12:29:54 +0000] "GET /page/3/?items=362082347 HTTP/1.1" 404 355 "-" "Mozilla/5.0 AppleWebKit/537.36 (KHTML, like Gecko; compatible; ClaudeBot/1.0; +claudebot@anthropic.com)"
2a03:4000:0:27d:7830:25ff:fe78:d989 - - [18/Dec/2025:12:29:59 +0000] "POST /wp-login.php HTTP/1.1" 500 0 "-" "Mozilla/5.0 (Windows NT 10.0; Win64; x64; rv:64.0) Gecko/20100101 Firefox/64.0"
216.73.216.104 - - [18/Dec/2025:12:29:59 +0000] "GET /page/3/?items=312767678 HTTP/1.1" 404 355 "-" "Mozilla/5.0 AppleWebKit/537.36 (KHTML, like Gecko; compatible; ClaudeBot/1.0; +claudebot@anthropic.com)"
216.73.216.104 - - [18/Dec/2025:12:30:04 +0000] "GET /page/3/?items=391757109 HTTP/1.1" 404 355 "-" "Mozilla/5.0 AppleWebKit/537.36 (KHTML, like Gecko; compatible; ClaudeBot/1.0; +claudebot@anthropic.com)"
216.73.216.104 - - [18/Dec/2025:12:30:10 +0000] "GET /page/3/?items=234121918 HTTP/1.1" 404 355 "-" "Mozilla/5.0 AppleWebKit/537.36 (KHTML, like Gecko; compatible; ClaudeBot/1.0; +claudebot@anthropic.com)"
216.73.216.104 - - [18/Dec/2025:12:30:15 +0000] "GET /page/6/?items=379429154 HTTP/1.1" 404 355 "-" "Mozilla/5.0 AppleWebKit/537.36 (KHTML, like Gecko; compatible; ClaudeBot/1.0; +claudebot@anthropic.com)"
216.73.216.104 - - [18/Dec/2025:12:30:20 +0000] "GET /?items=397873707 HTTP/1.1" 500 0 "-" "Mozilla/5.0 AppleWebKit/537.36 (KHTML, like Gecko; compatible; ClaudeBot/1.0; +claudebot@anthropic.com)"
216.73.216.104 - - [18/Dec/2025:12:30:25 +0000] "GET /page/3/?items=182030643 HTTP/1.1" 404 355 "-" "Mozilla/5.0 AppleWebKit/537.36 (KHTML, like Gecko; compatible; ClaudeBot/1.0; +claudebot@anthropic.com)"
216.73.216.104 - - [18/Dec/2025:12:30:30 +0000] "GET /?items=397810409 HTTP/1.1" 500 0 "-" "Mozilla/5.0 AppleWebKit/537.36 (KHTML, like Gecko; compatible; ClaudeBot/1.0; +claudebot@anthropic.com)"
216.73.216.104 - - [18/Dec/2025:12:30:35 +0000] "GET /page/3/?items=312803656 HTTP/1.1" 404 355 "-" "Mozilla/5.0 AppleWebKit/537.36 (KHTML, like Gecko; compatible; ClaudeBot/1.0; +claudebot@anthropic.com)"
216.73.216.104 - - [18/Dec/2025:12:30:40 +0000] "GET /page/3/?items=362088994 HTTP/1.1" 404 355 "-" "Mozilla/5.0 AppleWebKit/537.36 (KHTML, like Gecko; compatible; ClaudeBot/1.0; +claudebot@anthropic.com)"
216.73.216.104 - - [18/Dec/2025:12:30:45 +0000] "GET /page/3/?items=235709376 HTTP/1.1" 404 355 "-" "Mozilla/5.0 AppleWebKit/537.36 (KHTML, like Gecko; compatible; ClaudeBot/1.0; +claudebot@anthropic.com)"
216.73.216.104 - - [18/Dec/2025:12:30:52 +0000] "GET /page/3/?items=312805607 HTTP/1.1" 404 355 "-" "Mozilla/5.0 AppleWebKit/537.36 (KHTML, like Gecko; compatible; ClaudeBot/1.0; +claudebot@anthropic.com)"
216.73.216.104 - - [18/Dec/2025:12:30:57 +0000] "GET /page/3/?items=235726015 HTTP/1.1" 404 355 "-" "Mozilla/5.0 AppleWebKit/537.36 (KHTML, like Gecko; compatible; ClaudeBot/1.0; +claudebot@anthropic.com)"
216.73.216.104 - - [18/Dec/2025:12:31:02 +0000] "GET /page/3/?items=234127804 HTTP/1.1" 404 355 "-" "Mozilla/5.0 AppleWebKit/537.36 (KHTML, like Gecko; compatible; ClaudeBot/1.0; +claudebot@anthropic.com)"
216.73.216.104 - - [18/Dec/2025:12:31:07 +0000] "GET /page/3/?items=379442116 HTTP/1.1" 404 355 "-" "Mozilla/5.0 AppleWebKit/537.36 (KHTML, like Gecko; compatible; ClaudeBot/1.0; +claudebot@anthropic.com)"
216.73.216.104 - - [18/Dec/2025:12:31:12 +0000] "GET /page/6/?items=398714129 HTTP/1.1" 404 355 "-" "Mozilla/5.0 AppleWebKit/537.36 (KHTML, like Gecko; compatible; ClaudeBot/1.0; +claudebot@anthropic.com)"
216.73.216.104 - - [18/Dec/2025:12:31:17 +0000] "GET /page/3/?items=234154365 HTTP/1.1" 404 355 "-" "Mozilla/5.0 AppleWebKit/537.36 (KHTML, like Gecko; compatible; ClaudeBot/1.0; +claudebot@anthropic.com)"
216.73.216.104 - - [18/Dec/2025:12:31:22 +0000] "GET /page/6/?items=398685468 HTTP/1.1" 404 355 "-" "Mozilla/5.0 AppleWebKit/537.36 (KHTML, like Gecko; compatible; ClaudeBot/1.0; +claudebot@anthropic.com)"
216.73.216.104 - - [18/Dec/2025:12:31:27 +0000] "GET /page/6/?items=398611491 HTTP/1.1" 404 355 "-" "Mozilla/5.0 AppleWebKit/537.36 (KHTML, like Gecko; compatible; ClaudeBot/1.0; +claudebot@anthropic.com)"
216.73.216.104 - - [18/Dec/2025:12:31:35 +0000] "GET /?items=424305316 HTTP/1.1" 500 0 "-" "Mozilla/5.0 AppleWebKit/537.36 (KHTML, like Gecko; compatible; ClaudeBot/1.0; +claudebot@anthropic.com)"
216.73.216.104 - - [18/Dec/2025:12:31:38 +0000] "GET /page/3/?items=181967776 HTTP/1.1" 404 355 "-" "Mozilla/5.0 AppleWebKit/537.36 (KHTML, like Gecko; compatible; ClaudeBot/1.0; +claudebot@anthropic.com)"
216.73.216.104 - - [18/Dec/2025:12:31:43 +0000] "GET /page/3/?items=235757289 HTTP/1.1" 404 355 "-" "Mozilla/5.0 AppleWebKit/537.36 (KHTML, like Gecko; compatible; ClaudeBot/1.0; +claudebot@anthropic.com)"
66.249.75.5 - - [18/Dec/2025:12:31:46 +0000] "GET /?items=188330373 HTTP/1.1" 200 205018 "-" "Mozilla/5.0 (Linux; Android 6.0.1; Nexus 5X Build/MMB29P) AppleWebKit/537.36 (KHTML, like Gecko) Chrome/141.0.7390.122 Mobile Safari/537.36 (compatible; Googlebot/2.1; +http://www.google.com/bot.html)"
66.249.75.3 - - [18/Dec/2025:12:31:46 +0000] "GET /?items=37878328 HTTP/1.1" 200 226442 "-" "Mozilla/5.0 (Linux; Android 6.0.1; Nexus 5X Build/MMB29P) AppleWebKit/537.36 (KHTML, like Gecko) Chrome/141.0.7390.122 Mobile Safari/537.36 (compatible; Googlebot/2.1; +http://www.google.com/bot.html)"
66.249.75.5 - - [18/Dec/2025:12:31:46 +0000] "GET /?items=2087828 HTTP/1.1" 200 216812 "-" "Mozilla/5.0 (Linux; Android 6.0.1; Nexus 5X Build/MMB29P) AppleWebKit/537.36 (KHTML, like Gecko) Chrome/141.0.7390.122 Mobile Safari/537.36 (compatible; Googlebot/2.1; +http://www.google.com/bot.html)"
66.249.75.3 - - [18/Dec/2025:12:31:47 +0000] "GET /?items=463960516 HTTP/1.1" 200 206660 "-" "Mozilla/5.0 (Linux; Android 6.0.1; Nexus 5X Build/MMB29P) AppleWebKit/537.36 (KHTML, like Gecko) Chrome/141.0.7390.122 Mobile Safari/537.36 (compatible; Googlebot/2.1; +http://www.google.com/bot.html)"
216.73.216.104 - - [18/Dec/2025:12:31:48 +0000] "GET /?items=424250226 HTTP/1.1" 500 0 "-" "Mozilla/5.0 AppleWebKit/537.36 (KHTML, like Gecko; compatible; ClaudeBot/1.0; +claudebot@anthropic.com)"
216.73.216.104 - - [18/Dec/2025:12:31:57 +0000] "GET /page/3/?items=312789106 HTTP/1.1" 404 355 "-" "Mozilla/5.0 AppleWebKit/537.36 (KHTML, like Gecko; compatible; ClaudeBot/1.0; +claudebot@anthropic.com)"
108.130.79.36 - - [18/Dec/2025:12:31:59 +0000] "GET / HTTP/1.1" 500 0 "-" "Mozilla/5.0 (Windows NT 10.0; Win64; x64) AppleWebKit/537.36 (KHTML, like Gecko) Chrome/60.0.3112.113 Safari/537.36 Assetnote/1.0.0"
108.130.79.36 - - [18/Dec/2025:12:31:59 +0000] "HEAD /apps HTTP/1.1" 404 0 "-" "Mozilla/5.0 (Windows NT 10.0; Win64; x64) AppleWebKit/537.36 (KHTML, like Gecko) Chrome/60.0.3112.113 Safari/537.36 Assetnote/1.0.0"
108.130.79.36 - - [18/Dec/2025:12:31:59 +0000] "HEAD /api/action HTTP/1.1" 404 0 "-" "Mozilla/5.0 (Windows NT 10.0; Win64; x64) AppleWebKit/537.36 (KHTML, like Gecko) Chrome/60.0.3112.113 Safari/537.36 Assetnote/1.0.0"
108.130.79.36 - - [18/Dec/2025:12:32:00 +0000] "HEAD /api/actions HTTP/1.1" 404 0 "-" "Mozilla/5.0 (Windows NT 10.0; Win64; x64) AppleWebKit/537.36 (KHTML, like Gecko) Chrome/60.0.3112.113 Safari/537.36 Assetnote/1.0.0"
108.130.79.36 - - [18/Dec/2025:12:32:00 +0000] "HEAD /_next/data HTTP/1.1" 404 0 "-" "Mozilla/5.0 (Windows NT 10.0; Win64; x64) AppleWebKit/537.36 (KHTML, like Gecko) Chrome/60.0.3112.113 Safari/537.36 Assetnote/1.0.0"
216.73.216.104 - - [18/Dec/2025:12:32:01 +0000] "GET /page/3/?items=6439014 HTTP/1.1" 404 355 "-" "Mozilla/5.0 AppleWebKit/537.36 (KHTML, like Gecko; compatible; ClaudeBot/1.0; +claudebot@anthropic.com)"
216.73.216.104 - - [18/Dec/2025:12:32:06 +0000] "GET /?items=424303200 HTTP/1.1" 500 0 "-" "Mozilla/5.0 AppleWebKit/537.36 (KHTML, like Gecko; compatible; ClaudeBot/1.0; +claudebot@anthropic.com)"
216.73.216.104 - - [18/Dec/2025:12:32:11 +0000] "GET /page/3/?items=312796339 HTTP/1.1" 404 355 "-" "Mozilla/5.0 AppleWebKit/537.36 (KHTML, like Gecko; compatible; ClaudeBot/1.0; +claudebot@anthropic.com)"
216.73.216.104 - - [18/Dec/2025:12:32:16 +0000] "GET /page/3/?items=312747665 HTTP/1.1" 404 355 "-" "Mozilla/5.0 AppleWebKit/537.36 (KHTML, like Gecko; compatible; ClaudeBot/1.0; +claudebot@anthropic.com)"
216.73.216.104 - - [18/Dec/2025:12:32:21 +0000] "GET /page/6/?items=379410240 HTTP/1.1" 404 355 "-" "Mozilla/5.0 AppleWebKit/537.36 (KHTML, like Gecko; compatible; ClaudeBot/1.0; +claudebot@anthropic.com)"
47.79.192.62 - - [18/Dec/2025:12:32:25 +0000] "GET /wp-content/uploads/2025/06/90d1af2c802bf3595b9fc39e75d0bf60-300x300.jpg HTTP/1.1" 200 25928 "-" "Mozilla/5.0 (X11; Linux x86_64) AppleWebKit/537.36 (KHTML, like Gecko) Chrome/120.0.0.0 Safari/537.36"
216.73.216.104 - - [18/Dec/2025:12:32:26 +0000] "GET /page/3/?items=234125779 HTTP/1.1" 404 355 "-" "Mozilla/5.0 AppleWebKit/537.36 (KHTML, like Gecko; compatible; ClaudeBot/1.0; +claudebot@anthropic.com)"
216.73.216.104 - - [18/Dec/2025:12:32:31 +0000] "GET /page/3/?items=312753056 HTTP/1.1" 404 355 "-" "Mozilla/5.0 AppleWebKit/537.36 (KHTML, like Gecko; compatible; ClaudeBot/1.0; +claudebot@anthropic.com)"
216.73.216.104 - - [18/Dec/2025:12:32:38 +0000] "GET /page/3/?items=6416378 HTTP/1.1" 404 355 "-" "Mozilla/5.0 AppleWebKit/537.36 (KHTML, like Gecko; compatible; ClaudeBot/1.0; +claudebot@anthropic.com)"
216.73.216.104 - - [18/Dec/2025:12:32:43 +0000] "GET /page/3/?items=181959112 HTTP/1.1" 404 355 "-" "Mozilla/5.0 AppleWebKit/537.36 (KHTML, like Gecko; compatible; ClaudeBot/1.0; +claudebot@anthropic.com)"
216.73.216.104 - - [18/Dec/2025:12:32:48 +0000] "GET /?items=397818386 HTTP/1.1" 500 0 "-" "Mozilla/5.0 AppleWebKit/537.36 (KHTML, like Gecko; compatible; ClaudeBot/1.0; +claudebot@anthropic.com)"
2804:14c:bf52:92b2:e977:dd57:3828:9773 - - [18/Dec/2025:12:33:08 +0000] "POST /xmlrpc.php HTTP/1.1" 500 0 "-" "Mozilla/5.0 (Windows NT 10.0; arm64) AppleWebKit/537.36 (KHTML, like Gecko) Chrome/115.0.0.0 Safari/537.36"
216.73.216.104 - - [18/Dec/2025:12:33:16 +0000] "GET /?items=159906374 HTTP/1.1" 500 0 "-" "Mozilla/5.0 AppleWebKit/537.36 (KHTML, like Gecko; compatible; ClaudeBot/1.0; +claudebot@anthropic.com)"
216.73.216.104 - - [18/Dec/2025:12:33:20 +0000] "GET /page/4/?items=234125292 HTTP/1.1" 404 355 "-" "Mozilla/5.0 AppleWebKit/537.36 (KHTML, like Gecko; compatible; ClaudeBot/1.0; +claudebot@anthropic.com)"
216.73.216.104 - - [18/Dec/2025:12:33:25 +0000] "GET /page/6/?items=379379727 HTTP/1.1" 404 355 "-" "Mozilla/5.0 AppleWebKit/537.36 (KHTML, like Gecko; compatible; ClaudeBot/1.0; +claudebot@anthropic.com)"
216.73.216.104 - - [18/Dec/2025:12:33:30 +0000] "GET /page/3/?items=6439592 HTTP/1.1" 404 355 "-" "Mozilla/5.0 AppleWebKit/537.36 (KHTML, like Gecko; compatible; ClaudeBot/1.0; +claudebot@anthropic.com)"
66.249.75.4 - - [18/Dec/2025:12:33:31 +0000] "GET /?items=247509628 HTTP/1.1" 200 223451 "-" "Mozilla/5.0 (Linux; Android 6.0.1; Nexus 5X Build/MMB29P) AppleWebKit/537.36 (KHTML, like Gecko) Chrome/141.0.7390.122 Mobile Safari/537.36 (compatible; Googlebot/2.1; +http://www.google.com/bot.html)"
216.73.216.104 - - [18/Dec/2025:12:33:35 +0000] "GET /page/3/?items=6421843 HTTP/1.1" 404 355 "-" "Mozilla/5.0 AppleWebKit/537.36 (KHTML, like Gecko; compatible; ClaudeBot/1.0; +claudebot@anthropic.com)"
216.73.216.104 - - [18/Dec/2025:12:33:40 +0000] "GET /page/6/?items=398685056 HTTP/1.1" 404 355 "-" "Mozilla/5.0 AppleWebKit/537.36 (KHTML, like Gecko; compatible; ClaudeBot/1.0; +claudebot@anthropic.com)"
216.73.216.104 - - [18/Dec/2025:12:33:45 +0000] "GET /page/6/?items=379435964 HTTP/1.1" 404 355 "-" "Mozilla/5.0 AppleWebKit/537.36 (KHTML, like Gecko; compatible; ClaudeBot/1.0; +claudebot@anthropic.com)"
216.73.216.104 - - [18/Dec/2025:12:33:50 +0000] "GET /?items=424308490 HTTP/1.1" 500 0 "-" "Mozilla/5.0 AppleWebKit/537.36 (KHTML, like Gecko; compatible; ClaudeBot/1.0; +claudebot@anthropic.com)"
2405:201:7005:d011:1d3d:5012:ad77:49ee - - [18/Dec/2025:12:33:51 +0000] "POST /xmlrpc.php HTTP/1.1" 500 0 "-" "Mozilla/5.0 (X11; Ubuntu; Linux x86_64; x64) AppleWebKit/537.36 (KHTML, like Gecko) Firefox/87.0.0.0 Safari/537.36"
216.73.216.104 - - [18/Dec/2025:12:33:56 +0000] "GET /?items=424241232 HTTP/1.1" 500 0 "-" "Mozilla/5.0 AppleWebKit/537.36 (KHTML, like Gecko; compatible; ClaudeBot/1.0; +claudebot@anthropic.com)"
216.73.216.104 - - [18/Dec/2025:12:34:01 +0000] "GET /?items=424334389 HTTP/1.1" 500 0 "-" "Mozilla/5.0 AppleWebKit/537.36 (KHTML, like Gecko; compatible; ClaudeBot/1.0; +claudebot@anthropic.com)"
216.73.216.104 - - [18/Dec/2025:12:34:06 +0000] "GET /?items=397902376 HTTP/1.1" 500 0 "-" "Mozilla/5.0 AppleWebKit/537.36 (KHTML, like Gecko; compatible; ClaudeBot/1.0; +claudebot@anthropic.com)"
216.73.216.104 - - [18/Dec/2025:12:34:11 +0000] "GET /page/6/?items=379473132 HTTP/1.1" 404 355 "-" "Mozilla/5.0 AppleWebKit/537.36 (KHTML, like Gecko; compatible; ClaudeBot/1.0; +claudebot@anthropic.com)"
216.73.216.104 - - [18/Dec/2025:12:34:16 +0000] "GET /page/6/?items=379462187 HTTP/1.1" 404 355 "-" "Mozilla/5.0 AppleWebKit/537.36 (KHTML, like Gecko; compatible; ClaudeBot/1.0; +claudebot@anthropic.com)"
216.73.216.104 - - [18/Dec/2025:12:34:21 +0000] "GET /?items=424334307 HTTP/1.1" 500 0 "-" "Mozilla/5.0 AppleWebKit/537.36 (KHTML, like Gecko; compatible; ClaudeBot/1.0; +claudebot@anthropic.com)"
216.73.216.104 - - [18/Dec/2025:12:34:26 +0000] "GET /?items=424288062 HTTP/1.1" 500 0 "-" "Mozilla/5.0 AppleWebKit/537.36 (KHTML, like Gecko; compatible; ClaudeBot/1.0; +claudebot@anthropic.com)"
216.73.216.104 - - [18/Dec/2025:12:34:33 +0000] "GET /page/2/?items=112313570 HTTP/1.1" 404 355 "-" "Mozilla/5.0 AppleWebKit/537.36 (KHTML, like Gecko; compatible; ClaudeBot/1.0; +claudebot@anthropic.com)"
216.73.216.104 - - [18/Dec/2025:12:34:37 +0000] "GET /page/2/?items=112312122 HTTP/1.1" 404 355 "-" "Mozilla/5.0 AppleWebKit/537.36 (KHTML, like Gecko; compatible; ClaudeBot/1.0; +claudebot@anthropic.com)"
216.73.216.104 - - [18/Dec/2025:12:34:42 +0000] "GET /page/2/?items=112305401 HTTP/1.1" 404 355 "-" "Mozilla/5.0 AppleWebKit/537.36 (KHTML, like Gecko; compatible; ClaudeBot/1.0; +claudebot@anthropic.com)"
216.73.216.104 - - [18/Dec/2025:12:34:47 +0000] "GET /page/2/?items=112310204 HTTP/1.1" 404 355 "-" "Mozilla/5.0 AppleWebKit/537.36 (KHTML, like Gecko; compatible; ClaudeBot/1.0; +claudebot@anthropic.com)"
216.73.216.104 - - [18/Dec/2025:12:34:52 +0000] "GET /page/2/?items=112307005 HTTP/1.1" 404 355 "-" "Mozilla/5.0 AppleWebKit/537.36 (KHTML, like Gecko; compatible; ClaudeBot/1.0; +claudebot@anthropic.com)"
216.73.216.104 - - [18/Dec/2025:12:34:57 +0000] "GET /page/2/?items=235679946 HTTP/1.1" 404 355 "-" "Mozilla/5.0 AppleWebKit/537.36 (KHTML, like Gecko; compatible; ClaudeBot/1.0; +claudebot@anthropic.com)"
66.249.75.4 - - [18/Dec/2025:12:35:02 +0000] "GET /?items=1497250 HTTP/1.1" 200 217411 "-" "Mozilla/5.0 (Linux; Android 6.0.1; Nexus 5X Build/MMB29P) AppleWebKit/537.36 (KHTML, like Gecko) Chrome/141.0.7390.122 Mobile Safari/537.36 (compatible; Googlebot/2.1; +http://www.google.com/bot.html)"
216.73.216.104 - - [18/Dec/2025:12:35:02 +0000] "GET /page/2/?items=112314496 HTTP/1.1" 404 355 "-" "Mozilla/5.0 AppleWebKit/537.36 (KHTML, like Gecko; compatible; ClaudeBot/1.0; +claudebot@anthropic.com)"
66.249.75.4 - - [18/Dec/2025:12:35:03 +0000] "GET /?items=102686705 HTTP/1.1" 200 210369 "-" "Mozilla/5.0 (Linux; Android 6.0.1; Nexus 5X Build/MMB29P) AppleWebKit/537.36 (KHTML, like Gecko) Chrome/141.0.7390.122 Mobile Safari/537.36 (compatible; Googlebot/2.1; +http://www.google.com/bot.html)"
216.73.216.104 - - [18/Dec/2025:12:35:07 +0000] "GET /page/2/?items=235697612 HTTP/1.1" 404 355 "-" "Mozilla/5.0 AppleWebKit/537.36 (KHTML, like Gecko; compatible; ClaudeBot/1.0; +claudebot@anthropic.com)"
216.73.216.104 - - [18/Dec/2025:12:35:12 +0000] "GET /page/2/?items=235767704 HTTP/1.1" 404 355 "-" "Mozilla/5.0 AppleWebKit/537.36 (KHTML, like Gecko; compatible; ClaudeBot/1.0; +claudebot@anthropic.com)"
216.73.216.104 - - [18/Dec/2025:12:35:20 +0000] "GET /page/4/?items=256314802 HTTP/1.1" 404 355 "-" "Mozilla/5.0 AppleWebKit/537.36 (KHTML, like Gecko; compatible; ClaudeBot/1.0; +claudebot@anthropic.com)"
216.73.216.104 - - [18/Dec/2025:12:35:23 +0000] "GET /page/4/?items=256194093 HTTP/1.1" 404 355 "-" "Mozilla/5.0 AppleWebKit/537.36 (KHTML, like Gecko; compatible; ClaudeBot/1.0; +claudebot@anthropic.com)"
216.73.216.104 - - [18/Dec/2025:12:35:28 +0000] "GET /page/4/?items=68638497 HTTP/1.1" 404 355 "-" "Mozilla/5.0 AppleWebKit/537.36 (KHTML, like Gecko; compatible; ClaudeBot/1.0; +claudebot@anthropic.com)"
216.73.216.104 - - [18/Dec/2025:12:35:33 +0000] "GET /page/4/?items=235680441 HTTP/1.1" 404 355 "-" "Mozilla/5.0 AppleWebKit/537.36 (KHTML, like Gecko; compatible; ClaudeBot/1.0; +claudebot@anthropic.com)"
66.249.75.3 - - [18/Dec/2025:12:35:34 +0000] "GET /?items=70223680 HTTP/1.1" 200 207010 "-" "Mozilla/5.0 (Linux; Android 6.0.1; Nexus 5X Build/MMB29P) AppleWebKit/537.36 (KHTML, like Gecko) Chrome/141.0.7390.122 Mobile Safari/537.36 (compatible; Googlebot/2.1; +http://www.google.com/bot.html)"
66.249.75.4 - - [18/Dec/2025:12:35:34 +0000] "GET /?items=200856134 HTTP/1.1" 200 211629 "-" "Mozilla/5.0 (Linux; Android 6.0.1; Nexus 5X Build/MMB29P) AppleWebKit/537.36 (KHTML, like Gecko) Chrome/141.0.7390.122 Mobile Safari/537.36 (compatible; Googlebot/2.1; +http://www.google.com/bot.html)"
66.249.75.4 - - [18/Dec/2025:12:35:35 +0000] "GET /?items=1126745 HTTP/1.1" 200 228161 "-" "Mozilla/5.0 (Linux; Android 6.0.1; Nexus 5X Build/MMB29P) AppleWebKit/537.36 (KHTML, like Gecko) Chrome/141.0.7390.122 Mobile Safari/537.36 (compatible; Googlebot/2.1; +http://www.google.com/bot.html)"
216.73.216.104 - - [18/Dec/2025:12:35:38 +0000] "GET /page/4/?items=256211898 HTTP/1.1" 404 355 "-" "Mozilla/5.0 AppleWebKit/537.36 (KHTML, like Gecko; compatible; ClaudeBot/1.0; +claudebot@anthropic.com)"
216.73.216.104 - - [18/Dec/2025:12:35:43 +0000] "GET /page/4/?items=68694808 HTTP/1.1" 404 355 "-" "Mozilla/5.0 AppleWebKit/537.36 (KHTML, like Gecko; compatible; ClaudeBot/1.0; +claudebot@anthropic.com)"
216.73.216.104 - - [18/Dec/2025:12:35:48 +0000] "GET /page/4/?items=256308825 HTTP/1.1" 404 355 "-" "Mozilla/5.0 AppleWebKit/537.36 (KHTML, like Gecko; compatible; ClaudeBot/1.0; +claudebot@anthropic.com)"
216.73.216.104 - - [18/Dec/2025:12:35:53 +0000] "GET /page/4/?items=235718782 HTTP/1.1" 404 355 "-" "Mozilla/5.0 AppleWebKit/537.36 (KHTML, like Gecko; compatible; ClaudeBot/1.0; +claudebot@anthropic.com)"
216.73.216.104 - - [18/Dec/2025:12:35:58 +0000] "GET /page/4/?items=235787222 HTTP/1.1" 404 355 "-" "Mozilla/5.0 AppleWebKit/537.36 (KHTML, like Gecko; compatible; ClaudeBot/1.0; +claudebot@anthropic.com)"
216.73.216.104 - - [18/Dec/2025:12:36:03 +0000] "GET /page/4/?items=235730216 HTTP/1.1" 404 355 "-" "Mozilla/5.0 AppleWebKit/537.36 (KHTML, like Gecko; compatible; ClaudeBot/1.0; +claudebot@anthropic.com)"
66.249.75.4 - - [18/Dec/2025:12:36:06 +0000] "GET /?items=360081019 HTTP/1.1" 200 202314 "-" "Mozilla/5.0 (Linux; Android 6.0.1; Nexus 5X Build/MMB29P) AppleWebKit/537.36 (KHTML, like Gecko) Chrome/141.0.7390.122 Mobile Safari/537.36 (compatible; Googlebot/2.1; +http://www.google.com/bot.html)"
66.249.75.3 - - [18/Dec/2025:12:36:07 +0000] "GET /?items=101808702 HTTP/1.1" 200 206627 "-" "Mozilla/5.0 (Linux; Android 6.0.1; Nexus 5X Build/MMB29P) AppleWebKit/537.36 (KHTML, like Gecko) Chrome/141.0.7390.122 Mobile Safari/537.36 (compatible; Googlebot/2.1; +http://www.google.com/bot.html)"
216.73.216.104 - - [18/Dec/2025:12:36:08 +0000] "GET /page/2/?items=112242525 HTTP/1.1" 404 355 "-" "Mozilla/5.0 AppleWebKit/537.36 (KHTML, like Gecko; compatible; ClaudeBot/1.0; +claudebot@anthropic.com)"
