2a06:98c0:3600::103 - - [15/Jun/2025:22:23:51 +0000] "GET /wp-admin/setup-config.php HTTP/1.1" 404 10098 "-" "Mozilla/5.0 (Windows NT 10.0; Win64; x64) AppleWebKit/537.36 (KHTML, like Gecko) Chrome/137.0.0.0 Safari/537.36"
198.177.126.50 - - [15/Jun/2025:22:23:54 +0000] "GET / HTTP/1.1" 200 163 "-" "Namecheap Monitoring Agent"
2a06:98c0:3600::103 - - [15/Jun/2025:22:24:06 +0000] "GET /wordpress/wp-admin/setup-config.php HTTP/1.1" 404 10118 "-" "Mozilla/5.0 (Windows NT 10.0; Win64; x64) AppleWebKit/537.36 (KHTML, like Gecko) Chrome/137.0.0.0 Safari/537.36"
34.248.137.227 - - [15/Jun/2025:22:24:07 +0000] "GET / HTTP/1.1" 200 163 "-" "Mozilla/5.0 (X11; Linux x86_64; rv:83.0) Gecko/20100101 Firefox/83.0"
34.248.137.227 - - [15/Jun/2025:22:24:08 +0000] "GET / HTTP/1.1" 200 163 "-" "Mozilla/5.0 (X11; Linux x86_64) AppleWebKit/537.36 (KHTML, like Gecko) Chrome/132.0.0.0 Safari/537.36"
34.248.137.227 - - [15/Jun/2025:22:24:08 +0000] "GET /favicon.ico HTTP/1.1" 404 10105 "https://server1.ngambekcore.com/" "Mozilla/5.0 (X11; Linux x86_64) AppleWebKit/537.36 (KHTML, like Gecko) Chrome/132.0.0.0 Safari/537.36"
34.248.137.227 - - [15/Jun/2025:22:24:08 +0000] "GET /cgi-sys/defaultwebpage.cgi HTTP/1.1" 200 6964 "https://server1.ngambekcore.com/" "Mozilla/5.0 (X11; Linux x86_64) AppleWebKit/537.36 (KHTML, like Gecko) Chrome/132.0.0.0 Safari/537.36"
34.248.137.227 - - [15/Jun/2025:22:24:08 +0000] "GET /img-sys/server_misconfigured.png HTTP/1.1" 200 3164 "https://server1.ngambekcore.com/cgi-sys/defaultwebpage.cgi" "Mozilla/5.0 (X11; Linux x86_64) AppleWebKit/537.36 (KHTML, like Gecko) Chrome/132.0.0.0 Safari/537.36"
34.248.137.227 - - [15/Jun/2025:22:24:08 +0000] "GET /img-sys/IP_changed.png HTTP/1.1" 200 2939 "https://server1.ngambekcore.com/cgi-sys/defaultwebpage.cgi" "Mozilla/5.0 (X11; Linux x86_64) AppleWebKit/537.36 (KHTML, like Gecko) Chrome/132.0.0.0 Safari/537.36"
34.248.137.227 - - [15/Jun/2025:22:24:09 +0000] "GET /img-sys/server_moved.png HTTP/1.1" 200 3327 "https://server1.ngambekcore.com/cgi-sys/defaultwebpage.cgi" "Mozilla/5.0 (X11; Linux x86_64) AppleWebKit/537.36 (KHTML, like Gecko) Chrome/132.0.0.0 Safari/537.36"
34.248.137.227 - - [15/Jun/2025:22:24:09 +0000] "GET /img-sys/powered_by_cpanel.svg HTTP/1.1" 200 5617 "https://server1.ngambekcore.com/cgi-sys/defaultwebpage.cgi" "Mozilla/5.0 (X11; Linux x86_64) AppleWebKit/537.36 (KHTML, like Gecko) Chrome/132.0.0.0 Safari/537.36"
34.248.137.227 - - [15/Jun/2025:22:24:09 +0000] "GET /img-sys/error-bg-left.png HTTP/1.1" 200 8072 "https://server1.ngambekcore.com/cgi-sys/defaultwebpage.cgi" "Mozilla/5.0 (X11; Linux x86_64) AppleWebKit/537.36 (KHTML, like Gecko) Chrome/132.0.0.0 Safari/537.36"
34.248.137.227 - - [15/Jun/2025:22:24:09 +0000] "GET /cgi-sys/defaultwebpage.cgi HTTP/1.1" 200 6964 "-" "Mozilla/5.0 (Macintosh; Intel Mac OS X 10_9_2) AppleWebKit/537.36 (KHTML, like Gecko) Chrome/33.0.1750.152 Safari/537.36"
34.248.137.227 - - [15/Jun/2025:22:24:10 +0000] "HEAD /cgi-sys/favicon.ico HTTP/1.1" 404 - "-" "Mozilla/5.0 (Macintosh; Intel Mac OS X 10_9_2) AppleWebKit/537.36 (KHTML, like Gecko) Chrome/33.0.1750.152 Safari/537.36"
198.54.118.134 - - [15/Jun/2025:22:24:30 +0000] "GET / HTTP/1.1" 200 163 "-" "Namecheap Monitoring Agent"
127.0.0.1 - - [15/Jun/2025:22:25:01 +0000] "GET /whm-server-status HTTP/1.0" 200 40675 "-" "-"
127.0.0.1 - - [15/Jun/2025:22:25:02 +0000] "GET /whm-server-status?auto HTTP/1.1" 200 1424 "-" "munin/2.0.73 (libwww-perl/6.67)"
127.0.0.1 - - [15/Jun/2025:22:25:04 +0000] "GET /whm-server-status?auto HTTP/1.1" 200 1425 "-" "munin/2.0.73 (libwww-perl/6.67)"
::1 - - [15/Jun/2025:22:25:05 +0000] "GET / HTTP/1.1" 200 163 "-" "Munin - http_loadtime"
127.0.0.1 - - [15/Jun/2025:22:25:06 +0000] "GET /whm-server-status?auto HTTP/1.1" 200 1424 "-" "munin/2.0.73 (libwww-perl/6.67)"
209.74.73.66 - - [15/Jun/2025:22:25:15 +0000] "GET / HTTP/1.1" 200 163 "-" "Namecheap Monitoring Agent"
2a06:98c0:3600::103 - - [15/Jun/2025:22:25:18 +0000] "GET /wp-admin/setup-config.php HTTP/1.1" 404 10098 "-" "Mozilla/5.0 (Windows NT 10.0; Win64; x64) AppleWebKit/537.36 (KHTML, like Gecko) Chrome/137.0.0.0 Safari/537.36"
127.0.0.1 - - [15/Jun/2025:22:25:54 +0000] "GET / HTTP/1.0" 200 163 "-" "-"
198.177.126.50 - - [15/Jun/2025:22:26:51 +0000] "GET / HTTP/1.1" 200 163 "-" "Namecheap Monitoring Agent"
198.54.118.134 - - [15/Jun/2025:22:27:27 +0000] "GET / HTTP/1.1" 200 163 "-" "Namecheap Monitoring Agent"
209.74.73.66 - - [15/Jun/2025:22:28:15 +0000] "GET / HTTP/1.1" 200 163 "-" "Namecheap Monitoring Agent"
198.177.126.50 - - [15/Jun/2025:22:29:48 +0000] "GET / HTTP/1.1" 200 163 "-" "Namecheap Monitoring Agent"
127.0.0.1 - - [15/Jun/2025:22:30:01 +0000] "GET /whm-server-status HTTP/1.0" 200 40378 "-" "-"
127.0.0.1 - - [15/Jun/2025:22:30:02 +0000] "GET /whm-server-status?auto HTTP/1.1" 200 1429 "-" "munin/2.0.73 (libwww-perl/6.67)"
127.0.0.1 - - [15/Jun/2025:22:30:04 +0000] "GET /whm-server-status?auto HTTP/1.1" 200 1429 "-" "munin/2.0.73 (libwww-perl/6.67)"
::1 - - [15/Jun/2025:22:30:05 +0000] "GET / HTTP/1.1" 200 163 "-" "Munin - http_loadtime"
127.0.0.1 - - [15/Jun/2025:22:30:06 +0000] "GET /whm-server-status?auto HTTP/1.1" 200 1430 "-" "munin/2.0.73 (libwww-perl/6.67)"
198.54.118.134 - - [15/Jun/2025:22:30:24 +0000] "GET / HTTP/1.1" 200 163 "-" "Namecheap Monitoring Agent"
209.74.73.66 - - [15/Jun/2025:22:31:15 +0000] "GET / HTTP/1.1" 200 163 "-" "Namecheap Monitoring Agent"
127.0.0.1 - - [15/Jun/2025:22:32:27 +0000] "GET / HTTP/1.0" 200 163 "-" "-"
198.177.126.50 - - [15/Jun/2025:22:32:45 +0000] "GET / HTTP/1.1" 200 163 "-" "Namecheap Monitoring Agent"
198.54.118.134 - - [15/Jun/2025:22:33:21 +0000] "GET / HTTP/1.1" 200 163 "-" "Namecheap Monitoring Agent"
209.74.73.66 - - [15/Jun/2025:22:34:15 +0000] "GET / HTTP/1.1" 200 163 "-" "Namecheap Monitoring Agent"
127.0.0.1 - - [15/Jun/2025:22:35:01 +0000] "GET /whm-server-status HTTP/1.0" 200 40504 "-" "-"
127.0.0.1 - - [15/Jun/2025:22:35:02 +0000] "GET /whm-server-status?auto HTTP/1.1" 200 1429 "-" "munin/2.0.73 (libwww-perl/6.67)"
127.0.0.1 - - [15/Jun/2025:22:35:03 +0000] "GET /whm-server-status?auto HTTP/1.1" 200 1429 "-" "munin/2.0.73 (libwww-perl/6.67)"
::1 - - [15/Jun/2025:22:35:04 +0000] "GET / HTTP/1.1" 200 163 "-" "Munin - http_loadtime"
127.0.0.1 - - [15/Jun/2025:22:35:05 +0000] "GET /whm-server-status?auto HTTP/1.1" 200 1429 "-" "munin/2.0.73 (libwww-perl/6.67)"
198.177.126.50 - - [15/Jun/2025:22:35:42 +0000] "GET / HTTP/1.1" 200 163 "-" "Namecheap Monitoring Agent"
198.54.118.134 - - [15/Jun/2025:22:36:18 +0000] "GET / HTTP/1.1" 200 163 "-" "Namecheap Monitoring Agent"
209.74.73.66 - - [15/Jun/2025:22:37:15 +0000] "GET / HTTP/1.1" 200 163 "-" "Namecheap Monitoring Agent"
127.0.0.1 - - [15/Jun/2025:22:37:34 +0000] "GET / HTTP/1.0" 200 163 "-" "-"
198.177.126.50 - - [15/Jun/2025:22:38:39 +0000] "GET / HTTP/1.1" 200 163 "-" "Namecheap Monitoring Agent"
198.54.118.134 - - [15/Jun/2025:22:39:15 +0000] "GET / HTTP/1.1" 200 163 "-" "Namecheap Monitoring Agent"
127.0.0.1 - - [15/Jun/2025:22:40:01 +0000] "GET /whm-server-status HTTP/1.0" 200 40602 "-" "-"
127.0.0.1 - - [15/Jun/2025:22:40:02 +0000] "GET /whm-server-status?auto HTTP/1.1" 200 1346 "-" "munin/2.0.73 (libwww-perl/6.67)"
127.0.0.1 - - [15/Jun/2025:22:40:04 +0000] "GET /whm-server-status?auto HTTP/1.1" 200 1346 "-" "munin/2.0.73 (libwww-perl/6.67)"
::1 - - [15/Jun/2025:22:40:05 +0000] "GET / HTTP/1.1" 200 163 "-" "Munin - http_loadtime"
127.0.0.1 - - [15/Jun/2025:22:40:06 +0000] "GET /whm-server-status?auto HTTP/1.1" 200 1345 "-" "munin/2.0.73 (libwww-perl/6.67)"
209.74.73.66 - - [15/Jun/2025:22:40:15 +0000] "GET / HTTP/1.1" 200 163 "-" "Namecheap Monitoring Agent"
198.177.126.50 - - [15/Jun/2025:22:41:36 +0000] "GET / HTTP/1.1" 200 163 "-" "Namecheap Monitoring Agent"
185.218.84.178 - - [15/Jun/2025:22:41:59 +0000] "GET / HTTP/1.1" 200 163 "-" "Mozilla/5.0 (Windows NT 10.0; Win64; x64) AppleWebKit/537.36 (KHTML, like Gecko) Chrome/90.0.4430.85 Safari/537.36 Edg/90.0.818.46"
198.54.118.134 - - [15/Jun/2025:22:42:12 +0000] "GET / HTTP/1.1" 200 163 "-" "Namecheap Monitoring Agent"
2a06:98c0:3600::103 - - [15/Jun/2025:22:42:25 +0000] "GET /wp-admin/setup-config.php HTTP/1.1" 404 10098 "-" "Mozilla/5.0 (Windows NT 10.0; Win64; x64) AppleWebKit/537.36 (KHTML, like Gecko) Chrome/137.0.0.0 Safari/537.36"
127.0.0.1 - - [15/Jun/2025:22:42:46 +0000] "GET / HTTP/1.0" 200 163 "-" "-"
2a06:98c0:3600::103 - - [15/Jun/2025:22:43:04 +0000] "GET /wp-admin/setup-config.php HTTP/1.1" 404 10098 "-" "Mozilla/5.0 (Windows NT 10.0; Win64; x64) AppleWebKit/537.36 (KHTML, like Gecko) Chrome/137.0.0.0 Safari/537.36"
209.74.73.66 - - [15/Jun/2025:22:43:15 +0000] "GET / HTTP/1.1" 200 163 "-" "Namecheap Monitoring Agent"
2a06:98c0:3600::103 - - [15/Jun/2025:22:43:33 +0000] "GET /wordpress/wp-admin/setup-config.php HTTP/1.1" 404 10118 "-" "Mozilla/5.0 (Windows NT 10.0; Win64; x64) AppleWebKit/537.36 (KHTML, like Gecko) Chrome/137.0.0.0 Safari/537.36"
147.185.133.231 - - [15/Jun/2025:22:44:25 +0000] "GET / HTTP/1.1" 200 163 "-" "Expanse, a Palo Alto Networks company, searches across the global IPv4 space multiple times per day to identify customers' presences on the Internet. If you would like to be excluded from our scans, please send IP addresses/domains to: scaninfo@paloaltonetworks.com"
2a06:98c0:3600::103 - - [15/Jun/2025:22:44:27 +0000] "GET /wordpress/wp-admin/setup-config.php HTTP/1.1" 404 10118 "-" "Mozilla/5.0 (Windows NT 10.0; Win64; x64) AppleWebKit/537.36 (KHTML, like Gecko) Chrome/137.0.0.0 Safari/537.36"
198.177.126.50 - - [15/Jun/2025:22:44:33 +0000] "GET / HTTP/1.1" 200 163 "-" "Namecheap Monitoring Agent"
127.0.0.1 - - [15/Jun/2025:22:45:01 +0000] "GET /whm-server-status HTTP/1.0" 200 41022 "-" "-"
127.0.0.1 - - [15/Jun/2025:22:45:01 +0000] "GET /whm-server-status?auto HTTP/1.1" 200 1428 "-" "munin/2.0.73 (libwww-perl/6.67)"
127.0.0.1 - - [15/Jun/2025:22:45:03 +0000] "GET /whm-server-status?auto HTTP/1.1" 200 1430 "-" "munin/2.0.73 (libwww-perl/6.67)"
43.159.36.244 - - [15/Jun/2025:22:45:03 +0000] "GET / HTTP/1.1" 200 163 "-" "Mozilla/5.0 (Windows NT 10.0; Win64; x64) AppleWebKit/537.36 (KHTML, like Gecko) Chrome/58.0.3029.110 Safari/537.3"
::1 - - [15/Jun/2025:22:45:04 +0000] "GET / HTTP/1.1" 200 163 "-" "Munin - http_loadtime"
127.0.0.1 - - [15/Jun/2025:22:45:05 +0000] "GET /whm-server-status?auto HTTP/1.1" 200 1430 "-" "munin/2.0.73 (libwww-perl/6.67)"
198.54.118.134 - - [15/Jun/2025:22:45:10 +0000] "GET / HTTP/1.1" 200 163 "-" "Namecheap Monitoring Agent"
209.74.73.66 - - [15/Jun/2025:22:46:15 +0000] "GET / HTTP/1.1" 200 163 "-" "Namecheap Monitoring Agent"
198.177.126.50 - - [15/Jun/2025:22:47:30 +0000] "GET / HTTP/1.1" 200 163 "-" "Namecheap Monitoring Agent"
198.54.118.134 - - [15/Jun/2025:22:48:07 +0000] "GET / HTTP/1.1" 200 163 "-" "Namecheap Monitoring Agent"
162.55.129.246 - - [15/Jun/2025:22:48:25 +0000] "GET /robots.txt HTTP/1.1" 404 10068 "-" "NetAPI v1"
162.55.129.246 - - [15/Jun/2025:22:48:27 +0000] "GET / HTTP/1.1" 200 163 "-" "NetAPI v1"
209.74.73.66 - - [15/Jun/2025:22:49:15 +0000] "GET / HTTP/1.1" 200 163 "-" "Namecheap Monitoring Agent"
127.0.0.1 - - [15/Jun/2025:22:50:01 +0000] "GET /whm-server-status HTTP/1.0" 200 40593 "-" "-"
127.0.0.1 - - [15/Jun/2025:22:50:02 +0000] "GET /whm-server-status?auto HTTP/1.1" 200 1427 "-" "munin/2.0.73 (libwww-perl/6.67)"
127.0.0.1 - - [15/Jun/2025:22:50:04 +0000] "GET /whm-server-status?auto HTTP/1.1" 200 1427 "-" "munin/2.0.73 (libwww-perl/6.67)"
::1 - - [15/Jun/2025:22:50:07 +0000] "GET / HTTP/1.1" 200 163 "-" "Munin - http_loadtime"
127.0.0.1 - - [15/Jun/2025:22:50:08 +0000] "GET / HTTP/1.0" 200 163 "-" "-"
127.0.0.1 - - [15/Jun/2025:22:50:08 +0000] "GET /whm-server-status?auto HTTP/1.1" 200 1426 "-" "munin/2.0.73 (libwww-perl/6.67)"
198.177.126.50 - - [15/Jun/2025:22:50:27 +0000] "GET / HTTP/1.1" 200 163 "-" "Namecheap Monitoring Agent"
134.199.221.24 - - [15/Jun/2025:22:50:28 +0000] "GET /.env HTTP/1.1" 404 10059 "-" "Mozilla/5.0; Keydrop.io/1.0(onlyscans.com/about);"
134.199.221.24 - - [15/Jun/2025:22:50:28 +0000] "GET /.git/config HTTP/1.1" 404 10073 "-" "Mozilla/5.0; Keydrop.io/1.0(onlyscans.com/about);"
198.54.118.134 - - [15/Jun/2025:22:51:06 +0000] "GET / HTTP/1.1" 200 163 "-" "Namecheap Monitoring Agent"
209.74.73.66 - - [15/Jun/2025:22:52:15 +0000] "GET / HTTP/1.1" 200 163 "-" "Namecheap Monitoring Agent"
135.148.100.196 - - [15/Jun/2025:22:52:54 +0000] "GET / HTTP/1.1" 200 163 "-" "-"
135.148.100.196 - - [15/Jun/2025:22:52:54 +0000] "GET /cgi-sys/defaultwebpage.cgi HTTP/1.1" 200 6964 "-" "-"
198.177.126.50 - - [15/Jun/2025:22:53:24 +0000] "GET / HTTP/1.1" 200 163 "-" "Namecheap Monitoring Agent"
198.54.118.134 - - [15/Jun/2025:22:54:06 +0000] "GET / HTTP/1.1" 200 163 "-" "Namecheap Monitoring Agent"
127.0.0.1 - - [15/Jun/2025:22:55:01 +0000] "GET /whm-server-status HTTP/1.0" 200 40900 "-" "-"
127.0.0.1 - - [15/Jun/2025:22:55:02 +0000] "GET /whm-server-status?auto HTTP/1.1" 200 1430 "-" "munin/2.0.73 (libwww-perl/6.67)"
127.0.0.1 - - [15/Jun/2025:22:55:04 +0000] "GET /whm-server-status?auto HTTP/1.1" 200 1430 "-" "munin/2.0.73 (libwww-perl/6.67)"
::1 - - [15/Jun/2025:22:55:05 +0000] "GET / HTTP/1.1" 200 163 "-" "Munin - http_loadtime"
127.0.0.1 - - [15/Jun/2025:22:55:06 +0000] "GET /whm-server-status?auto HTTP/1.1" 200 1430 "-" "munin/2.0.73 (libwww-perl/6.67)"
209.74.73.66 - - [15/Jun/2025:22:55:15 +0000] "GET / HTTP/1.1" 200 163 "-" "Namecheap Monitoring Agent"
127.0.0.1 - - [15/Jun/2025:22:55:47 +0000] "GET / HTTP/1.0" 200 163 "-" "-"
198.177.126.50 - - [15/Jun/2025:22:56:21 +0000] "GET / HTTP/1.1" 200 163 "-" "Namecheap Monitoring Agent"
198.54.118.134 - - [15/Jun/2025:22:57:06 +0000] "GET / HTTP/1.1" 200 163 "-" "Namecheap Monitoring Agent"
209.74.73.66 - - [15/Jun/2025:22:58:15 +0000] "GET / HTTP/1.1" 200 163 "-" "Namecheap Monitoring Agent"
198.177.126.50 - - [15/Jun/2025:22:59:18 +0000] "GET / HTTP/1.1" 200 163 "-" "Namecheap Monitoring Agent"
127.0.0.1 - - [15/Jun/2025:23:00:01 +0000] "GET /whm-server-status HTTP/1.0" 200 40841 "-" "-"
127.0.0.1 - - [15/Jun/2025:23:00:02 +0000] "GET /whm-server-status?auto HTTP/1.1" 200 1429 "-" "munin/2.0.73 (libwww-perl/6.67)"
2a06:98c0:3600::103 - - [15/Jun/2025:23:00:03 +0000] "GET /wp-admin/setup-config.php HTTP/1.1" 404 10098 "-" "Mozilla/5.0 (Windows NT 10.0; Win64; x64) AppleWebKit/537.36 (KHTML, like Gecko) Chrome/137.0.0.0 Safari/537.36"
127.0.0.1 - - [15/Jun/2025:23:00:04 +0000] "GET /whm-server-status?auto HTTP/1.1" 200 1429 "-" "munin/2.0.73 (libwww-perl/6.67)"
::1 - - [15/Jun/2025:23:00:05 +0000] "GET / HTTP/1.1" 200 163 "-" "Munin - http_loadtime"
127.0.0.1 - - [15/Jun/2025:23:00:06 +0000] "GET /whm-server-status?auto HTTP/1.1" 200 1430 "-" "munin/2.0.73 (libwww-perl/6.67)"
198.54.118.134 - - [15/Jun/2025:23:00:06 +0000] "GET / HTTP/1.1" 200 163 "-" "Namecheap Monitoring Agent"
209.74.73.66 - - [15/Jun/2025:23:01:15 +0000] "GET / HTTP/1.1" 200 163 "-" "Namecheap Monitoring Agent"
2a06:98c0:3600::103 - - [15/Jun/2025:23:02:04 +0000] "GET /wordpress/wp-admin/setup-config.php HTTP/1.1" 404 10118 "-" "Mozilla/5.0 (Windows NT 10.0; Win64; x64) AppleWebKit/537.36 (KHTML, like Gecko) Chrome/137.0.0.0 Safari/537.36"
198.177.126.50 - - [15/Jun/2025:23:02:15 +0000] "GET / HTTP/1.1" 200 163 "-" "Namecheap Monitoring Agent"
204.76.203.212 - - [15/Jun/2025:23:02:19 +0000] "GET / HTTP/1.1" 200 163 "-" "Mozilla/5.0 (Windows NT 10.0; Win64; x64) AppleWebKit/537.36 (KHTML, like Gecko) Chrome/90.0.4430.85 Safari/537.36 Edg/90.0.818.46"
127.0.0.1 - - [15/Jun/2025:23:02:27 +0000] "GET / HTTP/1.0" 200 163 "-" "-"
2a06:98c0:3600::103 - - [15/Jun/2025:23:03:05 +0000] "GET /wp-admin/setup-config.php HTTP/1.1" 404 10098 "-" "Mozilla/5.0 (Windows NT 10.0; Win64; x64) AppleWebKit/537.36 (KHTML, like Gecko) Chrome/137.0.0.0 Safari/537.36"
198.54.118.134 - - [15/Jun/2025:23:03:06 +0000] "GET / HTTP/1.1" 200 163 "-" "Namecheap Monitoring Agent"
2a06:98c0:3600::103 - - [15/Jun/2025:23:03:54 +0000] "GET /wordpress/wp-admin/setup-config.php HTTP/1.1" 404 10118 "-" "Mozilla/5.0 (Windows NT 10.0; Win64; x64) AppleWebKit/537.36 (KHTML, like Gecko) Chrome/137.0.0.0 Safari/537.36"
2a06:98c0:3600::103 - - [15/Jun/2025:23:04:13 +0000] "GET /wp-admin/setup-config.php HTTP/1.1" 404 10098 "-" "Mozilla/5.0 (Windows NT 10.0; Win64; x64) AppleWebKit/537.36 (KHTML, like Gecko) Chrome/137.0.0.0 Safari/537.36"
209.74.73.66 - - [15/Jun/2025:23:04:15 +0000] "GET / HTTP/1.1" 200 163 "-" "Namecheap Monitoring Agent"
127.0.0.1 - - [15/Jun/2025:23:05:01 +0000] "GET /whm-server-status HTTP/1.0" 200 40778 "-" "-"
127.0.0.1 - - [15/Jun/2025:23:05:02 +0000] "GET /whm-server-status?auto HTTP/1.1" 200 1429 "-" "munin/2.0.73 (libwww-perl/6.67)"
127.0.0.1 - - [15/Jun/2025:23:05:04 +0000] "GET /whm-server-status?auto HTTP/1.1" 200 1428 "-" "munin/2.0.73 (libwww-perl/6.67)"
::1 - - [15/Jun/2025:23:05:05 +0000] "GET / HTTP/1.1" 200 163 "-" "Munin - http_loadtime"
127.0.0.1 - - [15/Jun/2025:23:05:06 +0000] "GET /whm-server-status?auto HTTP/1.1" 200 1427 "-" "munin/2.0.73 (libwww-perl/6.67)"
198.177.126.50 - - [15/Jun/2025:23:05:12 +0000] "GET / HTTP/1.1" 200 163 "-" "Namecheap Monitoring Agent"
198.54.118.134 - - [15/Jun/2025:23:06:06 +0000] "GET / HTTP/1.1" 200 163 "-" "Namecheap Monitoring Agent"
209.74.73.66 - - [15/Jun/2025:23:07:15 +0000] "GET / HTTP/1.1" 200 163 "-" "Namecheap Monitoring Agent"
127.0.0.1 - - [15/Jun/2025:23:07:34 +0000] "GET / HTTP/1.0" 200 163 "-" "-"
198.177.126.50 - - [15/Jun/2025:23:08:09 +0000] "GET / HTTP/1.1" 200 163 "-" "Namecheap Monitoring Agent"
198.54.118.134 - - [15/Jun/2025:23:09:06 +0000] "GET / HTTP/1.1" 200 163 "-" "Namecheap Monitoring Agent"
127.0.0.1 - - [15/Jun/2025:23:10:01 +0000] "GET /whm-server-status HTTP/1.0" 200 40800 "-" "-"
127.0.0.1 - - [15/Jun/2025:23:10:03 +0000] "GET /whm-server-status?auto HTTP/1.1" 200 1437 "-" "munin/2.0.73 (libwww-perl/6.67)"
127.0.0.1 - - [15/Jun/2025:23:10:04 +0000] "GET /whm-server-status?auto HTTP/1.1" 200 1437 "-" "munin/2.0.73 (libwww-perl/6.67)"
::1 - - [15/Jun/2025:23:10:06 +0000] "GET / HTTP/1.1" 200 163 "-" "Munin - http_loadtime"
127.0.0.1 - - [15/Jun/2025:23:10:07 +0000] "GET /whm-server-status?auto HTTP/1.1" 200 1436 "-" "munin/2.0.73 (libwww-perl/6.67)"
209.74.73.66 - - [15/Jun/2025:23:10:15 +0000] "GET / HTTP/1.1" 200 163 "-" "Namecheap Monitoring Agent"
198.177.126.50 - - [15/Jun/2025:23:11:06 +0000] "GET / HTTP/1.1" 200 163 "-" "Namecheap Monitoring Agent"
198.54.118.134 - - [15/Jun/2025:23:12:06 +0000] "GET / HTTP/1.1" 200 163 "-" "Namecheap Monitoring Agent"
127.0.0.1 - - [15/Jun/2025:23:13:11 +0000] "GET / HTTP/1.0" 200 163 "-" "-"
209.74.73.66 - - [15/Jun/2025:23:13:15 +0000] "GET / HTTP/1.1" 200 163 "-" "Namecheap Monitoring Agent"
198.177.126.50 - - [15/Jun/2025:23:14:03 +0000] "GET / HTTP/1.1" 200 163 "-" "Namecheap Monitoring Agent"
34.85.143.133 - - [15/Jun/2025:23:14:46 +0000] "GET / HTTP/1.1" 200 163 "-" "Mozilla/5.0 (Windows NT 10.0; Win64; x64) AppleWebKit/537.36 (KHTML, like Gecko) Chrome/78.0.3904.108 Safari/537.36"
34.85.143.133 - - [15/Jun/2025:23:14:46 +0000] "GET / HTTP/1.1" 200 163 "-" "Mozilla/5.0 (Windows NT 10.0; Win64; x64) AppleWebKit/537.36 (KHTML, like Gecko) Chrome/78.0.3904.108 Safari/537.36"
34.85.143.133 - - [15/Jun/2025:23:14:46 +0000] "GET /wp-includes/wlwmanifest.xml HTTP/1.1" 404 10102 "-" "Mozilla/5.0 (Windows NT 10.0; Win64; x64) AppleWebKit/537.36 (KHTML, like Gecko) Chrome/78.0.3904.108 Safari/537.36"
34.85.143.133 - - [15/Jun/2025:23:14:46 +0000] "GET /xmlrpc.php?rsd HTTP/1.1" 404 10076 "-" "Mozilla/5.0 (Windows NT 10.0; Win64; x64) AppleWebKit/537.36 (KHTML, like Gecko) Chrome/78.0.3904.108 Safari/537.36"
34.85.143.133 - - [15/Jun/2025:23:14:47 +0000] "GET / HTTP/1.1" 200 163 "-" "Mozilla/5.0 (Windows NT 10.0; Win64; x64) AppleWebKit/537.36 (KHTML, like Gecko) Chrome/78.0.3904.108 Safari/537.36"
34.85.143.133 - - [15/Jun/2025:23:14:47 +0000] "GET /blog/wp-includes/wlwmanifest.xml HTTP/1.1" 404 10112 "-" "Mozilla/5.0 (Windows NT 10.0; Win64; x64) AppleWebKit/537.36 (KHTML, like Gecko) Chrome/78.0.3904.108 Safari/537.36"
34.85.143.133 - - [15/Jun/2025:23:14:47 +0000] "GET /web/wp-includes/wlwmanifest.xml HTTP/1.1" 404 10110 "-" "Mozilla/5.0 (Windows NT 10.0; Win64; x64) AppleWebKit/537.36 (KHTML, like Gecko) Chrome/78.0.3904.108 Safari/537.36"
34.85.143.133 - - [15/Jun/2025:23:14:47 +0000] "GET /wordpress/wp-includes/wlwmanifest.xml HTTP/1.1" 404 10122 "-" "Mozilla/5.0 (Windows NT 10.0; Win64; x64) AppleWebKit/537.36 (KHTML, like Gecko) Chrome/78.0.3904.108 Safari/537.36"
34.85.143.133 - - [15/Jun/2025:23:14:47 +0000] "GET /website/wp-includes/wlwmanifest.xml HTTP/1.1" 404 10118 "-" "Mozilla/5.0 (Windows NT 10.0; Win64; x64) AppleWebKit/537.36 (KHTML, like Gecko) Chrome/78.0.3904.108 Safari/537.36"
34.85.143.133 - - [15/Jun/2025:23:14:48 +0000] "GET /wp/wp-includes/wlwmanifest.xml HTTP/1.1" 404 10108 "-" "Mozilla/5.0 (Windows NT 10.0; Win64; x64) AppleWebKit/537.36 (KHTML, like Gecko) Chrome/78.0.3904.108 Safari/537.36"
34.85.143.133 - - [15/Jun/2025:23:14:48 +0000] "GET /news/wp-includes/wlwmanifest.xml HTTP/1.1" 404 10112 "-" "Mozilla/5.0 (Windows NT 10.0; Win64; x64) AppleWebKit/537.36 (KHTML, like Gecko) Chrome/78.0.3904.108 Safari/537.36"
34.85.143.133 - - [15/Jun/2025:23:14:48 +0000] "GET /2018/wp-includes/wlwmanifest.xml HTTP/1.1" 404 10112 "-" "Mozilla/5.0 (Windows NT 10.0; Win64; x64) AppleWebKit/537.36 (KHTML, like Gecko) Chrome/78.0.3904.108 Safari/537.36"
34.85.143.133 - - [15/Jun/2025:23:14:48 +0000] "GET /2019/wp-includes/wlwmanifest.xml HTTP/1.1" 404 10112 "-" "Mozilla/5.0 (Windows NT 10.0; Win64; x64) AppleWebKit/537.36 (KHTML, like Gecko) Chrome/78.0.3904.108 Safari/537.36"
34.85.143.133 - - [15/Jun/2025:23:14:48 +0000] "GET /shop/wp-includes/wlwmanifest.xml HTTP/1.1" 404 10112 "-" "Mozilla/5.0 (Windows NT 10.0; Win64; x64) AppleWebKit/537.36 (KHTML, like Gecko) Chrome/78.0.3904.108 Safari/537.36"
34.85.143.133 - - [15/Jun/2025:23:14:48 +0000] "GET /wp1/wp-includes/wlwmanifest.xml HTTP/1.1" 404 10110 "-" "Mozilla/5.0 (Windows NT 10.0; Win64; x64) AppleWebKit/537.36 (KHTML, like Gecko) Chrome/78.0.3904.108 Safari/537.36"
34.85.143.133 - - [15/Jun/2025:23:14:49 +0000] "GET /test/wp-includes/wlwmanifest.xml HTTP/1.1" 404 10112 "-" "Mozilla/5.0 (Windows NT 10.0; Win64; x64) AppleWebKit/537.36 (KHTML, like Gecko) Chrome/78.0.3904.108 Safari/537.36"
34.85.143.133 - - [15/Jun/2025:23:14:49 +0000] "GET /media/wp-includes/wlwmanifest.xml HTTP/1.1" 404 10114 "-" "Mozilla/5.0 (Windows NT 10.0; Win64; x64) AppleWebKit/537.36 (KHTML, like Gecko) Chrome/78.0.3904.108 Safari/537.36"
34.85.143.133 - - [15/Jun/2025:23:14:49 +0000] "GET /wp2/wp-includes/wlwmanifest.xml HTTP/1.1" 404 10110 "-" "Mozilla/5.0 (Windows NT 10.0; Win64; x64) AppleWebKit/537.36 (KHTML, like Gecko) Chrome/78.0.3904.108 Safari/537.36"
34.85.143.133 - - [15/Jun/2025:23:14:49 +0000] "GET /site/wp-includes/wlwmanifest.xml HTTP/1.1" 404 10112 "-" "Mozilla/5.0 (Windows NT 10.0; Win64; x64) AppleWebKit/537.36 (KHTML, like Gecko) Chrome/78.0.3904.108 Safari/537.36"
34.85.143.133 - - [15/Jun/2025:23:14:49 +0000] "GET /cms/wp-includes/wlwmanifest.xml HTTP/1.1" 404 10110 "-" "Mozilla/5.0 (Windows NT 10.0; Win64; x64) AppleWebKit/537.36 (KHTML, like Gecko) Chrome/78.0.3904.108 Safari/537.36"
34.85.143.133 - - [15/Jun/2025:23:14:49 +0000] "GET /sito/wp-includes/wlwmanifest.xml HTTP/1.1" 404 10112 "-" "Mozilla/5.0 (Windows NT 10.0; Win64; x64) AppleWebKit/537.36 (KHTML, like Gecko) Chrome/78.0.3904.108 Safari/537.36"
127.0.0.1 - - [15/Jun/2025:23:15:01 +0000] "GET /whm-server-status HTTP/1.0" 200 40969 "-" "-"
127.0.0.1 - - [15/Jun/2025:23:15:03 +0000] "GET /whm-server-status?auto HTTP/1.1" 200 1434 "-" "munin/2.0.73 (libwww-perl/6.67)"
127.0.0.1 - - [15/Jun/2025:23:15:06 +0000] "GET /whm-server-status?auto HTTP/1.1" 200 1436 "-" "munin/2.0.73 (libwww-perl/6.67)"
198.54.118.134 - - [15/Jun/2025:23:15:06 +0000] "GET / HTTP/1.1" 200 163 "-" "Namecheap Monitoring Agent"
::1 - - [15/Jun/2025:23:15:08 +0000] "GET / HTTP/1.1" 200 163 "-" "Munin - http_loadtime"
127.0.0.1 - - [15/Jun/2025:23:15:10 +0000] "GET /whm-server-status?auto HTTP/1.1" 200 1434 "-" "munin/2.0.73 (libwww-perl/6.67)"
209.74.73.66 - - [15/Jun/2025:23:16:15 +0000] "GET / HTTP/1.1" 200 163 "-" "Namecheap Monitoring Agent"
198.177.126.50 - - [15/Jun/2025:23:17:00 +0000] "GET / HTTP/1.1" 200 163 "-" "Namecheap Monitoring Agent"
198.54.118.134 - - [15/Jun/2025:23:18:06 +0000] "GET / HTTP/1.1" 200 163 "-" "Namecheap Monitoring Agent"
209.74.73.66 - - [15/Jun/2025:23:19:15 +0000] "GET / HTTP/1.1" 200 163 "-" "Namecheap Monitoring Agent"
127.0.0.1 - - [15/Jun/2025:23:19:27 +0000] "GET / HTTP/1.0" 200 163 "-" "-"
2a06:98c0:3600::103 - - [15/Jun/2025:23:19:39 +0000] "GET /wp-admin/setup-config.php HTTP/1.1" 404 10098 "-" "Mozilla/5.0 (Windows NT 10.0; Win64; x64) AppleWebKit/537.36 (KHTML, like Gecko) Chrome/137.0.0.0 Safari/537.36"
198.177.126.50 - - [15/Jun/2025:23:19:57 +0000] "GET / HTTP/1.1" 200 163 "-" "Namecheap Monitoring Agent"
127.0.0.1 - - [15/Jun/2025:23:20:02 +0000] "GET /whm-server-status HTTP/1.0" 200 41087 "-" "-"
127.0.0.1 - - [15/Jun/2025:23:20:04 +0000] "GET /whm-server-status?auto HTTP/1.1" 200 1442 "-" "munin/2.0.73 (libwww-perl/6.67)"
127.0.0.1 - - [15/Jun/2025:23:20:08 +0000] "GET /whm-server-status?auto HTTP/1.1" 200 1444 "-" "munin/2.0.73 (libwww-perl/6.67)"
::1 - - [15/Jun/2025:23:20:12 +0000] "GET / HTTP/1.1" 200 163 "-" "Munin - http_loadtime"
127.0.0.1 - - [15/Jun/2025:23:20:14 +0000] "GET /whm-server-status?auto HTTP/1.1" 200 1441 "-" "munin/2.0.73 (libwww-perl/6.67)"
2a06:98c0:3600::103 - - [15/Jun/2025:23:20:50 +0000] "GET /wp-admin/setup-config.php HTTP/1.1" 404 10098 "-" "Mozilla/5.0 (Windows NT 10.0; Win64; x64) AppleWebKit/537.36 (KHTML, like Gecko) Chrome/137.0.0.0 Safari/537.36"
2a06:98c0:3600::103 - - [15/Jun/2025:23:20:59 +0000] "GET /wordpress/wp-admin/setup-config.php HTTP/1.1" 404 10118 "-" "Mozilla/5.0 (Windows NT 10.0; Win64; x64) AppleWebKit/537.36 (KHTML, like Gecko) Chrome/137.0.0.0 Safari/537.36"
198.54.118.134 - - [15/Jun/2025:23:21:06 +0000] "GET / HTTP/1.1" 200 163 "-" "Namecheap Monitoring Agent"
2a06:98c0:3600::103 - - [15/Jun/2025:23:21:13 +0000] "GET /wordpress/wp-admin/setup-config.php HTTP/1.1" 404 10118 "-" "Mozilla/5.0 (Windows NT 10.0; Win64; x64) AppleWebKit/537.36 (KHTML, like Gecko) Chrome/137.0.0.0 Safari/537.36"
34.147.19.222 - - [15/Jun/2025:23:21:23 +0000] "GET / HTTP/1.1" 200 163 "-" "Scrapy/2.12.0 (+https://scrapy.org)"
34.147.19.222 - - [15/Jun/2025:23:21:23 +0000] "GET /cgi-sys/defaultwebpage.cgi HTTP/1.1" 200 6964 "-" "Scrapy/2.12.0 (+https://scrapy.org)"
209.74.73.66 - - [15/Jun/2025:23:22:15 +0000] "GET / HTTP/1.1" 200 163 "-" "Namecheap Monitoring Agent"
198.177.126.50 - - [15/Jun/2025:23:22:54 +0000] "GET / HTTP/1.1" 200 163 "-" "Namecheap Monitoring Agent"
198.54.118.134 - - [15/Jun/2025:23:24:06 +0000] "GET / HTTP/1.1" 200 163 "-" "Namecheap Monitoring Agent"
127.0.0.1 - - [15/Jun/2025:23:25:01 +0000] "GET /whm-server-status HTTP/1.0" 200 41037 "-" "-"
127.0.0.1 - - [15/Jun/2025:23:25:02 +0000] "GET /whm-server-status?auto HTTP/1.1" 200 1439 "-" "munin/2.0.73 (libwww-perl/6.67)"
127.0.0.1 - - [15/Jun/2025:23:25:04 +0000] "GET /whm-server-status?auto HTTP/1.1" 200 1440 "-" "munin/2.0.73 (libwww-perl/6.67)"
::1 - - [15/Jun/2025:23:25:05 +0000] "GET / HTTP/1.1" 200 163 "-" "Munin - http_loadtime"
127.0.0.1 - - [15/Jun/2025:23:25:05 +0000] "GET / HTTP/1.0" 200 163 "-" "-"
127.0.0.1 - - [15/Jun/2025:23:25:06 +0000] "GET /whm-server-status?auto HTTP/1.1" 200 1439 "-" "munin/2.0.73 (libwww-perl/6.67)"
209.74.73.66 - - [15/Jun/2025:23:25:15 +0000] "GET / HTTP/1.1" 200 163 "-" "Namecheap Monitoring Agent"
198.177.126.50 - - [15/Jun/2025:23:25:51 +0000] "GET / HTTP/1.1" 200 163 "-" "Namecheap Monitoring Agent"
198.54.118.134 - - [15/Jun/2025:23:27:06 +0000] "GET / HTTP/1.1" 200 163 "-" "Namecheap Monitoring Agent"
209.74.73.66 - - [15/Jun/2025:23:28:15 +0000] "GET / HTTP/1.1" 200 163 "-" "Namecheap Monitoring Agent"
198.177.126.50 - - [15/Jun/2025:23:28:48 +0000] "GET / HTTP/1.1" 200 163 "-" "Namecheap Monitoring Agent"
43.163.84.243 - - [15/Jun/2025:23:28:57 +0000] "GET / HTTP/1.1" 200 163 "-" "Mozilla/5.0 (Windows NT 10.0; Win64; x64) AppleWebKit/537.36 (KHTML, like Gecko) Chrome/58.0.3029.110 Safari/537.3"
127.0.0.1 - - [15/Jun/2025:23:30:01 +0000] "GET /whm-server-status HTTP/1.0" 200 41030 "-" "-"
127.0.0.1 - - [15/Jun/2025:23:30:02 +0000] "GET /whm-server-status?auto HTTP/1.1" 200 1439 "-" "munin/2.0.73 (libwww-perl/6.67)"
127.0.0.1 - - [15/Jun/2025:23:30:03 +0000] "GET /whm-server-status?auto HTTP/1.1" 200 1438 "-" "munin/2.0.73 (libwww-perl/6.67)"
::1 - - [15/Jun/2025:23:30:05 +0000] "GET / HTTP/1.1" 200 163 "-" "Munin - http_loadtime"
127.0.0.1 - - [15/Jun/2025:23:30:05 +0000] "GET /whm-server-status?auto HTTP/1.1" 200 1439 "-" "munin/2.0.73 (libwww-perl/6.67)"
198.54.118.134 - - [15/Jun/2025:23:30:06 +0000] "GET / HTTP/1.1" 200 163 "-" "Namecheap Monitoring Agent"
127.0.0.1 - - [15/Jun/2025:23:30:49 +0000] "GET / HTTP/1.0" 200 163 "-" "-"
209.74.73.66 - - [15/Jun/2025:23:31:15 +0000] "GET / HTTP/1.1" 200 163 "-" "Namecheap Monitoring Agent"
198.177.126.50 - - [15/Jun/2025:23:31:45 +0000] "GET / HTTP/1.1" 200 163 "-" "Namecheap Monitoring Agent"
198.54.118.134 - - [15/Jun/2025:23:33:06 +0000] "GET / HTTP/1.1" 200 163 "-" "Namecheap Monitoring Agent"
209.74.73.66 - - [15/Jun/2025:23:34:15 +0000] "GET / HTTP/1.1" 200 163 "-" "Namecheap Monitoring Agent"
198.177.126.50 - - [15/Jun/2025:23:34:42 +0000] "GET / HTTP/1.1" 200 163 "-" "Namecheap Monitoring Agent"
127.0.0.1 - - [15/Jun/2025:23:35:01 +0000] "GET /whm-server-status HTTP/1.0" 200 40915 "-" "-"
127.0.0.1 - - [15/Jun/2025:23:35:02 +0000] "GET /whm-server-status?auto HTTP/1.1" 200 1356 "-" "munin/2.0.73 (libwww-perl/6.67)"
127.0.0.1 - - [15/Jun/2025:23:35:04 +0000] "GET /whm-server-status?auto HTTP/1.1" 200 1357 "-" "munin/2.0.73 (libwww-perl/6.67)"
::1 - - [15/Jun/2025:23:35:05 +0000] "GET / HTTP/1.1" 200 163 "-" "Munin - http_loadtime"
127.0.0.1 - - [15/Jun/2025:23:35:06 +0000] "GET /whm-server-status?auto HTTP/1.1" 200 1357 "-" "munin/2.0.73 (libwww-perl/6.67)"
198.54.118.134 - - [15/Jun/2025:23:36:06 +0000] "GET / HTTP/1.1" 200 163 "-" "Namecheap Monitoring Agent"
209.74.73.66 - - [15/Jun/2025:23:37:15 +0000] "GET / HTTP/1.1" 200 163 "-" "Namecheap Monitoring Agent"
127.0.0.1 - - [15/Jun/2025:23:37:27 +0000] "GET / HTTP/1.0" 200 163 "-" "-"
198.177.126.50 - - [15/Jun/2025:23:37:39 +0000] "GET / HTTP/1.1" 200 163 "-" "Namecheap Monitoring Agent"
5.183.209.244 - - [15/Jun/2025:23:38:02 +0000] "GET / HTTP/1.1" 200 163 "-" "Mozilla/5.0 (Windows NT 10.0; Win64; x64) AppleWebKit/537.36 (KHTML, like Gecko) Chrome/90.0.4430.85 Safari/537.36 Edg/90.0.818.46"
2a06:98c0:3600::103 - - [15/Jun/2025:23:39:04 +0000] "GET /wordpress/wp-admin/setup-config.php HTTP/1.1" 404 10118 "-" "Mozilla/5.0 (Windows NT 10.0; Win64; x64) AppleWebKit/537.36 (KHTML, like Gecko) Chrome/137.0.0.0 Safari/537.36"
198.54.118.134 - - [15/Jun/2025:23:39:06 +0000] "GET / HTTP/1.1" 200 163 "-" "Namecheap Monitoring Agent"
2a06:98c0:3600::103 - - [15/Jun/2025:23:39:54 +0000] "GET /wp-admin/setup-config.php HTTP/1.1" 404 10098 "-" "Mozilla/5.0 (Windows NT 10.0; Win64; x64) AppleWebKit/537.36 (KHTML, like Gecko) Chrome/137.0.0.0 Safari/537.36"
127.0.0.1 - - [15/Jun/2025:23:40:01 +0000] "GET /whm-server-status HTTP/1.0" 200 41778 "-" "-"
127.0.0.1 - - [15/Jun/2025:23:40:02 +0000] "GET /whm-server-status?auto HTTP/1.1" 200 1443 "-" "munin/2.0.73 (libwww-perl/6.67)"
127.0.0.1 - - [15/Jun/2025:23:40:04 +0000] "GET /whm-server-status?auto HTTP/1.1" 200 1444 "-" "munin/2.0.73 (libwww-perl/6.67)"
::1 - - [15/Jun/2025:23:40:05 +0000] "GET / HTTP/1.1" 200 163 "-" "Munin - http_loadtime"
127.0.0.1 - - [15/Jun/2025:23:40:06 +0000] "GET /whm-server-status?auto HTTP/1.1" 200 1442 "-" "munin/2.0.73 (libwww-perl/6.67)"
209.74.73.66 - - [15/Jun/2025:23:40:15 +0000] "GET / HTTP/1.1" 200 163 "-" "Namecheap Monitoring Agent"
198.177.126.50 - - [15/Jun/2025:23:40:36 +0000] "GET / HTTP/1.1" 200 163 "-" "Namecheap Monitoring Agent"
2a06:98c0:3600::103 - - [15/Jun/2025:23:40:39 +0000] "GET /wp-admin/setup-config.php HTTP/1.1" 404 10098 "-" "Mozilla/5.0 (Windows NT 10.0; Win64; x64) AppleWebKit/537.36 (KHTML, like Gecko) Chrome/137.0.0.0 Safari/537.36"
2a06:98c0:3600::103 - - [15/Jun/2025:23:41:55 +0000] "GET /wordpress/wp-admin/setup-config.php HTTP/1.1" 404 10118 "-" "Mozilla/5.0 (Windows NT 10.0; Win64; x64) AppleWebKit/537.36 (KHTML, like Gecko) Chrome/137.0.0.0 Safari/537.36"
198.54.118.134 - - [15/Jun/2025:23:42:06 +0000] "GET / HTTP/1.1" 200 163 "-" "Namecheap Monitoring Agent"
127.0.0.1 - - [15/Jun/2025:23:42:34 +0000] "GET / HTTP/1.0" 200 163 "-" "-"
209.74.73.66 - - [15/Jun/2025:23:43:15 +0000] "GET / HTTP/1.1" 200 163 "-" "Namecheap Monitoring Agent"
198.177.126.50 - - [15/Jun/2025:23:43:33 +0000] "GET / HTTP/1.1" 200 163 "-" "Namecheap Monitoring Agent"
222.79.103.59 - - [15/Jun/2025:23:43:58 +0000] "GET / HTTP/1.1" 200 163 "-" "Mozilla/5.0 (iPhone; CPU iPhone OS 13_2_3 like Mac OS X) AppleWebKit/605.1.15 (KHTML, like Gecko) Version/13.0.3 Mobile/15E148 Safari/604.1"
127.0.0.1 - - [15/Jun/2025:23:45:01 +0000] "GET /whm-server-status HTTP/1.0" 200 41161 "-" "-"
127.0.0.1 - - [15/Jun/2025:23:45:02 +0000] "GET /whm-server-status?auto HTTP/1.1" 200 1439 "-" "munin/2.0.73 (libwww-perl/6.67)"
127.0.0.1 - - [15/Jun/2025:23:45:03 +0000] "GET /whm-server-status?auto HTTP/1.1" 200 1439 "-" "munin/2.0.73 (libwww-perl/6.67)"
::1 - - [15/Jun/2025:23:45:05 +0000] "GET / HTTP/1.1" 200 163 "-" "Munin - http_loadtime"
127.0.0.1 - - [15/Jun/2025:23:45:05 +0000] "GET /whm-server-status?auto HTTP/1.1" 200 1440 "-" "munin/2.0.73 (libwww-perl/6.67)"
198.54.118.134 - - [15/Jun/2025:23:45:06 +0000] "GET / HTTP/1.1" 200 163 "-" "Namecheap Monitoring Agent"
209.74.73.66 - - [15/Jun/2025:23:46:15 +0000] "GET / HTTP/1.1" 200 163 "-" "Namecheap Monitoring Agent"
198.177.126.50 - - [15/Jun/2025:23:46:30 +0000] "GET / HTTP/1.1" 200 163 "-" "Namecheap Monitoring Agent"
198.54.118.134 - - [15/Jun/2025:23:48:06 +0000] "GET / HTTP/1.1" 200 163 "-" "Namecheap Monitoring Agent"
209.74.73.66 - - [15/Jun/2025:23:49:15 +0000] "GET / HTTP/1.1" 200 163 "-" "Namecheap Monitoring Agent"
127.0.0.1 - - [15/Jun/2025:23:49:22 +0000] "GET / HTTP/1.0" 200 163 "-" "-"
198.177.126.50 - - [15/Jun/2025:23:49:27 +0000] "GET / HTTP/1.1" 200 163 "-" "Namecheap Monitoring Agent"
127.0.0.1 - - [15/Jun/2025:23:50:01 +0000] "GET /whm-server-status HTTP/1.0" 200 40989 "-" "-"
127.0.0.1 - - [15/Jun/2025:23:50:02 +0000] "GET /whm-server-status?auto HTTP/1.1" 200 1358 "-" "munin/2.0.73 (libwww-perl/6.67)"
127.0.0.1 - - [15/Jun/2025:23:50:04 +0000] "GET /whm-server-status?auto HTTP/1.1" 200 1358 "-" "munin/2.0.73 (libwww-perl/6.67)"
::1 - - [15/Jun/2025:23:50:05 +0000] "GET / HTTP/1.1" 200 163 "-" "Munin - http_loadtime"
127.0.0.1 - - [15/Jun/2025:23:50:06 +0000] "GET /whm-server-status?auto HTTP/1.1" 200 1358 "-" "munin/2.0.73 (libwww-perl/6.67)"
147.185.132.144 - - [15/Jun/2025:23:50:26 +0000] "\x16\x03\x01" 400 10073 "-" "-"
147.185.132.144 - - [15/Jun/2025:23:50:26 +0000] "\x16\x03\x01" 400 10073 "-" "-"
204.76.203.219 - - [15/Jun/2025:23:50:37 +0000] "GET / HTTP/1.1" 200 163 "-" "Mozilla/5.0 (Windows NT 10.0; Win64; x64) AppleWebKit/537.36 (KHTML, like Gecko) Chrome/90.0.4430.85 Safari/537.36 Edg/90.0.818.46"
198.54.118.134 - - [15/Jun/2025:23:51:06 +0000] "GET / HTTP/1.1" 200 163 "-" "Namecheap Monitoring Agent"
209.74.73.66 - - [15/Jun/2025:23:52:15 +0000] "GET / HTTP/1.1" 200 163 "-" "Namecheap Monitoring Agent"
198.177.126.50 - - [15/Jun/2025:23:52:24 +0000] "GET / HTTP/1.1" 200 163 "-" "Namecheap Monitoring Agent"
198.54.118.134 - - [15/Jun/2025:23:54:06 +0000] "GET / HTTP/1.1" 200 163 "-" "Namecheap Monitoring Agent"
127.0.0.1 - - [15/Jun/2025:23:55:01 +0000] "GET /whm-server-status HTTP/1.0" 200 41085 "-" "-"
127.0.0.1 - - [15/Jun/2025:23:55:02 +0000] "GET /whm-server-status?auto HTTP/1.1" 200 1439 "-" "munin/2.0.73 (libwww-perl/6.67)"
127.0.0.1 - - [15/Jun/2025:23:55:04 +0000] "GET /whm-server-status?auto HTTP/1.1" 200 1436 "-" "munin/2.0.73 (libwww-perl/6.67)"
::1 - - [15/Jun/2025:23:55:05 +0000] "GET / HTTP/1.1" 200 163 "-" "Munin - http_loadtime"
127.0.0.1 - - [15/Jun/2025:23:55:06 +0000] "GET / HTTP/1.0" 200 163 "-" "-"
127.0.0.1 - - [15/Jun/2025:23:55:06 +0000] "GET /whm-server-status?auto HTTP/1.1" 200 1438 "-" "munin/2.0.73 (libwww-perl/6.67)"
209.74.73.66 - - [15/Jun/2025:23:55:15 +0000] "GET / HTTP/1.1" 200 163 "-" "Namecheap Monitoring Agent"
198.177.126.50 - - [15/Jun/2025:23:55:21 +0000] "GET / HTTP/1.1" 200 163 "-" "Namecheap Monitoring Agent"
198.54.118.134 - - [15/Jun/2025:23:57:06 +0000] "GET / HTTP/1.1" 200 163 "-" "Namecheap Monitoring Agent"
2a06:98c0:3600::103 - - [15/Jun/2025:23:57:15 +0000] "GET /wordpress/wp-admin/setup-config.php HTTP/1.1" 404 10118 "-" "Mozilla/5.0 (Windows NT 10.0; Win64; x64) AppleWebKit/537.36 (KHTML, like Gecko) Chrome/137.0.0.0 Safari/537.36"
209.74.73.66 - - [15/Jun/2025:23:58:15 +0000] "GET / HTTP/1.1" 200 163 "-" "Namecheap Monitoring Agent"
198.177.126.50 - - [15/Jun/2025:23:58:18 +0000] "GET / HTTP/1.1" 200 163 "-" "Namecheap Monitoring Agent"
2a06:98c0:3600::103 - - [15/Jun/2025:23:58:19 +0000] "GET /wordpress/wp-admin/setup-config.php HTTP/1.1" 404 10118 "-" "Mozilla/5.0 (Windows NT 10.0; Win64; x64) AppleWebKit/537.36 (KHTML, like Gecko) Chrome/137.0.0.0 Safari/537.36"
48.216.243.233 - - [15/Jun/2025:23:58:26 +0000] "MGLNDD_159.198.77.92_80\n" 400 10073 "-" "-"
127.0.0.1 - - [16/Jun/2025:00:00:01 +0000] "GET /whm-server-status HTTP/1.0" 200 41587 "-" "-"
127.0.0.1 - - [16/Jun/2025:00:00:04 +0000] "GET /whm-server-status?auto HTTP/1.1" 200 1442 "-" "munin/2.0.73 (libwww-perl/6.67)"
127.0.0.1 - - [16/Jun/2025:00:00:06 +0000] "GET /whm-server-status?auto HTTP/1.1" 200 1443 "-" "munin/2.0.73 (libwww-perl/6.67)"
198.54.118.134 - - [16/Jun/2025:00:00:06 +0000] "GET / HTTP/1.1" 200 163 "-" "Namecheap Monitoring Agent"
::1 - - [16/Jun/2025:00:00:07 +0000] "GET / HTTP/1.1" 200 163 "-" "Munin - http_loadtime"
127.0.0.1 - - [16/Jun/2025:00:00:08 +0000] "GET / HTTP/1.0" 200 163 "-" "-"
127.0.0.1 - - [16/Jun/2025:00:00:08 +0000] "GET /whm-server-status?auto HTTP/1.1" 200 1443 "-" "munin/2.0.73 (libwww-perl/6.67)"
2a06:98c0:3600::103 - - [16/Jun/2025:00:00:22 +0000] "GET /wp-admin/setup-config.php HTTP/1.1" 404 10098 "-" "Mozilla/5.0 (Windows NT 10.0; Win64; x64) AppleWebKit/537.36 (KHTML, like Gecko) Chrome/137.0.0.0 Safari/537.36"
2a06:98c0:3600::103 - - [16/Jun/2025:00:00:46 +0000] "GET /wp-admin/setup-config.php HTTP/1.1" 404 10098 "-" "Mozilla/5.0 (Windows NT 10.0; Win64; x64) AppleWebKit/537.36 (KHTML, like Gecko) Chrome/137.0.0.0 Safari/537.36"
209.74.73.66 - - [16/Jun/2025:00:01:15 +0000] "GET / HTTP/1.1" 200 163 "-" "Namecheap Monitoring Agent"
198.177.126.50 - - [16/Jun/2025:00:01:18 +0000] "GET / HTTP/1.1" 200 163 "-" "Namecheap Monitoring Agent"
198.54.118.134 - - [16/Jun/2025:00:03:06 +0000] "GET / HTTP/1.1" 200 163 "-" "Namecheap Monitoring Agent"
209.74.73.66 - - [16/Jun/2025:00:04:15 +0000] "GET / HTTP/1.1" 200 163 "-" "Namecheap Monitoring Agent"
198.177.126.50 - - [16/Jun/2025:00:04:18 +0000] "GET / HTTP/1.1" 200 163 "-" "Namecheap Monitoring Agent"
127.0.0.1 - - [16/Jun/2025:00:05:01 +0000] "GET /whm-server-status HTTP/1.0" 200 41017 "-" "-"
127.0.0.1 - - [16/Jun/2025:00:05:02 +0000] "GET /whm-server-status?auto HTTP/1.1" 200 1440 "-" "munin/2.0.73 (libwww-perl/6.67)"
127.0.0.1 - - [16/Jun/2025:00:05:04 +0000] "GET /whm-server-status?auto HTTP/1.1" 200 1440 "-" "munin/2.0.73 (libwww-perl/6.67)"
::1 - - [16/Jun/2025:00:05:05 +0000] "GET / HTTP/1.1" 200 163 "-" "Munin - http_loadtime"
127.0.0.1 - - [16/Jun/2025:00:05:06 +0000] "GET /whm-server-status?auto HTTP/1.1" 200 1440 "-" "munin/2.0.73 (libwww-perl/6.67)"
198.54.118.134 - - [16/Jun/2025:00:06:06 +0000] "GET / HTTP/1.1" 200 163 "-" "Namecheap Monitoring Agent"
209.74.73.66 - - [16/Jun/2025:00:07:15 +0000] "GET / HTTP/1.1" 200 163 "-" "Namecheap Monitoring Agent"
198.177.126.50 - - [16/Jun/2025:00:07:18 +0000] "GET / HTTP/1.1" 200 163 "-" "Namecheap Monitoring Agent"
127.0.0.1 - - [16/Jun/2025:00:07:27 +0000] "GET / HTTP/1.0" 200 163 "-" "-"
43.130.3.120 - - [16/Jun/2025:00:08:08 +0000] "GET / HTTP/1.1" 200 163 "-" "Mozilla/5.0 (iPhone; CPU iPhone OS 13_2_3 like Mac OS X) AppleWebKit/605.1.15 (KHTML, like Gecko) Version/13.0.3 Mobile/15E148 Safari/604.1"
198.54.118.134 - - [16/Jun/2025:00:09:06 +0000] "GET / HTTP/1.1" 200 163 "-" "Namecheap Monitoring Agent"
127.0.0.1 - - [16/Jun/2025:00:10:01 +0000] "GET /whm-server-status HTTP/1.0" 200 41174 "-" "-"
127.0.0.1 - - [16/Jun/2025:00:10:02 +0000] "GET /whm-server-status?auto HTTP/1.1" 200 1441 "-" "munin/2.0.73 (libwww-perl/6.67)"
127.0.0.1 - - [16/Jun/2025:00:10:04 +0000] "GET /whm-server-status?auto HTTP/1.1" 200 1442 "-" "munin/2.0.73 (libwww-perl/6.67)"
::1 - - [16/Jun/2025:00:10:05 +0000] "GET / HTTP/1.1" 200 163 "-" "Munin - http_loadtime"
127.0.0.1 - - [16/Jun/2025:00:10:06 +0000] "GET /whm-server-status?auto HTTP/1.1" 200 1442 "-" "munin/2.0.73 (libwww-perl/6.67)"
209.74.73.66 - - [16/Jun/2025:00:10:15 +0000] "GET / HTTP/1.1" 200 163 "-" "Namecheap Monitoring Agent"
198.177.126.50 - - [16/Jun/2025:00:10:18 +0000] "GET / HTTP/1.1" 200 163 "-" "Namecheap Monitoring Agent"
43.134.134.21 - - [16/Jun/2025:00:11:21 +0000] "GET / HTTP/1.1" 200 163 "-" "Mozilla/5.0 (Windows NT 10.0; Win64; x64) AppleWebKit/537.36 (KHTML, like Gecko) Chrome/58.0.3029.110 Safari/537.3"
198.54.118.134 - - [16/Jun/2025:00:12:06 +0000] "GET / HTTP/1.1" 200 163 "-" "Namecheap Monitoring Agent"
127.0.0.1 - - [16/Jun/2025:00:12:34 +0000] "GET / HTTP/1.0" 200 163 "-" "-"
209.74.73.66 - - [16/Jun/2025:00:13:15 +0000] "GET / HTTP/1.1" 200 163 "-" "Namecheap Monitoring Agent"
198.177.126.50 - - [16/Jun/2025:00:13:18 +0000] "GET / HTTP/1.1" 200 163 "-" "Namecheap Monitoring Agent"
127.0.0.1 - - [16/Jun/2025:00:15:02 +0000] "GET /whm-server-status HTTP/1.0" 200 41090 "-" "-"
127.0.0.1 - - [16/Jun/2025:00:15:02 +0000] "GET /whm-server-status?auto HTTP/1.1" 200 1359 "-" "munin/2.0.73 (libwww-perl/6.67)"
127.0.0.1 - - [16/Jun/2025:00:15:04 +0000] "GET /whm-server-status?auto HTTP/1.1" 200 1358 "-" "munin/2.0.73 (libwww-perl/6.67)"
::1 - - [16/Jun/2025:00:15:05 +0000] "GET / HTTP/1.1" 200 163 "-" "Munin - http_loadtime"
127.0.0.1 - - [16/Jun/2025:00:15:06 +0000] "GET /whm-server-status?auto HTTP/1.1" 200 1359 "-" "munin/2.0.73 (libwww-perl/6.67)"
198.54.118.134 - - [16/Jun/2025:00:15:06 +0000] "GET / HTTP/1.1" 200 163 "-" "Namecheap Monitoring Agent"
209.74.73.66 - - [16/Jun/2025:00:16:15 +0000] "GET / HTTP/1.1" 200 163 "-" "Namecheap Monitoring Agent"
198.177.126.50 - - [16/Jun/2025:00:16:18 +0000] "GET / HTTP/1.1" 200 163 "-" "Namecheap Monitoring Agent"
127.0.0.1 - - [16/Jun/2025:00:17:37 +0000] "GET / HTTP/1.0" 200 163 "-" "-"
198.54.118.134 - - [16/Jun/2025:00:18:06 +0000] "GET / HTTP/1.1" 200 163 "-" "Namecheap Monitoring Agent"
209.74.73.66 - - [16/Jun/2025:00:19:15 +0000] "GET / HTTP/1.1" 200 163 "-" "Namecheap Monitoring Agent"
198.177.126.50 - - [16/Jun/2025:00:19:18 +0000] "GET / HTTP/1.1" 200 163 "-" "Namecheap Monitoring Agent"
2a06:98c0:3600::103 - - [16/Jun/2025:00:19:42 +0000] "GET /wordpress/wp-admin/setup-config.php HTTP/1.1" 404 10118 "-" "Mozilla/5.0 (Windows NT 10.0; Win64; x64) AppleWebKit/537.36 (KHTML, like Gecko) Chrome/137.0.0.0 Safari/537.36"
127.0.0.1 - - [16/Jun/2025:00:20:01 +0000] "GET /whm-server-status HTTP/1.0" 200 41691 "-" "-"
127.0.0.1 - - [16/Jun/2025:00:20:01 +0000] "GET /whm-server-status?auto HTTP/1.1" 200 1444 "-" "munin/2.0.73 (libwww-perl/6.67)"
127.0.0.1 - - [16/Jun/2025:00:20:03 +0000] "GET /whm-server-status?auto HTTP/1.1" 200 1442 "-" "munin/2.0.73 (libwww-perl/6.67)"
::1 - - [16/Jun/2025:00:20:04 +0000] "GET / HTTP/1.1" 200 163 "-" "Munin - http_loadtime"
127.0.0.1 - - [16/Jun/2025:00:20:05 +0000] "GET /whm-server-status?auto HTTP/1.1" 200 1444 "-" "munin/2.0.73 (libwww-perl/6.67)"
2a06:98c0:3600::103 - - [16/Jun/2025:00:20:11 +0000] "GET /wordpress/wp-admin/setup-config.php HTTP/1.1" 404 10118 "-" "Mozilla/5.0 (Windows NT 10.0; Win64; x64) AppleWebKit/537.36 (KHTML, like Gecko) Chrome/137.0.0.0 Safari/537.36"
2a06:98c0:3600::103 - - [16/Jun/2025:00:20:36 +0000] "GET /wp-admin/setup-config.php HTTP/1.1" 404 10098 "-" "Mozilla/5.0 (Windows NT 10.0; Win64; x64) AppleWebKit/537.36 (KHTML, like Gecko) Chrome/137.0.0.0 Safari/537.36"
198.54.118.134 - - [16/Jun/2025:00:21:06 +0000] "GET / HTTP/1.1" 200 163 "-" "Namecheap Monitoring Agent"
2a06:98c0:3600::103 - - [16/Jun/2025:00:21:34 +0000] "GET /wp-admin/setup-config.php HTTP/1.1" 404 10098 "-" "Mozilla/5.0 (Windows NT 10.0; Win64; x64) AppleWebKit/537.36 (KHTML, like Gecko) Chrome/137.0.0.0 Safari/537.36"
209.74.73.66 - - [16/Jun/2025:00:22:15 +0000] "GET / HTTP/1.1" 200 163 "-" "Namecheap Monitoring Agent"
198.177.126.50 - - [16/Jun/2025:00:22:15 +0000] "GET / HTTP/1.1" 200 163 "-" "Namecheap Monitoring Agent"
127.0.0.1 - - [16/Jun/2025:00:22:41 +0000] "GET / HTTP/1.0" 200 163 "-" "-"
198.54.118.134 - - [16/Jun/2025:00:24:06 +0000] "GET / HTTP/1.1" 200 163 "-" "Namecheap Monitoring Agent"
127.0.0.1 - - [16/Jun/2025:00:25:01 +0000] "GET /whm-server-status HTTP/1.0" 200 41151 "-" "-"
127.0.0.1 - - [16/Jun/2025:00:25:02 +0000] "GET /whm-server-status?auto HTTP/1.1" 200 1442 "-" "munin/2.0.73 (libwww-perl/6.67)"
127.0.0.1 - - [16/Jun/2025:00:25:03 +0000] "GET /whm-server-status?auto HTTP/1.1" 200 1436 "-" "munin/2.0.73 (libwww-perl/6.67)"
::1 - - [16/Jun/2025:00:25:05 +0000] "GET / HTTP/1.1" 200 163 "-" "Munin - http_loadtime"
127.0.0.1 - - [16/Jun/2025:00:25:05 +0000] "GET /whm-server-status?auto HTTP/1.1" 200 1435 "-" "munin/2.0.73 (libwww-perl/6.67)"
209.74.73.66 - - [16/Jun/2025:00:25:15 +0000] "GET / HTTP/1.1" 200 163 "-" "Namecheap Monitoring Agent"
198.177.126.50 - - [16/Jun/2025:00:25:15 +0000] "GET / HTTP/1.1" 200 163 "-" "Namecheap Monitoring Agent"
198.54.118.134 - - [16/Jun/2025:00:27:05 +0000] "GET / HTTP/1.1" 200 163 "-" "Namecheap Monitoring Agent"
209.74.73.66 - - [16/Jun/2025:00:28:14 +0000] "GET / HTTP/1.1" 200 163 "-" "Namecheap Monitoring Agent"
198.177.126.50 - - [16/Jun/2025:00:28:15 +0000] "GET / HTTP/1.1" 200 163 "-" "Namecheap Monitoring Agent"
127.0.0.1 - - [16/Jun/2025:00:29:05 +0000] "GET / HTTP/1.0" 200 163 "-" "-"
154.28.229.142 - - [16/Jun/2025:00:29:59 +0000] "GET / HTTP/1.1" 200 163 "-" "Mozilla/5.0 (X11; Linux x86_64) AppleWebKit/537.36 (KHTML, like Gecko) Chrome/117.0.0.0 Safari/537.36"
127.0.0.1 - - [16/Jun/2025:00:30:01 +0000] "GET /whm-server-status HTTP/1.0" 200 41128 "-" "-"
127.0.0.1 - - [16/Jun/2025:00:30:02 +0000] "GET /whm-server-status?auto HTTP/1.1" 200 1443 "-" "munin/2.0.73 (libwww-perl/6.67)"
127.0.0.1 - - [16/Jun/2025:00:30:04 +0000] "GET /whm-server-status?auto HTTP/1.1" 200 1443 "-" "munin/2.0.73 (libwww-perl/6.67)"
::1 - - [16/Jun/2025:00:30:05 +0000] "GET / HTTP/1.1" 200 163 "-" "Munin - http_loadtime"
127.0.0.1 - - [16/Jun/2025:00:30:06 +0000] "GET /whm-server-status?auto HTTP/1.1" 200 1443 "-" "munin/2.0.73 (libwww-perl/6.67)"
198.54.118.134 - - [16/Jun/2025:00:30:06 +0000] "GET / HTTP/1.1" 200 163 "-" "Namecheap Monitoring Agent"
209.74.73.66 - - [16/Jun/2025:00:31:15 +0000] "GET / HTTP/1.1" 200 163 "-" "Namecheap Monitoring Agent"
198.177.126.50 - - [16/Jun/2025:00:31:15 +0000] "GET / HTTP/1.1" 200 163 "-" "Namecheap Monitoring Agent"
198.54.118.134 - - [16/Jun/2025:00:33:06 +0000] "GET / HTTP/1.1" 200 163 "-" "Namecheap Monitoring Agent"
209.74.73.66 - - [16/Jun/2025:00:34:15 +0000] "GET / HTTP/1.1" 200 163 "-" "Namecheap Monitoring Agent"
198.177.126.50 - - [16/Jun/2025:00:34:15 +0000] "GET / HTTP/1.1" 200 163 "-" "Namecheap Monitoring Agent"
127.0.0.1 - - [16/Jun/2025:00:34:16 +0000] "GET / HTTP/1.0" 200 163 "-" "-"
127.0.0.1 - - [16/Jun/2025:00:35:01 +0000] "GET /whm-server-status HTTP/1.0" 200 40869 "-" "-"
127.0.0.1 - - [16/Jun/2025:00:35:02 +0000] "GET /whm-server-status?auto HTTP/1.1" 200 1447 "-" "munin/2.0.73 (libwww-perl/6.67)"
127.0.0.1 - - [16/Jun/2025:00:35:04 +0000] "GET /whm-server-status?auto HTTP/1.1" 200 1446 "-" "munin/2.0.73 (libwww-perl/6.67)"
::1 - - [16/Jun/2025:00:35:05 +0000] "GET / HTTP/1.1" 200 163 "-" "Munin - http_loadtime"
127.0.0.1 - - [16/Jun/2025:00:35:06 +0000] "GET /whm-server-status?auto HTTP/1.1" 200 1447 "-" "munin/2.0.73 (libwww-perl/6.67)"
198.54.118.134 - - [16/Jun/2025:00:36:06 +0000] "GET / HTTP/1.1" 200 163 "-" "Namecheap Monitoring Agent"
209.74.73.66 - - [16/Jun/2025:00:37:15 +0000] "GET / HTTP/1.1" 200 163 "-" "Namecheap Monitoring Agent"
198.177.126.50 - - [16/Jun/2025:00:37:15 +0000] "GET / HTTP/1.1" 200 163 "-" "Namecheap Monitoring Agent"
2a06:98c0:3600::103 - - [16/Jun/2025:00:38:45 +0000] "GET /wordpress/wp-admin/setup-config.php HTTP/1.1" 404 10118 "-" "Mozilla/5.0 (Windows NT 10.0; Win64; x64) AppleWebKit/537.36 (KHTML, like Gecko) Chrome/137.0.0.0 Safari/537.36"
2a06:98c0:3600::103 - - [16/Jun/2025:00:38:58 +0000] "GET /wordpress/wp-admin/setup-config.php HTTP/1.1" 404 10118 "-" "Mozilla/5.0 (Windows NT 10.0; Win64; x64) AppleWebKit/537.36 (KHTML, like Gecko) Chrome/137.0.0.0 Safari/537.36"
198.54.118.134 - - [16/Jun/2025:00:39:00 +0000] "GET / HTTP/1.1" 200 163 "-" "Namecheap Monitoring Agent"
127.0.0.1 - - [16/Jun/2025:00:39:49 +0000] "GET / HTTP/1.0" 200 163 "-" "-"
127.0.0.1 - - [16/Jun/2025:00:40:01 +0000] "GET /whm-server-status HTTP/1.0" 200 41218 "-" "-"
127.0.0.1 - - [16/Jun/2025:00:40:02 +0000] "GET /whm-server-status?auto HTTP/1.1" 200 1448 "-" "munin/2.0.73 (libwww-perl/6.67)"
127.0.0.1 - - [16/Jun/2025:00:40:03 +0000] "GET /whm-server-status?auto HTTP/1.1" 200 1449 "-" "munin/2.0.73 (libwww-perl/6.67)"
::1 - - [16/Jun/2025:00:40:05 +0000] "GET / HTTP/1.1" 200 163 "-" "Munin - http_loadtime"
127.0.0.1 - - [16/Jun/2025:00:40:05 +0000] "GET /whm-server-status?auto HTTP/1.1" 200 1449 "-" "munin/2.0.73 (libwww-perl/6.67)"
209.74.73.66 - - [16/Jun/2025:00:40:15 +0000] "GET / HTTP/1.1" 200 163 "-" "Namecheap Monitoring Agent"
