127.0.0.1 - - [15/Jun/2025:14:20:02 +0000] "GET /whm-server-status?auto HTTP/1.1" 200 1359 "-" "munin/2.0.73 (libwww-perl/6.67)"
127.0.0.1 - - [15/Jun/2025:14:20:04 +0000] "GET /whm-server-status?auto HTTP/1.1" 200 1359 "-" "munin/2.0.73 (libwww-perl/6.67)"
::1 - - [15/Jun/2025:14:20:05 +0000] "GET / HTTP/1.1" 200 163 "-" "Munin - http_loadtime"
127.0.0.1 - - [15/Jun/2025:14:20:05 +0000] "GET / HTTP/1.0" 200 163 "-" "-"
127.0.0.1 - - [15/Jun/2025:14:20:05 +0000] "GET /whm-server-status?auto HTTP/1.1" 200 1359 "-" "munin/2.0.73 (libwww-perl/6.67)"
198.177.126.50 - - [15/Jun/2025:14:20:53 +0000] "GET / HTTP/1.1" 200 163 "-" "Namecheap Monitoring Agent"
198.54.118.134 - - [15/Jun/2025:14:21:23 +0000] "GET / HTTP/1.1" 200 163 "-" "Namecheap Monitoring Agent"
209.74.73.66 - - [15/Jun/2025:14:23:02 +0000] "GET / HTTP/1.1" 200 163 "-" "Namecheap Monitoring Agent"
204.76.203.219 - - [15/Jun/2025:14:23:22 +0000] "GET / HTTP/1.1" 200 163 "-" "Mozilla/5.0 (Windows NT 10.0; Win64; x64) AppleWebKit/537.36 (KHTML, like Gecko) Chrome/90.0.4430.85 Safari/537.36 Edg/90.0.818.46"
198.177.126.50 - - [15/Jun/2025:14:23:53 +0000] "GET / HTTP/1.1" 200 163 "-" "Namecheap Monitoring Agent"
198.54.118.134 - - [15/Jun/2025:14:24:23 +0000] "GET / HTTP/1.1" 200 163 "-" "Namecheap Monitoring Agent"
127.0.0.1 - - [15/Jun/2025:14:25:01 +0000] "GET /whm-server-status HTTP/1.0" 200 39521 "-" "-"
127.0.0.1 - - [15/Jun/2025:14:25:02 +0000] "GET /whm-server-status?auto HTTP/1.1" 200 1443 "-" "munin/2.0.73 (libwww-perl/6.67)"
127.0.0.1 - - [15/Jun/2025:14:25:04 +0000] "GET /whm-server-status?auto HTTP/1.1" 200 1443 "-" "munin/2.0.73 (libwww-perl/6.67)"
::1 - - [15/Jun/2025:14:25:05 +0000] "GET / HTTP/1.1" 200 163 "-" "Munin - http_loadtime"
127.0.0.1 - - [15/Jun/2025:14:25:05 +0000] "GET / HTTP/1.0" 200 163 "-" "-"
127.0.0.1 - - [15/Jun/2025:14:25:06 +0000] "GET /whm-server-status?auto HTTP/1.1" 200 1444 "-" "munin/2.0.73 (libwww-perl/6.67)"
209.74.73.66 - - [15/Jun/2025:14:26:02 +0000] "GET / HTTP/1.1" 200 163 "-" "Namecheap Monitoring Agent"
198.177.126.50 - - [15/Jun/2025:14:26:53 +0000] "GET / HTTP/1.1" 200 163 "-" "Namecheap Monitoring Agent"
198.54.118.134 - - [15/Jun/2025:14:27:23 +0000] "GET / HTTP/1.1" 200 163 "-" "Namecheap Monitoring Agent"
209.74.73.66 - - [15/Jun/2025:14:29:02 +0000] "GET / HTTP/1.1" 200 163 "-" "Namecheap Monitoring Agent"
2a06:98c0:3600::103 - - [15/Jun/2025:14:29:08 +0000] "GET /wordpress/wp-admin/setup-config.php HTTP/1.1" 404 10118 "-" "Mozilla/5.0 (Windows NT 10.0; Win64; x64) AppleWebKit/537.36 (KHTML, like Gecko) Chrome/137.0.0.0 Safari/537.36"
198.177.126.50 - - [15/Jun/2025:14:29:53 +0000] "GET / HTTP/1.1" 200 163 "-" "Namecheap Monitoring Agent"
127.0.0.1 - - [15/Jun/2025:14:30:01 +0000] "GET /whm-server-status HTTP/1.0" 200 40662 "-" "-"
127.0.0.1 - - [15/Jun/2025:14:30:02 +0000] "GET /whm-server-status?auto HTTP/1.1" 200 1443 "-" "munin/2.0.73 (libwww-perl/6.67)"
127.0.0.1 - - [15/Jun/2025:14:30:03 +0000] "GET /whm-server-status?auto HTTP/1.1" 200 1443 "-" "munin/2.0.73 (libwww-perl/6.67)"
::1 - - [15/Jun/2025:14:30:05 +0000] "GET / HTTP/1.1" 200 163 "-" "Munin - http_loadtime"
127.0.0.1 - - [15/Jun/2025:14:30:05 +0000] "GET /whm-server-status?auto HTTP/1.1" 200 1443 "-" "munin/2.0.73 (libwww-perl/6.67)"
2a06:98c0:3600::103 - - [15/Jun/2025:14:30:09 +0000] "GET /wp-admin/setup-config.php HTTP/1.1" 404 10098 "-" "Mozilla/5.0 (Windows NT 10.0; Win64; x64) AppleWebKit/537.36 (KHTML, like Gecko) Chrome/137.0.0.0 Safari/537.36"
198.54.118.134 - - [15/Jun/2025:14:30:23 +0000] "GET / HTTP/1.1" 200 163 "-" "Namecheap Monitoring Agent"
127.0.0.1 - - [15/Jun/2025:14:30:27 +0000] "GET / HTTP/1.0" 200 163 "-" "-"
2a06:98c0:3600::103 - - [15/Jun/2025:14:30:50 +0000] "GET /wp-admin/setup-config.php HTTP/1.1" 404 10098 "-" "Mozilla/5.0 (Windows NT 10.0; Win64; x64) AppleWebKit/537.36 (KHTML, like Gecko) Chrome/137.0.0.0 Safari/537.36"
2a06:98c0:3600::103 - - [15/Jun/2025:14:31:05 +0000] "GET /wordpress/wp-admin/setup-config.php HTTP/1.1" 404 10118 "-" "Mozilla/5.0 (Windows NT 10.0; Win64; x64) AppleWebKit/537.36 (KHTML, like Gecko) Chrome/137.0.0.0 Safari/537.36"
209.74.73.66 - - [15/Jun/2025:14:32:02 +0000] "GET / HTTP/1.1" 200 163 "-" "Namecheap Monitoring Agent"
198.177.126.50 - - [15/Jun/2025:14:32:53 +0000] "GET / HTTP/1.1" 200 163 "-" "Namecheap Monitoring Agent"
198.54.118.134 - - [15/Jun/2025:14:33:23 +0000] "GET / HTTP/1.1" 200 163 "-" "Namecheap Monitoring Agent"
127.0.0.1 - - [15/Jun/2025:14:35:01 +0000] "GET /whm-server-status HTTP/1.0" 200 39396 "-" "-"
209.74.73.66 - - [15/Jun/2025:14:35:02 +0000] "GET / HTTP/1.1" 200 163 "-" "Namecheap Monitoring Agent"
127.0.0.1 - - [15/Jun/2025:14:35:02 +0000] "GET /whm-server-status?auto HTTP/1.1" 200 1441 "-" "munin/2.0.73 (libwww-perl/6.67)"
127.0.0.1 - - [15/Jun/2025:14:35:04 +0000] "GET /whm-server-status?auto HTTP/1.1" 200 1440 "-" "munin/2.0.73 (libwww-perl/6.67)"
::1 - - [15/Jun/2025:14:35:05 +0000] "GET / HTTP/1.1" 200 163 "-" "Munin - http_loadtime"
127.0.0.1 - - [15/Jun/2025:14:35:05 +0000] "GET /whm-server-status?auto HTTP/1.1" 200 1440 "-" "munin/2.0.73 (libwww-perl/6.67)"
198.177.126.50 - - [15/Jun/2025:14:35:53 +0000] "GET / HTTP/1.1" 200 163 "-" "Namecheap Monitoring Agent"
127.0.0.1 - - [15/Jun/2025:14:36:23 +0000] "GET / HTTP/1.0" 200 163 "-" "-"
198.54.118.134 - - [15/Jun/2025:14:36:23 +0000] "GET / HTTP/1.1" 200 163 "-" "Namecheap Monitoring Agent"
121.4.97.180 - - [15/Jun/2025:14:37:52 +0000] "GET / HTTP/1.1" 200 163 "-" "Mozilla/5.0 (iPhone; CPU iPhone OS 13_2_3 like Mac OS X) AppleWebKit/605.1.15 (KHTML, like Gecko) Version/13.0.3 Mobile/15E148 Safari/604.1"
209.74.73.66 - - [15/Jun/2025:14:38:02 +0000] "GET / HTTP/1.1" 200 163 "-" "Namecheap Monitoring Agent"
198.177.126.50 - - [15/Jun/2025:14:38:53 +0000] "GET / HTTP/1.1" 200 163 "-" "Namecheap Monitoring Agent"
198.54.118.134 - - [15/Jun/2025:14:39:23 +0000] "GET / HTTP/1.1" 200 163 "-" "Namecheap Monitoring Agent"
127.0.0.1 - - [15/Jun/2025:14:40:01 +0000] "GET /whm-server-status HTTP/1.0" 200 39487 "-" "-"
127.0.0.1 - - [15/Jun/2025:14:40:02 +0000] "GET /whm-server-status?auto HTTP/1.1" 200 1444 "-" "munin/2.0.73 (libwww-perl/6.67)"
127.0.0.1 - - [15/Jun/2025:14:40:04 +0000] "GET /whm-server-status?auto HTTP/1.1" 200 1444 "-" "munin/2.0.73 (libwww-perl/6.67)"
::1 - - [15/Jun/2025:14:40:05 +0000] "GET / HTTP/1.1" 200 163 "-" "Munin - http_loadtime"
127.0.0.1 - - [15/Jun/2025:14:40:06 +0000] "GET /whm-server-status?auto HTTP/1.1" 200 1443 "-" "munin/2.0.73 (libwww-perl/6.67)"
209.74.73.66 - - [15/Jun/2025:14:41:02 +0000] "GET / HTTP/1.1" 200 163 "-" "Namecheap Monitoring Agent"
198.177.126.50 - - [15/Jun/2025:14:41:53 +0000] "GET / HTTP/1.1" 200 163 "-" "Namecheap Monitoring Agent"
127.0.0.1 - - [15/Jun/2025:14:42:16 +0000] "GET / HTTP/1.0" 200 163 "-" "-"
198.54.118.134 - - [15/Jun/2025:14:42:23 +0000] "GET / HTTP/1.1" 200 163 "-" "Namecheap Monitoring Agent"
209.74.73.66 - - [15/Jun/2025:14:44:02 +0000] "GET / HTTP/1.1" 200 163 "-" "Namecheap Monitoring Agent"
198.177.126.50 - - [15/Jun/2025:14:44:53 +0000] "GET / HTTP/1.1" 200 163 "-" "Namecheap Monitoring Agent"
127.0.0.1 - - [15/Jun/2025:14:45:01 +0000] "GET /whm-server-status HTTP/1.0" 200 39989 "-" "-"
127.0.0.1 - - [15/Jun/2025:14:45:01 +0000] "GET /whm-server-status?auto HTTP/1.1" 200 1440 "-" "munin/2.0.73 (libwww-perl/6.67)"
127.0.0.1 - - [15/Jun/2025:14:45:03 +0000] "GET /whm-server-status?auto HTTP/1.1" 200 1439 "-" "munin/2.0.73 (libwww-perl/6.67)"
::1 - - [15/Jun/2025:14:45:04 +0000] "GET / HTTP/1.1" 200 163 "-" "Munin - http_loadtime"
127.0.0.1 - - [15/Jun/2025:14:45:05 +0000] "GET /whm-server-status?auto HTTP/1.1" 200 1440 "-" "munin/2.0.73 (libwww-perl/6.67)"
198.54.118.134 - - [15/Jun/2025:14:45:23 +0000] "GET / HTTP/1.1" 200 163 "-" "Namecheap Monitoring Agent"
209.74.73.66 - - [15/Jun/2025:14:47:02 +0000] "GET / HTTP/1.1" 200 163 "-" "Namecheap Monitoring Agent"
2a06:98c0:3600::103 - - [15/Jun/2025:14:47:02 +0000] "GET /wp-admin/setup-config.php HTTP/1.1" 404 10098 "-" "Mozilla/5.0 (Windows NT 10.0; Win64; x64) AppleWebKit/537.36 (KHTML, like Gecko) Chrome/137.0.0.0 Safari/537.36"
198.177.126.50 - - [15/Jun/2025:14:47:53 +0000] "GET / HTTP/1.1" 200 163 "-" "Namecheap Monitoring Agent"
127.0.0.1 - - [15/Jun/2025:14:48:04 +0000] "GET / HTTP/1.0" 200 163 "-" "-"
198.54.118.134 - - [15/Jun/2025:14:48:23 +0000] "GET / HTTP/1.1" 200 163 "-" "Namecheap Monitoring Agent"
2a06:98c0:3600::103 - - [15/Jun/2025:14:49:06 +0000] "GET /wordpress/wp-admin/setup-config.php HTTP/1.1" 404 10118 "-" "Mozilla/5.0 (Windows NT 10.0; Win64; x64) AppleWebKit/537.36 (KHTML, like Gecko) Chrome/137.0.0.0 Safari/537.36"
127.0.0.1 - - [15/Jun/2025:14:50:01 +0000] "GET /whm-server-status HTTP/1.0" 200 42538 "-" "-"
127.0.0.1 - - [15/Jun/2025:14:50:02 +0000] "GET /whm-server-status?auto HTTP/1.1" 200 1443 "-" "munin/2.0.73 (libwww-perl/6.67)"
209.74.73.66 - - [15/Jun/2025:14:50:02 +0000] "GET / HTTP/1.1" 200 163 "-" "Namecheap Monitoring Agent"
127.0.0.1 - - [15/Jun/2025:14:50:03 +0000] "GET /whm-server-status?auto HTTP/1.1" 200 1443 "-" "munin/2.0.73 (libwww-perl/6.67)"
::1 - - [15/Jun/2025:14:50:05 +0000] "GET / HTTP/1.1" 200 163 "-" "Munin - http_loadtime"
127.0.0.1 - - [15/Jun/2025:14:50:05 +0000] "GET /whm-server-status?auto HTTP/1.1" 200 1444 "-" "munin/2.0.73 (libwww-perl/6.67)"
2a06:98c0:3600::103 - - [15/Jun/2025:14:50:33 +0000] "GET /wp-admin/setup-config.php HTTP/1.1" 404 10098 "-" "Mozilla/5.0 (Windows NT 10.0; Win64; x64) AppleWebKit/537.36 (KHTML, like Gecko) Chrome/137.0.0.0 Safari/537.36"
2a06:98c0:3600::103 - - [15/Jun/2025:14:50:48 +0000] "GET /wordpress/wp-admin/setup-config.php HTTP/1.1" 404 10118 "-" "Mozilla/5.0 (Windows NT 10.0; Win64; x64) AppleWebKit/537.36 (KHTML, like Gecko) Chrome/137.0.0.0 Safari/537.36"
198.177.126.50 - - [15/Jun/2025:14:50:53 +0000] "GET / HTTP/1.1" 200 163 "-" "Namecheap Monitoring Agent"
198.54.118.134 - - [15/Jun/2025:14:51:23 +0000] "GET / HTTP/1.1" 200 163 "-" "Namecheap Monitoring Agent"
209.74.73.66 - - [15/Jun/2025:14:53:02 +0000] "GET / HTTP/1.1" 200 163 "-" "Namecheap Monitoring Agent"
127.0.0.1 - - [15/Jun/2025:14:53:33 +0000] "GET / HTTP/1.0" 200 163 "-" "-"
198.177.126.50 - - [15/Jun/2025:14:53:53 +0000] "GET / HTTP/1.1" 200 163 "-" "Namecheap Monitoring Agent"
198.54.118.134 - - [15/Jun/2025:14:54:23 +0000] "GET / HTTP/1.1" 200 163 "-" "Namecheap Monitoring Agent"
127.0.0.1 - - [15/Jun/2025:14:55:01 +0000] "GET /whm-server-status HTTP/1.0" 200 42533 "-" "-"
127.0.0.1 - - [15/Jun/2025:14:55:02 +0000] "GET /whm-server-status?auto HTTP/1.1" 200 1442 "-" "munin/2.0.73 (libwww-perl/6.67)"
127.0.0.1 - - [15/Jun/2025:14:55:04 +0000] "GET /whm-server-status?auto HTTP/1.1" 200 1442 "-" "munin/2.0.73 (libwww-perl/6.67)"
::1 - - [15/Jun/2025:14:55:05 +0000] "GET / HTTP/1.1" 200 163 "-" "Munin - http_loadtime"
127.0.0.1 - - [15/Jun/2025:14:55:06 +0000] "GET /whm-server-status?auto HTTP/1.1" 200 1441 "-" "munin/2.0.73 (libwww-perl/6.67)"
209.74.73.66 - - [15/Jun/2025:14:56:02 +0000] "GET / HTTP/1.1" 200 163 "-" "Namecheap Monitoring Agent"
198.177.126.50 - - [15/Jun/2025:14:56:53 +0000] "GET / HTTP/1.1" 200 163 "-" "Namecheap Monitoring Agent"
198.54.118.134 - - [15/Jun/2025:14:57:23 +0000] "GET / HTTP/1.1" 200 163 "-" "Namecheap Monitoring Agent"
149.50.103.48 - - [15/Jun/2025:14:57:36 +0000] "GET / HTTP/1.1" 200 163 "-" "Mozilla/5.0 (Windows NT 10.0; Win64; x64) AppleWebKit/537.36 (KHTML, like Gecko) Chrome/90.0.4430.85 Safari/537.36 Edg/90.0.818.46"
209.74.73.66 - - [15/Jun/2025:14:59:02 +0000] "GET / HTTP/1.1" 200 163 "-" "Namecheap Monitoring Agent"
198.177.126.50 - - [15/Jun/2025:14:59:53 +0000] "GET / HTTP/1.1" 200 163 "-" "Namecheap Monitoring Agent"
127.0.0.1 - - [15/Jun/2025:15:00:00 +0000] "GET / HTTP/1.0" 200 163 "-" "-"
127.0.0.1 - - [15/Jun/2025:15:00:01 +0000] "GET /whm-server-status HTTP/1.0" 200 41740 "-" "-"
127.0.0.1 - - [15/Jun/2025:15:00:03 +0000] "GET /whm-server-status?auto HTTP/1.1" 200 1442 "-" "munin/2.0.73 (libwww-perl/6.67)"
127.0.0.1 - - [15/Jun/2025:15:00:04 +0000] "GET /whm-server-status?auto HTTP/1.1" 200 1442 "-" "munin/2.0.73 (libwww-perl/6.67)"
::1 - - [15/Jun/2025:15:00:06 +0000] "GET / HTTP/1.1" 200 163 "-" "Munin - http_loadtime"
127.0.0.1 - - [15/Jun/2025:15:00:06 +0000] "GET /whm-server-status?auto HTTP/1.1" 200 1442 "-" "munin/2.0.73 (libwww-perl/6.67)"
198.54.118.134 - - [15/Jun/2025:15:00:23 +0000] "GET / HTTP/1.1" 200 163 "-" "Namecheap Monitoring Agent"
209.74.73.66 - - [15/Jun/2025:15:02:02 +0000] "GET / HTTP/1.1" 200 163 "-" "Namecheap Monitoring Agent"
198.177.126.50 - - [15/Jun/2025:15:02:53 +0000] "GET / HTTP/1.1" 200 163 "-" "Namecheap Monitoring Agent"
198.54.118.134 - - [15/Jun/2025:15:03:23 +0000] "GET / HTTP/1.1" 200 163 "-" "Namecheap Monitoring Agent"
127.0.0.1 - - [15/Jun/2025:15:05:01 +0000] "GET /whm-server-status HTTP/1.0" 200 41797 "-" "-"
127.0.0.1 - - [15/Jun/2025:15:05:01 +0000] "GET /whm-server-status?auto HTTP/1.1" 200 1442 "-" "munin/2.0.73 (libwww-perl/6.67)"
209.74.73.66 - - [15/Jun/2025:15:05:02 +0000] "GET / HTTP/1.1" 200 163 "-" "Namecheap Monitoring Agent"
127.0.0.1 - - [15/Jun/2025:15:05:03 +0000] "GET /whm-server-status?auto HTTP/1.1" 200 1439 "-" "munin/2.0.73 (libwww-perl/6.67)"
::1 - - [15/Jun/2025:15:05:04 +0000] "GET / HTTP/1.1" 200 163 "-" "Munin - http_loadtime"
127.0.0.1 - - [15/Jun/2025:15:05:05 +0000] "GET / HTTP/1.0" 200 163 "-" "-"
127.0.0.1 - - [15/Jun/2025:15:05:05 +0000] "GET /whm-server-status?auto HTTP/1.1" 200 1440 "-" "munin/2.0.73 (libwww-perl/6.67)"
198.177.126.50 - - [15/Jun/2025:15:05:53 +0000] "GET / HTTP/1.1" 200 163 "-" "Namecheap Monitoring Agent"
43.157.53.115 - - [15/Jun/2025:15:05:57 +0000] "GET / HTTP/1.1" 200 163 "-" "Mozilla/5.0 (iPhone; CPU iPhone OS 13_2_3 like Mac OS X) AppleWebKit/605.1.15 (KHTML, like Gecko) Version/13.0.3 Mobile/15E148 Safari/604.1"
198.54.118.134 - - [15/Jun/2025:15:06:23 +0000] "GET / HTTP/1.1" 200 163 "-" "Namecheap Monitoring Agent"
2a06:98c0:3600::103 - - [15/Jun/2025:15:06:58 +0000] "GET /wordpress/wp-admin/setup-config.php HTTP/1.1" 404 10118 "-" "Mozilla/5.0 (Windows NT 10.0; Win64; x64) AppleWebKit/537.36 (KHTML, like Gecko) Chrome/137.0.0.0 Safari/537.36"
2a06:98c0:3600::103 - - [15/Jun/2025:15:07:03 +0000] "GET /wp-admin/setup-config.php HTTP/1.1" 404 10098 "-" "Mozilla/5.0 (Windows NT 10.0; Win64; x64) AppleWebKit/537.36 (KHTML, like Gecko) Chrome/137.0.0.0 Safari/537.36"
2a06:98c0:3600::103 - - [15/Jun/2025:15:07:43 +0000] "GET /wordpress/wp-admin/setup-config.php HTTP/1.1" 404 10118 "-" "Mozilla/5.0 (Windows NT 10.0; Win64; x64) AppleWebKit/537.36 (KHTML, like Gecko) Chrome/137.0.0.0 Safari/537.36"
209.74.73.66 - - [15/Jun/2025:15:08:02 +0000] "GET / HTTP/1.1" 200 163 "-" "Namecheap Monitoring Agent"
2a06:98c0:3600::103 - - [15/Jun/2025:15:08:31 +0000] "GET /wp-admin/setup-config.php HTTP/1.1" 404 10098 "-" "Mozilla/5.0 (Windows NT 10.0; Win64; x64) AppleWebKit/537.36 (KHTML, like Gecko) Chrome/137.0.0.0 Safari/537.36"
198.177.126.50 - - [15/Jun/2025:15:08:53 +0000] "GET / HTTP/1.1" 200 163 "-" "Namecheap Monitoring Agent"
198.54.118.134 - - [15/Jun/2025:15:09:23 +0000] "GET / HTTP/1.1" 200 163 "-" "Namecheap Monitoring Agent"
127.0.0.1 - - [15/Jun/2025:15:10:01 +0000] "GET /whm-server-status HTTP/1.0" 200 42615 "-" "-"
127.0.0.1 - - [15/Jun/2025:15:10:02 +0000] "GET /whm-server-status?auto HTTP/1.1" 200 1442 "-" "munin/2.0.73 (libwww-perl/6.67)"
127.0.0.1 - - [15/Jun/2025:15:10:03 +0000] "GET /whm-server-status?auto HTTP/1.1" 200 1442 "-" "munin/2.0.73 (libwww-perl/6.67)"
::1 - - [15/Jun/2025:15:10:04 +0000] "GET / HTTP/1.1" 200 163 "-" "Munin - http_loadtime"
127.0.0.1 - - [15/Jun/2025:15:10:05 +0000] "GET /whm-server-status?auto HTTP/1.1" 200 1442 "-" "munin/2.0.73 (libwww-perl/6.67)"
127.0.0.1 - - [15/Jun/2025:15:10:28 +0000] "GET / HTTP/1.0" 200 163 "-" "-"
209.74.73.66 - - [15/Jun/2025:15:11:02 +0000] "GET / HTTP/1.1" 200 163 "-" "Namecheap Monitoring Agent"
198.177.126.50 - - [15/Jun/2025:15:11:53 +0000] "GET / HTTP/1.1" 200 163 "-" "Namecheap Monitoring Agent"
198.54.118.134 - - [15/Jun/2025:15:12:23 +0000] "GET / HTTP/1.1" 200 163 "-" "Namecheap Monitoring Agent"
43.163.3.40 - - [15/Jun/2025:15:13:39 +0000] "GET / HTTP/1.1" 200 163 "-" "Mozilla/5.0 (Windows NT 10.0; Win64; x64) AppleWebKit/537.36 (KHTML, like Gecko) Chrome/58.0.3029.110 Safari/537.3"
209.74.73.66 - - [15/Jun/2025:15:14:02 +0000] "GET / HTTP/1.1" 200 163 "-" "Namecheap Monitoring Agent"
198.177.126.50 - - [15/Jun/2025:15:14:53 +0000] "GET / HTTP/1.1" 200 163 "-" "Namecheap Monitoring Agent"
127.0.0.1 - - [15/Jun/2025:15:15:01 +0000] "GET /whm-server-status HTTP/1.0" 200 42060 "-" "-"
127.0.0.1 - - [15/Jun/2025:15:15:02 +0000] "GET /whm-server-status?auto HTTP/1.1" 200 1444 "-" "munin/2.0.73 (libwww-perl/6.67)"
127.0.0.1 - - [15/Jun/2025:15:15:03 +0000] "GET /whm-server-status?auto HTTP/1.1" 200 1444 "-" "munin/2.0.73 (libwww-perl/6.67)"
::1 - - [15/Jun/2025:15:15:05 +0000] "GET / HTTP/1.1" 200 163 "-" "Munin - http_loadtime"
127.0.0.1 - - [15/Jun/2025:15:15:05 +0000] "GET /whm-server-status?auto HTTP/1.1" 200 1443 "-" "munin/2.0.73 (libwww-perl/6.67)"
198.54.118.134 - - [15/Jun/2025:15:15:23 +0000] "GET / HTTP/1.1" 200 163 "-" "Namecheap Monitoring Agent"
127.0.0.1 - - [15/Jun/2025:15:15:28 +0000] "GET / HTTP/1.0" 200 163 "-" "-"
209.74.73.66 - - [15/Jun/2025:15:17:02 +0000] "GET / HTTP/1.1" 200 163 "-" "Namecheap Monitoring Agent"
198.177.126.50 - - [15/Jun/2025:15:17:53 +0000] "GET / HTTP/1.1" 200 163 "-" "Namecheap Monitoring Agent"
198.54.118.134 - - [15/Jun/2025:15:18:23 +0000] "GET / HTTP/1.1" 200 163 "-" "Namecheap Monitoring Agent"
52.42.109.87 - - [15/Jun/2025:15:19:26 +0000] "GET / HTTP/1.1" 200 163 "-" "Mozilla/5.0 (Windows NT 10.0; Win64; x64)AppleWebKit/537.36 (KHTML, like Gecko) Chrome/66.0.3359.181 Safari/537.36"
52.42.109.87 - - [15/Jun/2025:15:19:27 +0000] "GET / HTTP/1.1" 200 163 "-" "Mozilla/5.0 (Windows NT 10.0; Win64; x64)AppleWebKit/537.36 (KHTML, like Gecko) Chrome/66.0.3359.181 Safari/537.36"
127.0.0.1 - - [15/Jun/2025:15:20:01 +0000] "GET /whm-server-status HTTP/1.0" 200 41413 "-" "-"
209.74.73.66 - - [15/Jun/2025:15:20:02 +0000] "GET / HTTP/1.1" 200 163 "-" "Namecheap Monitoring Agent"
127.0.0.1 - - [15/Jun/2025:15:20:02 +0000] "GET /whm-server-status?auto HTTP/1.1" 200 1360 "-" "munin/2.0.73 (libwww-perl/6.67)"
127.0.0.1 - - [15/Jun/2025:15:20:04 +0000] "GET /whm-server-status?auto HTTP/1.1" 200 1360 "-" "munin/2.0.73 (libwww-perl/6.67)"
::1 - - [15/Jun/2025:15:20:05 +0000] "GET / HTTP/1.1" 200 163 "-" "Munin - http_loadtime"
127.0.0.1 - - [15/Jun/2025:15:20:06 +0000] "GET /whm-server-status?auto HTTP/1.1" 200 1359 "-" "munin/2.0.73 (libwww-perl/6.67)"
80.82.77.202 - - [15/Jun/2025:15:20:10 +0000] "GET / HTTP/1.0" 200 163 "-" "Mozilla/5.0 (Linux; U; Android 9; en-gb; Redmi Note 7 Pro Build/PKQ1.181203.001) AppleWebKit/537.36 (KHTML, like Gecko) Version/4.0 Chrome/71.0.3578.141 Mobile Safari/537.36 XiaoMi/MiuiBrowser/10.9.8-g"
127.0.0.1 - - [15/Jun/2025:15:20:33 +0000] "GET / HTTP/1.0" 200 163 "-" "-"
198.177.126.50 - - [15/Jun/2025:15:20:53 +0000] "GET / HTTP/1.1" 200 163 "-" "Namecheap Monitoring Agent"
198.54.118.134 - - [15/Jun/2025:15:21:23 +0000] "GET / HTTP/1.1" 200 163 "-" "Namecheap Monitoring Agent"
209.74.73.66 - - [15/Jun/2025:15:23:02 +0000] "GET / HTTP/1.1" 200 163 "-" "Namecheap Monitoring Agent"
2a06:98c0:3600::103 - - [15/Jun/2025:15:23:13 +0000] "GET /wordpress/wp-admin/setup-config.php HTTP/1.1" 404 10118 "-" "Mozilla/5.0 (Windows NT 10.0; Win64; x64) AppleWebKit/537.36 (KHTML, like Gecko) Chrome/137.0.0.0 Safari/537.36"
198.177.126.50 - - [15/Jun/2025:15:23:53 +0000] "GET / HTTP/1.1" 200 163 "-" "Namecheap Monitoring Agent"
2a06:98c0:3600::103 - - [15/Jun/2025:15:23:55 +0000] "GET /wordpress/wp-admin/setup-config.php HTTP/1.1" 404 10118 "-" "Mozilla/5.0 (Windows NT 10.0; Win64; x64) AppleWebKit/537.36 (KHTML, like Gecko) Chrome/137.0.0.0 Safari/537.36"
198.54.118.134 - - [15/Jun/2025:15:24:23 +0000] "GET / HTTP/1.1" 200 163 "-" "Namecheap Monitoring Agent"
2a06:98c0:3600::103 - - [15/Jun/2025:15:24:33 +0000] "GET /wp-admin/setup-config.php HTTP/1.1" 404 10098 "-" "Mozilla/5.0 (Windows NT 10.0; Win64; x64) AppleWebKit/537.36 (KHTML, like Gecko) Chrome/137.0.0.0 Safari/537.36"
127.0.0.1 - - [15/Jun/2025:15:25:02 +0000] "GET /whm-server-status HTTP/1.0" 200 42391 "-" "-"
127.0.0.1 - - [15/Jun/2025:15:25:02 +0000] "GET /whm-server-status?auto HTTP/1.1" 200 1445 "-" "munin/2.0.73 (libwww-perl/6.67)"
127.0.0.1 - - [15/Jun/2025:15:25:04 +0000] "GET /whm-server-status?auto HTTP/1.1" 200 1445 "-" "munin/2.0.73 (libwww-perl/6.67)"
::1 - - [15/Jun/2025:15:25:05 +0000] "GET / HTTP/1.1" 200 163 "-" "Munin - http_loadtime"
127.0.0.1 - - [15/Jun/2025:15:25:06 +0000] "GET /whm-server-status?auto HTTP/1.1" 200 1445 "-" "munin/2.0.73 (libwww-perl/6.67)"
209.74.73.66 - - [15/Jun/2025:15:26:02 +0000] "GET / HTTP/1.1" 200 163 "-" "Namecheap Monitoring Agent"
2a06:98c0:3600::103 - - [15/Jun/2025:15:26:19 +0000] "GET /wp-admin/setup-config.php HTTP/1.1" 404 10098 "-" "Mozilla/5.0 (Windows NT 10.0; Win64; x64) AppleWebKit/537.36 (KHTML, like Gecko) Chrome/137.0.0.0 Safari/537.36"
127.0.0.1 - - [15/Jun/2025:15:26:23 +0000] "GET / HTTP/1.0" 200 163 "-" "-"
198.177.126.50 - - [15/Jun/2025:15:26:53 +0000] "GET / HTTP/1.1" 200 163 "-" "Namecheap Monitoring Agent"
198.54.118.134 - - [15/Jun/2025:15:27:23 +0000] "GET / HTTP/1.1" 200 163 "-" "Namecheap Monitoring Agent"
185.242.226.152 - - [15/Jun/2025:15:27:49 +0000] "\x16\x03\x01" 400 10073 "-" "-"
209.74.73.66 - - [15/Jun/2025:15:29:02 +0000] "GET / HTTP/1.1" 200 163 "-" "Namecheap Monitoring Agent"
198.177.126.50 - - [15/Jun/2025:15:29:53 +0000] "GET / HTTP/1.1" 200 163 "-" "Namecheap Monitoring Agent"
127.0.0.1 - - [15/Jun/2025:15:30:01 +0000] "GET /whm-server-status HTTP/1.0" 200 41104 "-" "-"
127.0.0.1 - - [15/Jun/2025:15:30:02 +0000] "GET /whm-server-status?auto HTTP/1.1" 200 1443 "-" "munin/2.0.73 (libwww-perl/6.67)"
127.0.0.1 - - [15/Jun/2025:15:30:04 +0000] "GET /whm-server-status?auto HTTP/1.1" 200 1443 "-" "munin/2.0.73 (libwww-perl/6.67)"
::1 - - [15/Jun/2025:15:30:05 +0000] "GET / HTTP/1.1" 200 163 "-" "Munin - http_loadtime"
127.0.0.1 - - [15/Jun/2025:15:30:06 +0000] "GET /whm-server-status?auto HTTP/1.1" 200 1443 "-" "munin/2.0.73 (libwww-perl/6.67)"
198.54.118.134 - - [15/Jun/2025:15:30:23 +0000] "GET / HTTP/1.1" 200 163 "-" "Namecheap Monitoring Agent"
209.74.73.66 - - [15/Jun/2025:15:32:02 +0000] "GET / HTTP/1.1" 200 163 "-" "Namecheap Monitoring Agent"
198.177.126.50 - - [15/Jun/2025:15:32:53 +0000] "GET / HTTP/1.1" 200 163 "-" "Namecheap Monitoring Agent"
127.0.0.1 - - [15/Jun/2025:15:33:04 +0000] "GET / HTTP/1.0" 200 163 "-" "-"
198.54.118.134 - - [15/Jun/2025:15:33:23 +0000] "GET / HTTP/1.1" 200 163 "-" "Namecheap Monitoring Agent"
127.0.0.1 - - [15/Jun/2025:15:35:01 +0000] "GET /whm-server-status HTTP/1.0" 200 40859 "-" "-"
209.74.73.66 - - [15/Jun/2025:15:35:02 +0000] "GET / HTTP/1.1" 200 163 "-" "Namecheap Monitoring Agent"
127.0.0.1 - - [15/Jun/2025:15:35:02 +0000] "GET /whm-server-status?auto HTTP/1.1" 200 1440 "-" "munin/2.0.73 (libwww-perl/6.67)"
127.0.0.1 - - [15/Jun/2025:15:35:04 +0000] "GET /whm-server-status?auto HTTP/1.1" 200 1440 "-" "munin/2.0.73 (libwww-perl/6.67)"
::1 - - [15/Jun/2025:15:35:05 +0000] "GET / HTTP/1.1" 200 163 "-" "Munin - http_loadtime"
127.0.0.1 - - [15/Jun/2025:15:35:06 +0000] "GET /whm-server-status?auto HTTP/1.1" 200 1441 "-" "munin/2.0.73 (libwww-perl/6.67)"
198.177.126.50 - - [15/Jun/2025:15:35:53 +0000] "GET / HTTP/1.1" 200 163 "-" "Namecheap Monitoring Agent"
198.54.118.134 - - [15/Jun/2025:15:36:23 +0000] "GET / HTTP/1.1" 200 163 "-" "Namecheap Monitoring Agent"
209.74.73.66 - - [15/Jun/2025:15:38:02 +0000] "GET / HTTP/1.1" 200 163 "-" "Namecheap Monitoring Agent"
127.0.0.1 - - [15/Jun/2025:15:38:04 +0000] "GET / HTTP/1.0" 200 163 "-" "-"
198.177.126.50 - - [15/Jun/2025:15:38:53 +0000] "GET / HTTP/1.1" 200 163 "-" "Namecheap Monitoring Agent"
198.54.118.134 - - [15/Jun/2025:15:39:23 +0000] "GET / HTTP/1.1" 200 163 "-" "Namecheap Monitoring Agent"
127.0.0.1 - - [15/Jun/2025:15:40:01 +0000] "GET /whm-server-status HTTP/1.0" 200 40678 "-" "-"
127.0.0.1 - - [15/Jun/2025:15:40:01 +0000] "GET /whm-server-status?auto HTTP/1.1" 200 1360 "-" "munin/2.0.73 (libwww-perl/6.67)"
127.0.0.1 - - [15/Jun/2025:15:40:03 +0000] "GET /whm-server-status?auto HTTP/1.1" 200 1360 "-" "munin/2.0.73 (libwww-perl/6.67)"
::1 - - [15/Jun/2025:15:40:04 +0000] "GET / HTTP/1.1" 200 163 "-" "Munin - http_loadtime"
127.0.0.1 - - [15/Jun/2025:15:40:05 +0000] "GET /whm-server-status?auto HTTP/1.1" 200 1356 "-" "munin/2.0.73 (libwww-perl/6.67)"
209.74.73.66 - - [15/Jun/2025:15:41:02 +0000] "GET / HTTP/1.1" 200 163 "-" "Namecheap Monitoring Agent"
2a06:98c0:3600::103 - - [15/Jun/2025:15:41:52 +0000] "GET /wp-admin/setup-config.php HTTP/1.1" 404 10098 "-" "Mozilla/5.0 (Windows NT 10.0; Win64; x64) AppleWebKit/537.36 (KHTML, like Gecko) Chrome/137.0.0.0 Safari/537.36"
198.177.126.50 - - [15/Jun/2025:15:41:53 +0000] "GET / HTTP/1.1" 200 163 "-" "Namecheap Monitoring Agent"
2a06:98c0:3600::103 - - [15/Jun/2025:15:42:11 +0000] "GET /wordpress/wp-admin/setup-config.php HTTP/1.1" 404 10118 "-" "Mozilla/5.0 (Windows NT 10.0; Win64; x64) AppleWebKit/537.36 (KHTML, like Gecko) Chrome/137.0.0.0 Safari/537.36"
2a06:98c0:3600::103 - - [15/Jun/2025:15:42:20 +0000] "GET /wordpress/wp-admin/setup-config.php HTTP/1.1" 404 10118 "-" "Mozilla/5.0 (Windows NT 10.0; Win64; x64) AppleWebKit/537.36 (KHTML, like Gecko) Chrome/137.0.0.0 Safari/537.36"
198.54.118.134 - - [15/Jun/2025:15:42:23 +0000] "GET / HTTP/1.1" 200 163 "-" "Namecheap Monitoring Agent"
127.0.0.1 - - [15/Jun/2025:15:43:33 +0000] "GET / HTTP/1.0" 200 163 "-" "-"
2a06:98c0:3600::103 - - [15/Jun/2025:15:44:00 +0000] "GET /wp-admin/setup-config.php HTTP/1.1" 404 10098 "-" "Mozilla/5.0 (Windows NT 10.0; Win64; x64) AppleWebKit/537.36 (KHTML, like Gecko) Chrome/137.0.0.0 Safari/537.36"
209.74.73.66 - - [15/Jun/2025:15:44:02 +0000] "GET / HTTP/1.1" 200 163 "-" "Namecheap Monitoring Agent"
198.177.126.50 - - [15/Jun/2025:15:44:53 +0000] "GET / HTTP/1.1" 200 163 "-" "Namecheap Monitoring Agent"
127.0.0.1 - - [15/Jun/2025:15:45:01 +0000] "GET /whm-server-status HTTP/1.0" 200 41797 "-" "-"
127.0.0.1 - - [15/Jun/2025:15:45:02 +0000] "GET /whm-server-status?auto HTTP/1.1" 200 1443 "-" "munin/2.0.73 (libwww-perl/6.67)"
127.0.0.1 - - [15/Jun/2025:15:45:03 +0000] "GET /whm-server-status?auto HTTP/1.1" 200 1443 "-" "munin/2.0.73 (libwww-perl/6.67)"
::1 - - [15/Jun/2025:15:45:05 +0000] "GET / HTTP/1.1" 200 163 "-" "Munin - http_loadtime"
127.0.0.1 - - [15/Jun/2025:15:45:05 +0000] "GET /whm-server-status?auto HTTP/1.1" 200 1442 "-" "munin/2.0.73 (libwww-perl/6.67)"
198.54.118.134 - - [15/Jun/2025:15:45:23 +0000] "GET / HTTP/1.1" 200 163 "-" "Namecheap Monitoring Agent"
209.74.73.66 - - [15/Jun/2025:15:47:02 +0000] "GET / HTTP/1.1" 200 163 "-" "Namecheap Monitoring Agent"
198.177.126.50 - - [15/Jun/2025:15:47:44 +0000] "GET / HTTP/1.1" 200 163 "-" "Namecheap Monitoring Agent"
43.156.3.45 - - [15/Jun/2025:15:48:03 +0000] "GET / HTTP/1.1" 200 163 "-" "Mozilla/5.0 (Windows NT 10.0; Win64; x64) AppleWebKit/537.36 (KHTML, like Gecko) Chrome/58.0.3029.110 Safari/537.3"
198.54.118.134 - - [15/Jun/2025:15:48:23 +0000] "GET / HTTP/1.1" 200 163 "-" "Namecheap Monitoring Agent"
127.0.0.1 - - [15/Jun/2025:15:50:01 +0000] "GET / HTTP/1.0" 200 163 "-" "-"
127.0.0.1 - - [15/Jun/2025:15:50:01 +0000] "GET /whm-server-status HTTP/1.0" 200 40804 "-" "-"
209.74.73.66 - - [15/Jun/2025:15:50:02 +0000] "GET / HTTP/1.1" 200 163 "-" "Namecheap Monitoring Agent"
127.0.0.1 - - [15/Jun/2025:15:50:02 +0000] "GET /whm-server-status?auto HTTP/1.1" 200 1442 "-" "munin/2.0.73 (libwww-perl/6.67)"
127.0.0.1 - - [15/Jun/2025:15:50:04 +0000] "GET /whm-server-status?auto HTTP/1.1" 200 1442 "-" "munin/2.0.73 (libwww-perl/6.67)"
::1 - - [15/Jun/2025:15:50:05 +0000] "GET / HTTP/1.1" 200 163 "-" "Munin - http_loadtime"
127.0.0.1 - - [15/Jun/2025:15:50:06 +0000] "GET /whm-server-status?auto HTTP/1.1" 200 1441 "-" "munin/2.0.73 (libwww-perl/6.67)"
198.177.126.50 - - [15/Jun/2025:15:50:34 +0000] "GET / HTTP/1.1" 200 163 "-" "Namecheap Monitoring Agent"
198.54.118.134 - - [15/Jun/2025:15:51:23 +0000] "GET / HTTP/1.1" 200 163 "-" "Namecheap Monitoring Agent"
209.74.73.66 - - [15/Jun/2025:15:53:02 +0000] "GET / HTTP/1.1" 200 163 "-" "Namecheap Monitoring Agent"
198.177.126.50 - - [15/Jun/2025:15:53:25 +0000] "GET / HTTP/1.1" 200 163 "-" "Namecheap Monitoring Agent"
198.54.118.134 - - [15/Jun/2025:15:54:23 +0000] "GET / HTTP/1.1" 200 163 "-" "Namecheap Monitoring Agent"
127.0.0.1 - - [15/Jun/2025:15:55:01 +0000] "GET /whm-server-status HTTP/1.0" 200 40770 "-" "-"
127.0.0.1 - - [15/Jun/2025:15:55:02 +0000] "GET /whm-server-status?auto HTTP/1.1" 200 1440 "-" "munin/2.0.73 (libwww-perl/6.67)"
127.0.0.1 - - [15/Jun/2025:15:55:03 +0000] "GET /whm-server-status?auto HTTP/1.1" 200 1441 "-" "munin/2.0.73 (libwww-perl/6.67)"
::1 - - [15/Jun/2025:15:55:05 +0000] "GET / HTTP/1.1" 200 163 "-" "Munin - http_loadtime"
127.0.0.1 - - [15/Jun/2025:15:55:05 +0000] "GET / HTTP/1.0" 200 163 "-" "-"
127.0.0.1 - - [15/Jun/2025:15:55:05 +0000] "GET /whm-server-status?auto HTTP/1.1" 200 1442 "-" "munin/2.0.73 (libwww-perl/6.67)"
209.74.73.66 - - [15/Jun/2025:15:56:02 +0000] "GET / HTTP/1.1" 200 163 "-" "Namecheap Monitoring Agent"
198.177.126.50 - - [15/Jun/2025:15:56:24 +0000] "GET / HTTP/1.1" 200 163 "-" "Namecheap Monitoring Agent"
198.54.118.134 - - [15/Jun/2025:15:57:23 +0000] "GET / HTTP/1.1" 200 163 "-" "Namecheap Monitoring Agent"
209.74.73.66 - - [15/Jun/2025:15:59:02 +0000] "GET / HTTP/1.1" 200 163 "-" "Namecheap Monitoring Agent"
198.177.126.50 - - [15/Jun/2025:15:59:23 +0000] "GET / HTTP/1.1" 200 163 "-" "Namecheap Monitoring Agent"
127.0.0.1 - - [15/Jun/2025:16:00:01 +0000] "GET /whm-server-status HTTP/1.0" 200 40593 "-" "-"
127.0.0.1 - - [15/Jun/2025:16:00:02 +0000] "GET /whm-server-status?auto HTTP/1.1" 200 1442 "-" "munin/2.0.73 (libwww-perl/6.67)"
127.0.0.1 - - [15/Jun/2025:16:00:04 +0000] "GET /whm-server-status?auto HTTP/1.1" 200 1438 "-" "munin/2.0.73 (libwww-perl/6.67)"
::1 - - [15/Jun/2025:16:00:05 +0000] "GET / HTTP/1.1" 200 163 "-" "Munin - http_loadtime"
127.0.0.1 - - [15/Jun/2025:16:00:06 +0000] "GET / HTTP/1.0" 200 163 "-" "-"
127.0.0.1 - - [15/Jun/2025:16:00:06 +0000] "GET /whm-server-status?auto HTTP/1.1" 200 1438 "-" "munin/2.0.73 (libwww-perl/6.67)"
198.54.118.134 - - [15/Jun/2025:16:00:23 +0000] "GET / HTTP/1.1" 200 163 "-" "Namecheap Monitoring Agent"
209.74.73.66 - - [15/Jun/2025:16:02:02 +0000] "GET / HTTP/1.1" 200 163 "-" "Namecheap Monitoring Agent"
198.177.126.50 - - [15/Jun/2025:16:02:22 +0000] "GET / HTTP/1.1" 200 163 "-" "Namecheap Monitoring Agent"
2a06:98c0:3600::103 - - [15/Jun/2025:16:02:43 +0000] "GET /wordpress/wp-admin/setup-config.php HTTP/1.1" 404 10118 "-" "Mozilla/5.0 (Windows NT 10.0; Win64; x64) AppleWebKit/537.36 (KHTML, like Gecko) Chrome/137.0.0.0 Safari/537.36"
198.54.118.134 - - [15/Jun/2025:16:03:23 +0000] "GET / HTTP/1.1" 200 163 "-" "Namecheap Monitoring Agent"
2a06:98c0:3600::103 - - [15/Jun/2025:16:03:32 +0000] "GET /wp-admin/setup-config.php HTTP/1.1" 404 10098 "-" "Mozilla/5.0 (Windows NT 10.0; Win64; x64) AppleWebKit/537.36 (KHTML, like Gecko) Chrome/137.0.0.0 Safari/537.36"
2a06:98c0:3600::103 - - [15/Jun/2025:16:03:52 +0000] "GET /wordpress/wp-admin/setup-config.php HTTP/1.1" 404 10118 "-" "Mozilla/5.0 (Windows NT 10.0; Win64; x64) AppleWebKit/537.36 (KHTML, like Gecko) Chrome/137.0.0.0 Safari/537.36"
2a06:98c0:3600::103 - - [15/Jun/2025:16:04:48 +0000] "GET /wp-admin/setup-config.php HTTP/1.1" 404 10098 "-" "Mozilla/5.0 (Windows NT 10.0; Win64; x64) AppleWebKit/537.36 (KHTML, like Gecko) Chrome/137.0.0.0 Safari/537.36"
127.0.0.1 - - [15/Jun/2025:16:05:01 +0000] "GET /whm-server-status HTTP/1.0" 200 42533 "-" "-"
209.74.73.66 - - [15/Jun/2025:16:05:02 +0000] "GET / HTTP/1.1" 200 163 "-" "Namecheap Monitoring Agent"
127.0.0.1 - - [15/Jun/2025:16:05:02 +0000] "GET /whm-server-status?auto HTTP/1.1" 200 1442 "-" "munin/2.0.73 (libwww-perl/6.67)"
127.0.0.1 - - [15/Jun/2025:16:05:04 +0000] "GET /whm-server-status?auto HTTP/1.1" 200 1444 "-" "munin/2.0.73 (libwww-perl/6.67)"
::1 - - [15/Jun/2025:16:05:05 +0000] "GET / HTTP/1.1" 200 163 "-" "Munin - http_loadtime"
127.0.0.1 - - [15/Jun/2025:16:05:05 +0000] "GET /whm-server-status?auto HTTP/1.1" 200 1444 "-" "munin/2.0.73 (libwww-perl/6.67)"
198.177.126.50 - - [15/Jun/2025:16:05:21 +0000] "GET / HTTP/1.1" 200 163 "-" "Namecheap Monitoring Agent"
127.0.0.1 - - [15/Jun/2025:16:05:30 +0000] "GET / HTTP/1.0" 200 163 "-" "-"
198.54.118.134 - - [15/Jun/2025:16:06:23 +0000] "GET / HTTP/1.1" 200 163 "-" "Namecheap Monitoring Agent"
209.74.73.66 - - [15/Jun/2025:16:08:02 +0000] "GET / HTTP/1.1" 200 163 "-" "Namecheap Monitoring Agent"
198.177.126.50 - - [15/Jun/2025:16:08:20 +0000] "GET / HTTP/1.1" 200 163 "-" "Namecheap Monitoring Agent"
198.54.118.134 - - [15/Jun/2025:16:09:02 +0000] "GET / HTTP/1.1" 200 163 "-" "Namecheap Monitoring Agent"
172.236.233.65 - - [15/Jun/2025:16:09:07 +0000] "GET / HTTP/1.0" 200 163 "-" "-"
127.0.0.1 - - [15/Jun/2025:16:10:01 +0000] "GET /whm-server-status HTTP/1.0" 200 42376 "-" "-"
127.0.0.1 - - [15/Jun/2025:16:10:02 +0000] "GET /whm-server-status?auto HTTP/1.1" 200 1441 "-" "munin/2.0.73 (libwww-perl/6.67)"
127.0.0.1 - - [15/Jun/2025:16:10:04 +0000] "GET /whm-server-status?auto HTTP/1.1" 200 1442 "-" "munin/2.0.73 (libwww-perl/6.67)"
::1 - - [15/Jun/2025:16:10:05 +0000] "GET / HTTP/1.1" 200 163 "-" "Munin - http_loadtime"
127.0.0.1 - - [15/Jun/2025:16:10:06 +0000] "GET /whm-server-status?auto HTTP/1.1" 200 1442 "-" "munin/2.0.73 (libwww-perl/6.67)"
172.236.233.65 - - [15/Jun/2025:16:10:30 +0000] "GET / HTTP/1.1" 200 163 "-" "Mozilla/5.0 (iPhone; CPU iPhone OS 15 like Mac OS X) AppleWebKit/605.1.15 (KHTML"
172.236.233.65 - - [15/Jun/2025:16:10:30 +0000] "GET / HTTP/1.1" 200 163 "-" "Mozilla/5.0 (iPhone; CPU iPhone OS 15 like Mac OS X) AppleWebKit/605.1.15 (KHTML"
172.236.233.65 - - [15/Jun/2025:16:10:30 +0000] "GET /favicon.ico HTTP/1.1" 404 10103 "-" "Mozilla/5.0 (iPhone; CPU iPhone OS 15 like Mac OS X) AppleWebKit/605.1.15 (KHTML"
172.236.233.65 - - [15/Jun/2025:16:10:30 +0000] "GET /favicon.ico HTTP/1.1" 404 10105 "-" "Mozilla/5.0 (iPhone; CPU iPhone OS 15 like Mac OS X) AppleWebKit/605.1.15 (KHTML"
127.0.0.1 - - [15/Jun/2025:16:10:30 +0000] "GET / HTTP/1.0" 200 163 "-" "-"
172.236.233.65 - - [15/Jun/2025:16:10:40 +0000] "\x16\x03\x01\x02" 400 10073 "-" "-"
172.236.233.65 - - [15/Jun/2025:16:10:51 +0000] "GET / HTTP/1.0" 200 163 "-" "-"
172.236.233.65 - - [15/Jun/2025:16:10:51 +0000] "GET / HTTP/1.1" 200 163 "-" "-"
172.236.233.65 - - [15/Jun/2025:16:10:51 +0000] "GET / HTTP/1.1" 200 163 "-" "-"
209.74.73.66 - - [15/Jun/2025:16:11:02 +0000] "GET / HTTP/1.1" 200 163 "-" "Namecheap Monitoring Agent"
198.177.126.50 - - [15/Jun/2025:16:11:19 +0000] "GET / HTTP/1.1" 200 163 "-" "Namecheap Monitoring Agent"
198.54.118.134 - - [15/Jun/2025:16:11:58 +0000] "GET / HTTP/1.1" 200 163 "-" "Namecheap Monitoring Agent"
209.74.73.66 - - [15/Jun/2025:16:13:56 +0000] "GET / HTTP/1.1" 200 163 "-" "Namecheap Monitoring Agent"
198.177.126.50 - - [15/Jun/2025:16:14:13 +0000] "GET / HTTP/1.1" 200 163 "-" "Namecheap Monitoring Agent"
198.54.118.134 - - [15/Jun/2025:16:14:53 +0000] "GET / HTTP/1.1" 200 163 "-" "Namecheap Monitoring Agent"
127.0.0.1 - - [15/Jun/2025:16:15:01 +0000] "GET /whm-server-status HTTP/1.0" 200 39067 "-" "-"
127.0.0.1 - - [15/Jun/2025:16:15:02 +0000] "GET /whm-server-status?auto HTTP/1.1" 200 1444 "-" "munin/2.0.73 (libwww-perl/6.67)"
127.0.0.1 - - [15/Jun/2025:16:15:04 +0000] "GET /whm-server-status?auto HTTP/1.1" 200 1442 "-" "munin/2.0.73 (libwww-perl/6.67)"
::1 - - [15/Jun/2025:16:15:05 +0000] "GET / HTTP/1.1" 200 163 "-" "Munin - http_loadtime"
127.0.0.1 - - [15/Jun/2025:16:15:06 +0000] "GET /whm-server-status?auto HTTP/1.1" 200 1444 "-" "munin/2.0.73 (libwww-perl/6.67)"
127.0.0.1 - - [15/Jun/2025:16:15:36 +0000] "GET / HTTP/1.0" 200 163 "-" "-"
204.76.203.212 - - [15/Jun/2025:16:16:23 +0000] "GET / HTTP/1.1" 200 163 "-" "Mozilla/5.0 (Windows NT 10.0; Win64; x64) AppleWebKit/537.36 (KHTML, like Gecko) Chrome/90.0.4430.85 Safari/537.36 Edg/90.0.818.46"
209.74.73.66 - - [15/Jun/2025:16:16:51 +0000] "GET / HTTP/1.1" 200 163 "-" "Namecheap Monitoring Agent"
198.177.126.50 - - [15/Jun/2025:16:17:07 +0000] "GET / HTTP/1.1" 200 163 "-" "Namecheap Monitoring Agent"
198.54.118.134 - - [15/Jun/2025:16:17:48 +0000] "GET / HTTP/1.1" 200 163 "-" "Namecheap Monitoring Agent"
209.74.73.66 - - [15/Jun/2025:16:19:45 +0000] "GET / HTTP/1.1" 200 163 "-" "Namecheap Monitoring Agent"
127.0.0.1 - - [15/Jun/2025:16:20:01 +0000] "GET /whm-server-status HTTP/1.0" 200 39129 "-" "-"
198.177.126.50 - - [15/Jun/2025:16:20:01 +0000] "GET / HTTP/1.1" 200 163 "-" "Namecheap Monitoring Agent"
127.0.0.1 - - [15/Jun/2025:16:20:01 +0000] "GET /whm-server-status?auto HTTP/1.1" 200 1361 "-" "munin/2.0.73 (libwww-perl/6.67)"
127.0.0.1 - - [15/Jun/2025:16:20:03 +0000] "GET /whm-server-status?auto HTTP/1.1" 200 1361 "-" "munin/2.0.73 (libwww-perl/6.67)"
::1 - - [15/Jun/2025:16:20:04 +0000] "GET / HTTP/1.1" 200 163 "-" "Munin - http_loadtime"
127.0.0.1 - - [15/Jun/2025:16:20:05 +0000] "GET /whm-server-status?auto HTTP/1.1" 200 1361 "-" "munin/2.0.73 (libwww-perl/6.67)"
198.54.118.134 - - [15/Jun/2025:16:20:43 +0000] "GET / HTTP/1.1" 200 163 "-" "Namecheap Monitoring Agent"
127.0.0.1 - - [15/Jun/2025:16:21:53 +0000] "GET / HTTP/1.0" 200 163 "-" "-"
2a06:98c0:3600::103 - - [15/Jun/2025:16:21:55 +0000] "GET /wordpress/wp-admin/setup-config.php HTTP/1.1" 404 10118 "-" "Mozilla/5.0 (Windows NT 10.0; Win64; x64) AppleWebKit/537.36 (KHTML, like Gecko) Chrome/137.0.0.0 Safari/537.36"
43.163.3.40 - - [15/Jun/2025:16:22:06 +0000] "GET / HTTP/1.1" 200 163 "-" "Mozilla/5.0 (Windows NT 10.0; Win64; x64) AppleWebKit/537.36 (KHTML, like Gecko) Chrome/58.0.3029.110 Safari/537.3"
209.74.73.66 - - [15/Jun/2025:16:22:40 +0000] "GET / HTTP/1.1" 200 163 "-" "Namecheap Monitoring Agent"
198.177.126.50 - - [15/Jun/2025:16:22:55 +0000] "GET / HTTP/1.1" 200 163 "-" "Namecheap Monitoring Agent"
198.54.118.134 - - [15/Jun/2025:16:23:39 +0000] "GET / HTTP/1.1" 200 163 "-" "Namecheap Monitoring Agent"
2a06:98c0:3600::103 - - [15/Jun/2025:16:23:44 +0000] "GET /wordpress/wp-admin/setup-config.php HTTP/1.1" 404 10118 "-" "Mozilla/5.0 (Windows NT 10.0; Win64; x64) AppleWebKit/537.36 (KHTML, like Gecko) Chrome/137.0.0.0 Safari/537.36"
127.0.0.1 - - [15/Jun/2025:16:25:01 +0000] "GET /whm-server-status HTTP/1.0" 200 41887 "-" "-"
127.0.0.1 - - [15/Jun/2025:16:25:02 +0000] "GET /whm-server-status?auto HTTP/1.1" 200 1446 "-" "munin/2.0.73 (libwww-perl/6.67)"
127.0.0.1 - - [15/Jun/2025:16:25:04 +0000] "GET /whm-server-status?auto HTTP/1.1" 200 1445 "-" "munin/2.0.73 (libwww-perl/6.67)"
::1 - - [15/Jun/2025:16:25:05 +0000] "GET / HTTP/1.1" 200 163 "-" "Munin - http_loadtime"
127.0.0.1 - - [15/Jun/2025:16:25:06 +0000] "GET /whm-server-status?auto HTTP/1.1" 200 1445 "-" "munin/2.0.73 (libwww-perl/6.67)"
2a06:98c0:3600::103 - - [15/Jun/2025:16:25:13 +0000] "GET /wp-admin/setup-config.php HTTP/1.1" 404 10098 "-" "Mozilla/5.0 (Windows NT 10.0; Win64; x64) AppleWebKit/537.36 (KHTML, like Gecko) Chrome/137.0.0.0 Safari/537.36"
209.74.73.66 - - [15/Jun/2025:16:25:35 +0000] "GET / HTTP/1.1" 200 163 "-" "Namecheap Monitoring Agent"
2a06:98c0:3600::103 - - [15/Jun/2025:16:25:37 +0000] "GET /wp-admin/setup-config.php HTTP/1.1" 404 10098 "-" "Mozilla/5.0 (Windows NT 10.0; Win64; x64) AppleWebKit/537.36 (KHTML, like Gecko) Chrome/137.0.0.0 Safari/537.36"
198.177.126.50 - - [15/Jun/2025:16:25:49 +0000] "GET / HTTP/1.1" 200 163 "-" "Namecheap Monitoring Agent"
198.54.118.134 - - [15/Jun/2025:16:26:34 +0000] "GET / HTTP/1.1" 200 163 "-" "Namecheap Monitoring Agent"
127.0.0.1 - - [15/Jun/2025:16:27:16 +0000] "GET / HTTP/1.0" 200 163 "-" "-"
209.74.73.66 - - [15/Jun/2025:16:28:29 +0000] "GET / HTTP/1.1" 200 163 "-" "Namecheap Monitoring Agent"
198.177.126.50 - - [15/Jun/2025:16:29:24 +0000] "GET / HTTP/1.1" 200 163 "-" "Namecheap Monitoring Agent"
198.54.118.134 - - [15/Jun/2025:16:29:29 +0000] "GET / HTTP/1.1" 200 163 "-" "Namecheap Monitoring Agent"
127.0.0.1 - - [15/Jun/2025:16:30:01 +0000] "GET /whm-server-status HTTP/1.0" 200 41934 "-" "-"
127.0.0.1 - - [15/Jun/2025:16:30:02 +0000] "GET /whm-server-status?auto HTTP/1.1" 200 1441 "-" "munin/2.0.73 (libwww-perl/6.67)"
127.0.0.1 - - [15/Jun/2025:16:30:04 +0000] "GET /whm-server-status?auto HTTP/1.1" 200 1441 "-" "munin/2.0.73 (libwww-perl/6.67)"
::1 - - [15/Jun/2025:16:30:05 +0000] "GET / HTTP/1.1" 200 163 "-" "Munin - http_loadtime"
127.0.0.1 - - [15/Jun/2025:16:30:06 +0000] "GET /whm-server-status?auto HTTP/1.1" 200 1442 "-" "munin/2.0.73 (libwww-perl/6.67)"
209.74.73.66 - - [15/Jun/2025:16:31:24 +0000] "GET / HTTP/1.1" 200 163 "-" "Namecheap Monitoring Agent"
198.177.126.50 - - [15/Jun/2025:16:32:16 +0000] "GET / HTTP/1.1" 200 163 "-" "Namecheap Monitoring Agent"
198.54.118.134 - - [15/Jun/2025:16:32:25 +0000] "GET / HTTP/1.1" 200 163 "-" "Namecheap Monitoring Agent"
127.0.0.1 - - [15/Jun/2025:16:33:05 +0000] "GET / HTTP/1.0" 200 163 "-" "-"
209.74.73.66 - - [15/Jun/2025:16:34:24 +0000] "GET / HTTP/1.1" 200 163 "-" "Namecheap Monitoring Agent"
127.0.0.1 - - [15/Jun/2025:16:35:01 +0000] "GET /whm-server-status HTTP/1.0" 200 41131 "-" "-"
127.0.0.1 - - [15/Jun/2025:16:35:02 +0000] "GET /whm-server-status?auto HTTP/1.1" 200 1443 "-" "munin/2.0.73 (libwww-perl/6.67)"
127.0.0.1 - - [15/Jun/2025:16:35:03 +0000] "GET /whm-server-status?auto HTTP/1.1" 200 1445 "-" "munin/2.0.73 (libwww-perl/6.67)"
::1 - - [15/Jun/2025:16:35:04 +0000] "GET / HTTP/1.1" 200 163 "-" "Munin - http_loadtime"
127.0.0.1 - - [15/Jun/2025:16:35:05 +0000] "GET /whm-server-status?auto HTTP/1.1" 200 1444 "-" "munin/2.0.73 (libwww-perl/6.67)"
198.177.126.50 - - [15/Jun/2025:16:35:09 +0000] "GET / HTTP/1.1" 200 163 "-" "Namecheap Monitoring Agent"
198.54.118.134 - - [15/Jun/2025:16:35:20 +0000] "GET / HTTP/1.1" 200 163 "-" "Namecheap Monitoring Agent"
185.218.84.178 - - [15/Jun/2025:16:36:51 +0000] "GET / HTTP/1.1" 200 163 "-" "Mozilla/5.0 (Windows NT 10.0; Win64; x64) AppleWebKit/537.36 (KHTML, like Gecko) Chrome/90.0.4430.85 Safari/537.36 Edg/90.0.818.46"
209.74.73.66 - - [15/Jun/2025:16:37:24 +0000] "GET / HTTP/1.1" 200 163 "-" "Namecheap Monitoring Agent"
198.177.126.50 - - [15/Jun/2025:16:38:02 +0000] "GET / HTTP/1.1" 200 163 "-" "Namecheap Monitoring Agent"
198.54.118.134 - - [15/Jun/2025:16:38:15 +0000] "GET / HTTP/1.1" 200 163 "-" "Namecheap Monitoring Agent"
152.42.163.177 - - [15/Jun/2025:16:38:20 +0000] "GET /.env HTTP/1.1" 404 10056 "-" "Mozilla/5.0 (Macintosh; Intel Mac OS X 10.15; rv:77.0) Gecko/20100101 Firefox/77.0"
152.42.163.177 - - [15/Jun/2025:16:38:20 +0000] "GET /wp-content/ HTTP/1.1" 404 10070 "-" "Mozilla/5.0 (Macintosh; Intel Mac OS X 10.15; rv:77.0) Gecko/20100101 Firefox/77.0"
204.76.203.206 - - [15/Jun/2025:16:39:38 +0000] "GET / HTTP/1.1" 200 163 "-" "-"
127.0.0.1 - - [15/Jun/2025:16:40:01 +0000] "GET /whm-server-status HTTP/1.0" 200 40828 "-" "-"
127.0.0.1 - - [15/Jun/2025:16:40:02 +0000] "GET /whm-server-status?auto HTTP/1.1" 200 1440 "-" "munin/2.0.73 (libwww-perl/6.67)"
127.0.0.1 - - [15/Jun/2025:16:40:03 +0000] "GET /whm-server-status?auto HTTP/1.1" 200 1440 "-" "munin/2.0.73 (libwww-perl/6.67)"
::1 - - [15/Jun/2025:16:40:05 +0000] "GET / HTTP/1.1" 200 163 "-" "Munin - http_loadtime"
127.0.0.1 - - [15/Jun/2025:16:40:05 +0000] "GET / HTTP/1.0" 200 163 "-" "-"
127.0.0.1 - - [15/Jun/2025:16:40:05 +0000] "GET /whm-server-status?auto HTTP/1.1" 200 1442 "-" "munin/2.0.73 (libwww-perl/6.67)"
2a06:98c0:3600::103 - - [15/Jun/2025:16:40:16 +0000] "GET /wordpress/wp-admin/setup-config.php HTTP/1.1" 404 10118 "-" "Mozilla/5.0 (Windows NT 10.0; Win64; x64) AppleWebKit/537.36 (KHTML, like Gecko) Chrome/137.0.0.0 Safari/537.36"
209.74.73.66 - - [15/Jun/2025:16:40:24 +0000] "GET / HTTP/1.1" 200 163 "-" "Namecheap Monitoring Agent"
198.177.126.50 - - [15/Jun/2025:16:40:55 +0000] "GET / HTTP/1.1" 200 163 "-" "Namecheap Monitoring Agent"
198.54.118.134 - - [15/Jun/2025:16:41:11 +0000] "GET / HTTP/1.1" 200 163 "-" "Namecheap Monitoring Agent"
2a06:98c0:3600::103 - - [15/Jun/2025:16:41:46 +0000] "GET /wp-admin/setup-config.php HTTP/1.1" 404 10098 "-" "Mozilla/5.0 (Windows NT 10.0; Win64; x64) AppleWebKit/537.36 (KHTML, like Gecko) Chrome/137.0.0.0 Safari/537.36"
209.74.73.66 - - [15/Jun/2025:16:43:16 +0000] "GET / HTTP/1.1" 200 163 "-" "Namecheap Monitoring Agent"
198.177.126.50 - - [15/Jun/2025:16:43:55 +0000] "GET / HTTP/1.1" 200 163 "-" "Namecheap Monitoring Agent"
198.54.118.134 - - [15/Jun/2025:16:44:09 +0000] "GET / HTTP/1.1" 200 163 "-" "Namecheap Monitoring Agent"
2a06:98c0:3600::103 - - [15/Jun/2025:16:44:26 +0000] "GET /wordpress/wp-admin/setup-config.php HTTP/1.1" 404 10118 "-" "Mozilla/5.0 (Windows NT 10.0; Win64; x64) AppleWebKit/537.36 (KHTML, like Gecko) Chrome/137.0.0.0 Safari/537.36"
2a06:98c0:3600::103 - - [15/Jun/2025:16:44:26 +0000] "GET /wp-admin/setup-config.php HTTP/1.1" 404 10098 "-" "Mozilla/5.0 (Windows NT 10.0; Win64; x64) AppleWebKit/537.36 (KHTML, like Gecko) Chrome/137.0.0.0 Safari/537.36"
164.52.24.188 - - [15/Jun/2025:16:44:27 +0000] "\x16\x03\x01\x02" 400 10073 "-" "-"
164.52.24.188 - - [15/Jun/2025:16:44:45 +0000] "GET / HTTP/1.1" 200 163 "-" "Mozilla/5.0 (Windows NT 10.0; Win64; x64) AppleWebKit/537.36 (KHTML, like Gecko) Chrome/114.0.0.0 Safari/537.36"
164.52.24.188 - - [15/Jun/2025:16:44:48 +0000] "GET / HTTP/1.1" 200 163 "-" "-"
127.0.0.1 - - [15/Jun/2025:16:45:01 +0000] "GET /whm-server-status HTTP/1.0" 200 41860 "-" "-"
127.0.0.1 - - [15/Jun/2025:16:45:02 +0000] "GET /whm-server-status?auto HTTP/1.1" 200 1445 "-" "munin/2.0.73 (libwww-perl/6.67)"
127.0.0.1 - - [15/Jun/2025:16:45:04 +0000] "GET /whm-server-status?auto HTTP/1.1" 200 1444 "-" "munin/2.0.73 (libwww-perl/6.67)"
::1 - - [15/Jun/2025:16:45:05 +0000] "GET / HTTP/1.1" 200 163 "-" "Munin - http_loadtime"
127.0.0.1 - - [15/Jun/2025:16:45:05 +0000] "GET / HTTP/1.0" 200 163 "-" "-"
127.0.0.1 - - [15/Jun/2025:16:45:06 +0000] "GET /whm-server-status?auto HTTP/1.1" 200 1444 "-" "munin/2.0.73 (libwww-perl/6.67)"
2a06:98c0:3600::103 - - [15/Jun/2025:16:45:17 +0000] "GET /wp-admin/setup-config.php HTTP/1.1" 404 10098 "-" "Mozilla/5.0 (Windows NT 10.0; Win64; x64) AppleWebKit/537.36 (KHTML, like Gecko) Chrome/137.0.0.0 Safari/537.36"
209.74.73.66 - - [15/Jun/2025:16:46:07 +0000] "GET / HTTP/1.1" 200 163 "-" "Namecheap Monitoring Agent"
198.177.126.50 - - [15/Jun/2025:16:46:54 +0000] "GET / HTTP/1.1" 200 163 "-" "Namecheap Monitoring Agent"
198.54.118.134 - - [15/Jun/2025:16:47:08 +0000] "GET / HTTP/1.1" 200 163 "-" "Namecheap Monitoring Agent"
209.74.73.66 - - [15/Jun/2025:16:48:58 +0000] "GET / HTTP/1.1" 200 163 "-" "Namecheap Monitoring Agent"
198.177.126.50 - - [15/Jun/2025:16:49:54 +0000] "GET / HTTP/1.1" 200 163 "-" "Namecheap Monitoring Agent"
127.0.0.1 - - [15/Jun/2025:16:50:02 +0000] "GET /whm-server-status HTTP/1.0" 200 40466 "-" "-"
127.0.0.1 - - [15/Jun/2025:16:50:02 +0000] "GET /whm-server-status?auto HTTP/1.1" 200 1441 "-" "munin/2.0.73 (libwww-perl/6.67)"
127.0.0.1 - - [15/Jun/2025:16:50:04 +0000] "GET /whm-server-status?auto HTTP/1.1" 200 1441 "-" "munin/2.0.73 (libwww-perl/6.67)"
::1 - - [15/Jun/2025:16:50:05 +0000] "GET / HTTP/1.1" 200 163 "-" "Munin - http_loadtime"
127.0.0.1 - - [15/Jun/2025:16:50:06 +0000] "GET /whm-server-status?auto HTTP/1.1" 200 1440 "-" "munin/2.0.73 (libwww-perl/6.67)"
198.54.118.134 - - [15/Jun/2025:16:50:06 +0000] "GET / HTTP/1.1" 200 163 "-" "Namecheap Monitoring Agent"
127.0.0.1 - - [15/Jun/2025:16:50:21 +0000] "GET / HTTP/1.0" 200 163 "-" "-"
209.74.73.66 - - [15/Jun/2025:16:51:49 +0000] "GET / HTTP/1.1" 200 163 "-" "Namecheap Monitoring Agent"
198.177.126.50 - - [15/Jun/2025:16:52:53 +0000] "GET / HTTP/1.1" 200 163 "-" "Namecheap Monitoring Agent"
198.54.118.134 - - [15/Jun/2025:16:53:05 +0000] "GET / HTTP/1.1" 200 163 "-" "Namecheap Monitoring Agent"
209.74.73.66 - - [15/Jun/2025:16:54:39 +0000] "GET / HTTP/1.1" 200 163 "-" "Namecheap Monitoring Agent"
127.0.0.1 - - [15/Jun/2025:16:55:01 +0000] "GET /whm-server-status HTTP/1.0" 200 40336 "-" "-"
127.0.0.1 - - [15/Jun/2025:16:55:02 +0000] "GET /whm-server-status?auto HTTP/1.1" 200 1361 "-" "munin/2.0.73 (libwww-perl/6.67)"
127.0.0.1 - - [15/Jun/2025:16:55:03 +0000] "GET /whm-server-status?auto HTTP/1.1" 200 1361 "-" "munin/2.0.73 (libwww-perl/6.67)"
::1 - - [15/Jun/2025:16:55:04 +0000] "GET / HTTP/1.1" 200 163 "-" "Munin - http_loadtime"
127.0.0.1 - - [15/Jun/2025:16:55:05 +0000] "GET /whm-server-status?auto HTTP/1.1" 200 1357 "-" "munin/2.0.73 (libwww-perl/6.67)"
127.0.0.1 - - [15/Jun/2025:16:55:31 +0000] "GET / HTTP/1.0" 200 163 "-" "-"
198.177.126.50 - - [15/Jun/2025:16:55:53 +0000] "GET / HTTP/1.1" 200 163 "-" "Namecheap Monitoring Agent"
198.54.118.134 - - [15/Jun/2025:16:56:04 +0000] "GET / HTTP/1.1" 200 163 "-" "Namecheap Monitoring Agent"
43.156.235.18 - - [15/Jun/2025:16:56:09 +0000] "GET / HTTP/1.1" 200 163 "-" "Mozilla/5.0 (Windows NT 10.0; Win64; x64) AppleWebKit/537.36 (KHTML, like Gecko) Chrome/58.0.3029.110 Safari/537.3"
209.74.73.66 - - [15/Jun/2025:16:57:30 +0000] "GET / HTTP/1.1" 200 163 "-" "Namecheap Monitoring Agent"
198.177.126.50 - - [15/Jun/2025:16:58:52 +0000] "GET / HTTP/1.1" 200 163 "-" "Namecheap Monitoring Agent"
198.54.118.134 - - [15/Jun/2025:16:59:02 +0000] "GET / HTTP/1.1" 200 163 "-" "Namecheap Monitoring Agent"
127.0.0.1 - - [15/Jun/2025:17:00:01 +0000] "GET /whm-server-status HTTP/1.0" 200 40195 "-" "-"
127.0.0.1 - - [15/Jun/2025:17:00:02 +0000] "GET /whm-server-status?auto HTTP/1.1" 200 1357 "-" "munin/2.0.73 (libwww-perl/6.67)"
127.0.0.1 - - [15/Jun/2025:17:00:04 +0000] "GET /whm-server-status?auto HTTP/1.1" 200 1358 "-" "munin/2.0.73 (libwww-perl/6.67)"
::1 - - [15/Jun/2025:17:00:05 +0000] "GET / HTTP/1.1" 200 163 "-" "Munin - http_loadtime"
