198.177.126.50 - - [15/Jun/2025:21:38:44 +0000] "GET / HTTP/1.1" 200 163 "-" "Namecheap Monitoring Agent"
204.76.203.206 - - [15/Jun/2025:21:38:49 +0000] "GET / HTTP/1.1" 200 163 "-" "-"
198.54.118.134 - - [15/Jun/2025:21:39:04 +0000] "GET / HTTP/1.1" 200 163 "-" "Namecheap Monitoring Agent"
43.173.1.57 - - [15/Jun/2025:21:39:54 +0000] "GET / HTTP/1.1" 200 163 "-" "Mozilla/5.0 (iPhone; CPU iPhone OS 13_2_3 like Mac OS X) AppleWebKit/605.1.15 (KHTML, like Gecko) Version/13.0.3 Mobile/15E148 Safari/604.1"
127.0.0.1 - - [15/Jun/2025:21:40:01 +0000] "GET /whm-server-status HTTP/1.0" 200 42741 "-" "-"
127.0.0.1 - - [15/Jun/2025:21:40:02 +0000] "GET /whm-server-status?auto HTTP/1.1" 200 1460 "-" "munin/2.0.73 (libwww-perl/6.67)"
127.0.0.1 - - [15/Jun/2025:21:40:04 +0000] "GET /whm-server-status?auto HTTP/1.1" 200 1460 "-" "munin/2.0.73 (libwww-perl/6.67)"
::1 - - [15/Jun/2025:21:40:05 +0000] "GET / HTTP/1.1" 200 163 "-" "Munin - http_loadtime"
127.0.0.1 - - [15/Jun/2025:21:40:05 +0000] "GET /whm-server-status?auto HTTP/1.1" 200 1460 "-" "munin/2.0.73 (libwww-perl/6.67)"
209.74.73.66 - - [15/Jun/2025:21:40:23 +0000] "GET / HTTP/1.1" 200 163 "-" "Namecheap Monitoring Agent"
2a06:98c0:3600::103 - - [15/Jun/2025:21:40:44 +0000] "GET /wordpress/wp-admin/setup-config.php HTTP/1.1" 404 10118 "-" "Mozilla/5.0 (Windows NT 10.0; Win64; x64) AppleWebKit/537.36 (KHTML, like Gecko) Chrome/137.0.0.0 Safari/537.36"
127.0.0.1 - - [15/Jun/2025:21:40:44 +0000] "GET / HTTP/1.0" 200 163 "-" "-"
2a06:98c0:3600::103 - - [15/Jun/2025:21:40:54 +0000] "GET /wp-admin/setup-config.php HTTP/1.1" 404 10098 "-" "Mozilla/5.0 (Windows NT 10.0; Win64; x64) AppleWebKit/537.36 (KHTML, like Gecko) Chrome/137.0.0.0 Safari/537.36"
2a06:98c0:3600::103 - - [15/Jun/2025:21:40:59 +0000] "GET /wp-admin/setup-config.php HTTP/1.1" 404 10098 "-" "Mozilla/5.0 (Windows NT 10.0; Win64; x64) AppleWebKit/537.36 (KHTML, like Gecko) Chrome/137.0.0.0 Safari/537.36"
198.177.126.50 - - [15/Jun/2025:21:41:44 +0000] "GET / HTTP/1.1" 200 163 "-" "Namecheap Monitoring Agent"
2a06:98c0:3600::103 - - [15/Jun/2025:21:42:03 +0000] "GET /wordpress/wp-admin/setup-config.php HTTP/1.1" 404 10118 "-" "Mozilla/5.0 (Windows NT 10.0; Win64; x64) AppleWebKit/537.36 (KHTML, like Gecko) Chrome/137.0.0.0 Safari/537.36"
198.54.118.134 - - [15/Jun/2025:21:42:04 +0000] "GET / HTTP/1.1" 200 163 "-" "Namecheap Monitoring Agent"
209.74.73.66 - - [15/Jun/2025:21:43:20 +0000] "GET / HTTP/1.1" 200 163 "-" "Namecheap Monitoring Agent"
198.177.126.50 - - [15/Jun/2025:21:44:44 +0000] "GET / HTTP/1.1" 200 163 "-" "Namecheap Monitoring Agent"
127.0.0.1 - - [15/Jun/2025:21:45:01 +0000] "GET /whm-server-status HTTP/1.0" 200 43030 "-" "-"
127.0.0.1 - - [15/Jun/2025:21:45:02 +0000] "GET /whm-server-status?auto HTTP/1.1" 200 1456 "-" "munin/2.0.73 (libwww-perl/6.67)"
127.0.0.1 - - [15/Jun/2025:21:45:04 +0000] "GET /whm-server-status?auto HTTP/1.1" 200 1457 "-" "munin/2.0.73 (libwww-perl/6.67)"
198.54.118.134 - - [15/Jun/2025:21:45:04 +0000] "GET / HTTP/1.1" 200 163 "-" "Namecheap Monitoring Agent"
::1 - - [15/Jun/2025:21:45:05 +0000] "GET / HTTP/1.1" 200 163 "-" "Munin - http_loadtime"
127.0.0.1 - - [15/Jun/2025:21:45:06 +0000] "GET /whm-server-status?auto HTTP/1.1" 200 1455 "-" "munin/2.0.73 (libwww-perl/6.67)"
209.74.73.66 - - [15/Jun/2025:21:46:18 +0000] "GET / HTTP/1.1" 200 163 "-" "Namecheap Monitoring Agent"
127.0.0.1 - - [15/Jun/2025:21:46:46 +0000] "GET / HTTP/1.0" 200 163 "-" "-"
198.177.126.50 - - [15/Jun/2025:21:48:03 +0000] "GET / HTTP/1.1" 200 163 "-" "Namecheap Monitoring Agent"
198.54.118.134 - - [15/Jun/2025:21:48:04 +0000] "GET / HTTP/1.1" 200 163 "-" "Namecheap Monitoring Agent"
209.74.73.66 - - [15/Jun/2025:21:49:18 +0000] "GET / HTTP/1.1" 200 163 "-" "Namecheap Monitoring Agent"
127.0.0.1 - - [15/Jun/2025:21:50:01 +0000] "GET /whm-server-status HTTP/1.0" 200 42180 "-" "-"
127.0.0.1 - - [15/Jun/2025:21:50:01 +0000] "GET /whm-server-status?auto HTTP/1.1" 200 1458 "-" "munin/2.0.73 (libwww-perl/6.67)"
127.0.0.1 - - [15/Jun/2025:21:50:03 +0000] "GET /whm-server-status?auto HTTP/1.1" 200 1458 "-" "munin/2.0.73 (libwww-perl/6.67)"
::1 - - [15/Jun/2025:21:50:04 +0000] "GET / HTTP/1.1" 200 163 "-" "Munin - http_loadtime"
127.0.0.1 - - [15/Jun/2025:21:50:05 +0000] "GET /whm-server-status?auto HTTP/1.1" 200 1458 "-" "munin/2.0.73 (libwww-perl/6.67)"
198.177.126.50 - - [15/Jun/2025:21:50:55 +0000] "GET / HTTP/1.1" 200 163 "-" "Namecheap Monitoring Agent"
198.54.118.134 - - [15/Jun/2025:21:51:04 +0000] "GET / HTTP/1.1" 200 163 "-" "Namecheap Monitoring Agent"
209.74.73.66 - - [15/Jun/2025:21:52:18 +0000] "GET / HTTP/1.1" 200 163 "-" "Namecheap Monitoring Agent"
127.0.0.1 - - [15/Jun/2025:21:53:21 +0000] "GET / HTTP/1.0" 200 163 "-" "-"
198.177.126.50 - - [15/Jun/2025:21:53:52 +0000] "GET / HTTP/1.1" 200 163 "-" "Namecheap Monitoring Agent"
198.54.118.134 - - [15/Jun/2025:21:54:04 +0000] "GET / HTTP/1.1" 200 163 "-" "Namecheap Monitoring Agent"
127.0.0.1 - - [15/Jun/2025:21:55:01 +0000] "GET /whm-server-status HTTP/1.0" 200 41842 "-" "-"
127.0.0.1 - - [15/Jun/2025:21:55:02 +0000] "GET /whm-server-status?auto HTTP/1.1" 200 1456 "-" "munin/2.0.73 (libwww-perl/6.67)"
127.0.0.1 - - [15/Jun/2025:21:55:03 +0000] "GET /whm-server-status?auto HTTP/1.1" 200 1458 "-" "munin/2.0.73 (libwww-perl/6.67)"
::1 - - [15/Jun/2025:21:55:05 +0000] "GET / HTTP/1.1" 200 163 "-" "Munin - http_loadtime"
127.0.0.1 - - [15/Jun/2025:21:55:05 +0000] "GET /whm-server-status?auto HTTP/1.1" 200 1459 "-" "munin/2.0.73 (libwww-perl/6.67)"
209.74.73.66 - - [15/Jun/2025:21:55:18 +0000] "GET / HTTP/1.1" 200 163 "-" "Namecheap Monitoring Agent"
198.177.126.50 - - [15/Jun/2025:21:56:52 +0000] "GET / HTTP/1.1" 200 163 "-" "Namecheap Monitoring Agent"
198.54.118.134 - - [15/Jun/2025:21:57:04 +0000] "GET / HTTP/1.1" 200 163 "-" "Namecheap Monitoring Agent"
209.74.73.66 - - [15/Jun/2025:21:58:18 +0000] "GET / HTTP/1.1" 200 163 "-" "Namecheap Monitoring Agent"
127.0.0.1 - - [15/Jun/2025:21:58:42 +0000] "GET / HTTP/1.0" 200 163 "-" "-"
2a06:98c0:3600::103 - - [15/Jun/2025:21:58:54 +0000] "GET /wp-admin/setup-config.php HTTP/1.1" 404 10098 "-" "Mozilla/5.0 (Windows NT 10.0; Win64; x64) AppleWebKit/537.36 (KHTML, like Gecko) Chrome/137.0.0.0 Safari/537.36"
2a06:98c0:3600::103 - - [15/Jun/2025:21:59:24 +0000] "GET /wordpress/wp-admin/setup-config.php HTTP/1.1" 404 10118 "-" "Mozilla/5.0 (Windows NT 10.0; Win64; x64) AppleWebKit/537.36 (KHTML, like Gecko) Chrome/137.0.0.0 Safari/537.36"
198.177.126.50 - - [15/Jun/2025:21:59:52 +0000] "GET / HTTP/1.1" 200 163 "-" "Namecheap Monitoring Agent"
127.0.0.1 - - [15/Jun/2025:22:00:01 +0000] "GET /whm-server-status HTTP/1.0" 200 42420 "-" "-"
127.0.0.1 - - [15/Jun/2025:22:00:02 +0000] "GET /whm-server-status?auto HTTP/1.1" 200 1457 "-" "munin/2.0.73 (libwww-perl/6.67)"
127.0.0.1 - - [15/Jun/2025:22:00:04 +0000] "GET /whm-server-status?auto HTTP/1.1" 200 1456 "-" "munin/2.0.73 (libwww-perl/6.67)"
198.54.118.134 - - [15/Jun/2025:22:00:04 +0000] "GET / HTTP/1.1" 200 163 "-" "Namecheap Monitoring Agent"
::1 - - [15/Jun/2025:22:00:05 +0000] "GET / HTTP/1.1" 200 163 "-" "Munin - http_loadtime"
127.0.0.1 - - [15/Jun/2025:22:00:06 +0000] "GET /whm-server-status?auto HTTP/1.1" 200 1457 "-" "munin/2.0.73 (libwww-perl/6.67)"
2a06:98c0:3600::103 - - [15/Jun/2025:22:00:09 +0000] "GET /wordpress/wp-admin/setup-config.php HTTP/1.1" 404 10118 "-" "Mozilla/5.0 (Windows NT 10.0; Win64; x64) AppleWebKit/537.36 (KHTML, like Gecko) Chrome/137.0.0.0 Safari/537.36"
159.65.5.61 - - [15/Jun/2025:22:00:31 +0000] "GET / HTTP/1.1" 200 163 "-" "Mozilla/5.0 (Windows NT 10.0; Win64; x64) AppleWebKit/537.36 (KHTML, like Gecko) Chrome/89.0.4389.114 Safari/537.36"
159.65.5.61 - - [15/Jun/2025:22:00:32 +0000] "GET / HTTP/1.1" 200 163 "-" "Mozilla/5.0 (Windows NT 10.0; Win64; x64) AppleWebKit/537.36 (KHTML, like Gecko) Chrome/89.0.4389.114 Safari/537.36"
159.65.5.61 - - [15/Jun/2025:22:00:32 +0000] "GET /wp-includes/wlwmanifest.xml HTTP/1.1" 404 10102 "-" "Mozilla/5.0 (Windows NT 10.0; Win64; x64) AppleWebKit/537.36 (KHTML, like Gecko) Chrome/89.0.4389.114 Safari/537.36"
159.65.5.61 - - [15/Jun/2025:22:00:32 +0000] "GET /xmlrpc.php?rsd HTTP/1.1" 404 10076 "-" "Mozilla/5.0 (Windows NT 10.0; Win64; x64) AppleWebKit/537.36 (KHTML, like Gecko) Chrome/89.0.4389.114 Safari/537.36"
159.65.5.61 - - [15/Jun/2025:22:00:32 +0000] "GET / HTTP/1.1" 200 163 "-" "Mozilla/5.0 (Windows NT 10.0; Win64; x64) AppleWebKit/537.36 (KHTML, like Gecko) Chrome/89.0.4389.114 Safari/537.36"
159.65.5.61 - - [15/Jun/2025:22:00:32 +0000] "GET /blog/wp-includes/wlwmanifest.xml HTTP/1.1" 404 10112 "-" "Mozilla/5.0 (Windows NT 10.0; Win64; x64) AppleWebKit/537.36 (KHTML, like Gecko) Chrome/89.0.4389.114 Safari/537.36"
159.65.5.61 - - [15/Jun/2025:22:00:33 +0000] "GET /web/wp-includes/wlwmanifest.xml HTTP/1.1" 404 10110 "-" "Mozilla/5.0 (Windows NT 10.0; Win64; x64) AppleWebKit/537.36 (KHTML, like Gecko) Chrome/89.0.4389.114 Safari/537.36"
159.65.5.61 - - [15/Jun/2025:22:00:33 +0000] "GET /wordpress/wp-includes/wlwmanifest.xml HTTP/1.1" 404 10122 "-" "Mozilla/5.0 (Windows NT 10.0; Win64; x64) AppleWebKit/537.36 (KHTML, like Gecko) Chrome/89.0.4389.114 Safari/537.36"
159.65.5.61 - - [15/Jun/2025:22:00:33 +0000] "GET /website/wp-includes/wlwmanifest.xml HTTP/1.1" 404 10118 "-" "Mozilla/5.0 (Windows NT 10.0; Win64; x64) AppleWebKit/537.36 (KHTML, like Gecko) Chrome/89.0.4389.114 Safari/537.36"
159.65.5.61 - - [15/Jun/2025:22:00:33 +0000] "GET /wp/wp-includes/wlwmanifest.xml HTTP/1.1" 404 10108 "-" "Mozilla/5.0 (Windows NT 10.0; Win64; x64) AppleWebKit/537.36 (KHTML, like Gecko) Chrome/89.0.4389.114 Safari/537.36"
159.65.5.61 - - [15/Jun/2025:22:00:34 +0000] "GET /news/wp-includes/wlwmanifest.xml HTTP/1.1" 404 10112 "-" "Mozilla/5.0 (Windows NT 10.0; Win64; x64) AppleWebKit/537.36 (KHTML, like Gecko) Chrome/89.0.4389.114 Safari/537.36"
159.65.5.61 - - [15/Jun/2025:22:00:34 +0000] "GET /2020/wp-includes/wlwmanifest.xml HTTP/1.1" 404 10112 "-" "Mozilla/5.0 (Windows NT 10.0; Win64; x64) AppleWebKit/537.36 (KHTML, like Gecko) Chrome/89.0.4389.114 Safari/537.36"
159.65.5.61 - - [15/Jun/2025:22:00:34 +0000] "GET /2019/wp-includes/wlwmanifest.xml HTTP/1.1" 404 10112 "-" "Mozilla/5.0 (Windows NT 10.0; Win64; x64) AppleWebKit/537.36 (KHTML, like Gecko) Chrome/89.0.4389.114 Safari/537.36"
159.65.5.61 - - [15/Jun/2025:22:00:34 +0000] "GET /shop/wp-includes/wlwmanifest.xml HTTP/1.1" 404 10112 "-" "Mozilla/5.0 (Windows NT 10.0; Win64; x64) AppleWebKit/537.36 (KHTML, like Gecko) Chrome/89.0.4389.114 Safari/537.36"
159.65.5.61 - - [15/Jun/2025:22:00:34 +0000] "GET /wp1/wp-includes/wlwmanifest.xml HTTP/1.1" 404 10110 "-" "Mozilla/5.0 (Windows NT 10.0; Win64; x64) AppleWebKit/537.36 (KHTML, like Gecko) Chrome/89.0.4389.114 Safari/537.36"
159.65.5.61 - - [15/Jun/2025:22:00:35 +0000] "GET /test/wp-includes/wlwmanifest.xml HTTP/1.1" 404 10112 "-" "Mozilla/5.0 (Windows NT 10.0; Win64; x64) AppleWebKit/537.36 (KHTML, like Gecko) Chrome/89.0.4389.114 Safari/537.36"
159.65.5.61 - - [15/Jun/2025:22:00:35 +0000] "GET /wp2/wp-includes/wlwmanifest.xml HTTP/1.1" 404 10110 "-" "Mozilla/5.0 (Windows NT 10.0; Win64; x64) AppleWebKit/537.36 (KHTML, like Gecko) Chrome/89.0.4389.114 Safari/537.36"
159.65.5.61 - - [15/Jun/2025:22:00:35 +0000] "GET /site/wp-includes/wlwmanifest.xml HTTP/1.1" 404 10112 "-" "Mozilla/5.0 (Windows NT 10.0; Win64; x64) AppleWebKit/537.36 (KHTML, like Gecko) Chrome/89.0.4389.114 Safari/537.36"
159.65.5.61 - - [15/Jun/2025:22:00:35 +0000] "GET /cms/wp-includes/wlwmanifest.xml HTTP/1.1" 404 10110 "-" "Mozilla/5.0 (Windows NT 10.0; Win64; x64) AppleWebKit/537.36 (KHTML, like Gecko) Chrome/89.0.4389.114 Safari/537.36"
159.65.5.61 - - [15/Jun/2025:22:00:35 +0000] "GET /sito/wp-includes/wlwmanifest.xml HTTP/1.1" 404 10112 "-" "Mozilla/5.0 (Windows NT 10.0; Win64; x64) AppleWebKit/537.36 (KHTML, like Gecko) Chrome/89.0.4389.114 Safari/537.36"
2a06:98c0:3600::103 - - [15/Jun/2025:22:01:10 +0000] "GET /wp-admin/setup-config.php HTTP/1.1" 404 10098 "-" "Mozilla/5.0 (Windows NT 10.0; Win64; x64) AppleWebKit/537.36 (KHTML, like Gecko) Chrome/137.0.0.0 Safari/537.36"
209.74.73.66 - - [15/Jun/2025:22:01:18 +0000] "GET / HTTP/1.1" 200 163 "-" "Namecheap Monitoring Agent"
43.163.84.243 - - [15/Jun/2025:22:02:48 +0000] "GET / HTTP/1.1" 200 163 "-" "Mozilla/5.0 (Windows NT 10.0; Win64; x64) AppleWebKit/537.36 (KHTML, like Gecko) Chrome/58.0.3029.110 Safari/537.3"
198.177.126.50 - - [15/Jun/2025:22:02:52 +0000] "GET / HTTP/1.1" 200 163 "-" "Namecheap Monitoring Agent"
198.54.118.134 - - [15/Jun/2025:22:03:04 +0000] "GET / HTTP/1.1" 200 163 "-" "Namecheap Monitoring Agent"
209.74.73.66 - - [15/Jun/2025:22:04:18 +0000] "GET / HTTP/1.1" 200 163 "-" "Namecheap Monitoring Agent"
127.0.0.1 - - [15/Jun/2025:22:04:39 +0000] "GET / HTTP/1.0" 200 163 "-" "-"
127.0.0.1 - - [15/Jun/2025:22:05:01 +0000] "GET /whm-server-status HTTP/1.0" 200 41146 "-" "-"
127.0.0.1 - - [15/Jun/2025:22:05:02 +0000] "GET /whm-server-status?auto HTTP/1.1" 200 1452 "-" "munin/2.0.73 (libwww-perl/6.67)"
127.0.0.1 - - [15/Jun/2025:22:05:04 +0000] "GET /whm-server-status?auto HTTP/1.1" 200 1454 "-" "munin/2.0.73 (libwww-perl/6.67)"
::1 - - [15/Jun/2025:22:05:05 +0000] "GET / HTTP/1.1" 200 163 "-" "Munin - http_loadtime"
127.0.0.1 - - [15/Jun/2025:22:05:06 +0000] "GET /whm-server-status?auto HTTP/1.1" 200 1454 "-" "munin/2.0.73 (libwww-perl/6.67)"
198.177.126.50 - - [15/Jun/2025:22:05:52 +0000] "GET / HTTP/1.1" 200 163 "-" "Namecheap Monitoring Agent"
198.54.118.134 - - [15/Jun/2025:22:06:04 +0000] "GET / HTTP/1.1" 200 163 "-" "Namecheap Monitoring Agent"
209.74.73.66 - - [15/Jun/2025:22:07:18 +0000] "GET / HTTP/1.1" 200 163 "-" "Namecheap Monitoring Agent"
23.178.112.219 - - [15/Jun/2025:22:08:29 +0000] "GET /.well-known/acme-challenge/nOL6rtqu-biyMoSEsJeJSn8l55lvSxu0ozesey93Bkg HTTP/1.1" 200 87 "-" "Mozilla/5.0 (compatible; Let's Encrypt validation server; +https://www.letsencrypt.org)"
23.178.112.219 - - [15/Jun/2025:22:08:29 +0000] "GET /.well-known/acme-challenge/Ae5V1PD7s7K3kh2Mu_VVPvK8BK_Ga8NvDp1-LQbp1XU HTTP/1.1" 200 87 "-" "Mozilla/5.0 (compatible; Let's Encrypt validation server; +https://www.letsencrypt.org)"
44.243.172.229 - - [15/Jun/2025:22:08:29 +0000] "GET /.well-known/acme-challenge/nOL6rtqu-biyMoSEsJeJSn8l55lvSxu0ozesey93Bkg HTTP/1.1" 200 87 "-" "Mozilla/5.0 (compatible; Let's Encrypt validation server; +https://www.letsencrypt.org)"
23.178.112.219 - - [15/Jun/2025:22:08:29 +0000] "GET /.well-known/acme-challenge/GXquzcis3R-rBdZoEzq1ahkVpyLNo1SgtMMptQb9LPw HTTP/1.1" 200 87 "-" "Mozilla/5.0 (compatible; Let's Encrypt validation server; +https://www.letsencrypt.org)"
44.249.130.20 - - [15/Jun/2025:22:08:29 +0000] "GET /.well-known/acme-challenge/Ae5V1PD7s7K3kh2Mu_VVPvK8BK_Ga8NvDp1-LQbp1XU HTTP/1.1" 200 87 "-" "Mozilla/5.0 (compatible; Let's Encrypt validation server; +https://www.letsencrypt.org)"
18.188.210.209 - - [15/Jun/2025:22:08:29 +0000] "GET /.well-known/acme-challenge/nOL6rtqu-biyMoSEsJeJSn8l55lvSxu0ozesey93Bkg HTTP/1.1" 200 87 "-" "Mozilla/5.0 (compatible; Let's Encrypt validation server; +https://www.letsencrypt.org)"
3.148.144.194 - - [15/Jun/2025:22:08:29 +0000] "GET /.well-known/acme-challenge/Ae5V1PD7s7K3kh2Mu_VVPvK8BK_Ga8NvDp1-LQbp1XU HTTP/1.1" 200 87 "-" "Mozilla/5.0 (compatible; Let's Encrypt validation server; +https://www.letsencrypt.org)"
44.249.130.20 - - [15/Jun/2025:22:08:29 +0000] "GET /.well-known/acme-challenge/GXquzcis3R-rBdZoEzq1ahkVpyLNo1SgtMMptQb9LPw HTTP/1.1" 200 87 "-" "Mozilla/5.0 (compatible; Let's Encrypt validation server; +https://www.letsencrypt.org)"
3.19.60.30 - - [15/Jun/2025:22:08:29 +0000] "GET /.well-known/acme-challenge/GXquzcis3R-rBdZoEzq1ahkVpyLNo1SgtMMptQb9LPw HTTP/1.1" 200 87 "-" "Mozilla/5.0 (compatible; Let's Encrypt validation server; +https://www.letsencrypt.org)"
16.170.167.62 - - [15/Jun/2025:22:08:30 +0000] "GET /.well-known/acme-challenge/Ae5V1PD7s7K3kh2Mu_VVPvK8BK_Ga8NvDp1-LQbp1XU HTTP/1.1" 200 87 "-" "Mozilla/5.0 (compatible; Let's Encrypt validation server; +https://www.letsencrypt.org)"
51.21.170.207 - - [15/Jun/2025:22:08:30 +0000] "GET /.well-known/acme-challenge/nOL6rtqu-biyMoSEsJeJSn8l55lvSxu0ozesey93Bkg HTTP/1.1" 200 87 "-" "Mozilla/5.0 (compatible; Let's Encrypt validation server; +https://www.letsencrypt.org)"
52.77.220.5 - - [15/Jun/2025:22:08:30 +0000] "GET /.well-known/acme-challenge/nOL6rtqu-biyMoSEsJeJSn8l55lvSxu0ozesey93Bkg HTTP/1.1" 200 87 "-" "Mozilla/5.0 (compatible; Let's Encrypt validation server; +https://www.letsencrypt.org)"
51.21.170.207 - - [15/Jun/2025:22:08:30 +0000] "GET /.well-known/acme-challenge/GXquzcis3R-rBdZoEzq1ahkVpyLNo1SgtMMptQb9LPw HTTP/1.1" 200 87 "-" "Mozilla/5.0 (compatible; Let's Encrypt validation server; +https://www.letsencrypt.org)"
52.221.210.212 - - [15/Jun/2025:22:08:30 +0000] "GET /.well-known/acme-challenge/Ae5V1PD7s7K3kh2Mu_VVPvK8BK_Ga8NvDp1-LQbp1XU HTTP/1.1" 200 87 "-" "Mozilla/5.0 (compatible; Let's Encrypt validation server; +https://www.letsencrypt.org)"
13.214.164.216 - - [15/Jun/2025:22:08:30 +0000] "GET /.well-known/acme-challenge/GXquzcis3R-rBdZoEzq1ahkVpyLNo1SgtMMptQb9LPw HTTP/1.1" 200 87 "-" "Mozilla/5.0 (compatible; Let's Encrypt validation server; +https://www.letsencrypt.org)"
198.177.126.50 - - [15/Jun/2025:22:09:09 +0000] "GET / HTTP/1.1" 200 163 "-" "Namecheap Monitoring Agent"
206.81.12.187 - - [15/Jun/2025:22:09:32 +0000] "\x16\x03\x01\x01\n" 400 10073 "-" "-"
206.81.12.187 - - [15/Jun/2025:22:09:32 +0000] "GET / HTTP/1.1" 200 163 "-" "-"
143.244.168.161 - - [15/Jun/2025:22:09:32 +0000] "\x16\x03\x01\x01\x0e\x01" 400 10073 "-" "-"
206.81.12.187 - - [15/Jun/2025:22:09:32 +0000] "GET / HTTP/1.1" 200 163 "-" "Mozilla/5.0 (Linux; Android 6.0; HTC One M9 Build/MRA576710) AppleWebKit/537.36 (KHTML, like Gecko) Chrome/52.0.2680.98 Mobile Safari/537.3"
142.93.0.66 - - [15/Jun/2025:22:09:32 +0000] "GET / HTTP/1.1" 200 163 "-" "-"
143.244.168.161 - - [15/Jun/2025:22:09:32 +0000] "GET / HTTP/1.1" 200 163 "-" "-"
206.81.12.187 - - [15/Jun/2025:22:09:32 +0000] "GET /@vite/env HTTP/1.1" 404 10099 "-" "Go-http-client/1.1"
134.122.28.88 - - [15/Jun/2025:22:09:33 +0000] "\x16\x03\x01\x01\x0f\x01" 400 10073 "-" "-"
143.244.168.161 - - [15/Jun/2025:22:09:33 +0000] "GET / HTTP/1.1" 200 163 "-" "Mozilla/5.0 (Linux; Android 6.0; HTC One M9 Build/MRA576710) AppleWebKit/537.36 (KHTML, like Gecko) Chrome/52.0.2680.98 Mobile Safari/537.3"
206.81.12.187 - - [15/Jun/2025:22:09:33 +0000] "GET /actuator/env HTTP/1.1" 404 10105 "-" "Go-http-client/1.1"
134.122.28.88 - - [15/Jun/2025:22:09:33 +0000] "GET / HTTP/1.1" 200 163 "-" "-"
143.244.168.161 - - [15/Jun/2025:22:09:33 +0000] "GET /@vite/env HTTP/1.1" 404 10111 "-" "Go-http-client/1.1"
206.81.12.187 - - [15/Jun/2025:22:09:33 +0000] "GET /server HTTP/1.1" 404 10093 "-" "Go-http-client/1.1"
134.122.28.88 - - [15/Jun/2025:22:09:33 +0000] "GET / HTTP/1.1" 200 163 "-" "Mozilla/5.0 (Linux; Android 6.0; HTC One M9 Build/MRA576710) AppleWebKit/537.36 (KHTML, like Gecko) Chrome/52.0.2680.98 Mobile Safari/537.3"
143.244.168.161 - - [15/Jun/2025:22:09:33 +0000] "GET /actuator/env HTTP/1.1" 404 10117 "-" "Go-http-client/1.1"
206.81.12.187 - - [15/Jun/2025:22:09:33 +0000] "GET /.vscode/sftp.json HTTP/1.1" 404 10115 "-" "Go-http-client/1.1"
134.122.28.88 - - [15/Jun/2025:22:09:33 +0000] "GET /@vite/env HTTP/1.1" 404 10114 "-" "Go-http-client/1.1"
143.244.168.161 - - [15/Jun/2025:22:09:33 +0000] "GET /server HTTP/1.1" 404 10105 "-" "Go-http-client/1.1"
206.81.12.187 - - [15/Jun/2025:22:09:33 +0000] "GET /about HTTP/1.1" 404 10091 "-" "Go-http-client/1.1"
134.122.28.88 - - [15/Jun/2025:22:09:33 +0000] "GET /actuator/env HTTP/1.1" 404 10120 "-" "Go-http-client/1.1"
143.244.168.161 - - [15/Jun/2025:22:09:33 +0000] "GET /.vscode/sftp.json HTTP/1.1" 404 10127 "-" "Go-http-client/1.1"
206.81.12.187 - - [15/Jun/2025:22:09:33 +0000] "GET /debug/default/view?panel=config HTTP/1.1" 404 10143 "-" "Go-http-client/1.1"
134.122.28.88 - - [15/Jun/2025:22:09:33 +0000] "GET /server HTTP/1.1" 404 10108 "-" "Go-http-client/1.1"
143.244.168.161 - - [15/Jun/2025:22:09:33 +0000] "GET /about HTTP/1.1" 404 10103 "-" "Go-http-client/1.1"
206.81.12.187 - - [15/Jun/2025:22:09:33 +0000] "GET /v2/_catalog HTTP/1.1" 404 10103 "-" "Go-http-client/1.1"
134.122.28.88 - - [15/Jun/2025:22:09:34 +0000] "GET /.vscode/sftp.json HTTP/1.1" 404 10130 "-" "Go-http-client/1.1"
143.244.168.161 - - [15/Jun/2025:22:09:34 +0000] "GET /debug/default/view?panel=config HTTP/1.1" 404 10155 "-" "Go-http-client/1.1"
206.81.12.187 - - [15/Jun/2025:22:09:34 +0000] "GET /ecp/Current/exporttool/microsoft.exchange.ediscovery.exporttool.application HTTP/1.1" 404 10231 "-" "Go-http-client/1.1"
134.122.28.88 - - [15/Jun/2025:22:09:34 +0000] "GET /about HTTP/1.1" 404 10106 "-" "Go-http-client/1.1"
143.244.168.161 - - [15/Jun/2025:22:09:34 +0000] "GET /v2/_catalog HTTP/1.1" 404 10115 "-" "Go-http-client/1.1"
206.81.12.187 - - [15/Jun/2025:22:09:34 +0000] "GET /server-status HTTP/1.1" 404 10107 "-" "Go-http-client/1.1"
134.122.28.88 - - [15/Jun/2025:22:09:34 +0000] "GET /debug/default/view?panel=config HTTP/1.1" 404 10158 "-" "Go-http-client/1.1"
143.244.168.161 - - [15/Jun/2025:22:09:34 +0000] "GET /ecp/Current/exporttool/microsoft.exchange.ediscovery.exporttool.application HTTP/1.1" 404 10243 "-" "Go-http-client/1.1"
206.81.12.187 - - [15/Jun/2025:22:09:34 +0000] "GET /login.action HTTP/1.1" 404 10105 "-" "Go-http-client/1.1"
134.122.28.88 - - [15/Jun/2025:22:09:34 +0000] "GET /v2/_catalog HTTP/1.1" 404 10118 "-" "Go-http-client/1.1"
143.244.168.161 - - [15/Jun/2025:22:09:34 +0000] "GET /server-status HTTP/1.1" 404 10119 "-" "Go-http-client/1.1"
206.81.12.187 - - [15/Jun/2025:22:09:34 +0000] "GET /_all_dbs HTTP/1.1" 404 10097 "-" "Mozilla/5.0 (l9scan/2.0.2393e27373e2839313e2935313; +https://leakix.net)"
134.122.28.88 - - [15/Jun/2025:22:09:34 +0000] "GET /ecp/Current/exporttool/microsoft.exchange.ediscovery.exporttool.application HTTP/1.1" 404 10246 "-" "Go-http-client/1.1"
143.244.168.161 - - [15/Jun/2025:22:09:34 +0000] "GET /login.action HTTP/1.1" 404 10117 "-" "Go-http-client/1.1"
206.81.12.187 - - [15/Jun/2025:22:09:34 +0000] "GET /.DS_Store HTTP/1.1" 404 10099 "-" "Go-http-client/1.1"
142.93.0.66 - - [15/Jun/2025:22:09:34 +0000] "GET / HTTP/1.1" 200 163 "-" "Mozilla/5.0 (Linux; Android 6.0; HTC One M9 Build/MRA576710) AppleWebKit/537.36 (KHTML, like Gecko) Chrome/52.0.2680.98 Mobile Safari/537.3"
134.122.28.88 - - [15/Jun/2025:22:09:34 +0000] "GET /server-status HTTP/1.1" 404 10122 "-" "Go-http-client/1.1"
143.244.168.161 - - [15/Jun/2025:22:09:34 +0000] "GET /_all_dbs HTTP/1.1" 404 10109 "-" "Mozilla/5.0 (l9scan/2.0.2393e27373e2839313e2935313; +https://leakix.net)"
206.81.12.187 - - [15/Jun/2025:22:09:34 +0000] "GET /.env HTTP/1.1" 404 10089 "-" "Go-http-client/1.1"
142.93.0.66 - - [15/Jun/2025:22:09:34 +0000] "GET /@vite/env HTTP/1.1" 404 10101 "-" "Go-http-client/1.1"
134.122.28.88 - - [15/Jun/2025:22:09:34 +0000] "GET /login.action HTTP/1.1" 404 10120 "-" "Go-http-client/1.1"
143.244.168.161 - - [15/Jun/2025:22:09:34 +0000] "GET /.DS_Store HTTP/1.1" 404 10111 "-" "Go-http-client/1.1"
206.81.12.187 - - [15/Jun/2025:22:09:34 +0000] "GET /.git/config HTTP/1.1" 404 10103 "-" "Go-http-client/1.1"
134.122.28.88 - - [15/Jun/2025:22:09:35 +0000] "GET /_all_dbs HTTP/1.1" 404 10112 "-" "Mozilla/5.0 (l9scan/2.0.2393e27373e2839313e2935313; +https://leakix.net)"
143.244.168.161 - - [15/Jun/2025:22:09:35 +0000] "GET /.env HTTP/1.1" 404 10101 "-" "Go-http-client/1.1"
206.81.12.187 - - [15/Jun/2025:22:09:35 +0000] "GET /s/2393e27373e2839313e2935313/_/;/META-INF/maven/com.atlassian.jira/jira-webapp-dist/pom.properties HTTP/1.1" 404 10277 "-" "Go-http-client/1.1"
142.93.0.66 - - [15/Jun/2025:22:09:35 +0000] "GET /actuator/env HTTP/1.1" 404 10107 "-" "Go-http-client/1.1"
134.122.28.88 - - [15/Jun/2025:22:09:35 +0000] "GET /.DS_Store HTTP/1.1" 404 10114 "-" "Go-http-client/1.1"
143.244.168.161 - - [15/Jun/2025:22:09:35 +0000] "GET /.git/config HTTP/1.1" 404 10115 "-" "Go-http-client/1.1"
206.81.12.187 - - [15/Jun/2025:22:09:35 +0000] "GET /config.json HTTP/1.1" 404 10103 "-" "Go-http-client/1.1"
142.93.0.66 - - [15/Jun/2025:22:09:35 +0000] "GET /server HTTP/1.1" 404 10095 "-" "Go-http-client/1.1"
134.122.28.88 - - [15/Jun/2025:22:09:35 +0000] "GET /.env HTTP/1.1" 404 10104 "-" "Go-http-client/1.1"
143.244.168.161 - - [15/Jun/2025:22:09:35 +0000] "GET /s/2393e27373e2839313e2935313/_/;/META-INF/maven/com.atlassian.jira/jira-webapp-dist/pom.properties HTTP/1.1" 404 10289 "-" "Go-http-client/1.1"
206.81.12.187 - - [15/Jun/2025:22:09:35 +0000] "GET /telescope/requests HTTP/1.1" 404 10117 "-" "Go-http-client/1.1"
134.122.28.88 - - [15/Jun/2025:22:09:35 +0000] "GET /.git/config HTTP/1.1" 404 10118 "-" "Go-http-client/1.1"
143.244.168.161 - - [15/Jun/2025:22:09:35 +0000] "GET /config.json HTTP/1.1" 404 10115 "-" "Go-http-client/1.1"
206.81.12.187 - - [15/Jun/2025:22:09:35 +0000] "GET /info.php HTTP/1.1" 404 10097 "-" "Go-http-client/1.1"
142.93.0.66 - - [15/Jun/2025:22:09:35 +0000] "GET /.vscode/sftp.json HTTP/1.1" 404 10117 "-" "Go-http-client/1.1"
134.122.28.88 - - [15/Jun/2025:22:09:35 +0000] "GET /s/2393e27373e2839313e2935313/_/;/META-INF/maven/com.atlassian.jira/jira-webapp-dist/pom.properties HTTP/1.1" 404 10292 "-" "Go-http-client/1.1"
143.244.168.161 - - [15/Jun/2025:22:09:35 +0000] "GET /telescope/requests HTTP/1.1" 404 10129 "-" "Go-http-client/1.1"
206.81.12.187 - - [15/Jun/2025:22:09:35 +0000] "GET /?rest_route=/wp/v2/users/ HTTP/1.1" 200 163 "-" "Go-http-client/1.1"
142.93.0.66 - - [15/Jun/2025:22:09:35 +0000] "GET /about HTTP/1.1" 404 10093 "-" "Go-http-client/1.1"
134.122.28.88 - - [15/Jun/2025:22:09:35 +0000] "GET /config.json HTTP/1.1" 404 10118 "-" "Go-http-client/1.1"
143.244.168.161 - - [15/Jun/2025:22:09:35 +0000] "GET /info.php HTTP/1.1" 404 10109 "-" "Go-http-client/1.1"
134.122.28.88 - - [15/Jun/2025:22:09:35 +0000] "GET /telescope/requests HTTP/1.1" 404 10132 "-" "Go-http-client/1.1"
143.244.168.161 - - [15/Jun/2025:22:09:36 +0000] "GET /?rest_route=/wp/v2/users/ HTTP/1.1" 200 163 "-" "Go-http-client/1.1"
142.93.0.66 - - [15/Jun/2025:22:09:36 +0000] "GET /debug/default/view?panel=config HTTP/1.1" 404 10145 "-" "Go-http-client/1.1"
134.122.28.88 - - [15/Jun/2025:22:09:36 +0000] "GET /info.php HTTP/1.1" 404 10112 "-" "Go-http-client/1.1"
134.122.28.88 - - [15/Jun/2025:22:09:36 +0000] "GET /?rest_route=/wp/v2/users/ HTTP/1.1" 200 163 "-" "Go-http-client/1.1"
142.93.0.66 - - [15/Jun/2025:22:09:36 +0000] "GET /v2/_catalog HTTP/1.1" 404 10105 "-" "Go-http-client/1.1"
142.93.0.66 - - [15/Jun/2025:22:09:36 +0000] "GET /ecp/Current/exporttool/microsoft.exchange.ediscovery.exporttool.application HTTP/1.1" 404 10233 "-" "Go-http-client/1.1"
142.93.0.66 - - [15/Jun/2025:22:09:36 +0000] "GET /server-status HTTP/1.1" 404 10109 "-" "Go-http-client/1.1"
142.93.0.66 - - [15/Jun/2025:22:09:36 +0000] "GET /login.action HTTP/1.1" 404 10107 "-" "Go-http-client/1.1"
142.93.0.66 - - [15/Jun/2025:22:09:37 +0000] "GET /_all_dbs HTTP/1.1" 404 10099 "-" "Mozilla/5.0 (l9scan/2.0.2393e27373e2839313e2935313; +https://leakix.net)"
142.93.0.66 - - [15/Jun/2025:22:09:37 +0000] "GET /.DS_Store HTTP/1.1" 404 10101 "-" "Go-http-client/1.1"
142.93.0.66 - - [15/Jun/2025:22:09:37 +0000] "GET /.env HTTP/1.1" 404 10091 "-" "Go-http-client/1.1"
142.93.0.66 - - [15/Jun/2025:22:09:37 +0000] "GET /.git/config HTTP/1.1" 404 10105 "-" "Go-http-client/1.1"
142.93.0.66 - - [15/Jun/2025:22:09:38 +0000] "GET /s/2393e27373e2839313e2935313/_/;/META-INF/maven/com.atlassian.jira/jira-webapp-dist/pom.properties HTTP/1.1" 404 10279 "-" "Go-http-client/1.1"
142.93.0.66 - - [15/Jun/2025:22:09:38 +0000] "GET /config.json HTTP/1.1" 404 10105 "-" "Go-http-client/1.1"
142.93.0.66 - - [15/Jun/2025:22:09:38 +0000] "GET /telescope/requests HTTP/1.1" 404 10119 "-" "Go-http-client/1.1"
142.93.0.66 - - [15/Jun/2025:22:09:38 +0000] "GET /info.php HTTP/1.1" 404 10099 "-" "Go-http-client/1.1"
142.93.0.66 - - [15/Jun/2025:22:09:39 +0000] "GET /?rest_route=/wp/v2/users/ HTTP/1.1" 200 163 "-" "Go-http-client/1.1"
198.54.118.134 - - [15/Jun/2025:22:09:44 +0000] "GET / HTTP/1.1" 200 163 "-" "Namecheap Monitoring Agent"
127.0.0.1 - - [15/Jun/2025:22:10:01 +0000] "GET /whm-server-status HTTP/1.0" 200 31424 "-" "-"
127.0.0.1 - - [15/Jun/2025:22:10:02 +0000] "GET /whm-server-status?auto HTTP/1.1" 200 1416 "-" "munin/2.0.73 (libwww-perl/6.67)"
127.0.0.1 - - [15/Jun/2025:22:10:04 +0000] "GET /whm-server-status?auto HTTP/1.1" 200 1416 "-" "munin/2.0.73 (libwww-perl/6.67)"
104.197.69.115 - - [15/Jun/2025:22:10:04 +0000] "GET / HTTP/1.1" 200 163 "-" "Mozilla/5.0 (X11; Linux x86_64) AppleWebKit/537.36 (KHTML, like Gecko) HeadlessChrome/125.0.6422.60 Safari/537.36"
::1 - - [15/Jun/2025:22:10:05 +0000] "GET / HTTP/1.1" 200 163 "-" "Munin - http_loadtime"
34.122.147.229 - - [15/Jun/2025:22:10:05 +0000] "GET / HTTP/1.1" 200 163 "-" "Mozilla/5.0 (X11; Linux x86_64) AppleWebKit/537.36 (KHTML, like Gecko) HeadlessChrome/125.0.6422.60 Safari/537.36"
104.197.69.115 - - [15/Jun/2025:22:10:05 +0000] "GET /cgi-sys/defaultwebpage.cgi HTTP/1.1" 200 6964 "http://server1.ngambekcore.com/" "Mozilla/5.0 (X11; Linux x86_64) AppleWebKit/537.36 (KHTML, like Gecko) HeadlessChrome/125.0.6422.60 Safari/537.36"
104.197.69.115 - - [15/Jun/2025:22:10:05 +0000] "GET /img-sys/IP_changed.png HTTP/1.1" 200 2939 "http://server1.ngambekcore.com/cgi-sys/defaultwebpage.cgi" "Mozilla/5.0 (X11; Linux x86_64) AppleWebKit/537.36 (KHTML, like Gecko) HeadlessChrome/125.0.6422.60 Safari/537.36"
127.0.0.1 - - [15/Jun/2025:22:10:05 +0000] "GET /whm-server-status?auto HTTP/1.1" 200 1416 "-" "munin/2.0.73 (libwww-perl/6.67)"
104.197.69.115 - - [15/Jun/2025:22:10:05 +0000] "GET /img-sys/server_misconfigured.png HTTP/1.1" 200 3164 "http://server1.ngambekcore.com/cgi-sys/defaultwebpage.cgi" "Mozilla/5.0 (X11; Linux x86_64) AppleWebKit/537.36 (KHTML, like Gecko) HeadlessChrome/125.0.6422.60 Safari/537.36"
34.123.170.104 - - [15/Jun/2025:22:10:05 +0000] "GET /img-sys/server_moved.png HTTP/1.1" 200 3327 "http://server1.ngambekcore.com/cgi-sys/defaultwebpage.cgi" "Mozilla/5.0 (X11; Linux x86_64) AppleWebKit/537.36 (KHTML, like Gecko) HeadlessChrome/125.0.6422.60 Safari/537.36"
34.72.176.129 - - [15/Jun/2025:22:10:05 +0000] "GET /img-sys/powered_by_cpanel.svg HTTP/1.1" 200 5617 "http://server1.ngambekcore.com/cgi-sys/defaultwebpage.cgi" "Mozilla/5.0 (X11; Linux x86_64) AppleWebKit/537.36 (KHTML, like Gecko) HeadlessChrome/125.0.6422.60 Safari/537.36"
198.54.132.101 - - [15/Jun/2025:22:10:05 +0000] "GET / HTTP/1.1" 200 163 "-" "Mozilla/5.0 (Windows NT 10.0; Win64; x64) AppleWebKit/537.36 (KHTML, like Gecko) Chrome/137.0.0.0 Safari/537.36"
198.54.132.101 - - [15/Jun/2025:22:10:06 +0000] "GET /favicon.ico HTTP/1.1" 404 10105 "-" "Mozilla/5.0 (Windows NT 10.0; Win64; x64) AppleWebKit/537.36 (KHTML, like Gecko) Chrome/137.0.0.0 Safari/537.36"
34.122.147.229 - - [15/Jun/2025:22:10:06 +0000] "GET /cgi-sys/defaultwebpage.cgi HTTP/1.1" 200 6974 "http://mail.server1.ngambekcore.com/" "Mozilla/5.0 (X11; Linux x86_64) AppleWebKit/537.36 (KHTML, like Gecko) HeadlessChrome/125.0.6422.60 Safari/537.36"
34.122.147.229 - - [15/Jun/2025:22:10:06 +0000] "GET /img-sys/IP_changed.png HTTP/1.1" 200 2939 "http://mail.server1.ngambekcore.com/cgi-sys/defaultwebpage.cgi" "Mozilla/5.0 (X11; Linux x86_64) AppleWebKit/537.36 (KHTML, like Gecko) HeadlessChrome/125.0.6422.60 Safari/537.36"
104.197.69.115 - - [15/Jun/2025:22:10:06 +0000] "GET /img-sys/server_misconfigured.png HTTP/1.1" 200 3164 "http://mail.server1.ngambekcore.com/cgi-sys/defaultwebpage.cgi" "Mozilla/5.0 (X11; Linux x86_64) AppleWebKit/537.36 (KHTML, like Gecko) HeadlessChrome/125.0.6422.60 Safari/537.36"
104.197.69.115 - - [15/Jun/2025:22:10:06 +0000] "GET /img-sys/server_moved.png HTTP/1.1" 200 3327 "http://mail.server1.ngambekcore.com/cgi-sys/defaultwebpage.cgi" "Mozilla/5.0 (X11; Linux x86_64) AppleWebKit/537.36 (KHTML, like Gecko) HeadlessChrome/125.0.6422.60 Safari/537.36"
34.122.147.229 - - [15/Jun/2025:22:10:06 +0000] "GET /img-sys/powered_by_cpanel.svg HTTP/1.1" 200 5617 "http://mail.server1.ngambekcore.com/cgi-sys/defaultwebpage.cgi" "Mozilla/5.0 (X11; Linux x86_64) AppleWebKit/537.36 (KHTML, like Gecko) HeadlessChrome/125.0.6422.60 Safari/537.36"
205.169.39.231 - - [15/Jun/2025:22:10:08 +0000] "GET / HTTP/1.1" 200 163 "-" "Mozilla/5.0 (Windows NT 6.1; Win64; x64) AppleWebKit/537.36 (KHTML, like Gecko) Chrome/83.0.4103.61 Safari/537.36"
205.169.39.231 - - [15/Jun/2025:22:10:09 +0000] "GET /cgi-sys/defaultwebpage.cgi HTTP/1.1" 200 6964 "-" "Mozilla/5.0 (Windows NT 6.1; Win64; x64) AppleWebKit/537.36 (KHTML, like Gecko) Chrome/83.0.4103.61 Safari/537.36"
205.169.39.198 - - [15/Jun/2025:22:10:12 +0000] "GET / HTTP/1.1" 200 163 "-" "Mozilla/5.0 (Windows NT 6.1; Win64; x64) AppleWebKit/537.36 (KHTML, like Gecko) Chrome/83.0.4103.61 Safari/537.36"
205.169.39.231 - - [15/Jun/2025:22:10:13 +0000] "GET / HTTP/1.1" 200 163 "-" "Mozilla/5.0 (Windows NT 10.0; Win64; x64) AppleWebKit/537.36 (KHTML, like Gecko) Chrome/79.0.3945.79 Safari/537.36"
205.169.39.231 - - [15/Jun/2025:22:10:13 +0000] "GET /cgi-sys/defaultwebpage.cgi HTTP/1.1" 200 6964 "http://server1.ngambekcore.com/" "Mozilla/5.0 (Windows NT 10.0; Win64; x64) AppleWebKit/537.36 (KHTML, like Gecko) Chrome/79.0.3945.79 Safari/537.36"
205.169.39.231 - - [15/Jun/2025:22:10:13 +0000] "GET /img-sys/IP_changed.png HTTP/1.1" 200 2939 "http://server1.ngambekcore.com/cgi-sys/defaultwebpage.cgi" "Mozilla/5.0 (Windows NT 10.0; Win64; x64) AppleWebKit/537.36 (KHTML, like Gecko) Chrome/79.0.3945.79 Safari/537.36"
205.169.39.231 - - [15/Jun/2025:22:10:13 +0000] "GET /img-sys/server_misconfigured.png HTTP/1.1" 200 3164 "http://server1.ngambekcore.com/cgi-sys/defaultwebpage.cgi" "Mozilla/5.0 (Windows NT 10.0; Win64; x64) AppleWebKit/537.36 (KHTML, like Gecko) Chrome/79.0.3945.79 Safari/537.36"
205.169.39.231 - - [15/Jun/2025:22:10:13 +0000] "GET /img-sys/powered_by_cpanel.svg HTTP/1.1" 200 5617 "http://server1.ngambekcore.com/cgi-sys/defaultwebpage.cgi" "Mozilla/5.0 (Windows NT 10.0; Win64; x64) AppleWebKit/537.36 (KHTML, like Gecko) Chrome/79.0.3945.79 Safari/537.36"
205.169.39.231 - - [15/Jun/2025:22:10:13 +0000] "GET /img-sys/server_moved.png HTTP/1.1" 200 3327 "http://server1.ngambekcore.com/cgi-sys/defaultwebpage.cgi" "Mozilla/5.0 (Windows NT 10.0; Win64; x64) AppleWebKit/537.36 (KHTML, like Gecko) Chrome/79.0.3945.79 Safari/537.36"
205.169.39.231 - - [15/Jun/2025:22:10:13 +0000] "GET /img-sys/error-bg-left.png HTTP/1.1" 200 8072 "http://server1.ngambekcore.com/cgi-sys/defaultwebpage.cgi" "Mozilla/5.0 (Windows NT 10.0; Win64; x64) AppleWebKit/537.36 (KHTML, like Gecko) Chrome/79.0.3945.79 Safari/537.36"
205.169.39.198 - - [15/Jun/2025:22:10:16 +0000] "GET /cgi-sys/defaultwebpage.cgi HTTP/1.1" 200 6974 "-" "Mozilla/5.0 (Windows NT 6.1; Win64; x64) AppleWebKit/537.36 (KHTML, like Gecko) Chrome/83.0.4103.61 Safari/537.36"
34.122.147.229 - - [15/Jun/2025:22:10:17 +0000] "GET /img-sys/error-bg-left.png HTTP/1.1" 200 8072 "http://server1.ngambekcore.com/cgi-sys/defaultwebpage.cgi" "Mozilla/5.0 (X11; Linux x86_64) AppleWebKit/537.36 (KHTML, like Gecko) HeadlessChrome/125.0.6422.60 Safari/537.36"
209.74.73.66 - - [15/Jun/2025:22:10:18 +0000] "GET / HTTP/1.1" 200 163 "-" "Namecheap Monitoring Agent"
34.122.147.229 - - [15/Jun/2025:22:10:18 +0000] "GET /img-sys/error-bg-left.png HTTP/1.1" 200 8072 "http://mail.server1.ngambekcore.com/cgi-sys/defaultwebpage.cgi" "Mozilla/5.0 (X11; Linux x86_64) AppleWebKit/537.36 (KHTML, like Gecko) HeadlessChrome/125.0.6422.60 Safari/537.36"
205.169.39.198 - - [15/Jun/2025:22:10:19 +0000] "GET / HTTP/1.1" 200 163 "-" "Mozilla/5.0 (Windows NT 10.0; Win64; x64) AppleWebKit/537.36 (KHTML, like Gecko) Chrome/79.0.3945.79 Safari/537.36"
205.169.39.198 - - [15/Jun/2025:22:10:19 +0000] "GET /cgi-sys/defaultwebpage.cgi HTTP/1.1" 200 6974 "http://mail.server1.ngambekcore.com/" "Mozilla/5.0 (Windows NT 10.0; Win64; x64) AppleWebKit/537.36 (KHTML, like Gecko) Chrome/79.0.3945.79 Safari/537.36"
205.169.39.198 - - [15/Jun/2025:22:10:19 +0000] "GET /img-sys/IP_changed.png HTTP/1.1" 200 2939 "http://mail.server1.ngambekcore.com/cgi-sys/defaultwebpage.cgi" "Mozilla/5.0 (Windows NT 10.0; Win64; x64) AppleWebKit/537.36 (KHTML, like Gecko) Chrome/79.0.3945.79 Safari/537.36"
205.169.39.198 - - [15/Jun/2025:22:10:19 +0000] "GET /img-sys/server_misconfigured.png HTTP/1.1" 200 3164 "http://mail.server1.ngambekcore.com/cgi-sys/defaultwebpage.cgi" "Mozilla/5.0 (Windows NT 10.0; Win64; x64) AppleWebKit/537.36 (KHTML, like Gecko) Chrome/79.0.3945.79 Safari/537.36"
205.169.39.198 - - [15/Jun/2025:22:10:19 +0000] "GET /img-sys/server_moved.png HTTP/1.1" 200 3327 "http://mail.server1.ngambekcore.com/cgi-sys/defaultwebpage.cgi" "Mozilla/5.0 (Windows NT 10.0; Win64; x64) AppleWebKit/537.36 (KHTML, like Gecko) Chrome/79.0.3945.79 Safari/537.36"
205.169.39.198 - - [15/Jun/2025:22:10:19 +0000] "GET /img-sys/error-bg-left.png HTTP/1.1" 200 8072 "http://mail.server1.ngambekcore.com/cgi-sys/defaultwebpage.cgi" "Mozilla/5.0 (Windows NT 10.0; Win64; x64) AppleWebKit/537.36 (KHTML, like Gecko) Chrome/79.0.3945.79 Safari/537.36"
205.169.39.198 - - [15/Jun/2025:22:10:19 +0000] "GET /img-sys/powered_by_cpanel.svg HTTP/1.1" 200 5617 "http://mail.server1.ngambekcore.com/cgi-sys/defaultwebpage.cgi" "Mozilla/5.0 (Windows NT 10.0; Win64; x64) AppleWebKit/537.36 (KHTML, like Gecko) Chrome/79.0.3945.79 Safari/537.36"
195.211.77.140 - - [15/Jun/2025:22:10:20 +0000] "HEAD / HTTP/1.1" 200 - "-" "Mozilla/5.0 (Windows NT 10.0; Win64; x64) AppleWebKit/537.36 (KHTML, like Gecko) Chrome/108.0.0.0 Safari/537.36"
195.211.77.142 - - [15/Jun/2025:22:10:42 +0000] "GET / HTTP/1.1" 200 163 "-" "Mozilla/5.0 (Windows NT 10.0; Win64; x64) AppleWebKit/537.36 (KHTML, like Gecko) Chrome/108.0.0.0 Safari/537.36"
195.123.244.84 - - [15/Jun/2025:22:11:10 +0000] "HEAD / HTTP/1.1" 200 - "-" "Mozilla/5.0 (Windows NT 10.0; Win64; x64) AppleWebKit/537.36 (KHTML, like Gecko) Chrome/91.0.4472.124 Safari/537.36"
195.123.244.84 - - [15/Jun/2025:22:11:11 +0000] "GET / HTTP/1.1" 200 163 "-" "Mozilla/5.0 (X11; Linux x86_64) AppleWebKit/537.36 (KHTML, like Gecko) Chrome/91.0.4472.124 Safari/537.36"
198.177.126.50 - - [15/Jun/2025:22:12:06 +0000] "GET / HTTP/1.1" 200 163 "-" "Namecheap Monitoring Agent"
205.169.39.15 - - [15/Jun/2025:22:12:23 +0000] "GET / HTTP/1.1" 200 163 "-" "Mozilla/5.0 (Windows NT 10.0; Win64; x64) AppleWebKit/537.36 (KHTML, like Gecko) Chrome/117.0.5938.132 Safari/537.36"
205.169.39.0 - - [15/Jun/2025:22:12:27 +0000] "GET / HTTP/1.1" 200 163 "-" "Mozilla/5.0 (Windows NT 10.0; Win64; x64) AppleWebKit/537.36 (KHTML, like Gecko) Chrome/117.0.5938.132 Safari/537.36"
205.169.39.15 - - [15/Jun/2025:22:12:27 +0000] "GET /cgi-sys/defaultwebpage.cgi HTTP/1.1" 200 6964 "http://server1.ngambekcore.com/" "Mozilla/5.0 (Windows NT 10.0; Win64; x64) AppleWebKit/537.36 (KHTML, like Gecko) Chrome/117.0.5938.132 Safari/537.36"
205.169.39.15 - - [15/Jun/2025:22:12:27 +0000] "GET /img-sys/IP_changed.png HTTP/1.1" 200 2939 "http://server1.ngambekcore.com/cgi-sys/defaultwebpage.cgi" "Mozilla/5.0 (Windows NT 10.0; Win64; x64) AppleWebKit/537.36 (KHTML, like Gecko) Chrome/117.0.5938.132 Safari/537.36"
205.169.39.15 - - [15/Jun/2025:22:12:27 +0000] "GET /img-sys/server_misconfigured.png HTTP/1.1" 200 3164 "http://server1.ngambekcore.com/cgi-sys/defaultwebpage.cgi" "Mozilla/5.0 (Windows NT 10.0; Win64; x64) AppleWebKit/537.36 (KHTML, like Gecko) Chrome/117.0.5938.132 Safari/537.36"
205.169.39.15 - - [15/Jun/2025:22:12:27 +0000] "GET /img-sys/server_moved.png HTTP/1.1" 200 3327 "http://server1.ngambekcore.com/cgi-sys/defaultwebpage.cgi" "Mozilla/5.0 (Windows NT 10.0; Win64; x64) AppleWebKit/537.36 (KHTML, like Gecko) Chrome/117.0.5938.132 Safari/537.36"
205.169.39.15 - - [15/Jun/2025:22:12:27 +0000] "GET /img-sys/powered_by_cpanel.svg HTTP/1.1" 200 5617 "http://server1.ngambekcore.com/cgi-sys/defaultwebpage.cgi" "Mozilla/5.0 (Windows NT 10.0; Win64; x64) AppleWebKit/537.36 (KHTML, like Gecko) Chrome/117.0.5938.132 Safari/537.36"
205.169.39.15 - - [15/Jun/2025:22:12:27 +0000] "GET /img-sys/error-bg-left.png HTTP/1.1" 200 8072 "http://server1.ngambekcore.com/cgi-sys/defaultwebpage.cgi" "Mozilla/5.0 (Windows NT 10.0; Win64; x64) AppleWebKit/537.36 (KHTML, like Gecko) Chrome/117.0.5938.132 Safari/537.36"
205.169.39.0 - - [15/Jun/2025:22:12:31 +0000] "GET /cgi-sys/defaultwebpage.cgi HTTP/1.1" 200 6974 "http://mail.server1.ngambekcore.com/" "Mozilla/5.0 (Windows NT 10.0; Win64; x64) AppleWebKit/537.36 (KHTML, like Gecko) Chrome/117.0.5938.132 Safari/537.36"
205.169.39.0 - - [15/Jun/2025:22:12:31 +0000] "GET /img-sys/IP_changed.png HTTP/1.1" 200 2939 "http://mail.server1.ngambekcore.com/cgi-sys/defaultwebpage.cgi" "Mozilla/5.0 (Windows NT 10.0; Win64; x64) AppleWebKit/537.36 (KHTML, like Gecko) Chrome/117.0.5938.132 Safari/537.36"
205.169.39.0 - - [15/Jun/2025:22:12:31 +0000] "GET /img-sys/server_moved.png HTTP/1.1" 200 3327 "http://mail.server1.ngambekcore.com/cgi-sys/defaultwebpage.cgi" "Mozilla/5.0 (Windows NT 10.0; Win64; x64) AppleWebKit/537.36 (KHTML, like Gecko) Chrome/117.0.5938.132 Safari/537.36"
205.169.39.0 - - [15/Jun/2025:22:12:31 +0000] "GET /img-sys/server_misconfigured.png HTTP/1.1" 200 3164 "http://mail.server1.ngambekcore.com/cgi-sys/defaultwebpage.cgi" "Mozilla/5.0 (Windows NT 10.0; Win64; x64) AppleWebKit/537.36 (KHTML, like Gecko) Chrome/117.0.5938.132 Safari/537.36"
205.169.39.0 - - [15/Jun/2025:22:12:31 +0000] "GET /img-sys/powered_by_cpanel.svg HTTP/1.1" 200 5617 "http://mail.server1.ngambekcore.com/cgi-sys/defaultwebpage.cgi" "Mozilla/5.0 (Windows NT 10.0; Win64; x64) AppleWebKit/537.36 (KHTML, like Gecko) Chrome/117.0.5938.132 Safari/537.36"
205.169.39.0 - - [15/Jun/2025:22:12:31 +0000] "GET /img-sys/error-bg-left.png HTTP/1.1" 200 8072 "http://mail.server1.ngambekcore.com/cgi-sys/defaultwebpage.cgi" "Mozilla/5.0 (Windows NT 10.0; Win64; x64) AppleWebKit/537.36 (KHTML, like Gecko) Chrome/117.0.5938.132 Safari/537.36"
198.54.118.134 - - [15/Jun/2025:22:12:41 +0000] "GET / HTTP/1.1" 200 163 "-" "Namecheap Monitoring Agent"
209.74.73.66 - - [15/Jun/2025:22:13:15 +0000] "GET / HTTP/1.1" 200 163 "-" "Namecheap Monitoring Agent"
127.0.0.1 - - [15/Jun/2025:22:15:01 +0000] "GET /whm-server-status HTTP/1.0" 200 40208 "-" "-"
127.0.0.1 - - [15/Jun/2025:22:15:02 +0000] "GET /whm-server-status?auto HTTP/1.1" 200 1418 "-" "munin/2.0.73 (libwww-perl/6.67)"
198.177.126.50 - - [15/Jun/2025:22:15:03 +0000] "GET / HTTP/1.1" 200 163 "-" "Namecheap Monitoring Agent"
127.0.0.1 - - [15/Jun/2025:22:15:04 +0000] "GET /whm-server-status?auto HTTP/1.1" 200 1418 "-" "munin/2.0.73 (libwww-perl/6.67)"
::1 - - [15/Jun/2025:22:15:05 +0000] "GET / HTTP/1.1" 200 163 "-" "Munin - http_loadtime"
127.0.0.1 - - [15/Jun/2025:22:15:06 +0000] "GET /whm-server-status?auto HTTP/1.1" 200 1419 "-" "munin/2.0.73 (libwww-perl/6.67)"
198.54.118.134 - - [15/Jun/2025:22:15:38 +0000] "GET / HTTP/1.1" 200 163 "-" "Namecheap Monitoring Agent"
209.74.73.66 - - [15/Jun/2025:22:16:15 +0000] "GET / HTTP/1.1" 200 163 "-" "Namecheap Monitoring Agent"
198.177.126.50 - - [15/Jun/2025:22:18:00 +0000] "GET / HTTP/1.1" 200 163 "-" "Namecheap Monitoring Agent"
192.175.111.247 - - [15/Jun/2025:22:18:22 +0000] "GET / HTTP/1.1" 200 163 "-" "Mozilla/5.0 (Windows NT 10.0; Win64; x64) AppleWebKit/537.36 (KHTML, like Gecko) Chrome/137.0.0.0 Safari/537.36"
192.175.111.234 - - [15/Jun/2025:22:18:24 +0000] "GET / HTTP/1.1" 200 163 "-" "Mozilla/5.0 (Windows NT 10.0; Win64; x64) AppleWebKit/537.36 (KHTML, like Gecko) Chrome/137.0.0.0 Safari/537.36"
64.15.129.125 - - [15/Jun/2025:22:18:24 +0000] "GET /favicon.ico HTTP/1.1" 404 10118 "-" "Mozilla/5.0 (Windows NT 10.0; Win64; x64) AppleWebKit/537.36 (KHTML, like Gecko) Chrome/137.0.0.0 Safari/537.36"
64.15.129.120 - - [15/Jun/2025:22:18:25 +0000] "GET / HTTP/1.1" 200 163 "-" "Mozilla/5.0 (Windows NT 10.0; Win64; x64) AppleWebKit/537.36 (KHTML, like Gecko) Chrome/137.0.0.0 Safari/537.36"
192.175.111.248 - - [15/Jun/2025:22:18:25 +0000] "GET /cgi-sys/defaultwebpage.cgi HTTP/1.1" 200 6974 "-" "Mozilla/5.0 (Windows NT 10.0; Win64; x64) AppleWebKit/537.36 (KHTML, like Gecko) Chrome/137.0.0.0 Safari/537.36"
64.15.129.113 - - [15/Jun/2025:22:18:26 +0000] "GET / HTTP/1.1" 200 163 "-" "Mozilla/5.0 (Windows NT 10.0; Win64; x64) AppleWebKit/537.36 (KHTML, like Gecko) Chrome/137.0.0.0 Safari/537.36"
64.15.129.119 - - [15/Jun/2025:22:18:26 +0000] "GET / HTTP/1.1" 200 163 "-" "Mozilla/5.0 (Windows NT 10.0; Win64; x64) AppleWebKit/537.36 (KHTML, like Gecko) Chrome/137.0.0.0 Safari/537.36"
64.15.129.124 - - [15/Jun/2025:22:18:27 +0000] "GET / HTTP/1.1" 200 163 "-" "Mozilla/5.0 (Windows NT 10.0; Win64; x64) AppleWebKit/537.36 (KHTML, like Gecko) Chrome/137.0.0.0 Safari/537.36"
192.175.111.254 - - [15/Jun/2025:22:18:27 +0000] "GET /favicon.ico HTTP/1.1" 404 10103 "-" "Mozilla/5.0 (Windows NT 10.0; Win64; x64) AppleWebKit/537.36 (KHTML, like Gecko) Chrome/137.0.0.0 Safari/537.36"
192.175.111.249 - - [15/Jun/2025:22:18:27 +0000] "GET / HTTP/1.1" 200 163 "-" "Mozilla/5.0 (Windows NT 10.0; Win64; x64) AppleWebKit/537.36 (KHTML, like Gecko) Chrome/137.0.0.0 Safari/537.36"
192.175.111.239 - - [15/Jun/2025:22:18:27 +0000] "GET /cgi-sys/defaultwebpage.cgi HTTP/1.1" 200 6964 "-" "Mozilla/5.0 (Windows NT 10.0; Win64; x64) AppleWebKit/537.36 (KHTML, like Gecko) Chrome/137.0.0.0 Safari/537.36"
192.175.111.247 - - [15/Jun/2025:22:18:28 +0000] "GET / HTTP/1.1" 200 163 "-" "Mozilla/5.0 (Windows NT 10.0; Win64; x64) AppleWebKit/537.36 (KHTML, like Gecko) Chrome/137.0.0.0 Safari/537.36"
192.175.111.247 - - [15/Jun/2025:22:18:28 +0000] "GET /cgi-sys/defaultwebpage.cgi HTTP/1.1" 200 6964 "-" "Mozilla/5.0 (Windows NT 10.0; Win64; x64) AppleWebKit/537.36 (KHTML, like Gecko) Chrome/137.0.0.0 Safari/537.36"
192.175.111.247 - - [15/Jun/2025:22:18:28 +0000] "GET / HTTP/1.1" 200 163 "-" "Mozilla/5.0 (Windows NT 10.0; Win64; x64) AppleWebKit/537.36 (KHTML, like Gecko) Chrome/137.0.0.0 Safari/537.36"
64.15.129.100 - - [15/Jun/2025:22:18:29 +0000] "GET / HTTP/1.1" 200 163 "-" "Mozilla/5.0 (Windows NT 10.0; Win64; x64) AppleWebKit/537.36 (KHTML, like Gecko) Chrome/137.0.0.0 Safari/537.36"
64.15.129.107 - - [15/Jun/2025:22:18:29 +0000] "GET / HTTP/1.1" 200 163 "-" "Mozilla/5.0 (Windows NT 10.0; Win64; x64) AppleWebKit/537.36 (KHTML, like Gecko) Chrome/137.0.0.0 Safari/537.36"
64.15.129.126 - - [15/Jun/2025:22:18:29 +0000] "GET /favicon.ico HTTP/1.1" 404 10115 "-" "Mozilla/5.0 (Windows NT 10.0; Win64; x64) AppleWebKit/537.36 (KHTML, like Gecko) Chrome/137.0.0.0 Safari/537.36"
192.175.111.230 - - [15/Jun/2025:22:18:30 +0000] "GET / HTTP/1.1" 200 163 "-" "Mozilla/5.0 (Windows NT 10.0; Win64; x64) AppleWebKit/537.36 (KHTML, like Gecko) Chrome/137.0.0.0 Safari/537.36"
192.175.111.247 - - [15/Jun/2025:22:18:30 +0000] "GET /cgi-sys/defaultwebpage.cgi HTTP/1.1" 200 6964 "-" "Mozilla/5.0 (Windows NT 10.0; Win64; x64) AppleWebKit/537.36 (KHTML, like Gecko) Chrome/137.0.0.0 Safari/537.36"
192.175.111.251 - - [15/Jun/2025:22:18:31 +0000] "GET / HTTP/1.1" 200 163 "-" "Mozilla/5.0 (Windows NT 10.0; Win64; x64) AppleWebKit/537.36 (KHTML, like Gecko) Chrome/137.0.0.0 Safari/537.36"
198.54.118.134 - - [15/Jun/2025:22:18:35 +0000] "GET / HTTP/1.1" 200 163 "-" "Namecheap Monitoring Agent"
209.74.73.66 - - [15/Jun/2025:22:19:15 +0000] "GET / HTTP/1.1" 200 163 "-" "Namecheap Monitoring Agent"
127.0.0.1 - - [15/Jun/2025:22:20:01 +0000] "GET /whm-server-status HTTP/1.0" 200 40267 "-" "-"
127.0.0.1 - - [15/Jun/2025:22:20:02 +0000] "GET /whm-server-status?auto HTTP/1.1" 200 1422 "-" "munin/2.0.73 (libwww-perl/6.67)"
127.0.0.1 - - [15/Jun/2025:22:20:03 +0000] "GET /whm-server-status?auto HTTP/1.1" 200 1422 "-" "munin/2.0.73 (libwww-perl/6.67)"
::1 - - [15/Jun/2025:22:20:05 +0000] "GET / HTTP/1.1" 200 163 "-" "Munin - http_loadtime"
127.0.0.1 - - [15/Jun/2025:22:20:05 +0000] "GET /whm-server-status?auto HTTP/1.1" 200 1422 "-" "munin/2.0.73 (libwww-perl/6.67)"
127.0.0.1 - - [15/Jun/2025:22:20:45 +0000] "GET / HTTP/1.0" 200 163 "-" "-"
198.177.126.50 - - [15/Jun/2025:22:20:57 +0000] "GET / HTTP/1.1" 200 163 "-" "Namecheap Monitoring Agent"
198.54.118.134 - - [15/Jun/2025:22:21:32 +0000] "GET / HTTP/1.1" 200 163 "-" "Namecheap Monitoring Agent"
2a06:98c0:3600::103 - - [15/Jun/2025:22:21:59 +0000] "GET /wp-admin/setup-config.php HTTP/1.1" 404 10098 "-" "Mozilla/5.0 (Windows NT 10.0; Win64; x64) AppleWebKit/537.36 (KHTML, like Gecko) Chrome/137.0.0.0 Safari/537.36"
209.74.73.66 - - [15/Jun/2025:22:22:15 +0000] "GET / HTTP/1.1" 200 163 "-" "Namecheap Monitoring Agent"
199.45.155.67 - - [15/Jun/2025:22:22:41 +0000] "GET / HTTP/1.1" 200 163 "-" "Mozilla/5.0 (compatible; CensysInspect/1.1; +https://about.censys.io/)"
199.45.155.67 - - [15/Jun/2025:22:22:42 +0000] "GET /favicon.ico HTTP/1.1" 404 10073 "-" "Mozilla/5.0 (compatible; CensysInspect/1.1; +https://about.censys.io/)"
199.45.155.67 - - [15/Jun/2025:22:22:43 +0000] "PRI * HTTP/2.0" 400 10075 "-" "-"
199.45.155.67 - - [15/Jun/2025:22:22:49 +0000] "GET /favicon.ico HTTP/1.1" 404 10073 "-" "Mozilla/5.0 (compatible; CensysInspect/1.1; +https://about.censys.io/)"
199.45.155.67 - - [15/Jun/2025:22:22:50 +0000] "\x16\x03\x01" 400 10073 "-" "-"
199.45.155.67 - - [15/Jun/2025:22:22:54 +0000] "\x16\x03\x01" 400 10073 "-" "-"
199.45.155.67 - - [15/Jun/2025:22:22:55 +0000] "GET /sitemap.xml HTTP/1.1" 404 10073 "-" "Mozilla/5.0 (compatible; CensysInspect/1.1; +https://about.censys.io/)"
199.45.155.67 - - [15/Jun/2025:22:22:56 +0000] "GET /favicon.ico HTTP/1.1" 404 10073 "-" "Mozilla/5.0 (compatible; CensysInspect/1.1; +https://about.censys.io/)"
199.45.155.67 - - [15/Jun/2025:22:22:57 +0000] "\x16\x03\x01" 400 10073 "-" "-"
2a06:98c0:3600::103 - - [15/Jun/2025:22:23:46 +0000] "GET /wordpress/wp-admin/setup-config.php HTTP/1.1" 404 10118 "-" "Mozilla/5.0 (Windows NT 10.0; Win64; x64) AppleWebKit/537.36 (KHTML, like Gecko) Chrome/137.0.0.0 Safari/537.36"
