127.0.0.1 - - [15/Jun/2025:19:15:01 +0000] "GET /whm-server-status HTTP/1.0" 200 41133 "-" "-"
127.0.0.1 - - [15/Jun/2025:19:15:01 +0000] "GET /whm-server-status?auto HTTP/1.1" 200 1453 "-" "munin/2.0.73 (libwww-perl/6.67)"
127.0.0.1 - - [15/Jun/2025:19:15:03 +0000] "GET /whm-server-status?auto HTTP/1.1" 200 1454 "-" "munin/2.0.73 (libwww-perl/6.67)"
::1 - - [15/Jun/2025:19:15:04 +0000] "GET / HTTP/1.1" 200 163 "-" "Munin - http_loadtime"
127.0.0.1 - - [15/Jun/2025:19:15:05 +0000] "GET /whm-server-status?auto HTTP/1.1" 200 1453 "-" "munin/2.0.73 (libwww-perl/6.67)"
198.177.126.50 - - [15/Jun/2025:19:15:54 +0000] "GET / HTTP/1.1" 200 163 "-" "Namecheap Monitoring Agent"
209.74.73.66 - - [15/Jun/2025:19:15:59 +0000] "GET / HTTP/1.1" 200 163 "-" "Namecheap Monitoring Agent"
180.149.126.14 - - [15/Jun/2025:19:16:07 +0000] "GET /c/ HTTP/1.1" 404 10055 "-" "Mozilla/5.0 (Windows NT 5.1; Win64; x64) AppleWebKit/537.36 (KHTML, like Gecko) Chrome/60.0.3112.90 Safari/537.36"
198.54.118.134 - - [15/Jun/2025:19:17:35 +0000] "GET / HTTP/1.1" 200 163 "-" "Namecheap Monitoring Agent"
127.0.0.1 - - [15/Jun/2025:19:18:14 +0000] "GET / HTTP/1.0" 200 163 "-" "-"
198.177.126.50 - - [15/Jun/2025:19:18:49 +0000] "GET / HTTP/1.1" 200 163 "-" "Namecheap Monitoring Agent"
209.74.73.66 - - [15/Jun/2025:19:18:59 +0000] "GET / HTTP/1.1" 200 163 "-" "Namecheap Monitoring Agent"
127.0.0.1 - - [15/Jun/2025:19:20:01 +0000] "GET /whm-server-status HTTP/1.0" 200 41017 "-" "-"
127.0.0.1 - - [15/Jun/2025:19:20:03 +0000] "GET /whm-server-status?auto HTTP/1.1" 200 1452 "-" "munin/2.0.73 (libwww-perl/6.67)"
127.0.0.1 - - [15/Jun/2025:19:20:05 +0000] "GET /whm-server-status?auto HTTP/1.1" 200 1452 "-" "munin/2.0.73 (libwww-perl/6.67)"
::1 - - [15/Jun/2025:19:20:07 +0000] "GET / HTTP/1.1" 200 163 "-" "Munin - http_loadtime"
127.0.0.1 - - [15/Jun/2025:19:20:09 +0000] "GET /whm-server-status?auto HTTP/1.1" 200 1452 "-" "munin/2.0.73 (libwww-perl/6.67)"
198.54.118.134 - - [15/Jun/2025:19:20:35 +0000] "GET / HTTP/1.1" 200 163 "-" "Namecheap Monitoring Agent"
198.177.126.50 - - [15/Jun/2025:19:21:44 +0000] "GET / HTTP/1.1" 200 163 "-" "Namecheap Monitoring Agent"
209.74.73.66 - - [15/Jun/2025:19:21:59 +0000] "GET / HTTP/1.1" 200 163 "-" "Namecheap Monitoring Agent"
127.0.0.1 - - [15/Jun/2025:19:23:33 +0000] "GET / HTTP/1.0" 200 163 "-" "-"
198.54.118.134 - - [15/Jun/2025:19:23:35 +0000] "GET / HTTP/1.1" 200 163 "-" "Namecheap Monitoring Agent"
2a06:98c0:3600::103 - - [15/Jun/2025:19:24:17 +0000] "GET /wordpress/wp-admin/setup-config.php HTTP/1.1" 404 10118 "-" "Mozilla/5.0 (Windows NT 10.0; Win64; x64) AppleWebKit/537.36 (KHTML, like Gecko) Chrome/137.0.0.0 Safari/537.36"
2a06:98c0:3600::103 - - [15/Jun/2025:19:24:17 +0000] "GET /wp-admin/setup-config.php HTTP/1.1" 404 10098 "-" "Mozilla/5.0 (Windows NT 10.0; Win64; x64) AppleWebKit/537.36 (KHTML, like Gecko) Chrome/137.0.0.0 Safari/537.36"
198.177.126.50 - - [15/Jun/2025:19:24:39 +0000] "GET / HTTP/1.1" 200 163 "-" "Namecheap Monitoring Agent"
209.74.73.66 - - [15/Jun/2025:19:24:59 +0000] "GET / HTTP/1.1" 200 163 "-" "Namecheap Monitoring Agent"
127.0.0.1 - - [15/Jun/2025:19:25:01 +0000] "GET /whm-server-status HTTP/1.0" 200 41562 "-" "-"
127.0.0.1 - - [15/Jun/2025:19:25:04 +0000] "GET /whm-server-status?auto HTTP/1.1" 200 1452 "-" "munin/2.0.73 (libwww-perl/6.67)"
127.0.0.1 - - [15/Jun/2025:19:25:05 +0000] "GET /whm-server-status?auto HTTP/1.1" 200 1452 "-" "munin/2.0.73 (libwww-perl/6.67)"
::1 - - [15/Jun/2025:19:25:07 +0000] "GET / HTTP/1.1" 200 163 "-" "Munin - http_loadtime"
127.0.0.1 - - [15/Jun/2025:19:25:08 +0000] "GET /whm-server-status?auto HTTP/1.1" 200 1452 "-" "munin/2.0.73 (libwww-perl/6.67)"
2a06:98c0:3600::103 - - [15/Jun/2025:19:25:34 +0000] "GET /wp-admin/setup-config.php HTTP/1.1" 404 10098 "-" "Mozilla/5.0 (Windows NT 10.0; Win64; x64) AppleWebKit/537.36 (KHTML, like Gecko) Chrome/137.0.0.0 Safari/537.36"
2a06:98c0:3600::103 - - [15/Jun/2025:19:25:34 +0000] "GET /wordpress/wp-admin/setup-config.php HTTP/1.1" 404 10118 "-" "Mozilla/5.0 (Windows NT 10.0; Win64; x64) AppleWebKit/537.36 (KHTML, like Gecko) Chrome/137.0.0.0 Safari/537.36"
198.54.118.134 - - [15/Jun/2025:19:26:35 +0000] "GET / HTTP/1.1" 200 163 "-" "Namecheap Monitoring Agent"
198.177.126.50 - - [15/Jun/2025:19:27:34 +0000] "GET / HTTP/1.1" 200 163 "-" "Namecheap Monitoring Agent"
209.74.73.66 - - [15/Jun/2025:19:27:59 +0000] "GET / HTTP/1.1" 200 163 "-" "Namecheap Monitoring Agent"
198.54.118.134 - - [15/Jun/2025:19:29:35 +0000] "GET / HTTP/1.1" 200 163 "-" "Namecheap Monitoring Agent"
127.0.0.1 - - [15/Jun/2025:19:29:48 +0000] "GET / HTTP/1.0" 200 163 "-" "-"
127.0.0.1 - - [15/Jun/2025:19:30:01 +0000] "GET /whm-server-status HTTP/1.0" 200 40929 "-" "-"
127.0.0.1 - - [15/Jun/2025:19:30:03 +0000] "GET /whm-server-status?auto HTTP/1.1" 200 1452 "-" "munin/2.0.73 (libwww-perl/6.67)"
127.0.0.1 - - [15/Jun/2025:19:30:05 +0000] "GET /whm-server-status?auto HTTP/1.1" 200 1452 "-" "munin/2.0.73 (libwww-perl/6.67)"
::1 - - [15/Jun/2025:19:30:06 +0000] "GET / HTTP/1.1" 200 163 "-" "Munin - http_loadtime"
127.0.0.1 - - [15/Jun/2025:19:30:07 +0000] "GET /whm-server-status?auto HTTP/1.1" 200 1452 "-" "munin/2.0.73 (libwww-perl/6.67)"
198.177.126.50 - - [15/Jun/2025:19:30:29 +0000] "GET / HTTP/1.1" 200 163 "-" "Namecheap Monitoring Agent"
209.74.73.66 - - [15/Jun/2025:19:30:59 +0000] "GET / HTTP/1.1" 200 163 "-" "Namecheap Monitoring Agent"
198.54.118.134 - - [15/Jun/2025:19:32:35 +0000] "GET / HTTP/1.1" 200 163 "-" "Namecheap Monitoring Agent"
198.177.126.50 - - [15/Jun/2025:19:33:24 +0000] "GET / HTTP/1.1" 200 163 "-" "Namecheap Monitoring Agent"
209.74.73.66 - - [15/Jun/2025:19:33:59 +0000] "GET / HTTP/1.1" 200 163 "-" "Namecheap Monitoring Agent"
127.0.0.1 - - [15/Jun/2025:19:35:01 +0000] "GET /whm-server-status HTTP/1.0" 200 41101 "-" "-"
127.0.0.1 - - [15/Jun/2025:19:35:02 +0000] "GET /whm-server-status?auto HTTP/1.1" 200 1453 "-" "munin/2.0.73 (libwww-perl/6.67)"
127.0.0.1 - - [15/Jun/2025:19:35:03 +0000] "GET /whm-server-status?auto HTTP/1.1" 200 1452 "-" "munin/2.0.73 (libwww-perl/6.67)"
::1 - - [15/Jun/2025:19:35:05 +0000] "GET / HTTP/1.1" 200 163 "-" "Munin - http_loadtime"
127.0.0.1 - - [15/Jun/2025:19:35:05 +0000] "GET / HTTP/1.0" 200 163 "-" "-"
127.0.0.1 - - [15/Jun/2025:19:35:05 +0000] "GET /whm-server-status?auto HTTP/1.1" 200 1452 "-" "munin/2.0.73 (libwww-perl/6.67)"
198.54.118.134 - - [15/Jun/2025:19:35:35 +0000] "GET / HTTP/1.1" 200 163 "-" "Namecheap Monitoring Agent"
198.177.126.50 - - [15/Jun/2025:19:36:19 +0000] "GET / HTTP/1.1" 200 163 "-" "Namecheap Monitoring Agent"
209.74.73.66 - - [15/Jun/2025:19:36:59 +0000] "GET / HTTP/1.1" 200 163 "-" "Namecheap Monitoring Agent"
198.54.118.134 - - [15/Jun/2025:19:38:35 +0000] "GET / HTTP/1.1" 200 163 "-" "Namecheap Monitoring Agent"
198.177.126.50 - - [15/Jun/2025:19:39:18 +0000] "GET / HTTP/1.1" 200 163 "-" "Namecheap Monitoring Agent"
209.74.73.66 - - [15/Jun/2025:19:39:59 +0000] "GET / HTTP/1.1" 200 163 "-" "Namecheap Monitoring Agent"
127.0.0.1 - - [15/Jun/2025:19:40:01 +0000] "GET /whm-server-status HTTP/1.0" 200 41097 "-" "-"
127.0.0.1 - - [15/Jun/2025:19:40:02 +0000] "GET /whm-server-status?auto HTTP/1.1" 200 1454 "-" "munin/2.0.73 (libwww-perl/6.67)"
127.0.0.1 - - [15/Jun/2025:19:40:04 +0000] "GET /whm-server-status?auto HTTP/1.1" 200 1453 "-" "munin/2.0.73 (libwww-perl/6.67)"
::1 - - [15/Jun/2025:19:40:05 +0000] "GET / HTTP/1.1" 200 163 "-" "Munin - http_loadtime"
127.0.0.1 - - [15/Jun/2025:19:40:05 +0000] "GET /whm-server-status?auto HTTP/1.1" 200 1452 "-" "munin/2.0.73 (libwww-perl/6.67)"
45.58.159.138 - - [15/Jun/2025:19:40:21 +0000] "GET /favicon.ico HTTP/1.1" 404 10073 "-" "Mozilla/5.0 (Windows NT 10.0; Win64; x64) AppleWebKit/537.36 (KHTML, like Gecko) Chrome/108.0.0.0 Safari/537.36"
45.58.159.138 - - [15/Jun/2025:19:40:22 +0000] "GET /1.php HTTP/1.1" 404 10061 "-" "Mozilla/5.0 (Windows NT 10.0; Win64; x64) AppleWebKit/537.36 (KHTML, like Gecko) Chrome/108.0.0.0 Safari/537.36"
45.58.159.138 - - [15/Jun/2025:19:40:22 +0000] "GET /password.php HTTP/1.1" 404 10075 "-" "Mozilla/5.0 (Windows NT 10.0; Win64; x64) AppleWebKit/537.36 (KHTML, like Gecko) Chrome/108.0.0.0 Safari/537.36"
45.58.159.138 - - [15/Jun/2025:19:40:22 +0000] "GET /form.html HTTP/1.1" 404 10069 "-" "curl/8.1.2"
45.58.159.138 - - [15/Jun/2025:19:40:23 +0000] "GET /geoip/ HTTP/1.1" 404 10063 "-" "Mozilla/5.0 (Windows NT 10.0; Win64; x64) AppleWebKit/537.36 (KHTML, like Gecko) Chrome/108.0.0.0 Safari/537.36"
45.58.159.138 - - [15/Jun/2025:19:40:23 +0000] "\x16\x03\x01" 400 10073 "-" "-"
45.58.159.138 - - [15/Jun/2025:19:40:23 +0000] "\x16\x03\x01" 400 10073 "-" "-"
45.58.159.138 - - [15/Jun/2025:19:40:23 +0000] "\x16\x03\x01" 400 10073 "-" "-"
45.58.159.138 - - [15/Jun/2025:19:40:24 +0000] "GET /upl.php HTTP/1.1" 404 10065 "-" "Mozilla/5.0"
45.58.159.138 - - [15/Jun/2025:19:40:24 +0000] "GET /t4 HTTP/1.1" 404 10055 "-" "Mozilla/5.0"
45.58.159.138 - - [15/Jun/2025:19:40:24 +0000] "GET /systembc/password.php HTTP/1.1" 404 10093 "-" "Mozilla/5.0 (Windows NT 10.0; Win64; x64) AppleWebKit/537.36 (KHTML, like Gecko) Chrome/108.0.0.0 Safari/537.36"
68.183.112.26 - - [15/Jun/2025:19:40:28 +0000] "GET / HTTP/1.1" 200 163 "-" "Mozilla/5.0 (X11; Linux x86_64) AppleWebKit/537.36 (KHTML, like Gecko) Chrome/135.0.0.0 Safari/537.36"
68.183.112.26 - - [15/Jun/2025:19:40:28 +0000] "GET /favicon.ico HTTP/1.1" 404 10073 "http://159.198.77.92/" "Mozilla/5.0 (X11; Linux x86_64) AppleWebKit/537.36 (KHTML, like Gecko) Chrome/135.0.0.0 Safari/537.36"
127.0.0.1 - - [15/Jun/2025:19:40:37 +0000] "GET / HTTP/1.0" 200 163 "-" "-"
2a06:98c0:3600::103 - - [15/Jun/2025:19:41:34 +0000] "GET /wordpress/wp-admin/setup-config.php HTTP/1.1" 404 10118 "-" "Mozilla/5.0 (Windows NT 10.0; Win64; x64) AppleWebKit/537.36 (KHTML, like Gecko) Chrome/137.0.0.0 Safari/537.36"
2a06:98c0:3600::103 - - [15/Jun/2025:19:41:34 +0000] "GET /wordpress/wp-admin/setup-config.php HTTP/1.1" 404 10118 "-" "Mozilla/5.0 (Windows NT 10.0; Win64; x64) AppleWebKit/537.36 (KHTML, like Gecko) Chrome/137.0.0.0 Safari/537.36"
198.54.118.134 - - [15/Jun/2025:19:41:35 +0000] "GET / HTTP/1.1" 200 163 "-" "Namecheap Monitoring Agent"
2a06:98c0:3600::103 - - [15/Jun/2025:19:41:44 +0000] "GET /wp-admin/setup-config.php HTTP/1.1" 404 10098 "-" "Mozilla/5.0 (Windows NT 10.0; Win64; x64) AppleWebKit/537.36 (KHTML, like Gecko) Chrome/137.0.0.0 Safari/537.36"
198.177.126.50 - - [15/Jun/2025:19:42:14 +0000] "GET / HTTP/1.1" 200 163 "-" "Namecheap Monitoring Agent"
209.74.73.66 - - [15/Jun/2025:19:42:54 +0000] "GET / HTTP/1.1" 200 163 "-" "Namecheap Monitoring Agent"
2a06:98c0:3600::103 - - [15/Jun/2025:19:43:36 +0000] "GET /wp-admin/setup-config.php HTTP/1.1" 404 10098 "-" "Mozilla/5.0 (Windows NT 10.0; Win64; x64) AppleWebKit/537.36 (KHTML, like Gecko) Chrome/137.0.0.0 Safari/537.36"
198.54.118.134 - - [15/Jun/2025:19:44:27 +0000] "GET / HTTP/1.1" 200 163 "-" "Namecheap Monitoring Agent"
127.0.0.1 - - [15/Jun/2025:19:45:01 +0000] "GET /whm-server-status HTTP/1.0" 200 42112 "-" "-"
127.0.0.1 - - [15/Jun/2025:19:45:02 +0000] "GET /whm-server-status?auto HTTP/1.1" 200 1455 "-" "munin/2.0.73 (libwww-perl/6.67)"
127.0.0.1 - - [15/Jun/2025:19:45:03 +0000] "GET /whm-server-status?auto HTTP/1.1" 200 1455 "-" "munin/2.0.73 (libwww-perl/6.67)"
::1 - - [15/Jun/2025:19:45:04 +0000] "GET / HTTP/1.1" 200 163 "-" "Munin - http_loadtime"
127.0.0.1 - - [15/Jun/2025:19:45:05 +0000] "GET /whm-server-status?auto HTTP/1.1" 200 1455 "-" "munin/2.0.73 (libwww-perl/6.67)"
198.177.126.50 - - [15/Jun/2025:19:45:10 +0000] "GET / HTTP/1.1" 200 163 "-" "Namecheap Monitoring Agent"
209.74.73.66 - - [15/Jun/2025:19:45:49 +0000] "GET / HTTP/1.1" 200 163 "-" "Namecheap Monitoring Agent"
127.0.0.1 - - [15/Jun/2025:19:46:01 +0000] "GET / HTTP/1.0" 200 163 "-" "-"
43.163.3.40 - - [15/Jun/2025:19:46:35 +0000] "GET / HTTP/1.1" 200 163 "-" "Mozilla/5.0 (Windows NT 10.0; Win64; x64) AppleWebKit/537.36 (KHTML, like Gecko) Chrome/58.0.3029.110 Safari/537.3"
198.54.118.134 - - [15/Jun/2025:19:47:20 +0000] "GET / HTTP/1.1" 200 163 "-" "Namecheap Monitoring Agent"
198.177.126.50 - - [15/Jun/2025:19:48:06 +0000] "GET / HTTP/1.1" 200 163 "-" "Namecheap Monitoring Agent"
209.74.73.66 - - [15/Jun/2025:19:48:44 +0000] "GET / HTTP/1.1" 200 163 "-" "Namecheap Monitoring Agent"
127.0.0.1 - - [15/Jun/2025:19:50:01 +0000] "GET /whm-server-status HTTP/1.0" 200 41350 "-" "-"
127.0.0.1 - - [15/Jun/2025:19:50:02 +0000] "GET /whm-server-status?auto HTTP/1.1" 200 1452 "-" "munin/2.0.73 (libwww-perl/6.67)"
127.0.0.1 - - [15/Jun/2025:19:50:03 +0000] "GET /whm-server-status?auto HTTP/1.1" 200 1451 "-" "munin/2.0.73 (libwww-perl/6.67)"
::1 - - [15/Jun/2025:19:50:05 +0000] "GET / HTTP/1.1" 200 163 "-" "Munin - http_loadtime"
127.0.0.1 - - [15/Jun/2025:19:50:05 +0000] "GET /whm-server-status?auto HTTP/1.1" 200 1450 "-" "munin/2.0.73 (libwww-perl/6.67)"
198.54.118.134 - - [15/Jun/2025:19:50:12 +0000] "GET / HTTP/1.1" 200 163 "-" "Namecheap Monitoring Agent"
198.177.126.50 - - [15/Jun/2025:19:51:02 +0000] "GET / HTTP/1.1" 200 163 "-" "Namecheap Monitoring Agent"
209.74.73.66 - - [15/Jun/2025:19:51:39 +0000] "GET / HTTP/1.1" 200 163 "-" "Namecheap Monitoring Agent"
127.0.0.1 - - [15/Jun/2025:19:52:53 +0000] "GET / HTTP/1.0" 200 163 "-" "-"
198.54.118.134 - - [15/Jun/2025:19:53:04 +0000] "GET / HTTP/1.1" 200 163 "-" "Namecheap Monitoring Agent"
198.177.126.50 - - [15/Jun/2025:19:53:58 +0000] "GET / HTTP/1.1" 200 163 "-" "Namecheap Monitoring Agent"
209.74.73.66 - - [15/Jun/2025:19:54:34 +0000] "GET / HTTP/1.1" 200 163 "-" "Namecheap Monitoring Agent"
127.0.0.1 - - [15/Jun/2025:19:55:01 +0000] "GET /whm-server-status HTTP/1.0" 200 41303 "-" "-"
127.0.0.1 - - [15/Jun/2025:19:55:02 +0000] "GET /whm-server-status?auto HTTP/1.1" 200 1453 "-" "munin/2.0.73 (libwww-perl/6.67)"
127.0.0.1 - - [15/Jun/2025:19:55:04 +0000] "GET /whm-server-status?auto HTTP/1.1" 200 1453 "-" "munin/2.0.73 (libwww-perl/6.67)"
::1 - - [15/Jun/2025:19:55:05 +0000] "GET / HTTP/1.1" 200 163 "-" "Munin - http_loadtime"
127.0.0.1 - - [15/Jun/2025:19:55:06 +0000] "GET /whm-server-status?auto HTTP/1.1" 200 1452 "-" "munin/2.0.73 (libwww-perl/6.67)"
198.54.118.134 - - [15/Jun/2025:19:55:57 +0000] "GET / HTTP/1.1" 200 163 "-" "Namecheap Monitoring Agent"
198.177.126.50 - - [15/Jun/2025:19:56:54 +0000] "GET / HTTP/1.1" 200 163 "-" "Namecheap Monitoring Agent"
209.74.73.66 - - [15/Jun/2025:19:57:29 +0000] "GET / HTTP/1.1" 200 163 "-" "Namecheap Monitoring Agent"
127.0.0.1 - - [15/Jun/2025:19:58:16 +0000] "GET / HTTP/1.0" 200 163 "-" "-"
198.54.118.134 - - [15/Jun/2025:19:58:49 +0000] "GET / HTTP/1.1" 200 163 "-" "Namecheap Monitoring Agent"
198.177.126.50 - - [15/Jun/2025:19:59:44 +0000] "GET / HTTP/1.1" 200 163 "-" "Namecheap Monitoring Agent"
127.0.0.1 - - [15/Jun/2025:20:00:01 +0000] "GET /whm-server-status HTTP/1.0" 200 40991 "-" "-"
127.0.0.1 - - [15/Jun/2025:20:00:03 +0000] "GET /whm-server-status?auto HTTP/1.1" 200 1367 "-" "munin/2.0.73 (libwww-perl/6.67)"
127.0.0.1 - - [15/Jun/2025:20:00:05 +0000] "GET /whm-server-status?auto HTTP/1.1" 200 1367 "-" "munin/2.0.73 (libwww-perl/6.67)"
::1 - - [15/Jun/2025:20:00:07 +0000] "GET / HTTP/1.1" 200 163 "-" "Munin - http_loadtime"
127.0.0.1 - - [15/Jun/2025:20:00:08 +0000] "GET /whm-server-status?auto HTTP/1.1" 200 1362 "-" "munin/2.0.73 (libwww-perl/6.67)"
209.74.73.66 - - [15/Jun/2025:20:00:24 +0000] "GET / HTTP/1.1" 200 163 "-" "Namecheap Monitoring Agent"
49.51.196.42 - - [15/Jun/2025:20:00:37 +0000] "GET / HTTP/1.1" 200 163 "-" "Mozilla/5.0 (iPhone; CPU iPhone OS 13_2_3 like Mac OS X) AppleWebKit/605.1.15 (KHTML, like Gecko) Version/13.0.3 Mobile/15E148 Safari/604.1"
2a06:98c0:3600::103 - - [15/Jun/2025:20:00:59 +0000] "GET /wp-admin/setup-config.php HTTP/1.1" 404 10098 "-" "Mozilla/5.0 (Windows NT 10.0; Win64; x64) AppleWebKit/537.36 (KHTML, like Gecko) Chrome/137.0.0.0 Safari/537.36"
198.54.118.134 - - [15/Jun/2025:20:01:41 +0000] "GET / HTTP/1.1" 200 163 "-" "Namecheap Monitoring Agent"
198.177.126.50 - - [15/Jun/2025:20:02:42 +0000] "GET / HTTP/1.1" 200 163 "-" "Namecheap Monitoring Agent"
209.74.73.66 - - [15/Jun/2025:20:03:19 +0000] "GET / HTTP/1.1" 200 163 "-" "Namecheap Monitoring Agent"
2a06:98c0:3600::103 - - [15/Jun/2025:20:03:23 +0000] "GET /wp-admin/setup-config.php HTTP/1.1" 404 10098 "-" "Mozilla/5.0 (Windows NT 10.0; Win64; x64) AppleWebKit/537.36 (KHTML, like Gecko) Chrome/137.0.0.0 Safari/537.36"
2a06:98c0:3600::103 - - [15/Jun/2025:20:03:32 +0000] "GET /wordpress/wp-admin/setup-config.php HTTP/1.1" 404 10118 "-" "Mozilla/5.0 (Windows NT 10.0; Win64; x64) AppleWebKit/537.36 (KHTML, like Gecko) Chrome/137.0.0.0 Safari/537.36"
2a06:98c0:3600::103 - - [15/Jun/2025:20:03:56 +0000] "GET /wordpress/wp-admin/setup-config.php HTTP/1.1" 404 10118 "-" "Mozilla/5.0 (Windows NT 10.0; Win64; x64) AppleWebKit/537.36 (KHTML, like Gecko) Chrome/137.0.0.0 Safari/537.36"
198.54.118.134 - - [15/Jun/2025:20:04:34 +0000] "GET / HTTP/1.1" 200 163 "-" "Namecheap Monitoring Agent"
127.0.0.1 - - [15/Jun/2025:20:05:01 +0000] "GET /whm-server-status HTTP/1.0" 200 41048 "-" "-"
127.0.0.1 - - [15/Jun/2025:20:05:03 +0000] "GET /whm-server-status?auto HTTP/1.1" 200 1448 "-" "munin/2.0.73 (libwww-perl/6.67)"
127.0.0.1 - - [15/Jun/2025:20:05:06 +0000] "GET /whm-server-status?auto HTTP/1.1" 200 1454 "-" "munin/2.0.73 (libwww-perl/6.67)"
::1 - - [15/Jun/2025:20:05:10 +0000] "GET / HTTP/1.1" 200 163 "-" "Munin - http_loadtime"
127.0.0.1 - - [15/Jun/2025:20:05:11 +0000] "GET / HTTP/1.0" 200 163 "-" "-"
127.0.0.1 - - [15/Jun/2025:20:05:12 +0000] "GET /whm-server-status?auto HTTP/1.1" 200 1457 "-" "munin/2.0.73 (libwww-perl/6.67)"
198.177.126.50 - - [15/Jun/2025:20:05:41 +0000] "GET / HTTP/1.1" 200 163 "-" "Namecheap Monitoring Agent"
209.74.73.66 - - [15/Jun/2025:20:06:14 +0000] "GET / HTTP/1.1" 200 163 "-" "Namecheap Monitoring Agent"
198.54.118.134 - - [15/Jun/2025:20:07:26 +0000] "GET / HTTP/1.1" 200 163 "-" "Namecheap Monitoring Agent"
198.177.126.50 - - [15/Jun/2025:20:08:40 +0000] "GET / HTTP/1.1" 200 163 "-" "Namecheap Monitoring Agent"
209.74.73.66 - - [15/Jun/2025:20:09:01 +0000] "GET / HTTP/1.1" 200 163 "-" "Namecheap Monitoring Agent"
127.0.0.1 - - [15/Jun/2025:20:10:02 +0000] "GET /whm-server-status HTTP/1.0" 200 41018 "-" "-"
127.0.0.1 - - [15/Jun/2025:20:10:05 +0000] "GET /whm-server-status?auto HTTP/1.1" 200 1458 "-" "munin/2.0.73 (libwww-perl/6.67)"
127.0.0.1 - - [15/Jun/2025:20:10:08 +0000] "GET /whm-server-status?auto HTTP/1.1" 200 1456 "-" "munin/2.0.73 (libwww-perl/6.67)"
::1 - - [15/Jun/2025:20:10:12 +0000] "GET / HTTP/1.1" 200 163 "-" "Munin - http_loadtime"
127.0.0.1 - - [15/Jun/2025:20:10:14 +0000] "GET /whm-server-status?auto HTTP/1.1" 200 1458 "-" "munin/2.0.73 (libwww-perl/6.67)"
127.0.0.1 - - [15/Jun/2025:20:10:15 +0000] "GET / HTTP/1.0" 200 163 "-" "-"
198.54.118.134 - - [15/Jun/2025:20:10:22 +0000] "GET / HTTP/1.1" 200 163 "-" "Namecheap Monitoring Agent"
198.177.126.50 - - [15/Jun/2025:20:11:39 +0000] "GET / HTTP/1.1" 200 163 "-" "Namecheap Monitoring Agent"
209.74.73.66 - - [15/Jun/2025:20:11:58 +0000] "GET / HTTP/1.1" 200 163 "-" "Namecheap Monitoring Agent"
204.76.203.219 - - [15/Jun/2025:20:12:14 +0000] "GET / HTTP/1.1" 200 163 "-" "Mozilla/5.0 (Windows NT 10.0; Win64; x64) AppleWebKit/537.36 (KHTML, like Gecko) Chrome/90.0.4430.85 Safari/537.36 Edg/90.0.818.46"
198.54.118.134 - - [15/Jun/2025:20:13:18 +0000] "GET / HTTP/1.1" 200 163 "-" "Namecheap Monitoring Agent"
198.177.126.50 - - [15/Jun/2025:20:14:32 +0000] "GET / HTTP/1.1" 200 163 "-" "Namecheap Monitoring Agent"
209.74.73.66 - - [15/Jun/2025:20:14:55 +0000] "GET / HTTP/1.1" 200 163 "-" "Namecheap Monitoring Agent"
127.0.0.1 - - [15/Jun/2025:20:15:02 +0000] "GET /whm-server-status HTTP/1.0" 200 41062 "-" "-"
127.0.0.1 - - [15/Jun/2025:20:15:05 +0000] "GET /whm-server-status?auto HTTP/1.1" 200 1458 "-" "munin/2.0.73 (libwww-perl/6.67)"
127.0.0.1 - - [15/Jun/2025:20:15:09 +0000] "GET /whm-server-status?auto HTTP/1.1" 200 1459 "-" "munin/2.0.73 (libwww-perl/6.67)"
::1 - - [15/Jun/2025:20:15:13 +0000] "GET / HTTP/1.1" 200 163 "-" "Munin - http_loadtime"
127.0.0.1 - - [15/Jun/2025:20:15:16 +0000] "GET /whm-server-status?auto HTTP/1.1" 200 1458 "-" "munin/2.0.73 (libwww-perl/6.67)"
127.0.0.1 - - [15/Jun/2025:20:15:17 +0000] "GET / HTTP/1.0" 200 163 "-" "-"
198.54.118.134 - - [15/Jun/2025:20:16:13 +0000] "GET / HTTP/1.1" 200 163 "-" "Namecheap Monitoring Agent"
198.177.126.50 - - [15/Jun/2025:20:17:25 +0000] "GET / HTTP/1.1" 200 163 "-" "Namecheap Monitoring Agent"
209.74.73.66 - - [15/Jun/2025:20:17:52 +0000] "GET / HTTP/1.1" 200 163 "-" "Namecheap Monitoring Agent"
198.54.118.134 - - [15/Jun/2025:20:19:09 +0000] "GET / HTTP/1.1" 200 163 "-" "Namecheap Monitoring Agent"
2a06:98c0:3600::103 - - [15/Jun/2025:20:20:00 +0000] "GET /wp-admin/setup-config.php HTTP/1.1" 404 10098 "-" "Mozilla/5.0 (Windows NT 10.0; Win64; x64) AppleWebKit/537.36 (KHTML, like Gecko) Chrome/137.0.0.0 Safari/537.36"
127.0.0.1 - - [15/Jun/2025:20:20:01 +0000] "GET /whm-server-status HTTP/1.0" 200 41075 "-" "-"
127.0.0.1 - - [15/Jun/2025:20:20:05 +0000] "GET /whm-server-status?auto HTTP/1.1" 200 1461 "-" "munin/2.0.73 (libwww-perl/6.67)"
127.0.0.1 - - [15/Jun/2025:20:20:09 +0000] "GET /whm-server-status?auto HTTP/1.1" 200 1459 "-" "munin/2.0.73 (libwww-perl/6.67)"
::1 - - [15/Jun/2025:20:20:13 +0000] "GET / HTTP/1.1" 200 163 "-" "Munin - http_loadtime"
127.0.0.1 - - [15/Jun/2025:20:20:15 +0000] "GET /whm-server-status?auto HTTP/1.1" 200 1461 "-" "munin/2.0.73 (libwww-perl/6.67)"
198.177.126.50 - - [15/Jun/2025:20:20:18 +0000] "GET / HTTP/1.1" 200 163 "-" "Namecheap Monitoring Agent"
2a06:98c0:3600::103 - - [15/Jun/2025:20:20:35 +0000] "GET /wordpress/wp-admin/setup-config.php HTTP/1.1" 404 10118 "-" "Mozilla/5.0 (Windows NT 10.0; Win64; x64) AppleWebKit/537.36 (KHTML, like Gecko) Chrome/137.0.0.0 Safari/537.36"
43.159.36.244 - - [15/Jun/2025:20:20:40 +0000] "GET / HTTP/1.1" 200 163 "-" "Mozilla/5.0 (Windows NT 10.0; Win64; x64) AppleWebKit/537.36 (KHTML, like Gecko) Chrome/58.0.3029.110 Safari/537.3"
127.0.0.1 - - [15/Jun/2025:20:20:44 +0000] "GET / HTTP/1.0" 200 163 "-" "-"
209.74.73.66 - - [15/Jun/2025:20:20:48 +0000] "GET / HTTP/1.1" 200 163 "-" "Namecheap Monitoring Agent"
2a06:98c0:3600::103 - - [15/Jun/2025:20:21:19 +0000] "GET /wp-admin/setup-config.php HTTP/1.1" 404 10098 "-" "Mozilla/5.0 (Windows NT 10.0; Win64; x64) AppleWebKit/537.36 (KHTML, like Gecko) Chrome/137.0.0.0 Safari/537.36"
198.54.118.134 - - [15/Jun/2025:20:22:04 +0000] "GET / HTTP/1.1" 200 163 "-" "Namecheap Monitoring Agent"
2a06:98c0:3600::103 - - [15/Jun/2025:20:22:36 +0000] "GET /wordpress/wp-admin/setup-config.php HTTP/1.1" 404 10118 "-" "Mozilla/5.0 (Windows NT 10.0; Win64; x64) AppleWebKit/537.36 (KHTML, like Gecko) Chrome/137.0.0.0 Safari/537.36"
198.177.126.50 - - [15/Jun/2025:20:23:11 +0000] "GET / HTTP/1.1" 200 163 "-" "Namecheap Monitoring Agent"
209.74.73.66 - - [15/Jun/2025:20:23:45 +0000] "GET / HTTP/1.1" 200 163 "-" "Namecheap Monitoring Agent"
198.54.118.134 - - [15/Jun/2025:20:25:00 +0000] "GET / HTTP/1.1" 200 163 "-" "Namecheap Monitoring Agent"
127.0.0.1 - - [15/Jun/2025:20:25:01 +0000] "GET /whm-server-status HTTP/1.0" 200 41058 "-" "-"
127.0.0.1 - - [15/Jun/2025:20:25:05 +0000] "GET /whm-server-status?auto HTTP/1.1" 200 1462 "-" "munin/2.0.73 (libwww-perl/6.67)"
127.0.0.1 - - [15/Jun/2025:20:25:09 +0000] "GET /whm-server-status?auto HTTP/1.1" 200 1463 "-" "munin/2.0.73 (libwww-perl/6.67)"
::1 - - [15/Jun/2025:20:25:13 +0000] "GET / HTTP/1.1" 200 163 "-" "Munin - http_loadtime"
127.0.0.1 - - [15/Jun/2025:20:25:16 +0000] "GET /whm-server-status?auto HTTP/1.1" 200 1462 "-" "munin/2.0.73 (libwww-perl/6.67)"
127.0.0.1 - - [15/Jun/2025:20:25:51 +0000] "GET / HTTP/1.0" 200 163 "-" "-"
198.177.126.50 - - [15/Jun/2025:20:26:04 +0000] "GET / HTTP/1.1" 200 163 "-" "Namecheap Monitoring Agent"
209.74.73.66 - - [15/Jun/2025:20:26:42 +0000] "GET / HTTP/1.1" 200 163 "-" "Namecheap Monitoring Agent"
198.54.118.134 - - [15/Jun/2025:20:27:55 +0000] "GET / HTTP/1.1" 200 163 "-" "Namecheap Monitoring Agent"
198.177.126.50 - - [15/Jun/2025:20:28:56 +0000] "GET / HTTP/1.1" 200 163 "-" "Namecheap Monitoring Agent"
209.74.73.66 - - [15/Jun/2025:20:29:39 +0000] "GET / HTTP/1.1" 200 163 "-" "Namecheap Monitoring Agent"
127.0.0.1 - - [15/Jun/2025:20:30:01 +0000] "GET /whm-server-status HTTP/1.0" 200 41030 "-" "-"
127.0.0.1 - - [15/Jun/2025:20:30:05 +0000] "GET /whm-server-status?auto HTTP/1.1" 200 1462 "-" "munin/2.0.73 (libwww-perl/6.67)"
127.0.0.1 - - [15/Jun/2025:20:30:09 +0000] "GET /whm-server-status?auto HTTP/1.1" 200 1462 "-" "munin/2.0.73 (libwww-perl/6.67)"
::1 - - [15/Jun/2025:20:30:14 +0000] "GET / HTTP/1.1" 200 163 "-" "Munin - http_loadtime"
127.0.0.1 - - [15/Jun/2025:20:30:17 +0000] "GET /whm-server-status?auto HTTP/1.1" 200 1461 "-" "munin/2.0.73 (libwww-perl/6.67)"
198.54.118.134 - - [15/Jun/2025:20:30:50 +0000] "GET / HTTP/1.1" 200 163 "-" "Namecheap Monitoring Agent"
198.177.126.50 - - [15/Jun/2025:20:31:49 +0000] "GET / HTTP/1.1" 200 163 "-" "Namecheap Monitoring Agent"
209.74.73.66 - - [15/Jun/2025:20:32:36 +0000] "GET / HTTP/1.1" 200 163 "-" "Namecheap Monitoring Agent"
127.0.0.1 - - [15/Jun/2025:20:32:37 +0000] "GET / HTTP/1.0" 200 163 "-" "-"
185.218.84.178 - - [15/Jun/2025:20:32:54 +0000] "GET / HTTP/1.1" 200 163 "-" "Mozilla/5.0 (Windows NT 10.0; Win64; x64) AppleWebKit/537.36 (KHTML, like Gecko) Chrome/90.0.4430.85 Safari/537.36 Edg/90.0.818.46"
198.54.118.134 - - [15/Jun/2025:20:33:46 +0000] "GET / HTTP/1.1" 200 163 "-" "Namecheap Monitoring Agent"
204.76.203.212 - - [15/Jun/2025:20:34:05 +0000] "GET / HTTP/1.1" 200 163 "-" "Mozilla/5.0 (Windows NT 10.0; Win64; x64) AppleWebKit/537.36 (KHTML, like Gecko) Chrome/90.0.4430.85 Safari/537.36 Edg/90.0.818.46"
198.177.126.50 - - [15/Jun/2025:20:34:42 +0000] "GET / HTTP/1.1" 200 163 "-" "Namecheap Monitoring Agent"
127.0.0.1 - - [15/Jun/2025:20:35:01 +0000] "GET /whm-server-status HTTP/1.0" 200 41091 "-" "-"
127.0.0.1 - - [15/Jun/2025:20:35:05 +0000] "GET /whm-server-status?auto HTTP/1.1" 200 1462 "-" "munin/2.0.73 (libwww-perl/6.67)"
127.0.0.1 - - [15/Jun/2025:20:35:10 +0000] "GET /whm-server-status?auto HTTP/1.1" 200 1463 "-" "munin/2.0.73 (libwww-perl/6.67)"
::1 - - [15/Jun/2025:20:35:14 +0000] "GET / HTTP/1.1" 200 163 "-" "Munin - http_loadtime"
127.0.0.1 - - [15/Jun/2025:20:35:17 +0000] "GET /whm-server-status?auto HTTP/1.1" 200 1462 "-" "munin/2.0.73 (libwww-perl/6.67)"
209.74.73.66 - - [15/Jun/2025:20:35:33 +0000] "GET / HTTP/1.1" 200 163 "-" "Namecheap Monitoring Agent"
198.54.118.134 - - [15/Jun/2025:20:36:41 +0000] "GET / HTTP/1.1" 200 163 "-" "Namecheap Monitoring Agent"
198.177.126.50 - - [15/Jun/2025:20:37:35 +0000] "GET / HTTP/1.1" 200 163 "-" "Namecheap Monitoring Agent"
127.0.0.1 - - [15/Jun/2025:20:37:58 +0000] "GET / HTTP/1.0" 200 163 "-" "-"
209.74.73.66 - - [15/Jun/2025:20:38:30 +0000] "GET / HTTP/1.1" 200 163 "-" "Namecheap Monitoring Agent"
198.54.118.134 - - [15/Jun/2025:20:39:37 +0000] "GET / HTTP/1.1" 200 163 "-" "Namecheap Monitoring Agent"
127.0.0.1 - - [15/Jun/2025:20:40:01 +0000] "GET /whm-server-status HTTP/1.0" 200 41157 "-" "-"
127.0.0.1 - - [15/Jun/2025:20:40:06 +0000] "GET /whm-server-status?auto HTTP/1.1" 200 1463 "-" "munin/2.0.73 (libwww-perl/6.67)"
127.0.0.1 - - [15/Jun/2025:20:40:10 +0000] "GET /whm-server-status?auto HTTP/1.1" 200 1462 "-" "munin/2.0.73 (libwww-perl/6.67)"
::1 - - [15/Jun/2025:20:40:15 +0000] "GET / HTTP/1.1" 200 163 "-" "Munin - http_loadtime"
127.0.0.1 - - [15/Jun/2025:20:40:17 +0000] "GET /whm-server-status?auto HTTP/1.1" 200 1463 "-" "munin/2.0.73 (libwww-perl/6.67)"
2a06:98c0:3600::103 - - [15/Jun/2025:20:40:23 +0000] "GET /wp-admin/setup-config.php HTTP/1.1" 404 10098 "-" "Mozilla/5.0 (Windows NT 10.0; Win64; x64) AppleWebKit/537.36 (KHTML, like Gecko) Chrome/137.0.0.0 Safari/537.36"
198.177.126.50 - - [15/Jun/2025:20:40:28 +0000] "GET / HTTP/1.1" 200 163 "-" "Namecheap Monitoring Agent"
2a06:98c0:3600::103 - - [15/Jun/2025:20:40:53 +0000] "GET /wp-admin/setup-config.php HTTP/1.1" 404 10098 "-" "Mozilla/5.0 (Windows NT 10.0; Win64; x64) AppleWebKit/537.36 (KHTML, like Gecko) Chrome/137.0.0.0 Safari/537.36"
2a06:98c0:3600::103 - - [15/Jun/2025:20:41:02 +0000] "GET /wordpress/wp-admin/setup-config.php HTTP/1.1" 404 10118 "-" "Mozilla/5.0 (Windows NT 10.0; Win64; x64) AppleWebKit/537.36 (KHTML, like Gecko) Chrome/137.0.0.0 Safari/537.36"
209.74.73.66 - - [15/Jun/2025:20:41:26 +0000] "GET / HTTP/1.1" 200 163 "-" "Namecheap Monitoring Agent"
60.188.57.0 - - [15/Jun/2025:20:42:22 +0000] "GET / HTTP/1.1" 200 163 "-" "Mozilla/5.0 (iPhone; CPU iPhone OS 13_2_3 like Mac OS X) AppleWebKit/605.1.15 (KHTML, like Gecko) Version/13.0.3 Mobile/15E148 Safari/604.1"
198.54.118.134 - - [15/Jun/2025:20:42:32 +0000] "GET / HTTP/1.1" 200 163 "-" "Namecheap Monitoring Agent"
198.177.126.50 - - [15/Jun/2025:20:43:21 +0000] "GET / HTTP/1.1" 200 163 "-" "Namecheap Monitoring Agent"
209.74.73.66 - - [15/Jun/2025:20:44:23 +0000] "GET / HTTP/1.1" 200 163 "-" "Namecheap Monitoring Agent"
2a06:98c0:3600::103 - - [15/Jun/2025:20:44:37 +0000] "GET /wordpress/wp-admin/setup-config.php HTTP/1.1" 404 10118 "-" "Mozilla/5.0 (Windows NT 10.0; Win64; x64) AppleWebKit/537.36 (KHTML, like Gecko) Chrome/137.0.0.0 Safari/537.36"
127.0.0.1 - - [15/Jun/2025:20:44:55 +0000] "GET / HTTP/1.0" 200 163 "-" "-"
127.0.0.1 - - [15/Jun/2025:20:45:02 +0000] "GET /whm-server-status HTTP/1.0" 200 41205 "-" "-"
127.0.0.1 - - [15/Jun/2025:20:45:06 +0000] "GET /whm-server-status?auto HTTP/1.1" 200 1463 "-" "munin/2.0.73 (libwww-perl/6.67)"
127.0.0.1 - - [15/Jun/2025:20:45:10 +0000] "GET /whm-server-status?auto HTTP/1.1" 200 1461 "-" "munin/2.0.73 (libwww-perl/6.67)"
::1 - - [15/Jun/2025:20:45:15 +0000] "GET / HTTP/1.1" 200 163 "-" "Munin - http_loadtime"
127.0.0.1 - - [15/Jun/2025:20:45:18 +0000] "GET /whm-server-status?auto HTTP/1.1" 200 1463 "-" "munin/2.0.73 (libwww-perl/6.67)"
129.146.7.215 - - [15/Jun/2025:20:45:20 +0000] "GET / HTTP/1.1" 200 163 "-" "Mozilla/5.0 (Windows NT 10.0; Win64; x64) AppleWebKit/537.36 (KHTML, like Gecko) Chrome/95.0.4638.69 Safari/537.36"
129.146.7.215 - - [15/Jun/2025:20:45:20 +0000] "GET /wp-includes/ID3/license.txt HTTP/1.1" 404 10102 "-" "Mozilla/5.0 (Windows NT 10.0; Win64; x64) AppleWebKit/537.36 (KHTML, like Gecko) Chrome/95.0.4638.69 Safari/537.36"
129.146.7.215 - - [15/Jun/2025:20:45:21 +0000] "GET /feed/ HTTP/1.1" 404 10058 "-" "Mozilla/5.0 (Windows NT 10.0; Win64; x64) AppleWebKit/537.36 (KHTML, like Gecko) Chrome/95.0.4638.69 Safari/537.36"
129.146.7.215 - - [15/Jun/2025:20:45:21 +0000] "GET /xmlrpc.php?rsd HTTP/1.1" 404 10076 "-" "Mozilla/5.0 (Windows NT 10.0; Win64; x64) AppleWebKit/537.36 (KHTML, like Gecko) Chrome/95.0.4638.69 Safari/537.36"
129.146.7.215 - - [15/Jun/2025:20:45:21 +0000] "GET /blog/wp-includes/wlwmanifest.xml HTTP/1.1" 404 10112 "-" "Mozilla/5.0 (Windows NT 10.0; Win64; x64) AppleWebKit/537.36 (KHTML, like Gecko) Chrome/95.0.4638.69 Safari/537.36"
129.146.7.215 - - [15/Jun/2025:20:45:21 +0000] "GET /web/wp-includes/wlwmanifest.xml HTTP/1.1" 404 10110 "-" "Mozilla/5.0 (Windows NT 10.0; Win64; x64) AppleWebKit/537.36 (KHTML, like Gecko) Chrome/95.0.4638.69 Safari/537.36"
129.146.7.215 - - [15/Jun/2025:20:45:21 +0000] "GET /wordpress/wp-includes/wlwmanifest.xml HTTP/1.1" 404 10122 "-" "Mozilla/5.0 (Windows NT 10.0; Win64; x64) AppleWebKit/537.36 (KHTML, like Gecko) Chrome/95.0.4638.69 Safari/537.36"
129.146.7.215 - - [15/Jun/2025:20:45:22 +0000] "GET /wp/wp-includes/wlwmanifest.xml HTTP/1.1" 404 10108 "-" "Mozilla/5.0 (Windows NT 10.0; Win64; x64) AppleWebKit/537.36 (KHTML, like Gecko) Chrome/95.0.4638.69 Safari/537.36"
129.146.7.215 - - [15/Jun/2025:20:45:22 +0000] "GET /2020/wp-includes/wlwmanifest.xml HTTP/1.1" 404 10112 "-" "Mozilla/5.0 (Windows NT 10.0; Win64; x64) AppleWebKit/537.36 (KHTML, like Gecko) Chrome/95.0.4638.69 Safari/537.36"
129.146.7.215 - - [15/Jun/2025:20:45:22 +0000] "GET /2019/wp-includes/wlwmanifest.xml HTTP/1.1" 404 10112 "-" "Mozilla/5.0 (Windows NT 10.0; Win64; x64) AppleWebKit/537.36 (KHTML, like Gecko) Chrome/95.0.4638.69 Safari/537.36"
129.146.7.215 - - [15/Jun/2025:20:45:22 +0000] "GET /2021/wp-includes/wlwmanifest.xml HTTP/1.1" 404 10112 "-" "Mozilla/5.0 (Windows NT 10.0; Win64; x64) AppleWebKit/537.36 (KHTML, like Gecko) Chrome/95.0.4638.69 Safari/537.36"
129.146.7.215 - - [15/Jun/2025:20:45:23 +0000] "GET /shop/wp-includes/wlwmanifest.xml HTTP/1.1" 404 10112 "-" "Mozilla/5.0 (Windows NT 10.0; Win64; x64) AppleWebKit/537.36 (KHTML, like Gecko) Chrome/95.0.4638.69 Safari/537.36"
129.146.7.215 - - [15/Jun/2025:20:45:23 +0000] "GET /wp1/wp-includes/wlwmanifest.xml HTTP/1.1" 404 10110 "-" "Mozilla/5.0 (Windows NT 10.0; Win64; x64) AppleWebKit/537.36 (KHTML, like Gecko) Chrome/95.0.4638.69 Safari/537.36"
129.146.7.215 - - [15/Jun/2025:20:45:23 +0000] "GET /test/wp-includes/wlwmanifest.xml HTTP/1.1" 404 10112 "-" "Mozilla/5.0 (Windows NT 10.0; Win64; x64) AppleWebKit/537.36 (KHTML, like Gecko) Chrome/95.0.4638.69 Safari/537.36"
129.146.7.215 - - [15/Jun/2025:20:45:23 +0000] "GET /site/wp-includes/wlwmanifest.xml HTTP/1.1" 404 10112 "-" "Mozilla/5.0 (Windows NT 10.0; Win64; x64) AppleWebKit/537.36 (KHTML, like Gecko) Chrome/95.0.4638.69 Safari/537.36"
129.146.7.215 - - [15/Jun/2025:20:45:23 +0000] "GET /cms/wp-includes/wlwmanifest.xml HTTP/1.1" 404 10110 "-" "Mozilla/5.0 (Windows NT 10.0; Win64; x64) AppleWebKit/537.36 (KHTML, like Gecko) Chrome/95.0.4638.69 Safari/537.36"
198.54.118.134 - - [15/Jun/2025:20:45:27 +0000] "GET / HTTP/1.1" 200 163 "-" "Namecheap Monitoring Agent"
198.177.126.50 - - [15/Jun/2025:20:46:13 +0000] "GET / HTTP/1.1" 200 163 "-" "Namecheap Monitoring Agent"
209.74.73.66 - - [15/Jun/2025:20:47:20 +0000] "GET / HTTP/1.1" 200 163 "-" "Namecheap Monitoring Agent"
149.50.103.48 - - [15/Jun/2025:20:47:36 +0000] "GET / HTTP/1.1" 200 163 "-" "Mozilla/5.0 (Windows NT 10.0; Win64; x64) AppleWebKit/537.36 (KHTML, like Gecko) Chrome/90.0.4430.85 Safari/537.36 Edg/90.0.818.46"
198.54.118.134 - - [15/Jun/2025:20:48:23 +0000] "GET / HTTP/1.1" 200 163 "-" "Namecheap Monitoring Agent"
198.177.126.50 - - [15/Jun/2025:20:49:06 +0000] "GET / HTTP/1.1" 200 163 "-" "Namecheap Monitoring Agent"
127.0.0.1 - - [15/Jun/2025:20:50:02 +0000] "GET /whm-server-status HTTP/1.0" 200 41102 "-" "-"
127.0.0.1 - - [15/Jun/2025:20:50:05 +0000] "GET /whm-server-status?auto HTTP/1.1" 200 1459 "-" "munin/2.0.73 (libwww-perl/6.67)"
127.0.0.1 - - [15/Jun/2025:20:50:08 +0000] "GET /whm-server-status?auto HTTP/1.1" 200 1462 "-" "munin/2.0.73 (libwww-perl/6.67)"
::1 - - [15/Jun/2025:20:50:12 +0000] "GET / HTTP/1.1" 200 163 "-" "Munin - http_loadtime"
127.0.0.1 - - [15/Jun/2025:20:50:15 +0000] "GET /whm-server-status?auto HTTP/1.1" 200 1461 "-" "munin/2.0.73 (libwww-perl/6.67)"
127.0.0.1 - - [15/Jun/2025:20:50:16 +0000] "GET / HTTP/1.0" 200 163 "-" "-"
209.74.73.66 - - [15/Jun/2025:20:50:17 +0000] "GET / HTTP/1.1" 200 163 "-" "Namecheap Monitoring Agent"
198.54.118.134 - - [15/Jun/2025:20:51:18 +0000] "GET / HTTP/1.1" 200 163 "-" "Namecheap Monitoring Agent"
198.177.126.50 - - [15/Jun/2025:20:51:59 +0000] "GET / HTTP/1.1" 200 163 "-" "Namecheap Monitoring Agent"
209.74.73.66 - - [15/Jun/2025:20:53:14 +0000] "GET / HTTP/1.1" 200 163 "-" "Namecheap Monitoring Agent"
198.54.118.134 - - [15/Jun/2025:20:54:14 +0000] "GET / HTTP/1.1" 200 163 "-" "Namecheap Monitoring Agent"
43.163.3.40 - - [15/Jun/2025:20:54:45 +0000] "GET / HTTP/1.1" 200 163 "-" "Mozilla/5.0 (Windows NT 10.0; Win64; x64) AppleWebKit/537.36 (KHTML, like Gecko) Chrome/58.0.3029.110 Safari/537.3"
198.177.126.50 - - [15/Jun/2025:20:54:52 +0000] "GET / HTTP/1.1" 200 163 "-" "Namecheap Monitoring Agent"
127.0.0.1 - - [15/Jun/2025:20:55:01 +0000] "GET /whm-server-status HTTP/1.0" 200 41018 "-" "-"
127.0.0.1 - - [15/Jun/2025:20:55:04 +0000] "GET /whm-server-status?auto HTTP/1.1" 200 1463 "-" "munin/2.0.73 (libwww-perl/6.67)"
127.0.0.1 - - [15/Jun/2025:20:55:08 +0000] "GET /whm-server-status?auto HTTP/1.1" 200 1463 "-" "munin/2.0.73 (libwww-perl/6.67)"
::1 - - [15/Jun/2025:20:55:12 +0000] "GET / HTTP/1.1" 200 163 "-" "Munin - http_loadtime"
127.0.0.1 - - [15/Jun/2025:20:55:15 +0000] "GET /whm-server-status?auto HTTP/1.1" 200 1462 "-" "munin/2.0.73 (libwww-perl/6.67)"
127.0.0.1 - - [15/Jun/2025:20:55:33 +0000] "GET / HTTP/1.0" 200 163 "-" "-"
209.74.73.66 - - [15/Jun/2025:20:56:11 +0000] "GET / HTTP/1.1" 200 163 "-" "Namecheap Monitoring Agent"
198.54.118.134 - - [15/Jun/2025:20:57:09 +0000] "GET / HTTP/1.1" 200 163 "-" "Namecheap Monitoring Agent"
198.177.126.50 - - [15/Jun/2025:20:57:45 +0000] "GET / HTTP/1.1" 200 163 "-" "Namecheap Monitoring Agent"
209.74.73.66 - - [15/Jun/2025:20:59:07 +0000] "GET / HTTP/1.1" 200 163 "-" "Namecheap Monitoring Agent"
127.0.0.1 - - [15/Jun/2025:21:00:01 +0000] "GET /whm-server-status HTTP/1.0" 200 41007 "-" "-"
127.0.0.1 - - [15/Jun/2025:21:00:04 +0000] "GET /whm-server-status?auto HTTP/1.1" 200 1458 "-" "munin/2.0.73 (libwww-perl/6.67)"
198.54.118.134 - - [15/Jun/2025:21:00:05 +0000] "GET / HTTP/1.1" 200 163 "-" "Namecheap Monitoring Agent"
127.0.0.1 - - [15/Jun/2025:21:00:07 +0000] "GET /whm-server-status?auto HTTP/1.1" 200 1458 "-" "munin/2.0.73 (libwww-perl/6.67)"
::1 - - [15/Jun/2025:21:00:10 +0000] "GET / HTTP/1.1" 200 163 "-" "Munin - http_loadtime"
127.0.0.1 - - [15/Jun/2025:21:00:11 +0000] "GET /whm-server-status?auto HTTP/1.1" 200 1458 "-" "munin/2.0.73 (libwww-perl/6.67)"
198.177.126.50 - - [15/Jun/2025:21:00:38 +0000] "GET / HTTP/1.1" 200 163 "-" "Namecheap Monitoring Agent"
127.0.0.1 - - [15/Jun/2025:21:00:47 +0000] "GET / HTTP/1.0" 200 163 "-" "-"
209.74.73.66 - - [15/Jun/2025:21:02:04 +0000] "GET / HTTP/1.1" 200 163 "-" "Namecheap Monitoring Agent"
2a06:98c0:3600::103 - - [15/Jun/2025:21:02:19 +0000] "GET /wordpress/wp-admin/setup-config.php HTTP/1.1" 404 10118 "-" "Mozilla/5.0 (Windows NT 10.0; Win64; x64) AppleWebKit/537.36 (KHTML, like Gecko) Chrome/137.0.0.0 Safari/537.36"
2a06:98c0:3600::103 - - [15/Jun/2025:21:02:59 +0000] "GET /wordpress/wp-admin/setup-config.php HTTP/1.1" 404 10118 "-" "Mozilla/5.0 (Windows NT 10.0; Win64; x64) AppleWebKit/537.36 (KHTML, like Gecko) Chrome/137.0.0.0 Safari/537.36"
198.54.118.134 - - [15/Jun/2025:21:03:04 +0000] "GET / HTTP/1.1" 200 163 "-" "Namecheap Monitoring Agent"
2a06:98c0:3600::103 - - [15/Jun/2025:21:03:19 +0000] "GET /wp-admin/setup-config.php HTTP/1.1" 404 10098 "-" "Mozilla/5.0 (Windows NT 10.0; Win64; x64) AppleWebKit/537.36 (KHTML, like Gecko) Chrome/137.0.0.0 Safari/537.36"
198.177.126.50 - - [15/Jun/2025:21:03:30 +0000] "GET / HTTP/1.1" 200 163 "-" "Namecheap Monitoring Agent"
2a06:98c0:3600::103 - - [15/Jun/2025:21:04:06 +0000] "GET /wp-admin/setup-config.php HTTP/1.1" 404 10098 "-" "Mozilla/5.0 (Windows NT 10.0; Win64; x64) AppleWebKit/537.36 (KHTML, like Gecko) Chrome/137.0.0.0 Safari/537.36"
209.74.73.66 - - [15/Jun/2025:21:05:01 +0000] "GET / HTTP/1.1" 200 163 "-" "Namecheap Monitoring Agent"
127.0.0.1 - - [15/Jun/2025:21:05:01 +0000] "GET /whm-server-status HTTP/1.0" 200 41016 "-" "-"
127.0.0.1 - - [15/Jun/2025:21:05:02 +0000] "GET /whm-server-status?auto HTTP/1.1" 200 1457 "-" "munin/2.0.73 (libwww-perl/6.67)"
127.0.0.1 - - [15/Jun/2025:21:05:04 +0000] "GET /whm-server-status?auto HTTP/1.1" 200 1458 "-" "munin/2.0.73 (libwww-perl/6.67)"
::1 - - [15/Jun/2025:21:05:06 +0000] "GET / HTTP/1.1" 200 163 "-" "Munin - http_loadtime"
127.0.0.1 - - [15/Jun/2025:21:05:06 +0000] "GET /whm-server-status?auto HTTP/1.1" 200 1457 "-" "munin/2.0.73 (libwww-perl/6.67)"
147.185.132.76 - - [15/Jun/2025:21:05:07 +0000] "GET /cgi-sys/defaultwebpage.cgi HTTP/1.1" 200 6944 "-" "Expanse, a Palo Alto Networks company, searches across the global IPv4 space multiple times per day to identify customers' presences on the Internet. If you would like to be excluded from our scans, please send IP addresses/domains to: scaninfo@paloaltonetworks.com"
45.82.78.254 - - [15/Jun/2025:21:05:27 +0000] "\x16\x03\x01" 400 10073 "-" "-"
45.82.78.254 - - [15/Jun/2025:21:05:38 +0000] "\x16\x03\x01" 400 10073 "-" "-"
45.82.78.254 - - [15/Jun/2025:21:05:39 +0000] "\x16\x03\x01" 400 10073 "-" "-"
45.82.78.254 - - [15/Jun/2025:21:05:39 +0000] "GET / HTTP/1.1" 200 163 "-" "Mozilla/5.0 (Macintosh; Intel Mac OS X 10.15; rv:109.0) Gecko/20100101 Firefox/114.0"
127.0.0.1 - - [15/Jun/2025:21:05:43 +0000] "GET / HTTP/1.0" 200 163 "-" "-"
198.54.118.134 - - [15/Jun/2025:21:06:04 +0000] "GET / HTTP/1.1" 200 163 "-" "Namecheap Monitoring Agent"
198.177.126.50 - - [15/Jun/2025:21:06:23 +0000] "GET / HTTP/1.1" 200 163 "-" "Namecheap Monitoring Agent"
43.134.141.244 - - [15/Jun/2025:21:06:28 +0000] "GET / HTTP/1.1" 200 163 "-" "Mozilla/5.0 (iPhone; CPU iPhone OS 13_2_3 like Mac OS X) AppleWebKit/605.1.15 (KHTML, like Gecko) Version/13.0.3 Mobile/15E148 Safari/604.1"
209.74.73.66 - - [15/Jun/2025:21:07:58 +0000] "GET / HTTP/1.1" 200 163 "-" "Namecheap Monitoring Agent"
198.54.118.134 - - [15/Jun/2025:21:09:04 +0000] "GET / HTTP/1.1" 200 163 "-" "Namecheap Monitoring Agent"
198.177.126.50 - - [15/Jun/2025:21:09:16 +0000] "GET / HTTP/1.1" 200 163 "-" "Namecheap Monitoring Agent"
127.0.0.1 - - [15/Jun/2025:21:10:01 +0000] "GET /whm-server-status HTTP/1.0" 200 41046 "-" "-"
127.0.0.1 - - [15/Jun/2025:21:10:02 +0000] "GET /whm-server-status?auto HTTP/1.1" 200 1457 "-" "munin/2.0.73 (libwww-perl/6.67)"
127.0.0.1 - - [15/Jun/2025:21:10:04 +0000] "GET /whm-server-status?auto HTTP/1.1" 200 1456 "-" "munin/2.0.73 (libwww-perl/6.67)"
::1 - - [15/Jun/2025:21:10:05 +0000] "GET / HTTP/1.1" 200 163 "-" "Munin - http_loadtime"
127.0.0.1 - - [15/Jun/2025:21:10:05 +0000] "GET /whm-server-status?auto HTTP/1.1" 200 1457 "-" "munin/2.0.73 (libwww-perl/6.67)"
209.74.73.66 - - [15/Jun/2025:21:10:55 +0000] "GET / HTTP/1.1" 200 163 "-" "Namecheap Monitoring Agent"
198.54.118.134 - - [15/Jun/2025:21:12:04 +0000] "GET / HTTP/1.1" 200 163 "-" "Namecheap Monitoring Agent"
127.0.0.1 - - [15/Jun/2025:21:12:07 +0000] "GET / HTTP/1.0" 200 163 "-" "-"
198.177.126.50 - - [15/Jun/2025:21:12:09 +0000] "GET / HTTP/1.1" 200 163 "-" "Namecheap Monitoring Agent"
80.82.77.202 - - [15/Jun/2025:21:13:31 +0000] "\x16\x03\x02\x01o\x01" 400 10073 "-" "-"
209.74.73.66 - - [15/Jun/2025:21:13:52 +0000] "GET / HTTP/1.1" 200 163 "-" "Namecheap Monitoring Agent"
127.0.0.1 - - [15/Jun/2025:21:15:01 +0000] "GET /whm-server-status HTTP/1.0" 200 40995 "-" "-"
127.0.0.1 - - [15/Jun/2025:21:15:01 +0000] "GET /whm-server-status?auto HTTP/1.1" 200 1458 "-" "munin/2.0.73 (libwww-perl/6.67)"
198.177.126.50 - - [15/Jun/2025:21:15:02 +0000] "GET / HTTP/1.1" 200 163 "-" "Namecheap Monitoring Agent"
127.0.0.1 - - [15/Jun/2025:21:15:03 +0000] "GET /whm-server-status?auto HTTP/1.1" 200 1459 "-" "munin/2.0.73 (libwww-perl/6.67)"
::1 - - [15/Jun/2025:21:15:04 +0000] "GET / HTTP/1.1" 200 163 "-" "Munin - http_loadtime"
198.54.118.134 - - [15/Jun/2025:21:15:04 +0000] "GET / HTTP/1.1" 200 163 "-" "Namecheap Monitoring Agent"
127.0.0.1 - - [15/Jun/2025:21:15:05 +0000] "GET /whm-server-status?auto HTTP/1.1" 200 1458 "-" "munin/2.0.73 (libwww-perl/6.67)"
209.74.73.66 - - [15/Jun/2025:21:16:48 +0000] "GET / HTTP/1.1" 200 163 "-" "Namecheap Monitoring Agent"
127.0.0.1 - - [15/Jun/2025:21:17:42 +0000] "GET / HTTP/1.0" 200 163 "-" "-"
198.177.126.50 - - [15/Jun/2025:21:17:55 +0000] "GET / HTTP/1.1" 200 163 "-" "Namecheap Monitoring Agent"
198.54.118.134 - - [15/Jun/2025:21:18:04 +0000] "GET / HTTP/1.1" 200 163 "-" "Namecheap Monitoring Agent"
209.74.73.66 - - [15/Jun/2025:21:19:45 +0000] "GET / HTTP/1.1" 200 163 "-" "Namecheap Monitoring Agent"
2a06:98c0:3600::103 - - [15/Jun/2025:21:19:53 +0000] "GET /wp-admin/setup-config.php HTTP/1.1" 404 10098 "-" "Mozilla/5.0 (Windows NT 10.0; Win64; x64) AppleWebKit/537.36 (KHTML, like Gecko) Chrome/137.0.0.0 Safari/537.36"
127.0.0.1 - - [15/Jun/2025:21:20:01 +0000] "GET /whm-server-status HTTP/1.0" 200 40996 "-" "-"
127.0.0.1 - - [15/Jun/2025:21:20:02 +0000] "GET /whm-server-status?auto HTTP/1.1" 200 1456 "-" "munin/2.0.73 (libwww-perl/6.67)"
127.0.0.1 - - [15/Jun/2025:21:20:03 +0000] "GET /whm-server-status?auto HTTP/1.1" 200 1457 "-" "munin/2.0.73 (libwww-perl/6.67)"
::1 - - [15/Jun/2025:21:20:05 +0000] "GET / HTTP/1.1" 200 163 "-" "Munin - http_loadtime"
127.0.0.1 - - [15/Jun/2025:21:20:05 +0000] "GET /whm-server-status?auto HTTP/1.1" 200 1457 "-" "munin/2.0.73 (libwww-perl/6.67)"
198.177.126.50 - - [15/Jun/2025:21:20:47 +0000] "GET / HTTP/1.1" 200 163 "-" "Namecheap Monitoring Agent"
198.54.118.134 - - [15/Jun/2025:21:21:04 +0000] "GET / HTTP/1.1" 200 163 "-" "Namecheap Monitoring Agent"
2a06:98c0:3600::103 - - [15/Jun/2025:21:21:26 +0000] "GET /wordpress/wp-admin/setup-config.php HTTP/1.1" 404 10118 "-" "Mozilla/5.0 (Windows NT 10.0; Win64; x64) AppleWebKit/537.36 (KHTML, like Gecko) Chrome/137.0.0.0 Safari/537.36"
2a06:98c0:3600::103 - - [15/Jun/2025:21:21:36 +0000] "GET /wordpress/wp-admin/setup-config.php HTTP/1.1" 404 10118 "-" "Mozilla/5.0 (Windows NT 10.0; Win64; x64) AppleWebKit/537.36 (KHTML, like Gecko) Chrome/137.0.0.0 Safari/537.36"
209.74.73.66 - - [15/Jun/2025:21:22:42 +0000] "GET / HTTP/1.1" 200 163 "-" "Namecheap Monitoring Agent"
2a06:98c0:3600::103 - - [15/Jun/2025:21:23:27 +0000] "GET /wp-admin/setup-config.php HTTP/1.1" 404 10098 "-" "Mozilla/5.0 (Windows NT 10.0; Win64; x64) AppleWebKit/537.36 (KHTML, like Gecko) Chrome/137.0.0.0 Safari/537.36"
198.177.126.50 - - [15/Jun/2025:21:23:44 +0000] "GET / HTTP/1.1" 200 163 "-" "Namecheap Monitoring Agent"
198.54.118.134 - - [15/Jun/2025:21:24:04 +0000] "GET / HTTP/1.1" 200 163 "-" "Namecheap Monitoring Agent"
127.0.0.1 - - [15/Jun/2025:21:24:30 +0000] "GET / HTTP/1.0" 200 163 "-" "-"
127.0.0.1 - - [15/Jun/2025:21:25:01 +0000] "GET /whm-server-status HTTP/1.0" 200 42675 "-" "-"
127.0.0.1 - - [15/Jun/2025:21:25:02 +0000] "GET /whm-server-status?auto HTTP/1.1" 200 1456 "-" "munin/2.0.73 (libwww-perl/6.67)"
127.0.0.1 - - [15/Jun/2025:21:25:04 +0000] "GET /whm-server-status?auto HTTP/1.1" 200 1457 "-" "munin/2.0.73 (libwww-perl/6.67)"
::1 - - [15/Jun/2025:21:25:05 +0000] "GET / HTTP/1.1" 200 163 "-" "Munin - http_loadtime"
127.0.0.1 - - [15/Jun/2025:21:25:06 +0000] "GET /whm-server-status?auto HTTP/1.1" 200 1458 "-" "munin/2.0.73 (libwww-perl/6.67)"
209.74.73.66 - - [15/Jun/2025:21:25:39 +0000] "GET / HTTP/1.1" 200 163 "-" "Namecheap Monitoring Agent"
198.177.126.50 - - [15/Jun/2025:21:26:44 +0000] "GET / HTTP/1.1" 200 163 "-" "Namecheap Monitoring Agent"
198.54.118.134 - - [15/Jun/2025:21:27:04 +0000] "GET / HTTP/1.1" 200 163 "-" "Namecheap Monitoring Agent"
209.74.73.66 - - [15/Jun/2025:21:28:36 +0000] "GET / HTTP/1.1" 200 163 "-" "Namecheap Monitoring Agent"
43.163.84.243 - - [15/Jun/2025:21:28:45 +0000] "GET / HTTP/1.1" 200 163 "-" "Mozilla/5.0 (Windows NT 10.0; Win64; x64) AppleWebKit/537.36 (KHTML, like Gecko) Chrome/58.0.3029.110 Safari/537.3"
121.29.178.73 - - [15/Jun/2025:21:29:25 +0000] "GET / HTTP/1.1" 200 163 "-" "-"
198.177.126.50 - - [15/Jun/2025:21:29:44 +0000] "GET / HTTP/1.1" 200 163 "-" "Namecheap Monitoring Agent"
127.0.0.1 - - [15/Jun/2025:21:30:02 +0000] "GET /whm-server-status HTTP/1.0" 200 42102 "-" "-"
127.0.0.1 - - [15/Jun/2025:21:30:02 +0000] "GET /whm-server-status?auto HTTP/1.1" 200 1456 "-" "munin/2.0.73 (libwww-perl/6.67)"
127.0.0.1 - - [15/Jun/2025:21:30:04 +0000] "GET /whm-server-status?auto HTTP/1.1" 200 1456 "-" "munin/2.0.73 (libwww-perl/6.67)"
198.54.118.134 - - [15/Jun/2025:21:30:04 +0000] "GET / HTTP/1.1" 200 163 "-" "Namecheap Monitoring Agent"
::1 - - [15/Jun/2025:21:30:05 +0000] "GET / HTTP/1.1" 200 163 "-" "Munin - http_loadtime"
127.0.0.1 - - [15/Jun/2025:21:30:05 +0000] "GET / HTTP/1.0" 200 163 "-" "-"
127.0.0.1 - - [15/Jun/2025:21:30:06 +0000] "GET /whm-server-status?auto HTTP/1.1" 200 1455 "-" "munin/2.0.73 (libwww-perl/6.67)"
183.191.124.116 - - [15/Jun/2025:21:30:10 +0000] "GET / HTTP/1.1" 200 163 "-" "Mozilla/5.0 (Windows NT 6.1) AppleWebKit/537.36 (KHTML, like Gecko) Chrome/49.0.2623.112 Safari/537.36"
101.67.137.42 - - [15/Jun/2025:21:30:11 +0000] "GET /cgi-sys/defaultwebpage.cgi HTTP/1.1" 200 6944 "-" "Mozilla/5.0 (Windows NT 6.1) AppleWebKit/537.36 (KHTML, like Gecko) Chrome/49.0.2623.112 Safari/537.36"
180.136.234.62 - - [15/Jun/2025:21:30:11 +0000] "GET /cgi-sys/favicon.ico HTTP/1.1" 404 10089 "-" "Mozilla/5.0 (Windows NT 6.1) AppleWebKit/537.36 (KHTML, like Gecko) Chrome/49.0.2623.112 Safari/537.36"
123.138.79.98 - - [15/Jun/2025:21:30:13 +0000] "GET /favicon.ico HTTP/1.1" 404 10073 "-" "Mozilla/5.0 (Windows NT 6.1) AppleWebKit/537.36 (KHTML, like Gecko) Chrome/49.0.2623.112 Safari/537.36"
209.74.73.66 - - [15/Jun/2025:21:31:33 +0000] "GET / HTTP/1.1" 200 163 "-" "Namecheap Monitoring Agent"
198.177.126.50 - - [15/Jun/2025:21:32:44 +0000] "GET / HTTP/1.1" 200 163 "-" "Namecheap Monitoring Agent"
198.54.118.134 - - [15/Jun/2025:21:33:04 +0000] "GET / HTTP/1.1" 200 163 "-" "Namecheap Monitoring Agent"
209.74.73.66 - - [15/Jun/2025:21:34:29 +0000] "GET / HTTP/1.1" 200 163 "-" "Namecheap Monitoring Agent"
127.0.0.1 - - [15/Jun/2025:21:35:01 +0000] "GET /whm-server-status HTTP/1.0" 200 41937 "-" "-"
127.0.0.1 - - [15/Jun/2025:21:35:02 +0000] "GET /whm-server-status?auto HTTP/1.1" 200 1459 "-" "munin/2.0.73 (libwww-perl/6.67)"
127.0.0.1 - - [15/Jun/2025:21:35:03 +0000] "GET /whm-server-status?auto HTTP/1.1" 200 1459 "-" "munin/2.0.73 (libwww-perl/6.67)"
::1 - - [15/Jun/2025:21:35:05 +0000] "GET / HTTP/1.1" 200 163 "-" "Munin - http_loadtime"
127.0.0.1 - - [15/Jun/2025:21:35:05 +0000] "GET /whm-server-status?auto HTTP/1.1" 200 1459 "-" "munin/2.0.73 (libwww-perl/6.67)"
198.177.126.50 - - [15/Jun/2025:21:35:44 +0000] "GET / HTTP/1.1" 200 163 "-" "Namecheap Monitoring Agent"
127.0.0.1 - - [15/Jun/2025:21:35:44 +0000] "GET / HTTP/1.0" 200 163 "-" "-"
198.54.118.134 - - [15/Jun/2025:21:36:04 +0000] "GET / HTTP/1.1" 200 163 "-" "Namecheap Monitoring Agent"
209.74.73.66 - - [15/Jun/2025:21:37:26 +0000] "GET / HTTP/1.1" 200 163 "-" "Namecheap Monitoring Agent"
