198.177.126.50 - - [16/Jun/2025:02:46:50 +0000] "GET / HTTP/1.1" 200 163 "-" "Namecheap Monitoring Agent"
209.74.73.66 - - [16/Jun/2025:02:47:17 +0000] "GET / HTTP/1.1" 200 163 "-" "Namecheap Monitoring Agent"
114.80.36.40 - - [16/Jun/2025:02:47:44 +0000] "GET / HTTP/1.1" 200 163 "-" "Mozilla/5.0 (iPhone; CPU iPhone OS 13_2_3 like Mac OS X) AppleWebKit/605.1.15 (KHTML, like Gecko) Version/13.0.3 Mobile/15E148 Safari/604.1"
198.54.118.134 - - [16/Jun/2025:02:47:47 +0000] "GET / HTTP/1.1" 200 163 "-" "Namecheap Monitoring Agent"
198.177.126.50 - - [16/Jun/2025:02:49:42 +0000] "GET / HTTP/1.1" 200 163 "-" "Namecheap Monitoring Agent"
127.0.0.1 - - [16/Jun/2025:02:50:01 +0000] "GET /whm-server-status HTTP/1.0" 200 41191 "-" "-"
127.0.0.1 - - [16/Jun/2025:02:50:05 +0000] "GET /whm-server-status?auto HTTP/1.1" 200 1457 "-" "munin/2.0.73 (libwww-perl/6.67)"
209.74.73.66 - - [16/Jun/2025:02:50:09 +0000] "GET / HTTP/1.1" 200 163 "-" "Namecheap Monitoring Agent"
127.0.0.1 - - [16/Jun/2025:02:50:09 +0000] "GET /whm-server-status?auto HTTP/1.1" 200 1456 "-" "munin/2.0.73 (libwww-perl/6.67)"
::1 - - [16/Jun/2025:02:50:14 +0000] "GET / HTTP/1.1" 200 163 "-" "Munin - http_loadtime"
127.0.0.1 - - [16/Jun/2025:02:50:16 +0000] "GET /whm-server-status?auto HTTP/1.1" 200 1457 "-" "munin/2.0.73 (libwww-perl/6.67)"
127.0.0.1 - - [16/Jun/2025:02:50:18 +0000] "GET / HTTP/1.0" 200 163 "-" "-"
198.54.118.134 - - [16/Jun/2025:02:50:42 +0000] "GET / HTTP/1.1" 200 163 "-" "Namecheap Monitoring Agent"
198.177.126.50 - - [16/Jun/2025:02:52:34 +0000] "GET / HTTP/1.1" 200 163 "-" "Namecheap Monitoring Agent"
209.74.73.66 - - [16/Jun/2025:02:53:01 +0000] "GET / HTTP/1.1" 200 163 "-" "Namecheap Monitoring Agent"
198.54.118.134 - - [16/Jun/2025:02:53:37 +0000] "GET / HTTP/1.1" 200 163 "-" "Namecheap Monitoring Agent"
127.0.0.1 - - [16/Jun/2025:02:55:01 +0000] "GET /whm-server-status HTTP/1.0" 200 41167 "-" "-"
127.0.0.1 - - [16/Jun/2025:02:55:05 +0000] "GET /whm-server-status?auto HTTP/1.1" 200 1458 "-" "munin/2.0.73 (libwww-perl/6.67)"
127.0.0.1 - - [16/Jun/2025:02:55:08 +0000] "GET /whm-server-status?auto HTTP/1.1" 200 1458 "-" "munin/2.0.73 (libwww-perl/6.67)"
::1 - - [16/Jun/2025:02:55:12 +0000] "GET / HTTP/1.1" 200 163 "-" "Munin - http_loadtime"
127.0.0.1 - - [16/Jun/2025:02:55:15 +0000] "GET /whm-server-status?auto HTTP/1.1" 200 1458 "-" "munin/2.0.73 (libwww-perl/6.67)"
198.177.126.50 - - [16/Jun/2025:02:55:26 +0000] "GET / HTTP/1.1" 200 163 "-" "Namecheap Monitoring Agent"
127.0.0.1 - - [16/Jun/2025:02:55:44 +0000] "GET / HTTP/1.0" 200 163 "-" "-"
209.74.73.66 - - [16/Jun/2025:02:55:53 +0000] "GET / HTTP/1.1" 200 163 "-" "Namecheap Monitoring Agent"
198.54.118.134 - - [16/Jun/2025:02:56:32 +0000] "GET / HTTP/1.1" 200 163 "-" "Namecheap Monitoring Agent"
198.177.126.50 - - [16/Jun/2025:02:58:18 +0000] "GET / HTTP/1.1" 200 163 "-" "Namecheap Monitoring Agent"
209.74.73.66 - - [16/Jun/2025:02:58:45 +0000] "GET / HTTP/1.1" 200 163 "-" "Namecheap Monitoring Agent"
198.54.118.134 - - [16/Jun/2025:02:59:27 +0000] "GET / HTTP/1.1" 200 163 "-" "Namecheap Monitoring Agent"
127.0.0.1 - - [16/Jun/2025:03:00:01 +0000] "GET /whm-server-status HTTP/1.0" 200 41171 "-" "-"
127.0.0.1 - - [16/Jun/2025:03:00:06 +0000] "GET /whm-server-status?auto HTTP/1.1" 200 1460 "-" "munin/2.0.73 (libwww-perl/6.67)"
127.0.0.1 - - [16/Jun/2025:03:00:10 +0000] "GET /whm-server-status?auto HTTP/1.1" 200 1460 "-" "munin/2.0.73 (libwww-perl/6.67)"
::1 - - [16/Jun/2025:03:00:16 +0000] "GET / HTTP/1.1" 200 163 "-" "Munin - http_loadtime"
127.0.0.1 - - [16/Jun/2025:03:00:19 +0000] "GET /whm-server-status?auto HTTP/1.1" 200 1457 "-" "munin/2.0.73 (libwww-perl/6.67)"
198.177.126.50 - - [16/Jun/2025:03:01:13 +0000] "GET / HTTP/1.1" 200 163 "-" "Namecheap Monitoring Agent"
2a06:98c0:3600::103 - - [16/Jun/2025:03:01:21 +0000] "GET /wordpress/wp-admin/setup-config.php HTTP/1.1" 404 10118 "-" "Mozilla/5.0 (Windows NT 10.0; Win64; x64) AppleWebKit/537.36 (KHTML, like Gecko) Chrome/137.0.0.0 Safari/537.36"
127.0.0.1 - - [16/Jun/2025:03:01:24 +0000] "GET / HTTP/1.0" 200 163 "-" "-"
2a06:98c0:3600::103 - - [16/Jun/2025:03:01:30 +0000] "GET /wp-admin/setup-config.php HTTP/1.1" 404 10098 "-" "Mozilla/5.0 (Windows NT 10.0; Win64; x64) AppleWebKit/537.36 (KHTML, like Gecko) Chrome/137.0.0.0 Safari/537.36"
209.74.73.66 - - [16/Jun/2025:03:01:36 +0000] "GET / HTTP/1.1" 200 163 "-" "Namecheap Monitoring Agent"
2a06:98c0:3600::103 - - [16/Jun/2025:03:02:07 +0000] "GET /wordpress/wp-admin/setup-config.php HTTP/1.1" 404 10118 "-" "Mozilla/5.0 (Windows NT 10.0; Win64; x64) AppleWebKit/537.36 (KHTML, like Gecko) Chrome/137.0.0.0 Safari/537.36"
198.54.118.134 - - [16/Jun/2025:03:02:22 +0000] "GET / HTTP/1.1" 200 163 "-" "Namecheap Monitoring Agent"
198.177.126.50 - - [16/Jun/2025:03:04:13 +0000] "GET / HTTP/1.1" 200 163 "-" "Namecheap Monitoring Agent"
209.74.73.66 - - [16/Jun/2025:03:04:28 +0000] "GET / HTTP/1.1" 200 163 "-" "Namecheap Monitoring Agent"
2a06:98c0:3600::103 - - [16/Jun/2025:03:04:32 +0000] "GET /wp-admin/setup-config.php HTTP/1.1" 404 10098 "-" "Mozilla/5.0 (Windows NT 10.0; Win64; x64) AppleWebKit/537.36 (KHTML, like Gecko) Chrome/137.0.0.0 Safari/537.36"
127.0.0.1 - - [16/Jun/2025:03:05:02 +0000] "GET /whm-server-status HTTP/1.0" 200 41601 "-" "-"
149.100.11.243 - - [16/Jun/2025:03:05:06 +0000] "GET / HTTP/1.1" 200 163 "-" "Mozilla/5.0 (Windows NT 10.0; Win64; x64) AppleWebKit/537.36"
127.0.0.1 - - [16/Jun/2025:03:05:07 +0000] "GET /whm-server-status?auto HTTP/1.1" 200 1462 "-" "munin/2.0.73 (libwww-perl/6.67)"
127.0.0.1 - - [16/Jun/2025:03:05:11 +0000] "GET /whm-server-status?auto HTTP/1.1" 200 1460 "-" "munin/2.0.73 (libwww-perl/6.67)"
198.54.118.134 - - [16/Jun/2025:03:05:17 +0000] "GET / HTTP/1.1" 200 163 "-" "Namecheap Monitoring Agent"
::1 - - [16/Jun/2025:03:05:18 +0000] "GET / HTTP/1.1" 200 163 "-" "Munin - http_loadtime"
127.0.0.1 - - [16/Jun/2025:03:05:22 +0000] "GET /whm-server-status?auto HTTP/1.1" 200 1462 "-" "munin/2.0.73 (libwww-perl/6.67)"
127.0.0.1 - - [16/Jun/2025:03:06:30 +0000] "GET / HTTP/1.0" 200 163 "-" "-"
198.177.126.50 - - [16/Jun/2025:03:07:13 +0000] "GET / HTTP/1.1" 200 163 "-" "Namecheap Monitoring Agent"
209.74.73.66 - - [16/Jun/2025:03:07:20 +0000] "GET / HTTP/1.1" 200 163 "-" "Namecheap Monitoring Agent"
198.54.118.134 - - [16/Jun/2025:03:08:12 +0000] "GET / HTTP/1.1" 200 163 "-" "Namecheap Monitoring Agent"
43.163.84.243 - - [16/Jun/2025:03:08:53 +0000] "GET / HTTP/1.1" 200 163 "-" "Mozilla/5.0 (Windows NT 10.0; Win64; x64) AppleWebKit/537.36 (KHTML, like Gecko) Chrome/58.0.3029.110 Safari/537.3"
127.0.0.1 - - [16/Jun/2025:03:10:01 +0000] "GET /whm-server-status HTTP/1.0" 200 41558 "-" "-"
127.0.0.1 - - [16/Jun/2025:03:10:05 +0000] "GET /whm-server-status?auto HTTP/1.1" 200 1460 "-" "munin/2.0.73 (libwww-perl/6.67)"
127.0.0.1 - - [16/Jun/2025:03:10:09 +0000] "GET /whm-server-status?auto HTTP/1.1" 200 1461 "-" "munin/2.0.73 (libwww-perl/6.67)"
209.74.73.66 - - [16/Jun/2025:03:10:12 +0000] "GET / HTTP/1.1" 200 163 "-" "Namecheap Monitoring Agent"
198.177.126.50 - - [16/Jun/2025:03:10:13 +0000] "GET / HTTP/1.1" 200 163 "-" "Namecheap Monitoring Agent"
::1 - - [16/Jun/2025:03:10:15 +0000] "GET / HTTP/1.1" 200 163 "-" "Munin - http_loadtime"
127.0.0.1 - - [16/Jun/2025:03:10:18 +0000] "GET /whm-server-status?auto HTTP/1.1" 200 1462 "-" "munin/2.0.73 (libwww-perl/6.67)"
198.54.118.134 - - [16/Jun/2025:03:11:07 +0000] "GET / HTTP/1.1" 200 163 "-" "Namecheap Monitoring Agent"
127.0.0.1 - - [16/Jun/2025:03:11:28 +0000] "GET / HTTP/1.0" 200 163 "-" "-"
209.74.73.66 - - [16/Jun/2025:03:13:03 +0000] "GET / HTTP/1.1" 200 163 "-" "Namecheap Monitoring Agent"
198.177.126.50 - - [16/Jun/2025:03:13:13 +0000] "GET / HTTP/1.1" 200 163 "-" "Namecheap Monitoring Agent"
196.190.13.66 - - [16/Jun/2025:03:13:58 +0000] "GET / HTTP/1.1" 200 163 "-" "Hello-World/1.0"
198.54.118.134 - - [16/Jun/2025:03:14:02 +0000] "GET / HTTP/1.1" 200 163 "-" "Namecheap Monitoring Agent"
127.0.0.1 - - [16/Jun/2025:03:15:01 +0000] "GET /whm-server-status HTTP/1.0" 200 41515 "-" "-"
127.0.0.1 - - [16/Jun/2025:03:15:05 +0000] "GET /whm-server-status?auto HTTP/1.1" 200 1460 "-" "munin/2.0.73 (libwww-perl/6.67)"
127.0.0.1 - - [16/Jun/2025:03:15:08 +0000] "GET /whm-server-status?auto HTTP/1.1" 200 1460 "-" "munin/2.0.73 (libwww-perl/6.67)"
::1 - - [16/Jun/2025:03:15:15 +0000] "GET / HTTP/1.1" 200 163 "-" "Munin - http_loadtime"
127.0.0.1 - - [16/Jun/2025:03:15:18 +0000] "GET /whm-server-status?auto HTTP/1.1" 200 1462 "-" "munin/2.0.73 (libwww-perl/6.67)"
209.74.73.66 - - [16/Jun/2025:03:15:55 +0000] "GET / HTTP/1.1" 200 163 "-" "Namecheap Monitoring Agent"
198.177.126.50 - - [16/Jun/2025:03:16:13 +0000] "GET / HTTP/1.1" 200 163 "-" "Namecheap Monitoring Agent"
127.0.0.1 - - [16/Jun/2025:03:16:30 +0000] "GET / HTTP/1.0" 200 163 "-" "-"
198.54.118.134 - - [16/Jun/2025:03:16:57 +0000] "GET / HTTP/1.1" 200 163 "-" "Namecheap Monitoring Agent"
209.74.73.66 - - [16/Jun/2025:03:18:47 +0000] "GET / HTTP/1.1" 200 163 "-" "Namecheap Monitoring Agent"
198.177.126.50 - - [16/Jun/2025:03:19:13 +0000] "GET / HTTP/1.1" 200 163 "-" "Namecheap Monitoring Agent"
198.54.118.134 - - [16/Jun/2025:03:19:52 +0000] "GET / HTTP/1.1" 200 163 "-" "Namecheap Monitoring Agent"
127.0.0.1 - - [16/Jun/2025:03:20:01 +0000] "GET /whm-server-status HTTP/1.0" 200 41716 "-" "-"
127.0.0.1 - - [16/Jun/2025:03:20:05 +0000] "GET /whm-server-status?auto HTTP/1.1" 200 1463 "-" "munin/2.0.73 (libwww-perl/6.67)"
2a06:98c0:3600::103 - - [16/Jun/2025:03:20:06 +0000] "GET /wp-admin/setup-config.php HTTP/1.1" 404 10098 "-" "Mozilla/5.0 (Windows NT 10.0; Win64; x64) AppleWebKit/537.36 (KHTML, like Gecko) Chrome/137.0.0.0 Safari/537.36"
127.0.0.1 - - [16/Jun/2025:03:20:09 +0000] "GET /whm-server-status?auto HTTP/1.1" 200 1462 "-" "munin/2.0.73 (libwww-perl/6.67)"
::1 - - [16/Jun/2025:03:20:15 +0000] "GET / HTTP/1.1" 200 163 "-" "Munin - http_loadtime"
127.0.0.1 - - [16/Jun/2025:03:20:18 +0000] "GET /whm-server-status?auto HTTP/1.1" 200 1463 "-" "munin/2.0.73 (libwww-perl/6.67)"
209.74.73.66 - - [16/Jun/2025:03:21:39 +0000] "GET / HTTP/1.1" 200 163 "-" "Namecheap Monitoring Agent"
198.177.126.50 - - [16/Jun/2025:03:22:13 +0000] "GET / HTTP/1.1" 200 163 "-" "Namecheap Monitoring Agent"
2a06:98c0:3600::103 - - [16/Jun/2025:03:22:41 +0000] "GET /wordpress/wp-admin/setup-config.php HTTP/1.1" 404 10118 "-" "Mozilla/5.0 (Windows NT 10.0; Win64; x64) AppleWebKit/537.36 (KHTML, like Gecko) Chrome/137.0.0.0 Safari/537.36"
198.54.118.134 - - [16/Jun/2025:03:22:46 +0000] "GET / HTTP/1.1" 200 163 "-" "Namecheap Monitoring Agent"
2a06:98c0:3600::103 - - [16/Jun/2025:03:23:29 +0000] "GET /wordpress/wp-admin/setup-config.php HTTP/1.1" 404 10118 "-" "Mozilla/5.0 (Windows NT 10.0; Win64; x64) AppleWebKit/537.36 (KHTML, like Gecko) Chrome/137.0.0.0 Safari/537.36"
2a06:98c0:3600::103 - - [16/Jun/2025:03:23:38 +0000] "GET /wp-admin/setup-config.php HTTP/1.1" 404 10098 "-" "Mozilla/5.0 (Windows NT 10.0; Win64; x64) AppleWebKit/537.36 (KHTML, like Gecko) Chrome/137.0.0.0 Safari/537.36"
127.0.0.1 - - [16/Jun/2025:03:23:40 +0000] "GET / HTTP/1.0" 200 163 "-" "-"
209.74.73.66 - - [16/Jun/2025:03:24:31 +0000] "GET / HTTP/1.1" 200 163 "-" "Namecheap Monitoring Agent"
127.0.0.1 - - [16/Jun/2025:03:25:01 +0000] "GET /whm-server-status HTTP/1.0" 200 41593 "-" "-"
127.0.0.1 - - [16/Jun/2025:03:25:07 +0000] "GET /whm-server-status?auto HTTP/1.1" 200 1463 "-" "munin/2.0.73 (libwww-perl/6.67)"
127.0.0.1 - - [16/Jun/2025:03:25:11 +0000] "GET /whm-server-status?auto HTTP/1.1" 200 1464 "-" "munin/2.0.73 (libwww-perl/6.67)"
198.177.126.50 - - [16/Jun/2025:03:25:13 +0000] "GET / HTTP/1.1" 200 163 "-" "Namecheap Monitoring Agent"
::1 - - [16/Jun/2025:03:25:18 +0000] "GET / HTTP/1.1" 200 163 "-" "Munin - http_loadtime"
127.0.0.1 - - [16/Jun/2025:03:25:21 +0000] "GET /whm-server-status?auto HTTP/1.1" 200 1460 "-" "munin/2.0.73 (libwww-perl/6.67)"
198.54.118.134 - - [16/Jun/2025:03:25:41 +0000] "GET / HTTP/1.1" 200 163 "-" "Namecheap Monitoring Agent"
209.74.73.66 - - [16/Jun/2025:03:27:22 +0000] "GET / HTTP/1.1" 200 163 "-" "Namecheap Monitoring Agent"
198.177.126.50 - - [16/Jun/2025:03:28:13 +0000] "GET / HTTP/1.1" 200 163 "-" "Namecheap Monitoring Agent"
198.54.118.134 - - [16/Jun/2025:03:28:36 +0000] "GET / HTTP/1.1" 200 163 "-" "Namecheap Monitoring Agent"
127.0.0.1 - - [16/Jun/2025:03:30:02 +0000] "GET /whm-server-status HTTP/1.0" 200 41655 "-" "-"
127.0.0.1 - - [16/Jun/2025:03:30:06 +0000] "GET /whm-server-status?auto HTTP/1.1" 200 1464 "-" "munin/2.0.73 (libwww-perl/6.67)"
127.0.0.1 - - [16/Jun/2025:03:30:11 +0000] "GET /whm-server-status?auto HTTP/1.1" 200 1463 "-" "munin/2.0.73 (libwww-perl/6.67)"
209.74.73.66 - - [16/Jun/2025:03:30:14 +0000] "GET / HTTP/1.1" 200 163 "-" "Namecheap Monitoring Agent"
::1 - - [16/Jun/2025:03:30:20 +0000] "GET / HTTP/1.1" 200 163 "-" "Munin - http_loadtime"
127.0.0.1 - - [16/Jun/2025:03:30:24 +0000] "GET /whm-server-status?auto HTTP/1.1" 200 1461 "-" "munin/2.0.73 (libwww-perl/6.67)"
127.0.0.1 - - [16/Jun/2025:03:30:26 +0000] "GET / HTTP/1.0" 200 163 "-" "-"
198.177.126.50 - - [16/Jun/2025:03:31:13 +0000] "GET / HTTP/1.1" 200 163 "-" "Namecheap Monitoring Agent"
198.54.118.134 - - [16/Jun/2025:03:31:34 +0000] "GET / HTTP/1.1" 200 163 "-" "Namecheap Monitoring Agent"
209.74.73.66 - - [16/Jun/2025:03:33:06 +0000] "GET / HTTP/1.1" 200 163 "-" "Namecheap Monitoring Agent"
198.177.126.50 - - [16/Jun/2025:03:34:13 +0000] "GET / HTTP/1.1" 200 163 "-" "Namecheap Monitoring Agent"
198.54.118.134 - - [16/Jun/2025:03:34:34 +0000] "GET / HTTP/1.1" 200 163 "-" "Namecheap Monitoring Agent"
127.0.0.1 - - [16/Jun/2025:03:35:01 +0000] "GET /whm-server-status HTTP/1.0" 200 41674 "-" "-"
127.0.0.1 - - [16/Jun/2025:03:35:07 +0000] "GET /whm-server-status?auto HTTP/1.1" 200 1460 "-" "munin/2.0.73 (libwww-perl/6.67)"
127.0.0.1 - - [16/Jun/2025:03:35:13 +0000] "GET /whm-server-status?auto HTTP/1.1" 200 1463 "-" "munin/2.0.73 (libwww-perl/6.67)"
::1 - - [16/Jun/2025:03:35:22 +0000] "GET / HTTP/1.1" 200 163 "-" "Munin - http_loadtime"
127.0.0.1 - - [16/Jun/2025:03:35:26 +0000] "GET /whm-server-status?auto HTTP/1.1" 200 1462 "-" "munin/2.0.73 (libwww-perl/6.67)"
127.0.0.1 - - [16/Jun/2025:03:35:50 +0000] "GET / HTTP/1.0" 200 163 "-" "-"
209.74.73.66 - - [16/Jun/2025:03:36:01 +0000] "GET / HTTP/1.1" 200 163 "-" "Namecheap Monitoring Agent"
198.177.126.50 - - [16/Jun/2025:03:37:13 +0000] "GET / HTTP/1.1" 200 163 "-" "Namecheap Monitoring Agent"
198.54.118.134 - - [16/Jun/2025:03:37:34 +0000] "GET / HTTP/1.1" 200 163 "-" "Namecheap Monitoring Agent"
204.76.203.212 - - [16/Jun/2025:03:37:47 +0000] "GET / HTTP/1.1" 200 163 "-" "Mozilla/5.0 (Windows NT 10.0; Win64; x64) AppleWebKit/537.36 (KHTML, like Gecko) Chrome/90.0.4430.85 Safari/537.36 Edg/90.0.818.46"
209.74.73.66 - - [16/Jun/2025:03:39:01 +0000] "GET / HTTP/1.1" 200 163 "-" "Namecheap Monitoring Agent"
127.0.0.1 - - [16/Jun/2025:03:40:01 +0000] "GET /whm-server-status HTTP/1.0" 200 41725 "-" "-"
127.0.0.1 - - [16/Jun/2025:03:40:08 +0000] "GET /whm-server-status?auto HTTP/1.1" 200 1462 "-" "munin/2.0.73 (libwww-perl/6.67)"
198.177.126.50 - - [16/Jun/2025:03:40:13 +0000] "GET / HTTP/1.1" 200 163 "-" "Namecheap Monitoring Agent"
127.0.0.1 - - [16/Jun/2025:03:40:16 +0000] "GET /whm-server-status?auto HTTP/1.1" 200 1462 "-" "munin/2.0.73 (libwww-perl/6.67)"
::1 - - [16/Jun/2025:03:40:25 +0000] "GET / HTTP/1.1" 200 163 "-" "Munin - http_loadtime"
127.0.0.1 - - [16/Jun/2025:03:40:30 +0000] "GET /whm-server-status?auto HTTP/1.1" 200 1461 "-" "munin/2.0.73 (libwww-perl/6.67)"
2a06:98c0:3600::103 - - [16/Jun/2025:03:40:30 +0000] "GET /wordpress/wp-admin/setup-config.php HTTP/1.1" 404 10118 "-" "Mozilla/5.0 (Windows NT 10.0; Win64; x64) AppleWebKit/537.36 (KHTML, like Gecko) Chrome/137.0.0.0 Safari/537.36"
198.54.118.134 - - [16/Jun/2025:03:40:34 +0000] "GET / HTTP/1.1" 200 163 "-" "Namecheap Monitoring Agent"
2a06:98c0:3600::103 - - [16/Jun/2025:03:41:25 +0000] "GET /wordpress/wp-admin/setup-config.php HTTP/1.1" 404 10118 "-" "Mozilla/5.0 (Windows NT 10.0; Win64; x64) AppleWebKit/537.36 (KHTML, like Gecko) Chrome/137.0.0.0 Safari/537.36"
127.0.0.1 - - [16/Jun/2025:03:41:35 +0000] "GET / HTTP/1.0" 200 163 "-" "-"
209.74.73.66 - - [16/Jun/2025:03:42:01 +0000] "GET / HTTP/1.1" 200 163 "-" "Namecheap Monitoring Agent"
2a06:98c0:3600::103 - - [16/Jun/2025:03:42:49 +0000] "GET /wp-admin/setup-config.php HTTP/1.1" 404 10098 "-" "Mozilla/5.0 (Windows NT 10.0; Win64; x64) AppleWebKit/537.36 (KHTML, like Gecko) Chrome/137.0.0.0 Safari/537.36"
2a06:98c0:3600::103 - - [16/Jun/2025:03:43:08 +0000] "GET /wp-admin/setup-config.php HTTP/1.1" 404 10098 "-" "Mozilla/5.0 (Windows NT 10.0; Win64; x64) AppleWebKit/537.36 (KHTML, like Gecko) Chrome/137.0.0.0 Safari/537.36"
198.177.126.50 - - [16/Jun/2025:03:43:13 +0000] "GET / HTTP/1.1" 200 163 "-" "Namecheap Monitoring Agent"
198.54.118.134 - - [16/Jun/2025:03:43:34 +0000] "GET / HTTP/1.1" 200 163 "-" "Namecheap Monitoring Agent"
185.242.226.152 - - [16/Jun/2025:03:44:02 +0000] "GET / HTTP/1.1" 200 163 "-" "Mozilla/5.0 (Windows NT 10.0; Win64; x64) AppleWebKit/537.36 (KHTML, like Gecko) Chrome/88.0.4324.190 Safari/537.36"
209.74.73.66 - - [16/Jun/2025:03:45:01 +0000] "GET / HTTP/1.1" 200 163 "-" "Namecheap Monitoring Agent"
127.0.0.1 - - [16/Jun/2025:03:45:02 +0000] "GET /whm-server-status HTTP/1.0" 200 48681 "-" "-"
127.0.0.1 - - [16/Jun/2025:03:45:10 +0000] "GET /whm-server-status?auto HTTP/1.1" 200 1459 "-" "munin/2.0.73 (libwww-perl/6.67)"
127.0.0.1 - - [16/Jun/2025:03:45:17 +0000] "GET /whm-server-status?auto HTTP/1.1" 200 1462 "-" "munin/2.0.73 (libwww-perl/6.67)"
::1 - - [16/Jun/2025:03:45:25 +0000] "GET / HTTP/1.1" 200 163 "-" "Munin - http_loadtime"
127.0.0.1 - - [16/Jun/2025:03:45:30 +0000] "GET /whm-server-status?auto HTTP/1.1" 200 1458 "-" "munin/2.0.73 (libwww-perl/6.67)"
80.82.77.202 - - [16/Jun/2025:03:46:06 +0000] "GET / HTTP/1.0" 200 163 "-" "Mozilla/5.0 (Linux; Android 8.1.0; SM-J530F) AppleWebKit/537.36 (KHTML, like Gecko) Chrome/76.0.3809.111 Mobile Safari/537.36"
198.177.126.50 - - [16/Jun/2025:03:46:13 +0000] "GET / HTTP/1.1" 200 163 "-" "Namecheap Monitoring Agent"
198.54.118.134 - - [16/Jun/2025:03:46:34 +0000] "GET / HTTP/1.1" 200 163 "-" "Namecheap Monitoring Agent"
209.74.73.66 - - [16/Jun/2025:03:48:01 +0000] "GET / HTTP/1.1" 200 163 "-" "Namecheap Monitoring Agent"
127.0.0.1 - - [16/Jun/2025:03:48:47 +0000] "GET / HTTP/1.0" 200 163 "-" "-"
198.177.126.50 - - [16/Jun/2025:03:49:13 +0000] "GET / HTTP/1.1" 200 163 "-" "Namecheap Monitoring Agent"
198.54.118.134 - - [16/Jun/2025:03:49:34 +0000] "GET / HTTP/1.1" 200 163 "-" "Namecheap Monitoring Agent"
127.0.0.1 - - [16/Jun/2025:03:50:02 +0000] "GET /whm-server-status HTTP/1.0" 200 48766 "-" "-"
127.0.0.1 - - [16/Jun/2025:03:50:10 +0000] "GET /whm-server-status?auto HTTP/1.1" 200 1459 "-" "munin/2.0.73 (libwww-perl/6.67)"
127.0.0.1 - - [16/Jun/2025:03:50:16 +0000] "GET /whm-server-status?auto HTTP/1.1" 200 1459 "-" "munin/2.0.73 (libwww-perl/6.67)"
::1 - - [16/Jun/2025:03:50:26 +0000] "GET / HTTP/1.1" 200 163 "-" "Munin - http_loadtime"
127.0.0.1 - - [16/Jun/2025:03:50:30 +0000] "GET /whm-server-status?auto HTTP/1.1" 200 1460 "-" "munin/2.0.73 (libwww-perl/6.67)"
209.74.73.66 - - [16/Jun/2025:03:51:01 +0000] "GET / HTTP/1.1" 200 163 "-" "Namecheap Monitoring Agent"
198.177.126.50 - - [16/Jun/2025:03:52:13 +0000] "GET / HTTP/1.1" 200 163 "-" "Namecheap Monitoring Agent"
198.54.118.134 - - [16/Jun/2025:03:52:34 +0000] "GET / HTTP/1.1" 200 163 "-" "Namecheap Monitoring Agent"
127.0.0.1 - - [16/Jun/2025:03:53:55 +0000] "GET / HTTP/1.0" 200 163 "-" "-"
209.74.73.66 - - [16/Jun/2025:03:54:01 +0000] "GET / HTTP/1.1" 200 163 "-" "Namecheap Monitoring Agent"
43.159.36.244 - - [16/Jun/2025:03:54:31 +0000] "GET / HTTP/1.1" 200 163 "-" "Mozilla/5.0 (Windows NT 10.0; Win64; x64) AppleWebKit/537.36 (KHTML, like Gecko) Chrome/58.0.3029.110 Safari/537.3"
127.0.0.1 - - [16/Jun/2025:03:55:02 +0000] "GET /whm-server-status HTTP/1.0" 200 48776 "-" "-"
127.0.0.1 - - [16/Jun/2025:03:55:09 +0000] "GET /whm-server-status?auto HTTP/1.1" 200 1461 "-" "munin/2.0.73 (libwww-perl/6.67)"
198.177.126.50 - - [16/Jun/2025:03:55:13 +0000] "GET / HTTP/1.1" 200 163 "-" "Namecheap Monitoring Agent"
127.0.0.1 - - [16/Jun/2025:03:55:17 +0000] "GET /whm-server-status?auto HTTP/1.1" 200 1462 "-" "munin/2.0.73 (libwww-perl/6.67)"
::1 - - [16/Jun/2025:03:55:26 +0000] "GET / HTTP/1.1" 200 163 "-" "Munin - http_loadtime"
127.0.0.1 - - [16/Jun/2025:03:55:32 +0000] "GET /whm-server-status?auto HTTP/1.1" 200 1461 "-" "munin/2.0.73 (libwww-perl/6.67)"
198.54.118.134 - - [16/Jun/2025:03:55:34 +0000] "GET / HTTP/1.1" 200 163 "-" "Namecheap Monitoring Agent"
209.74.73.66 - - [16/Jun/2025:03:57:01 +0000] "GET / HTTP/1.1" 200 163 "-" "Namecheap Monitoring Agent"
198.177.126.50 - - [16/Jun/2025:03:58:13 +0000] "GET / HTTP/1.1" 200 163 "-" "Namecheap Monitoring Agent"
198.54.118.134 - - [16/Jun/2025:03:58:34 +0000] "GET / HTTP/1.1" 200 163 "-" "Namecheap Monitoring Agent"
210.64.24.100 - - [16/Jun/2025:03:59:15 +0000] "GET / HTTP/1.1" 200 163 "-" "Python/3.12 aiohttp/3.11.12"
127.0.0.1 - - [16/Jun/2025:03:59:45 +0000] "GET / HTTP/1.0" 200 163 "-" "-"
209.74.73.66 - - [16/Jun/2025:04:00:01 +0000] "GET / HTTP/1.1" 200 163 "-" "Namecheap Monitoring Agent"
127.0.0.1 - - [16/Jun/2025:04:00:02 +0000] "GET /whm-server-status HTTP/1.0" 200 49289 "-" "-"
93.174.93.12 - - [16/Jun/2025:04:00:11 +0000] "GET / HTTP/1.0" 200 163 "-" "Mozilla/5.0 (Windows NT 6.1; Win64; x64) AppleWebKit/537.36 (KHTML, like Gecko) Chrome/77.0.3835.0 Safari/537.36"
127.0.0.1 - - [16/Jun/2025:04:00:11 +0000] "GET /whm-server-status?auto HTTP/1.1" 200 1462 "-" "munin/2.0.73 (libwww-perl/6.67)"
2a06:98c0:3600::103 - - [16/Jun/2025:04:00:16 +0000] "GET /wordpress/wp-admin/setup-config.php HTTP/1.1" 404 10118 "-" "Mozilla/5.0 (Windows NT 10.0; Win64; x64) AppleWebKit/537.36 (KHTML, like Gecko) Chrome/137.0.0.0 Safari/537.36"
127.0.0.1 - - [16/Jun/2025:04:00:20 +0000] "GET /whm-server-status?auto HTTP/1.1" 200 1462 "-" "munin/2.0.73 (libwww-perl/6.67)"
::1 - - [16/Jun/2025:04:00:32 +0000] "GET / HTTP/1.1" 200 163 "-" "Munin - http_loadtime"
127.0.0.1 - - [16/Jun/2025:04:00:39 +0000] "GET /whm-server-status?auto HTTP/1.1" 200 1463 "-" "munin/2.0.73 (libwww-perl/6.67)"
2a06:98c0:3600::103 - - [16/Jun/2025:04:01:10 +0000] "GET /wp-admin/setup-config.php HTTP/1.1" 404 10098 "-" "Mozilla/5.0 (Windows NT 10.0; Win64; x64) AppleWebKit/537.36 (KHTML, like Gecko) Chrome/137.0.0.0 Safari/537.36"
198.177.126.50 - - [16/Jun/2025:04:01:13 +0000] "GET / HTTP/1.1" 200 163 "-" "Namecheap Monitoring Agent"
198.54.118.134 - - [16/Jun/2025:04:01:34 +0000] "GET / HTTP/1.1" 200 163 "-" "Namecheap Monitoring Agent"
2a06:98c0:3600::103 - - [16/Jun/2025:04:02:15 +0000] "GET /wordpress/wp-admin/setup-config.php HTTP/1.1" 404 10118 "-" "Mozilla/5.0 (Windows NT 10.0; Win64; x64) AppleWebKit/537.36 (KHTML, like Gecko) Chrome/137.0.0.0 Safari/537.36"
2a06:98c0:3600::103 - - [16/Jun/2025:04:02:20 +0000] "GET /wp-admin/setup-config.php HTTP/1.1" 404 10098 "-" "Mozilla/5.0 (Windows NT 10.0; Win64; x64) AppleWebKit/537.36 (KHTML, like Gecko) Chrome/137.0.0.0 Safari/537.36"
209.74.73.66 - - [16/Jun/2025:04:03:01 +0000] "GET / HTTP/1.1" 200 163 "-" "Namecheap Monitoring Agent"
198.177.126.50 - - [16/Jun/2025:04:04:13 +0000] "GET / HTTP/1.1" 200 163 "-" "Namecheap Monitoring Agent"
198.54.118.134 - - [16/Jun/2025:04:04:34 +0000] "GET / HTTP/1.1" 200 163 "-" "Namecheap Monitoring Agent"
127.0.0.1 - - [16/Jun/2025:04:05:01 +0000] "GET /whm-server-status HTTP/1.0" 200 49156 "-" "-"
127.0.0.1 - - [16/Jun/2025:04:05:09 +0000] "GET /whm-server-status?auto HTTP/1.1" 200 1462 "-" "munin/2.0.73 (libwww-perl/6.67)"
127.0.0.1 - - [16/Jun/2025:04:05:16 +0000] "GET / HTTP/1.0" 200 163 "-" "-"
127.0.0.1 - - [16/Jun/2025:04:05:16 +0000] "GET /whm-server-status?auto HTTP/1.1" 200 1464 "-" "munin/2.0.73 (libwww-perl/6.67)"
::1 - - [16/Jun/2025:04:05:27 +0000] "GET / HTTP/1.1" 200 163 "-" "Munin - http_loadtime"
127.0.0.1 - - [16/Jun/2025:04:05:34 +0000] "GET /whm-server-status?auto HTTP/1.1" 200 1462 "-" "munin/2.0.73 (libwww-perl/6.67)"
209.74.73.66 - - [16/Jun/2025:04:06:01 +0000] "GET / HTTP/1.1" 200 163 "-" "Namecheap Monitoring Agent"
198.177.126.50 - - [16/Jun/2025:04:07:13 +0000] "GET / HTTP/1.1" 200 163 "-" "Namecheap Monitoring Agent"
198.54.118.134 - - [16/Jun/2025:04:07:34 +0000] "GET / HTTP/1.1" 200 163 "-" "Namecheap Monitoring Agent"
209.74.73.66 - - [16/Jun/2025:04:09:01 +0000] "GET / HTTP/1.1" 200 163 "-" "Namecheap Monitoring Agent"
127.0.0.1 - - [16/Jun/2025:04:10:01 +0000] "GET /whm-server-status HTTP/1.0" 200 49230 "-" "-"
127.0.0.1 - - [16/Jun/2025:04:10:13 +0000] "GET /whm-server-status?auto HTTP/1.1" 200 1461 "-" "munin/2.0.73 (libwww-perl/6.67)"
198.177.126.50 - - [16/Jun/2025:04:10:13 +0000] "GET / HTTP/1.1" 200 163 "-" "Namecheap Monitoring Agent"
127.0.0.1 - - [16/Jun/2025:04:10:21 +0000] "GET /whm-server-status?auto HTTP/1.1" 200 1461 "-" "munin/2.0.73 (libwww-perl/6.67)"
198.54.118.134 - - [16/Jun/2025:04:10:34 +0000] "GET / HTTP/1.1" 200 163 "-" "Namecheap Monitoring Agent"
::1 - - [16/Jun/2025:04:10:35 +0000] "GET / HTTP/1.1" 200 163 "-" "Munin - http_loadtime"
127.0.0.1 - - [16/Jun/2025:04:10:42 +0000] "GET /whm-server-status?auto HTTP/1.1" 200 1459 "-" "munin/2.0.73 (libwww-perl/6.67)"
127.0.0.1 - - [16/Jun/2025:04:10:45 +0000] "GET / HTTP/1.0" 200 163 "-" "-"
209.74.73.66 - - [16/Jun/2025:04:12:01 +0000] "GET / HTTP/1.1" 200 163 "-" "Namecheap Monitoring Agent"
198.177.126.50 - - [16/Jun/2025:04:13:13 +0000] "GET / HTTP/1.1" 200 163 "-" "Namecheap Monitoring Agent"
198.54.118.134 - - [16/Jun/2025:04:13:34 +0000] "GET / HTTP/1.1" 200 163 "-" "Namecheap Monitoring Agent"
209.74.73.66 - - [16/Jun/2025:04:15:01 +0000] "GET / HTTP/1.1" 200 163 "-" "Namecheap Monitoring Agent"
127.0.0.1 - - [16/Jun/2025:04:15:02 +0000] "GET /whm-server-status HTTP/1.0" 200 49341 "-" "-"
127.0.0.1 - - [16/Jun/2025:04:15:13 +0000] "GET /whm-server-status?auto HTTP/1.1" 200 1460 "-" "munin/2.0.73 (libwww-perl/6.67)"
127.0.0.1 - - [16/Jun/2025:04:15:21 +0000] "GET /whm-server-status?auto HTTP/1.1" 200 1461 "-" "munin/2.0.73 (libwww-perl/6.67)"
::1 - - [16/Jun/2025:04:15:39 +0000] "GET / HTTP/1.1" 200 163 "-" "Munin - http_loadtime"
127.0.0.1 - - [16/Jun/2025:04:15:47 +0000] "GET /whm-server-status?auto HTTP/1.1" 200 1460 "-" "munin/2.0.73 (libwww-perl/6.67)"
127.0.0.1 - - [16/Jun/2025:04:15:52 +0000] "GET / HTTP/1.0" 200 163 "-" "-"
61.79.198.49 - - [16/Jun/2025:04:16:07 +0000] "GET / HTTP/1.1" 200 163 "-" "Mozilla/5.0"
198.177.126.50 - - [16/Jun/2025:04:16:13 +0000] "GET / HTTP/1.1" 200 163 "-" "Namecheap Monitoring Agent"
198.54.118.134 - - [16/Jun/2025:04:16:34 +0000] "GET / HTTP/1.1" 200 163 "-" "Namecheap Monitoring Agent"
209.74.73.66 - - [16/Jun/2025:04:18:01 +0000] "GET / HTTP/1.1" 200 163 "-" "Namecheap Monitoring Agent"
185.189.182.234 - - [16/Jun/2025:04:18:39 +0000] "GET / HTTP/1.1" 400 10075 "-" "-"
198.177.126.50 - - [16/Jun/2025:04:19:13 +0000] "GET / HTTP/1.1" 200 163 "-" "Namecheap Monitoring Agent"
198.54.118.134 - - [16/Jun/2025:04:19:34 +0000] "GET / HTTP/1.1" 200 163 "-" "Namecheap Monitoring Agent"
127.0.0.1 - - [16/Jun/2025:04:20:02 +0000] "GET /whm-server-status HTTP/1.0" 200 49411 "-" "-"
127.0.0.1 - - [16/Jun/2025:04:20:18 +0000] "GET /whm-server-status?auto HTTP/1.1" 200 1462 "-" "munin/2.0.73 (libwww-perl/6.67)"
127.0.0.1 - - [16/Jun/2025:04:20:28 +0000] "GET /whm-server-status?auto HTTP/1.1" 200 1461 "-" "munin/2.0.73 (libwww-perl/6.67)"
::1 - - [16/Jun/2025:04:20:46 +0000] "GET / HTTP/1.1" 200 163 "-" "Munin - http_loadtime"
127.0.0.1 - - [16/Jun/2025:04:20:54 +0000] "GET /whm-server-status?auto HTTP/1.1" 200 1458 "-" "munin/2.0.73 (libwww-perl/6.67)"
127.0.0.1 - - [16/Jun/2025:04:21:01 +0000] "GET / HTTP/1.0" 200 163 "-" "-"
209.74.73.66 - - [16/Jun/2025:04:21:01 +0000] "GET / HTTP/1.1" 200 163 "-" "Namecheap Monitoring Agent"
2a06:98c0:3600::103 - - [16/Jun/2025:04:21:53 +0000] "GET /wordpress/wp-admin/setup-config.php HTTP/1.1" 404 10118 "-" "Mozilla/5.0 (Windows NT 10.0; Win64; x64) AppleWebKit/537.36 (KHTML, like Gecko) Chrome/137.0.0.0 Safari/537.36"
198.177.126.50 - - [16/Jun/2025:04:22:13 +0000] "GET / HTTP/1.1" 200 163 "-" "Namecheap Monitoring Agent"
198.54.118.134 - - [16/Jun/2025:04:22:34 +0000] "GET / HTTP/1.1" 200 163 "-" "Namecheap Monitoring Agent"
2a06:98c0:3600::103 - - [16/Jun/2025:04:22:51 +0000] "GET /wp-admin/setup-config.php HTTP/1.1" 404 10098 "-" "Mozilla/5.0 (Windows NT 10.0; Win64; x64) AppleWebKit/537.36 (KHTML, like Gecko) Chrome/137.0.0.0 Safari/537.36"
2a06:98c0:3600::103 - - [16/Jun/2025:04:23:28 +0000] "GET /wordpress/wp-admin/setup-config.php HTTP/1.1" 404 10118 "-" "Mozilla/5.0 (Windows NT 10.0; Win64; x64) AppleWebKit/537.36 (KHTML, like Gecko) Chrome/137.0.0.0 Safari/537.36"
2a06:98c0:3600::103 - - [16/Jun/2025:04:23:47 +0000] "GET /wp-admin/setup-config.php HTTP/1.1" 404 10098 "-" "Mozilla/5.0 (Windows NT 10.0; Win64; x64) AppleWebKit/537.36 (KHTML, like Gecko) Chrome/137.0.0.0 Safari/537.36"
209.74.73.66 - - [16/Jun/2025:04:24:01 +0000] "GET / HTTP/1.1" 200 163 "-" "Namecheap Monitoring Agent"
127.0.0.1 - - [16/Jun/2025:04:25:01 +0000] "GET /whm-server-status HTTP/1.0" 200 49302 "-" "-"
198.177.126.50 - - [16/Jun/2025:04:25:13 +0000] "GET / HTTP/1.1" 200 163 "-" "Namecheap Monitoring Agent"
127.0.0.1 - - [16/Jun/2025:04:25:16 +0000] "GET /whm-server-status?auto HTTP/1.1" 200 1462 "-" "munin/2.0.73 (libwww-perl/6.67)"
127.0.0.1 - - [16/Jun/2025:04:25:29 +0000] "GET /whm-server-status?auto HTTP/1.1" 200 1462 "-" "munin/2.0.73 (libwww-perl/6.67)"
198.54.118.134 - - [16/Jun/2025:04:25:34 +0000] "GET / HTTP/1.1" 200 163 "-" "Namecheap Monitoring Agent"
::1 - - [16/Jun/2025:04:25:48 +0000] "GET / HTTP/1.1" 200 163 "-" "Munin - http_loadtime"
127.0.0.1 - - [16/Jun/2025:04:25:59 +0000] "GET /whm-server-status?auto HTTP/1.1" 200 1460 "-" "munin/2.0.73 (libwww-perl/6.67)"
127.0.0.1 - - [16/Jun/2025:04:26:05 +0000] "GET / HTTP/1.0" 200 163 "-" "-"
::1 - - [16/Jun/2025:04:26:10 +0000] "GET /whm-server-status HTTP/1.1" 200 49372 "-" "ELinks/0.12pre6 (textmode; Linux; -)"
3.109.164.184 - - [16/Jun/2025:04:26:12 +0000] "GET /wp-login.php HTTP/1.1" 404 10072 "-" "Mozilla/5.0 (X11; Ubuntu; Linux x86_64; rv:85.0) Gecko/20100101 Firefox/91.0"
209.74.73.66 - - [16/Jun/2025:04:27:01 +0000] "GET / HTTP/1.1" 200 163 "-" "Namecheap Monitoring Agent"
198.177.126.50 - - [16/Jun/2025:04:28:13 +0000] "GET / HTTP/1.1" 200 163 "-" "Namecheap Monitoring Agent"
198.54.118.134 - - [16/Jun/2025:04:28:34 +0000] "GET / HTTP/1.1" 200 163 "-" "Namecheap Monitoring Agent"
127.0.0.1 - - [16/Jun/2025:04:43:23 +0000] "GET / HTTP/1.0" 200 163 "-" "-"
127.0.0.1 - - [16/Jun/2025:04:48:34 +0000] "GET / HTTP/1.0" 200 163 "-" "-"
127.0.0.1 - - [16/Jun/2025:04:53:48 +0000] "GET / HTTP/1.0" 200 163 "-" "-"
127.0.0.1 - - [16/Jun/2025:05:00:00 +0000] "GET / HTTP/1.0" 200 163 "-" "-"
127.0.0.1 - - [16/Jun/2025:05:05:05 +0000] "GET / HTTP/1.0" 200 163 "-" "-"
127.0.0.1 - - [16/Jun/2025:05:10:31 +0000] "GET / HTTP/1.0" 200 163 "-" "-"
127.0.0.1 - - [16/Jun/2025:05:16:11 +0000] "GET / HTTP/1.0" 200 163 "-" "-"
::1 - - [16/Jun/2025:05:16:48 +0000] "GET /whm-server-status HTTP/1.1" 200 41435 "-" "ELinks/0.12pre6 (textmode; Linux; -)"
127.0.0.1 - - [16/Jun/2025:05:21:35 +0000] "GET / HTTP/1.0" 200 163 "-" "-"
127.0.0.1 - - [16/Jun/2025:05:26:54 +0000] "GET / HTTP/1.0" 200 163 "-" "-"
127.0.0.1 - - [16/Jun/2025:05:32:54 +0000] "GET / HTTP/1.0" 200 163 "-" "-"
127.0.0.1 - - [16/Jun/2025:05:38:48 +0000] "GET / HTTP/1.0" 200 163 "-" "-"
127.0.0.1 - - [16/Jun/2025:05:43:59 +0000] "GET / HTTP/1.0" 200 163 "-" "-"
127.0.0.1 - - [16/Jun/2025:05:50:05 +0000] "GET / HTTP/1.0" 200 163 "-" "-"
127.0.0.1 - - [16/Jun/2025:05:55:05 +0000] "GET / HTTP/1.0" 200 163 "-" "-"
127.0.0.1 - - [16/Jun/2025:06:00:53 +0000] "GET / HTTP/1.0" 200 163 "-" "-"
127.0.0.1 - - [16/Jun/2025:06:06:36 +0000] "GET / HTTP/1.0" 200 163 "-" "-"
127.0.0.1 - - [16/Jun/2025:06:12:37 +0000] "GET / HTTP/1.0" 200 163 "-" "-"
127.0.0.1 - - [16/Jun/2025:06:17:36 +0000] "GET /whm-server-status HTTP/1.1" 200 48009 "-" "csf/"
127.0.0.1 - - [16/Jun/2025:06:17:41 +0000] "GET / HTTP/1.0" 200 163 "-" "-"
127.0.0.1 - - [16/Jun/2025:06:22:55 +0000] "GET / HTTP/1.0" 200 163 "-" "-"
127.0.0.1 - - [16/Jun/2025:06:30:15 +0000] "GET / HTTP/1.0" 200 163 "-" "-"
127.0.0.1 - - [16/Jun/2025:06:35:28 +0000] "GET / HTTP/1.0" 200 163 "-" "-"
127.0.0.1 - - [16/Jun/2025:06:40:32 +0000] "GET / HTTP/1.0" 200 163 "-" "-"
127.0.0.1 - - [16/Jun/2025:06:45:50 +0000] "GET / HTTP/1.0" 200 163 "-" "-"
127.0.0.1 - - [16/Jun/2025:06:50:52 +0000] "GET / HTTP/1.0" 200 163 "-" "-"
127.0.0.1 - - [16/Jun/2025:06:56:32 +0000] "GET / HTTP/1.0" 200 163 "-" "-"
127.0.0.1 - - [16/Jun/2025:07:01:46 +0000] "GET / HTTP/1.0" 200 163 "-" "-"
127.0.0.1 - - [16/Jun/2025:07:06:53 +0000] "GET / HTTP/1.0" 200 163 "-" "-"
127.0.0.1 - - [16/Jun/2025:07:11:53 +0000] "GET / HTTP/1.0" 200 163 "-" "-"
127.0.0.1 - - [16/Jun/2025:07:17:43 +0000] "GET /whm-server-status HTTP/1.1" 200 48647 "-" "csf/"
127.0.0.1 - - [16/Jun/2025:07:17:55 +0000] "GET / HTTP/1.0" 200 163 "-" "-"
127.0.0.1 - - [16/Jun/2025:07:23:00 +0000] "GET / HTTP/1.0" 200 163 "-" "-"
127.0.0.1 - - [16/Jun/2025:07:29:06 +0000] "GET / HTTP/1.0" 200 163 "-" "-"
127.0.0.1 - - [16/Jun/2025:07:35:05 +0000] "GET / HTTP/1.0" 200 163 "-" "-"
127.0.0.1 - - [16/Jun/2025:07:40:33 +0000] "GET / HTTP/1.0" 200 163 "-" "-"
127.0.0.1 - - [16/Jun/2025:07:45:40 +0000] "GET / HTTP/1.0" 200 163 "-" "-"
127.0.0.1 - - [16/Jun/2025:07:50:52 +0000] "GET / HTTP/1.0" 200 163 "-" "-"
127.0.0.1 - - [16/Jun/2025:07:55:58 +0000] "GET / HTTP/1.0" 200 163 "-" "-"
127.0.0.1 - - [16/Jun/2025:08:01:56 +0000] "GET / HTTP/1.0" 200 163 "-" "-"
127.0.0.1 - - [16/Jun/2025:08:06:58 +0000] "GET / HTTP/1.0" 200 163 "-" "-"
127.0.0.1 - - [16/Jun/2025:08:13:25 +0000] "GET / HTTP/1.0" 200 163 "-" "-"
127.0.0.1 - - [16/Jun/2025:08:17:49 +0000] "GET /whm-server-status HTTP/1.1" 200 48887 "-" "csf/"
127.0.0.1 - - [16/Jun/2025:08:19:02 +0000] "GET / HTTP/1.0" 200 163 "-" "-"
127.0.0.1 - - [16/Jun/2025:08:25:00 +0000] "GET / HTTP/1.0" 200 163 "-" "-"
127.0.0.1 - - [16/Jun/2025:08:30:01 +0000] "GET / HTTP/1.0" 200 163 "-" "-"
127.0.0.1 - - [16/Jun/2025:08:35:05 +0000] "GET / HTTP/1.0" 200 163 "-" "-"
127.0.0.1 - - [16/Jun/2025:08:40:07 +0000] "GET / HTTP/1.0" 200 163 "-" "-"
127.0.0.1 - - [16/Jun/2025:08:46:51 +0000] "GET / HTTP/1.0" 200 163 "-" "-"
127.0.0.1 - - [16/Jun/2025:08:53:19 +0000] "GET / HTTP/1.0" 200 163 "-" "-"
127.0.0.1 - - [16/Jun/2025:08:59:52 +0000] "GET / HTTP/1.0" 200 163 "-" "-"
127.0.0.1 - - [16/Jun/2025:09:05:05 +0000] "GET / HTTP/1.0" 200 163 "-" "-"
127.0.0.1 - - [16/Jun/2025:09:11:28 +0000] "GET / HTTP/1.0" 200 163 "-" "-"
127.0.0.1 - - [16/Jun/2025:09:16:52 +0000] "GET / HTTP/1.0" 200 163 "-" "-"
127.0.0.1 - - [16/Jun/2025:09:22:01 +0000] "GET / HTTP/1.0" 200 163 "-" "-"
127.0.0.1 - - [16/Jun/2025:09:27:18 +0000] "GET / HTTP/1.0" 200 163 "-" "-"
127.0.0.1 - - [16/Jun/2025:09:33:02 +0000] "GET / HTTP/1.0" 200 163 "-" "-"
127.0.0.1 - - [16/Jun/2025:09:38:13 +0000] "GET / HTTP/1.0" 200 163 "-" "-"
127.0.0.1 - - [16/Jun/2025:09:44:17 +0000] "GET / HTTP/1.0" 200 163 "-" "-"
127.0.0.1 - - [16/Jun/2025:09:50:05 +0000] "GET / HTTP/1.0" 200 163 "-" "-"
127.0.0.1 - - [16/Jun/2025:09:55:06 +0000] "GET / HTTP/1.0" 200 163 "-" "-"
127.0.0.1 - - [16/Jun/2025:10:00:07 +0000] "GET / HTTP/1.0" 200 163 "-" "-"
127.0.0.1 - - [16/Jun/2025:10:05:46 +0000] "GET / HTTP/1.0" 200 163 "-" "-"
127.0.0.1 - - [16/Jun/2025:10:11:54 +0000] "GET / HTTP/1.0" 200 163 "-" "-"
127.0.0.1 - - [16/Jun/2025:10:17:44 +0000] "GET / HTTP/1.0" 200 163 "-" "-"
127.0.0.1 - - [16/Jun/2025:10:23:47 +0000] "GET / HTTP/1.0" 200 163 "-" "-"
127.0.0.1 - - [16/Jun/2025:10:30:06 +0000] "GET / HTTP/1.0" 200 163 "-" "-"
127.0.0.1 - - [16/Jun/2025:10:35:46 +0000] "GET / HTTP/1.0" 200 163 "-" "-"
127.0.0.1 - - [16/Jun/2025:10:41:55 +0000] "GET / HTTP/1.0" 200 163 "-" "-"
127.0.0.1 - - [16/Jun/2025:10:47:14 +0000] "GET / HTTP/1.0" 200 163 "-" "-"
127.0.0.1 - - [16/Jun/2025:10:52:31 +0000] "GET / HTTP/1.0" 200 163 "-" "-"
127.0.0.1 - - [16/Jun/2025:10:58:38 +0000] "GET / HTTP/1.0" 200 163 "-" "-"
127.0.0.1 - - [16/Jun/2025:11:05:06 +0000] "GET / HTTP/1.0" 200 163 "-" "-"
127.0.0.1 - - [16/Jun/2025:11:11:55 +0000] "GET / HTTP/1.0" 200 163 "-" "-"
127.0.0.1 - - [16/Jun/2025:11:17:27 +0000] "GET / HTTP/1.0" 200 163 "-" "-"
127.0.0.1 - - [16/Jun/2025:11:23:48 +0000] "GET / HTTP/1.0" 200 163 "-" "-"
127.0.0.1 - - [16/Jun/2025:11:29:27 +0000] "GET / HTTP/1.0" 200 163 "-" "-"
127.0.0.1 - - [16/Jun/2025:11:35:05 +0000] "GET / HTTP/1.0" 200 163 "-" "-"
127.0.0.1 - - [16/Jun/2025:11:41:26 +0000] "GET / HTTP/1.0" 200 163 "-" "-"
127.0.0.1 - - [16/Jun/2025:11:46:56 +0000] "GET / HTTP/1.0" 200 163 "-" "-"
127.0.0.1 - - [16/Jun/2025:11:53:35 +0000] "GET / HTTP/1.0" 200 163 "-" "-"
127.0.0.1 - - [16/Jun/2025:11:59:18 +0000] "GET / HTTP/1.0" 200 163 "-" "-"
127.0.0.1 - - [16/Jun/2025:12:05:06 +0000] "GET / HTTP/1.0" 200 163 "-" "-"
127.0.0.1 - - [16/Jun/2025:12:10:37 +0000] "GET / HTTP/1.0" 200 163 "-" "-"
127.0.0.1 - - [16/Jun/2025:12:16:07 +0000] "GET / HTTP/1.0" 200 163 "-" "-"
127.0.0.1 - - [16/Jun/2025:12:21:25 +0000] "GET / HTTP/1.0" 200 163 "-" "-"
127.0.0.1 - - [16/Jun/2025:12:26:57 +0000] "GET / HTTP/1.0" 200 163 "-" "-"
127.0.0.1 - - [16/Jun/2025:12:32:10 +0000] "GET / HTTP/1.0" 200 163 "-" "-"
127.0.0.1 - - [16/Jun/2025:12:38:27 +0000] "GET / HTTP/1.0" 200 163 "-" "-"
127.0.0.1 - - [16/Jun/2025:12:43:43 +0000] "GET / HTTP/1.0" 200 163 "-" "-"
127.0.0.1 - - [16/Jun/2025:12:49:00 +0000] "GET / HTTP/1.0" 200 163 "-" "-"
127.0.0.1 - - [16/Jun/2025:12:54:44 +0000] "GET / HTTP/1.0" 200 163 "-" "-"
127.0.0.1 - - [16/Jun/2025:13:00:01 +0000] "GET / HTTP/1.0" 200 163 "-" "-"
127.0.0.1 - - [16/Jun/2025:13:05:06 +0000] "GET / HTTP/1.0" 200 163 "-" "-"
127.0.0.1 - - [16/Jun/2025:13:10:38 +0000] "GET / HTTP/1.0" 200 163 "-" "-"
127.0.0.1 - - [16/Jun/2025:13:16:59 +0000] "GET / HTTP/1.0" 200 163 "-" "-"
127.0.0.1 - - [16/Jun/2025:13:22:26 +0000] "GET / HTTP/1.0" 200 163 "-" "-"
127.0.0.1 - - [16/Jun/2025:13:27:41 +0000] "GET / HTTP/1.0" 200 163 "-" "-"
127.0.0.1 - - [16/Jun/2025:13:34:17 +0000] "GET / HTTP/1.0" 200 163 "-" "-"
127.0.0.1 - - [16/Jun/2025:13:39:31 +0000] "GET / HTTP/1.0" 200 163 "-" "-"
127.0.0.1 - - [16/Jun/2025:13:45:05 +0000] "GET / HTTP/1.0" 200 163 "-" "-"
127.0.0.1 - - [16/Jun/2025:13:51:07 +0000] "GET / HTTP/1.0" 200 163 "-" "-"
127.0.0.1 - - [16/Jun/2025:13:56:59 +0000] "GET / HTTP/1.0" 200 163 "-" "-"
127.0.0.1 - - [16/Jun/2025:14:02:06 +0000] "GET / HTTP/1.0" 200 163 "-" "-"
127.0.0.1 - - [16/Jun/2025:14:08:38 +0000] "GET / HTTP/1.0" 200 163 "-" "-"
127.0.0.1 - - [16/Jun/2025:14:14:17 +0000] "GET / HTTP/1.0" 200 163 "-" "-"
127.0.0.1 - - [16/Jun/2025:14:19:41 +0000] "GET / HTTP/1.0" 200 163 "-" "-"
127.0.0.1 - - [16/Jun/2025:14:25:06 +0000] "GET / HTTP/1.0" 200 163 "-" "-"
127.0.0.1 - - [16/Jun/2025:14:30:26 +0000] "GET / HTTP/1.0" 200 163 "-" "-"
127.0.0.1 - - [16/Jun/2025:14:37:00 +0000] "GET / HTTP/1.0" 200 163 "-" "-"
127.0.0.1 - - [16/Jun/2025:14:43:35 +0000] "GET / HTTP/1.0" 200 163 "-" "-"
127.0.0.1 - - [16/Jun/2025:14:48:37 +0000] "GET / HTTP/1.0" 200 163 "-" "-"
127.0.0.1 - - [16/Jun/2025:14:53:48 +0000] "GET / HTTP/1.0" 200 163 "-" "-"
127.0.0.1 - - [16/Jun/2025:14:59:51 +0000] "GET / HTTP/1.0" 200 163 "-" "-"
127.0.0.1 - - [16/Jun/2025:15:05:05 +0000] "GET / HTTP/1.0" 200 163 "-" "-"
127.0.0.1 - - [16/Jun/2025:15:10:05 +0000] "GET / HTTP/1.0" 200 163 "-" "-"
127.0.0.1 - - [16/Jun/2025:15:16:48 +0000] "GET / HTTP/1.0" 200 163 "-" "-"
127.0.0.1 - - [16/Jun/2025:15:22:01 +0000] "GET / HTTP/1.0" 200 163 "-" "-"
127.0.0.1 - - [16/Jun/2025:15:27:16 +0000] "GET / HTTP/1.0" 200 163 "-" "-"
127.0.0.1 - - [16/Jun/2025:15:33:01 +0000] "GET / HTTP/1.0" 200 163 "-" "-"
127.0.0.1 - - [16/Jun/2025:15:38:03 +0000] "GET / HTTP/1.0" 200 163 "-" "-"
127.0.0.1 - - [16/Jun/2025:15:44:44 +0000] "GET / HTTP/1.0" 200 163 "-" "-"
127.0.0.1 - - [16/Jun/2025:15:50:06 +0000] "GET / HTTP/1.0" 200 163 "-" "-"
127.0.0.1 - - [16/Jun/2025:15:55:57 +0000] "GET / HTTP/1.0" 200 163 "-" "-"
127.0.0.1 - - [16/Jun/2025:16:01:11 +0000] "GET / HTTP/1.0" 200 163 "-" "-"
127.0.0.1 - - [16/Jun/2025:16:06:54 +0000] "GET / HTTP/1.0" 200 163 "-" "-"
127.0.0.1 - - [16/Jun/2025:16:12:03 +0000] "GET / HTTP/1.0" 200 163 "-" "-"
127.0.0.1 - - [16/Jun/2025:16:17:16 +0000] "GET / HTTP/1.0" 200 163 "-" "-"
127.0.0.1 - - [16/Jun/2025:16:23:48 +0000] "GET / HTTP/1.0" 200 163 "-" "-"
127.0.0.1 - - [16/Jun/2025:16:28:53 +0000] "GET / HTTP/1.0" 200 163 "-" "-"
127.0.0.1 - - [16/Jun/2025:16:35:05 +0000] "GET / HTTP/1.0" 200 163 "-" "-"
127.0.0.1 - - [16/Jun/2025:16:40:06 +0000] "GET / HTTP/1.0" 200 163 "-" "-"
127.0.0.1 - - [16/Jun/2025:16:45:58 +0000] "GET / HTTP/1.0" 200 163 "-" "-"
127.0.0.1 - - [16/Jun/2025:16:51:27 +0000] "GET / HTTP/1.0" 200 163 "-" "-"
127.0.0.1 - - [16/Jun/2025:16:57:04 +0000] "GET / HTTP/1.0" 200 163 "-" "-"
127.0.0.1 - - [16/Jun/2025:17:02:31 +0000] "GET / HTTP/1.0" 200 163 "-" "-"
127.0.0.1 - - [16/Jun/2025:17:08:48 +0000] "GET / HTTP/1.0" 200 163 "-" "-"
127.0.0.1 - - [16/Jun/2025:17:14:07 +0000] "GET / HTTP/1.0" 200 163 "-" "-"
127.0.0.1 - - [16/Jun/2025:17:20:02 +0000] "GET / HTTP/1.0" 200 163 "-" "-"
127.0.0.1 - - [16/Jun/2025:17:25:05 +0000] "GET / HTTP/1.0" 200 163 "-" "-"
127.0.0.1 - - [16/Jun/2025:17:30:05 +0000] "GET / HTTP/1.0" 200 163 "-" "-"
127.0.0.1 - - [16/Jun/2025:17:36:17 +0000] "GET / HTTP/1.0" 200 163 "-" "-"
127.0.0.1 - - [16/Jun/2025:17:42:05 +0000] "GET / HTTP/1.0" 200 163 "-" "-"
127.0.0.1 - - [16/Jun/2025:17:49:10 +0000] "GET / HTTP/1.0" 200 163 "-" "-"
127.0.0.1 - - [16/Jun/2025:17:54:41 +0000] "GET / HTTP/1.0" 200 163 "-" "-"
127.0.0.1 - - [16/Jun/2025:18:00:00 +0000] "GET / HTTP/1.0" 200 163 "-" "-"
127.0.0.1 - - [16/Jun/2025:18:05:06 +0000] "GET / HTTP/1.0" 200 163 "-" "-"
127.0.0.1 - - [16/Jun/2025:18:10:07 +0000] "GET / HTTP/1.0" 200 163 "-" "-"
127.0.0.1 - - [16/Jun/2025:18:17:06 +0000] "GET / HTTP/1.0" 200 163 "-" "-"
127.0.0.1 - - [16/Jun/2025:18:23:10 +0000] "GET / HTTP/1.0" 200 163 "-" "-"
127.0.0.1 - - [16/Jun/2025:18:28:56 +0000] "GET / HTTP/1.0" 200 163 "-" "-"
127.0.0.1 - - [16/Jun/2025:18:34:14 +0000] "GET / HTTP/1.0" 200 163 "-" "-"
127.0.0.1 - - [16/Jun/2025:18:39:22 +0000] "GET / HTTP/1.0" 200 163 "-" "-"
127.0.0.1 - - [16/Jun/2025:18:44:57 +0000] "GET / HTTP/1.0" 200 163 "-" "-"
127.0.0.1 - - [16/Jun/2025:18:50:05 +0000] "GET / HTTP/1.0" 200 163 "-" "-"
127.0.0.1 - - [16/Jun/2025:18:55:05 +0000] "GET / HTTP/1.0" 200 163 "-" "-"
127.0.0.1 - - [16/Jun/2025:19:00:06 +0000] "GET / HTTP/1.0" 200 163 "-" "-"
127.0.0.1 - - [16/Jun/2025:19:07:07 +0000] "GET / HTTP/1.0" 200 163 "-" "-"
127.0.0.1 - - [16/Jun/2025:19:13:09 +0000] "GET / HTTP/1.0" 200 163 "-" "-"
127.0.0.1 - - [16/Jun/2025:19:18:40 +0000] "GET / HTTP/1.0" 200 163 "-" "-"
127.0.0.1 - - [16/Jun/2025:19:23:48 +0000] "GET / HTTP/1.0" 200 163 "-" "-"
127.0.0.1 - - [16/Jun/2025:19:29:32 +0000] "GET / HTTP/1.0" 200 163 "-" "-"
127.0.0.1 - - [16/Jun/2025:19:35:05 +0000] "GET / HTTP/1.0" 200 163 "-" "-"
127.0.0.1 - - [16/Jun/2025:19:40:05 +0000] "GET / HTTP/1.0" 200 163 "-" "-"
127.0.0.1 - - [16/Jun/2025:19:46:08 +0000] "GET / HTTP/1.0" 200 163 "-" "-"
127.0.0.1 - - [16/Jun/2025:19:52:08 +0000] "GET / HTTP/1.0" 200 163 "-" "-"
127.0.0.1 - - [16/Jun/2025:19:57:25 +0000] "GET / HTTP/1.0" 200 163 "-" "-"
127.0.0.1 - - [16/Jun/2025:20:02:42 +0000] "GET / HTTP/1.0" 200 163 "-" "-"
127.0.0.1 - - [16/Jun/2025:20:08:28 +0000] "GET / HTTP/1.0" 200 163 "-" "-"
127.0.0.1 - - [16/Jun/2025:20:15:05 +0000] "GET / HTTP/1.0" 200 163 "-" "-"
127.0.0.1 - - [16/Jun/2025:20:22:08 +0000] "GET / HTTP/1.0" 200 163 "-" "-"
127.0.0.1 - - [16/Jun/2025:20:27:09 +0000] "GET / HTTP/1.0" 200 163 "-" "-"
127.0.0.1 - - [16/Jun/2025:20:32:30 +0000] "GET / HTTP/1.0" 200 163 "-" "-"
127.0.0.1 - - [16/Jun/2025:20:38:03 +0000] "GET / HTTP/1.0" 200 163 "-" "-"
127.0.0.1 - - [16/Jun/2025:20:45:05 +0000] "GET / HTTP/1.0" 200 163 "-" "-"
127.0.0.1 - - [16/Jun/2025:20:51:37 +0000] "GET / HTTP/1.0" 200 163 "-" "-"
127.0.0.1 - - [16/Jun/2025:20:57:07 +0000] "GET / HTTP/1.0" 200 163 "-" "-"
127.0.0.1 - - [16/Jun/2025:21:02:09 +0000] "GET / HTTP/1.0" 200 163 "-" "-"
127.0.0.1 - - [16/Jun/2025:21:07:45 +0000] "GET / HTTP/1.0" 200 163 "-" "-"
127.0.0.1 - - [16/Jun/2025:21:15:05 +0000] "GET / HTTP/1.0" 200 163 "-" "-"
127.0.0.1 - - [16/Jun/2025:21:21:26 +0000] "GET / HTTP/1.0" 200 163 "-" "-"
127.0.0.1 - - [16/Jun/2025:21:27:10 +0000] "GET / HTTP/1.0" 200 163 "-" "-"
127.0.0.1 - - [16/Jun/2025:21:32:30 +0000] "GET / HTTP/1.0" 200 163 "-" "-"
127.0.0.1 - - [16/Jun/2025:21:38:48 +0000] "GET / HTTP/1.0" 200 163 "-" "-"
127.0.0.1 - - [16/Jun/2025:21:45:05 +0000] "GET / HTTP/1.0" 200 163 "-" "-"
127.0.0.1 - - [16/Jun/2025:21:50:05 +0000] "GET / HTTP/1.0" 200 163 "-" "-"
127.0.0.1 - - [16/Jun/2025:21:55:47 +0000] "GET / HTTP/1.0" 200 163 "-" "-"
127.0.0.1 - - [16/Jun/2025:22:00:59 +0000] "GET / HTTP/1.0" 200 163 "-" "-"
127.0.0.1 - - [16/Jun/2025:22:07:11 +0000] "GET / HTTP/1.0" 200 163 "-" "-"
127.0.0.1 - - [16/Jun/2025:22:12:12 +0000] "GET / HTTP/1.0" 200 163 "-" "-"
127.0.0.1 - - [16/Jun/2025:22:17:15 +0000] "GET / HTTP/1.0" 200 163 "-" "-"
127.0.0.1 - - [16/Jun/2025:22:23:48 +0000] "GET / HTTP/1.0" 200 163 "-" "-"
127.0.0.1 - - [16/Jun/2025:22:30:05 +0000] "GET / HTTP/1.0" 200 163 "-" "-"
127.0.0.1 - - [16/Jun/2025:22:35:15 +0000] "GET / HTTP/1.0" 200 163 "-" "-"
127.0.0.1 - - [16/Jun/2025:22:40:22 +0000] "GET / HTTP/1.0" 200 163 "-" "-"
127.0.0.1 - - [16/Jun/2025:22:46:12 +0000] "GET / HTTP/1.0" 200 163 "-" "-"
127.0.0.1 - - [16/Jun/2025:22:51:47 +0000] "GET / HTTP/1.0" 200 163 "-" "-"
127.0.0.1 - - [16/Jun/2025:22:57:13 +0000] "GET / HTTP/1.0" 200 163 "-" "-"
127.0.0.1 - - [16/Jun/2025:23:04:35 +0000] "GET / HTTP/1.0" 200 163 "-" "-"
127.0.0.1 - - [16/Jun/2025:23:10:05 +0000] "GET / HTTP/1.0" 200 163 "-" "-"
127.0.0.1 - - [16/Jun/2025:23:15:22 +0000] "GET / HTTP/1.0" 200 163 "-" "-"
127.0.0.1 - - [16/Jun/2025:23:21:24 +0000] "GET / HTTP/1.0" 200 163 "-" "-"
127.0.0.1 - - [16/Jun/2025:23:27:14 +0000] "GET / HTTP/1.0" 200 163 "-" "-"
127.0.0.1 - - [16/Jun/2025:23:33:56 +0000] "GET / HTTP/1.0" 200 163 "-" "-"
127.0.0.1 - - [16/Jun/2025:23:40:05 +0000] "GET / HTTP/1.0" 200 163 "-" "-"
127.0.0.1 - - [16/Jun/2025:23:45:05 +0000] "GET / HTTP/1.0" 200 163 "-" "-"
127.0.0.1 - - [16/Jun/2025:23:50:22 +0000] "GET / HTTP/1.0" 200 163 "-" "-"
127.0.0.1 - - [16/Jun/2025:23:55:26 +0000] "GET / HTTP/1.0" 200 163 "-" "-"
127.0.0.1 - - [17/Jun/2025:00:00:57 +0000] "GET / HTTP/1.0" 200 163 "-" "-"
127.0.0.1 - - [17/Jun/2025:00:06:04 +0000] "GET / HTTP/1.0" 200 163 "-" "-"
127.0.0.1 - - [17/Jun/2025:00:13:03 +0000] "GET / HTTP/1.0" 200 163 "-" "-"
127.0.0.1 - - [17/Jun/2025:00:18:35 +0000] "GET / HTTP/1.0" 200 163 "-" "-"
127.0.0.1 - - [17/Jun/2025:00:23:48 +0000] "GET / HTTP/1.0" 200 163 "-" "-"
127.0.0.1 - - [17/Jun/2025:00:29:34 +0000] "GET / HTTP/1.0" 200 163 "-" "-"
127.0.0.1 - - [17/Jun/2025:00:35:00 +0000] "GET / HTTP/1.0" 200 163 "-" "-"
127.0.0.1 - - [17/Jun/2025:00:40:07 +0000] "GET / HTTP/1.0" 200 163 "-" "-"
127.0.0.1 - - [17/Jun/2025:00:45:14 +0000] "GET / HTTP/1.0" 200 163 "-" "-"
127.0.0.1 - - [17/Jun/2025:00:51:35 +0000] "GET / HTTP/1.0" 200 163 "-" "-"
127.0.0.1 - - [17/Jun/2025:00:57:51 +0000] "GET / HTTP/1.0" 200 163 "-" "-"
127.0.0.1 - - [17/Jun/2025:01:03:40 +0000] "GET / HTTP/1.0" 200 163 "-" "-"
127.0.0.1 - - [17/Jun/2025:01:08:48 +0000] "GET / HTTP/1.0" 200 163 "-" "-"
127.0.0.1 - - [17/Jun/2025:01:14:01 +0000] "GET / HTTP/1.0" 200 163 "-" "-"
127.0.0.1 - - [17/Jun/2025:01:20:05 +0000] "GET / HTTP/1.0" 200 163 "-" "-"
127.0.0.1 - - [17/Jun/2025:01:25:05 +0000] "GET / HTTP/1.0" 200 163 "-" "-"
127.0.0.1 - - [17/Jun/2025:01:31:36 +0000] "GET / HTTP/1.0" 200 163 "-" "-"
127.0.0.1 - - [17/Jun/2025:01:37:51 +0000] "GET / HTTP/1.0" 200 163 "-" "-"
127.0.0.1 - - [17/Jun/2025:01:43:26 +0000] "GET / HTTP/1.0" 200 163 "-" "-"
127.0.0.1 - - [17/Jun/2025:01:50:01 +0000] "GET / HTTP/1.0" 200 163 "-" "-"
127.0.0.1 - - [17/Jun/2025:01:55:05 +0000] "GET / HTTP/1.0" 200 163 "-" "-"
127.0.0.1 - - [17/Jun/2025:02:00:06 +0000] "GET / HTTP/1.0" 200 163 "-" "-"
127.0.0.1 - - [17/Jun/2025:02:06:36 +0000] "GET / HTTP/1.0" 200 163 "-" "-"
127.0.0.1 - - [17/Jun/2025:02:12:51 +0000] "GET / HTTP/1.0" 200 163 "-" "-"
127.0.0.1 - - [17/Jun/2025:02:18:19 +0000] "GET / HTTP/1.0" 200 163 "-" "-"
127.0.0.1 - - [17/Jun/2025:02:23:26 +0000] "GET / HTTP/1.0" 200 163 "-" "-"
127.0.0.1 - - [17/Jun/2025:02:29:37 +0000] "GET / HTTP/1.0" 200 163 "-" "-"
127.0.0.1 - - [17/Jun/2025:02:34:52 +0000] "GET / HTTP/1.0" 200 163 "-" "-"
127.0.0.1 - - [17/Jun/2025:02:40:04 +0000] "GET / HTTP/1.0" 200 163 "-" "-"
127.0.0.1 - - [17/Jun/2025:02:46:37 +0000] "GET / HTTP/1.0" 200 163 "-" "-"
127.0.0.1 - - [17/Jun/2025:02:52:50 +0000] "GET / HTTP/1.0" 200 163 "-" "-"
127.0.0.1 - - [17/Jun/2025:02:57:53 +0000] "GET / HTTP/1.0" 200 163 "-" "-"
127.0.0.1 - - [17/Jun/2025:03:03:26 +0000] "GET / HTTP/1.0" 200 163 "-" "-"
127.0.0.1 - - [17/Jun/2025:03:08:46 +0000] "GET / HTTP/1.0" 200 163 "-" "-"
127.0.0.1 - - [17/Jun/2025:03:14:43 +0000] "GET / HTTP/1.0" 200 163 "-" "-"
127.0.0.1 - - [17/Jun/2025:03:20:05 +0000] "GET / HTTP/1.0" 200 163 "-" "-"
127.0.0.1 - - [17/Jun/2025:03:25:05 +0000] "GET / HTTP/1.0" 200 163 "-" "-"
127.0.0.1 - - [17/Jun/2025:03:31:38 +0000] "GET / HTTP/1.0" 200 163 "-" "-"
127.0.0.1 - - [17/Jun/2025:03:37:27 +0000] "GET / HTTP/1.0" 200 163 "-" "-"
127.0.0.1 - - [17/Jun/2025:03:42:50 +0000] "GET / HTTP/1.0" 200 163 "-" "-"
127.0.0.1 - - [17/Jun/2025:03:48:26 +0000] "GET / HTTP/1.0" 200 163 "-" "-"
127.0.0.1 - - [17/Jun/2025:03:53:48 +0000] "GET / HTTP/1.0" 200 163 "-" "-"
127.0.0.1 - - [17/Jun/2025:03:59:34 +0000] "GET / HTTP/1.0" 200 163 "-" "-"
127.0.0.1 - - [17/Jun/2025:04:05:05 +0000] "GET / HTTP/1.0" 200 163 "-" "-"
127.0.0.1 - - [17/Jun/2025:04:11:39 +0000] "GET / HTTP/1.0" 200 163 "-" "-"
