204.76.203.219 - - [15/Jun/2025:11:06:33 +0000] "GET / HTTP/1.1" 200 163 "-" "Mozilla/5.0 (Windows NT 10.0; Win64; x64) AppleWebKit/537.36 (KHTML, like Gecko) Chrome/90.0.4430.85 Safari/537.36 Edg/90.0.818.46"
198.54.118.134 - - [15/Jun/2025:11:06:34 +0000] "GET / HTTP/1.1" 200 163 "-" "Namecheap Monitoring Agent"
209.74.73.66 - - [15/Jun/2025:11:07:25 +0000] "GET / HTTP/1.1" 200 163 "-" "Namecheap Monitoring Agent"
198.177.126.50 - - [15/Jun/2025:11:08:16 +0000] "GET / HTTP/1.1" 200 163 "-" "Namecheap Monitoring Agent"
198.54.118.134 - - [15/Jun/2025:11:09:31 +0000] "GET / HTTP/1.1" 200 163 "-" "Namecheap Monitoring Agent"
127.0.0.1 - - [15/Jun/2025:11:10:01 +0000] "GET /whm-server-status HTTP/1.0" 200 35668 "-" "-"
127.0.0.1 - - [15/Jun/2025:11:10:02 +0000] "GET /whm-server-status?auto HTTP/1.1" 200 1435 "-" "munin/2.0.73 (libwww-perl/6.67)"
127.0.0.1 - - [15/Jun/2025:11:10:04 +0000] "GET /whm-server-status?auto HTTP/1.1" 200 1436 "-" "munin/2.0.73 (libwww-perl/6.67)"
::1 - - [15/Jun/2025:11:10:05 +0000] "GET / HTTP/1.1" 200 163 "-" "Munin - http_loadtime"
127.0.0.1 - - [15/Jun/2025:11:10:06 +0000] "GET /whm-server-status?auto HTTP/1.1" 200 1435 "-" "munin/2.0.73 (libwww-perl/6.67)"
127.0.0.1 - - [15/Jun/2025:11:10:22 +0000] "GET / HTTP/1.0" 200 163 "-" "-"
209.74.73.66 - - [15/Jun/2025:11:10:25 +0000] "GET / HTTP/1.1" 200 163 "-" "Namecheap Monitoring Agent"
198.177.126.50 - - [15/Jun/2025:11:11:09 +0000] "GET / HTTP/1.1" 200 163 "-" "Namecheap Monitoring Agent"
198.54.118.134 - - [15/Jun/2025:11:12:29 +0000] "GET / HTTP/1.1" 200 163 "-" "Namecheap Monitoring Agent"
209.74.73.66 - - [15/Jun/2025:11:13:25 +0000] "GET / HTTP/1.1" 200 163 "-" "Namecheap Monitoring Agent"
198.177.126.50 - - [15/Jun/2025:11:14:08 +0000] "GET / HTTP/1.1" 200 163 "-" "Namecheap Monitoring Agent"
127.0.0.1 - - [15/Jun/2025:11:15:01 +0000] "GET /whm-server-status HTTP/1.0" 200 35368 "-" "-"
127.0.0.1 - - [15/Jun/2025:11:15:01 +0000] "GET /whm-server-status?auto HTTP/1.1" 200 1437 "-" "munin/2.0.73 (libwww-perl/6.67)"
127.0.0.1 - - [15/Jun/2025:11:15:03 +0000] "GET /whm-server-status?auto HTTP/1.1" 200 1436 "-" "munin/2.0.73 (libwww-perl/6.67)"
::1 - - [15/Jun/2025:11:15:04 +0000] "GET / HTTP/1.1" 200 163 "-" "Munin - http_loadtime"
127.0.0.1 - - [15/Jun/2025:11:15:05 +0000] "GET /whm-server-status?auto HTTP/1.1" 200 1436 "-" "munin/2.0.73 (libwww-perl/6.67)"
198.54.118.134 - - [15/Jun/2025:11:15:27 +0000] "GET / HTTP/1.1" 200 163 "-" "Namecheap Monitoring Agent"
209.74.73.66 - - [15/Jun/2025:11:16:25 +0000] "GET / HTTP/1.1" 200 163 "-" "Namecheap Monitoring Agent"
127.0.0.1 - - [15/Jun/2025:11:16:31 +0000] "GET / HTTP/1.0" 200 163 "-" "-"
198.177.126.50 - - [15/Jun/2025:11:17:08 +0000] "GET / HTTP/1.1" 200 163 "-" "Namecheap Monitoring Agent"
198.54.118.134 - - [15/Jun/2025:11:18:24 +0000] "GET / HTTP/1.1" 200 163 "-" "Namecheap Monitoring Agent"
209.74.73.66 - - [15/Jun/2025:11:19:25 +0000] "GET / HTTP/1.1" 200 163 "-" "Namecheap Monitoring Agent"
127.0.0.1 - - [15/Jun/2025:11:20:01 +0000] "GET /whm-server-status HTTP/1.0" 200 36021 "-" "-"
127.0.0.1 - - [15/Jun/2025:11:20:02 +0000] "GET /whm-server-status?auto HTTP/1.1" 200 1438 "-" "munin/2.0.73 (libwww-perl/6.67)"
127.0.0.1 - - [15/Jun/2025:11:20:04 +0000] "GET /whm-server-status?auto HTTP/1.1" 200 1438 "-" "munin/2.0.73 (libwww-perl/6.67)"
::1 - - [15/Jun/2025:11:20:05 +0000] "GET / HTTP/1.1" 200 163 "-" "Munin - http_loadtime"
127.0.0.1 - - [15/Jun/2025:11:20:06 +0000] "GET /whm-server-status?auto HTTP/1.1" 200 1438 "-" "munin/2.0.73 (libwww-perl/6.67)"
198.177.126.50 - - [15/Jun/2025:11:20:08 +0000] "GET / HTTP/1.1" 200 163 "-" "Namecheap Monitoring Agent"
198.54.118.134 - - [15/Jun/2025:11:21:22 +0000] "GET / HTTP/1.1" 200 163 "-" "Namecheap Monitoring Agent"
127.0.0.1 - - [15/Jun/2025:11:22:25 +0000] "GET / HTTP/1.0" 200 163 "-" "-"
209.74.73.66 - - [15/Jun/2025:11:22:25 +0000] "GET / HTTP/1.1" 200 163 "-" "Namecheap Monitoring Agent"
198.177.126.50 - - [15/Jun/2025:11:23:08 +0000] "GET / HTTP/1.1" 200 163 "-" "Namecheap Monitoring Agent"
198.54.118.134 - - [15/Jun/2025:11:24:20 +0000] "GET / HTTP/1.1" 200 163 "-" "Namecheap Monitoring Agent"
127.0.0.1 - - [15/Jun/2025:11:25:01 +0000] "GET /whm-server-status HTTP/1.0" 200 36802 "-" "-"
127.0.0.1 - - [15/Jun/2025:11:25:02 +0000] "GET /whm-server-status?auto HTTP/1.1" 200 1434 "-" "munin/2.0.73 (libwww-perl/6.67)"
127.0.0.1 - - [15/Jun/2025:11:25:03 +0000] "GET /whm-server-status?auto HTTP/1.1" 200 1432 "-" "munin/2.0.73 (libwww-perl/6.67)"
::1 - - [15/Jun/2025:11:25:04 +0000] "GET / HTTP/1.1" 200 163 "-" "Munin - http_loadtime"
127.0.0.1 - - [15/Jun/2025:11:25:05 +0000] "GET /whm-server-status?auto HTTP/1.1" 200 1433 "-" "munin/2.0.73 (libwww-perl/6.67)"
209.74.73.66 - - [15/Jun/2025:11:25:25 +0000] "GET / HTTP/1.1" 200 163 "-" "Namecheap Monitoring Agent"
198.177.126.50 - - [15/Jun/2025:11:26:08 +0000] "GET / HTTP/1.1" 200 163 "-" "Namecheap Monitoring Agent"
198.54.118.134 - - [15/Jun/2025:11:27:17 +0000] "GET / HTTP/1.1" 200 163 "-" "Namecheap Monitoring Agent"
209.74.73.66 - - [15/Jun/2025:11:28:25 +0000] "GET / HTTP/1.1" 200 163 "-" "Namecheap Monitoring Agent"
127.0.0.1 - - [15/Jun/2025:11:29:01 +0000] "GET / HTTP/1.0" 200 163 "-" "-"
198.177.126.50 - - [15/Jun/2025:11:29:08 +0000] "GET / HTTP/1.1" 200 163 "-" "Namecheap Monitoring Agent"
127.0.0.1 - - [15/Jun/2025:11:30:01 +0000] "GET /whm-server-status HTTP/1.0" 200 36469 "-" "-"
127.0.0.1 - - [15/Jun/2025:11:30:02 +0000] "GET /whm-server-status?auto HTTP/1.1" 200 1351 "-" "munin/2.0.73 (libwww-perl/6.67)"
127.0.0.1 - - [15/Jun/2025:11:30:03 +0000] "GET /whm-server-status?auto HTTP/1.1" 200 1350 "-" "munin/2.0.73 (libwww-perl/6.67)"
::1 - - [15/Jun/2025:11:30:05 +0000] "GET / HTTP/1.1" 200 163 "-" "Munin - http_loadtime"
127.0.0.1 - - [15/Jun/2025:11:30:05 +0000] "GET /whm-server-status?auto HTTP/1.1" 200 1350 "-" "munin/2.0.73 (libwww-perl/6.67)"
198.54.118.134 - - [15/Jun/2025:11:30:15 +0000] "GET / HTTP/1.1" 200 163 "-" "Namecheap Monitoring Agent"
209.74.73.66 - - [15/Jun/2025:11:31:25 +0000] "GET / HTTP/1.1" 200 163 "-" "Namecheap Monitoring Agent"
198.177.126.50 - - [15/Jun/2025:11:32:08 +0000] "GET / HTTP/1.1" 200 163 "-" "Namecheap Monitoring Agent"
198.54.118.134 - - [15/Jun/2025:11:33:13 +0000] "GET / HTTP/1.1" 200 163 "-" "Namecheap Monitoring Agent"
209.74.73.66 - - [15/Jun/2025:11:34:25 +0000] "GET / HTTP/1.1" 200 163 "-" "Namecheap Monitoring Agent"
127.0.0.1 - - [15/Jun/2025:11:35:01 +0000] "GET /whm-server-status HTTP/1.0" 200 36322 "-" "-"
127.0.0.1 - - [15/Jun/2025:11:35:02 +0000] "GET /whm-server-status?auto HTTP/1.1" 200 1436 "-" "munin/2.0.73 (libwww-perl/6.67)"
127.0.0.1 - - [15/Jun/2025:11:35:04 +0000] "GET /whm-server-status?auto HTTP/1.1" 200 1437 "-" "munin/2.0.73 (libwww-perl/6.67)"
::1 - - [15/Jun/2025:11:35:05 +0000] "GET / HTTP/1.1" 200 163 "-" "Munin - http_loadtime"
127.0.0.1 - - [15/Jun/2025:11:35:05 +0000] "GET / HTTP/1.0" 200 163 "-" "-"
127.0.0.1 - - [15/Jun/2025:11:35:06 +0000] "GET /whm-server-status?auto HTTP/1.1" 200 1437 "-" "munin/2.0.73 (libwww-perl/6.67)"
198.177.126.50 - - [15/Jun/2025:11:35:08 +0000] "GET / HTTP/1.1" 200 163 "-" "Namecheap Monitoring Agent"
93.174.93.12 - - [15/Jun/2025:11:35:10 +0000] "\x16\x03\x02\x01o\x01" 400 10073 "-" "-"
198.54.118.134 - - [15/Jun/2025:11:36:10 +0000] "GET / HTTP/1.1" 200 163 "-" "Namecheap Monitoring Agent"
209.74.73.66 - - [15/Jun/2025:11:37:25 +0000] "GET / HTTP/1.1" 200 163 "-" "Namecheap Monitoring Agent"
198.177.126.50 - - [15/Jun/2025:11:38:08 +0000] "GET / HTTP/1.1" 200 163 "-" "Namecheap Monitoring Agent"
198.54.118.134 - - [15/Jun/2025:11:39:08 +0000] "GET / HTTP/1.1" 200 163 "-" "Namecheap Monitoring Agent"
127.0.0.1 - - [15/Jun/2025:11:40:01 +0000] "GET /whm-server-status HTTP/1.0" 200 36267 "-" "-"
127.0.0.1 - - [15/Jun/2025:11:40:02 +0000] "GET /whm-server-status?auto HTTP/1.1" 200 1436 "-" "munin/2.0.73 (libwww-perl/6.67)"
127.0.0.1 - - [15/Jun/2025:11:40:04 +0000] "GET /whm-server-status?auto HTTP/1.1" 200 1437 "-" "munin/2.0.73 (libwww-perl/6.67)"
::1 - - [15/Jun/2025:11:40:05 +0000] "GET / HTTP/1.1" 200 163 "-" "Munin - http_loadtime"
127.0.0.1 - - [15/Jun/2025:11:40:06 +0000] "GET /whm-server-status?auto HTTP/1.1" 200 1436 "-" "munin/2.0.73 (libwww-perl/6.67)"
127.0.0.1 - - [15/Jun/2025:11:40:22 +0000] "GET / HTTP/1.0" 200 163 "-" "-"
209.74.73.66 - - [15/Jun/2025:11:40:25 +0000] "GET / HTTP/1.1" 200 163 "-" "Namecheap Monitoring Agent"
198.177.126.50 - - [15/Jun/2025:11:41:08 +0000] "GET / HTTP/1.1" 200 163 "-" "Namecheap Monitoring Agent"
198.54.118.134 - - [15/Jun/2025:11:42:06 +0000] "GET / HTTP/1.1" 200 163 "-" "Namecheap Monitoring Agent"
209.74.73.66 - - [15/Jun/2025:11:43:25 +0000] "GET / HTTP/1.1" 200 163 "-" "Namecheap Monitoring Agent"
198.177.126.50 - - [15/Jun/2025:11:44:05 +0000] "GET / HTTP/1.1" 200 163 "-" "Namecheap Monitoring Agent"
127.0.0.1 - - [15/Jun/2025:11:45:01 +0000] "GET /whm-server-status HTTP/1.0" 200 36653 "-" "-"
127.0.0.1 - - [15/Jun/2025:11:45:01 +0000] "GET /whm-server-status?auto HTTP/1.1" 200 1432 "-" "munin/2.0.73 (libwww-perl/6.67)"
127.0.0.1 - - [15/Jun/2025:11:45:03 +0000] "GET /whm-server-status?auto HTTP/1.1" 200 1433 "-" "munin/2.0.73 (libwww-perl/6.67)"
198.54.118.134 - - [15/Jun/2025:11:45:03 +0000] "GET / HTTP/1.1" 200 163 "-" "Namecheap Monitoring Agent"
::1 - - [15/Jun/2025:11:45:04 +0000] "GET / HTTP/1.1" 200 163 "-" "Munin - http_loadtime"
127.0.0.1 - - [15/Jun/2025:11:45:05 +0000] "GET /whm-server-status?auto HTTP/1.1" 200 1433 "-" "munin/2.0.73 (libwww-perl/6.67)"
127.0.0.1 - - [15/Jun/2025:11:45:59 +0000] "GET / HTTP/1.0" 200 163 "-" "-"
209.74.73.66 - - [15/Jun/2025:11:46:25 +0000] "GET / HTTP/1.1" 200 163 "-" "Namecheap Monitoring Agent"
198.177.126.50 - - [15/Jun/2025:11:47:02 +0000] "GET / HTTP/1.1" 200 163 "-" "Namecheap Monitoring Agent"
198.54.118.134 - - [15/Jun/2025:11:48:01 +0000] "GET / HTTP/1.1" 200 163 "-" "Namecheap Monitoring Agent"
209.74.73.66 - - [15/Jun/2025:11:49:25 +0000] "GET / HTTP/1.1" 200 163 "-" "Namecheap Monitoring Agent"
198.177.126.50 - - [15/Jun/2025:11:49:58 +0000] "GET / HTTP/1.1" 200 163 "-" "Namecheap Monitoring Agent"
127.0.0.1 - - [15/Jun/2025:11:50:01 +0000] "GET /whm-server-status HTTP/1.0" 200 36506 "-" "-"
127.0.0.1 - - [15/Jun/2025:11:50:02 +0000] "GET /whm-server-status?auto HTTP/1.1" 200 1352 "-" "munin/2.0.73 (libwww-perl/6.67)"
127.0.0.1 - - [15/Jun/2025:11:50:03 +0000] "GET /whm-server-status?auto HTTP/1.1" 200 1353 "-" "munin/2.0.73 (libwww-perl/6.67)"
::1 - - [15/Jun/2025:11:50:05 +0000] "GET / HTTP/1.1" 200 163 "-" "Munin - http_loadtime"
127.0.0.1 - - [15/Jun/2025:11:50:05 +0000] "GET /whm-server-status?auto HTTP/1.1" 200 1351 "-" "munin/2.0.73 (libwww-perl/6.67)"
198.54.118.134 - - [15/Jun/2025:11:50:59 +0000] "GET / HTTP/1.1" 200 163 "-" "Namecheap Monitoring Agent"
127.0.0.1 - - [15/Jun/2025:11:51:49 +0000] "GET / HTTP/1.0" 200 163 "-" "-"
209.74.73.66 - - [15/Jun/2025:11:52:25 +0000] "GET / HTTP/1.1" 200 163 "-" "Namecheap Monitoring Agent"
198.177.126.50 - - [15/Jun/2025:11:52:55 +0000] "GET / HTTP/1.1" 200 163 "-" "Namecheap Monitoring Agent"
198.54.118.134 - - [15/Jun/2025:11:53:56 +0000] "GET / HTTP/1.1" 200 163 "-" "Namecheap Monitoring Agent"
127.0.0.1 - - [15/Jun/2025:11:55:01 +0000] "GET /whm-server-status HTTP/1.0" 200 36404 "-" "-"
127.0.0.1 - - [15/Jun/2025:11:55:02 +0000] "GET /whm-server-status?auto HTTP/1.1" 200 1352 "-" "munin/2.0.73 (libwww-perl/6.67)"
127.0.0.1 - - [15/Jun/2025:11:55:04 +0000] "GET /whm-server-status?auto HTTP/1.1" 200 1352 "-" "munin/2.0.73 (libwww-perl/6.67)"
::1 - - [15/Jun/2025:11:55:05 +0000] "GET / HTTP/1.1" 200 163 "-" "Munin - http_loadtime"
127.0.0.1 - - [15/Jun/2025:11:55:06 +0000] "GET /whm-server-status?auto HTTP/1.1" 200 1352 "-" "munin/2.0.73 (libwww-perl/6.67)"
209.74.73.66 - - [15/Jun/2025:11:55:25 +0000] "GET / HTTP/1.1" 200 163 "-" "Namecheap Monitoring Agent"
198.177.126.50 - - [15/Jun/2025:11:55:52 +0000] "GET / HTTP/1.1" 200 163 "-" "Namecheap Monitoring Agent"
198.54.118.134 - - [15/Jun/2025:11:56:54 +0000] "GET / HTTP/1.1" 200 163 "-" "Namecheap Monitoring Agent"
161.35.77.26 - - [15/Jun/2025:11:57:12 +0000] "GET /.env HTTP/1.1" 404 10059 "-" "Mozilla/5.0; Keydrop.io/1.0(onlyscans.com/about);"
161.35.77.26 - - [15/Jun/2025:11:57:12 +0000] "GET /.git/config HTTP/1.1" 404 10073 "-" "Mozilla/5.0; Keydrop.io/1.0(onlyscans.com/about);"
127.0.0.1 - - [15/Jun/2025:11:57:16 +0000] "GET / HTTP/1.0" 200 163 "-" "-"
209.74.73.66 - - [15/Jun/2025:11:58:25 +0000] "GET / HTTP/1.1" 200 163 "-" "Namecheap Monitoring Agent"
198.177.126.50 - - [15/Jun/2025:11:58:48 +0000] "GET / HTTP/1.1" 200 163 "-" "Namecheap Monitoring Agent"
198.54.118.134 - - [15/Jun/2025:11:59:51 +0000] "GET / HTTP/1.1" 200 163 "-" "Namecheap Monitoring Agent"
127.0.0.1 - - [15/Jun/2025:12:00:02 +0000] "GET /whm-server-status HTTP/1.0" 200 36499 "-" "-"
127.0.0.1 - - [15/Jun/2025:12:00:03 +0000] "GET /whm-server-status?auto HTTP/1.1" 200 1350 "-" "munin/2.0.73 (libwww-perl/6.67)"
127.0.0.1 - - [15/Jun/2025:12:00:04 +0000] "GET /whm-server-status?auto HTTP/1.1" 200 1351 "-" "munin/2.0.73 (libwww-perl/6.67)"
::1 - - [15/Jun/2025:12:00:06 +0000] "GET / HTTP/1.1" 200 163 "-" "Munin - http_loadtime"
127.0.0.1 - - [15/Jun/2025:12:00:06 +0000] "GET /whm-server-status?auto HTTP/1.1" 200 1351 "-" "munin/2.0.73 (libwww-perl/6.67)"
209.74.73.66 - - [15/Jun/2025:12:01:25 +0000] "GET / HTTP/1.1" 200 163 "-" "Namecheap Monitoring Agent"
198.177.126.50 - - [15/Jun/2025:12:01:45 +0000] "GET / HTTP/1.1" 200 163 "-" "Namecheap Monitoring Agent"
127.0.0.1 - - [15/Jun/2025:12:02:23 +0000] "GET / HTTP/1.0" 200 163 "-" "-"
198.54.118.134 - - [15/Jun/2025:12:02:49 +0000] "GET / HTTP/1.1" 200 163 "-" "Namecheap Monitoring Agent"
209.74.73.66 - - [15/Jun/2025:12:04:25 +0000] "GET / HTTP/1.1" 200 163 "-" "Namecheap Monitoring Agent"
198.177.126.50 - - [15/Jun/2025:12:04:42 +0000] "GET / HTTP/1.1" 200 163 "-" "Namecheap Monitoring Agent"
127.0.0.1 - - [15/Jun/2025:12:05:01 +0000] "GET /whm-server-status HTTP/1.0" 200 36579 "-" "-"
127.0.0.1 - - [15/Jun/2025:12:05:01 +0000] "GET /whm-server-status?auto HTTP/1.1" 200 1435 "-" "munin/2.0.73 (libwww-perl/6.67)"
127.0.0.1 - - [15/Jun/2025:12:05:03 +0000] "GET /whm-server-status?auto HTTP/1.1" 200 1436 "-" "munin/2.0.73 (libwww-perl/6.67)"
::1 - - [15/Jun/2025:12:05:04 +0000] "GET / HTTP/1.1" 200 163 "-" "Munin - http_loadtime"
127.0.0.1 - - [15/Jun/2025:12:05:05 +0000] "GET /whm-server-status?auto HTTP/1.1" 200 1437 "-" "munin/2.0.73 (libwww-perl/6.67)"
198.54.118.134 - - [15/Jun/2025:12:05:47 +0000] "GET / HTTP/1.1" 200 163 "-" "Namecheap Monitoring Agent"
209.74.73.66 - - [15/Jun/2025:12:07:25 +0000] "GET / HTTP/1.1" 200 163 "-" "Namecheap Monitoring Agent"
198.177.126.50 - - [15/Jun/2025:12:07:38 +0000] "GET / HTTP/1.1" 200 163 "-" "Namecheap Monitoring Agent"
127.0.0.1 - - [15/Jun/2025:12:07:52 +0000] "GET / HTTP/1.0" 200 163 "-" "-"
198.54.118.134 - - [15/Jun/2025:12:09:49 +0000] "GET / HTTP/1.1" 200 163 "-" "Namecheap Monitoring Agent"
127.0.0.1 - - [15/Jun/2025:12:10:01 +0000] "GET /whm-server-status HTTP/1.0" 200 36588 "-" "-"
127.0.0.1 - - [15/Jun/2025:12:10:02 +0000] "GET /whm-server-status?auto HTTP/1.1" 200 1434 "-" "munin/2.0.73 (libwww-perl/6.67)"
127.0.0.1 - - [15/Jun/2025:12:10:03 +0000] "GET /whm-server-status?auto HTTP/1.1" 200 1433 "-" "munin/2.0.73 (libwww-perl/6.67)"
::1 - - [15/Jun/2025:12:10:04 +0000] "GET / HTTP/1.1" 200 163 "-" "Munin - http_loadtime"
127.0.0.1 - - [15/Jun/2025:12:10:05 +0000] "GET /whm-server-status?auto HTTP/1.1" 200 1434 "-" "munin/2.0.73 (libwww-perl/6.67)"
209.74.73.66 - - [15/Jun/2025:12:10:25 +0000] "GET / HTTP/1.1" 200 163 "-" "Namecheap Monitoring Agent"
198.177.126.50 - - [15/Jun/2025:12:10:37 +0000] "GET / HTTP/1.1" 200 163 "-" "Namecheap Monitoring Agent"
198.54.118.134 - - [15/Jun/2025:12:12:45 +0000] "GET / HTTP/1.1" 200 163 "-" "Namecheap Monitoring Agent"
209.74.73.66 - - [15/Jun/2025:12:13:21 +0000] "GET / HTTP/1.1" 200 163 "-" "Namecheap Monitoring Agent"
198.177.126.50 - - [15/Jun/2025:12:13:29 +0000] "GET / HTTP/1.1" 200 163 "-" "Namecheap Monitoring Agent"
185.218.84.178 - - [15/Jun/2025:12:13:45 +0000] "GET / HTTP/1.1" 200 163 "-" "Mozilla/5.0 (Windows NT 10.0; Win64; x64) AppleWebKit/537.36 (KHTML, like Gecko) Chrome/90.0.4430.85 Safari/537.36 Edg/90.0.818.46"
127.0.0.1 - - [15/Jun/2025:12:14:18 +0000] "GET / HTTP/1.0" 200 163 "-" "-"
127.0.0.1 - - [15/Jun/2025:12:15:01 +0000] "GET /whm-server-status HTTP/1.0" 200 36405 "-" "-"
127.0.0.1 - - [15/Jun/2025:12:15:02 +0000] "GET /whm-server-status?auto HTTP/1.1" 200 1353 "-" "munin/2.0.73 (libwww-perl/6.67)"
127.0.0.1 - - [15/Jun/2025:12:15:03 +0000] "GET /whm-server-status?auto HTTP/1.1" 200 1353 "-" "munin/2.0.73 (libwww-perl/6.67)"
::1 - - [15/Jun/2025:12:15:05 +0000] "GET / HTTP/1.1" 200 163 "-" "Munin - http_loadtime"
127.0.0.1 - - [15/Jun/2025:12:15:05 +0000] "GET /whm-server-status?auto HTTP/1.1" 200 1353 "-" "munin/2.0.73 (libwww-perl/6.67)"
198.54.118.134 - - [15/Jun/2025:12:15:41 +0000] "GET / HTTP/1.1" 200 163 "-" "Namecheap Monitoring Agent"
209.74.73.66 - - [15/Jun/2025:12:16:17 +0000] "GET / HTTP/1.1" 200 163 "-" "Namecheap Monitoring Agent"
198.177.126.50 - - [15/Jun/2025:12:16:22 +0000] "GET / HTTP/1.1" 200 163 "-" "Namecheap Monitoring Agent"
198.54.118.134 - - [15/Jun/2025:12:18:37 +0000] "GET / HTTP/1.1" 200 163 "-" "Namecheap Monitoring Agent"
209.74.73.66 - - [15/Jun/2025:12:19:13 +0000] "GET / HTTP/1.1" 200 163 "-" "Namecheap Monitoring Agent"
198.177.126.50 - - [15/Jun/2025:12:19:15 +0000] "GET / HTTP/1.1" 200 163 "-" "Namecheap Monitoring Agent"
127.0.0.1 - - [15/Jun/2025:12:20:01 +0000] "GET /whm-server-status HTTP/1.0" 200 36495 "-" "-"
127.0.0.1 - - [15/Jun/2025:12:20:02 +0000] "GET /whm-server-status?auto HTTP/1.1" 200 1437 "-" "munin/2.0.73 (libwww-perl/6.67)"
127.0.0.1 - - [15/Jun/2025:12:20:04 +0000] "GET /whm-server-status?auto HTTP/1.1" 200 1435 "-" "munin/2.0.73 (libwww-perl/6.67)"
::1 - - [15/Jun/2025:12:20:05 +0000] "GET / HTTP/1.1" 200 163 "-" "Munin - http_loadtime"
127.0.0.1 - - [15/Jun/2025:12:20:05 +0000] "GET / HTTP/1.0" 200 163 "-" "-"
127.0.0.1 - - [15/Jun/2025:12:20:06 +0000] "GET /whm-server-status?auto HTTP/1.1" 200 1435 "-" "munin/2.0.73 (libwww-perl/6.67)"
198.54.118.134 - - [15/Jun/2025:12:21:34 +0000] "GET / HTTP/1.1" 200 163 "-" "Namecheap Monitoring Agent"
204.76.203.212 - - [15/Jun/2025:12:21:42 +0000] "GET / HTTP/1.1" 200 163 "-" "Mozilla/5.0 (Windows NT 10.0; Win64; x64) AppleWebKit/537.36 (KHTML, like Gecko) Chrome/90.0.4430.85 Safari/537.36 Edg/90.0.818.46"
198.177.126.50 - - [15/Jun/2025:12:22:07 +0000] "GET / HTTP/1.1" 200 163 "-" "Namecheap Monitoring Agent"
209.74.73.66 - - [15/Jun/2025:12:22:09 +0000] "GET / HTTP/1.1" 200 163 "-" "Namecheap Monitoring Agent"
198.54.118.134 - - [15/Jun/2025:12:24:30 +0000] "GET / HTTP/1.1" 200 163 "-" "Namecheap Monitoring Agent"
198.177.126.50 - - [15/Jun/2025:12:25:00 +0000] "GET / HTTP/1.1" 200 163 "-" "Namecheap Monitoring Agent"
127.0.0.1 - - [15/Jun/2025:12:25:01 +0000] "GET /whm-server-status HTTP/1.0" 200 37038 "-" "-"
127.0.0.1 - - [15/Jun/2025:12:25:02 +0000] "GET /whm-server-status?auto HTTP/1.1" 200 1439 "-" "munin/2.0.73 (libwww-perl/6.67)"
127.0.0.1 - - [15/Jun/2025:12:25:04 +0000] "GET /whm-server-status?auto HTTP/1.1" 200 1439 "-" "munin/2.0.73 (libwww-perl/6.67)"
209.74.73.66 - - [15/Jun/2025:12:25:05 +0000] "GET / HTTP/1.1" 200 163 "-" "Namecheap Monitoring Agent"
::1 - - [15/Jun/2025:12:25:05 +0000] "GET / HTTP/1.1" 200 163 "-" "Munin - http_loadtime"
127.0.0.1 - - [15/Jun/2025:12:25:06 +0000] "GET /whm-server-status?auto HTTP/1.1" 200 1439 "-" "munin/2.0.73 (libwww-perl/6.67)"
127.0.0.1 - - [15/Jun/2025:12:25:09 +0000] "GET / HTTP/1.0" 200 163 "-" "-"
198.54.118.134 - - [15/Jun/2025:12:27:26 +0000] "GET / HTTP/1.1" 200 163 "-" "Namecheap Monitoring Agent"
198.177.126.50 - - [15/Jun/2025:12:27:53 +0000] "GET / HTTP/1.1" 200 163 "-" "Namecheap Monitoring Agent"
209.74.73.66 - - [15/Jun/2025:12:28:01 +0000] "GET / HTTP/1.1" 200 163 "-" "Namecheap Monitoring Agent"
127.0.0.1 - - [15/Jun/2025:12:30:01 +0000] "GET /whm-server-status HTTP/1.0" 200 36753 "-" "-"
127.0.0.1 - - [15/Jun/2025:12:30:02 +0000] "GET /whm-server-status?auto HTTP/1.1" 200 1353 "-" "munin/2.0.73 (libwww-perl/6.67)"
127.0.0.1 - - [15/Jun/2025:12:30:03 +0000] "GET /whm-server-status?auto HTTP/1.1" 200 1354 "-" "munin/2.0.73 (libwww-perl/6.67)"
::1 - - [15/Jun/2025:12:30:05 +0000] "GET / HTTP/1.1" 200 163 "-" "Munin - http_loadtime"
127.0.0.1 - - [15/Jun/2025:12:30:05 +0000] "GET /whm-server-status?auto HTTP/1.1" 200 1355 "-" "munin/2.0.73 (libwww-perl/6.67)"
198.54.118.134 - - [15/Jun/2025:12:30:23 +0000] "GET / HTTP/1.1" 200 163 "-" "Namecheap Monitoring Agent"
127.0.0.1 - - [15/Jun/2025:12:30:24 +0000] "GET / HTTP/1.0" 200 163 "-" "-"
198.177.126.50 - - [15/Jun/2025:12:30:45 +0000] "GET / HTTP/1.1" 200 163 "-" "Namecheap Monitoring Agent"
209.74.73.66 - - [15/Jun/2025:12:30:57 +0000] "GET / HTTP/1.1" 200 163 "-" "Namecheap Monitoring Agent"
198.54.118.134 - - [15/Jun/2025:12:33:23 +0000] "GET / HTTP/1.1" 200 163 "-" "Namecheap Monitoring Agent"
198.177.126.50 - - [15/Jun/2025:12:33:38 +0000] "GET / HTTP/1.1" 200 163 "-" "Namecheap Monitoring Agent"
209.74.73.66 - - [15/Jun/2025:12:33:53 +0000] "GET / HTTP/1.1" 200 163 "-" "Namecheap Monitoring Agent"
127.0.0.1 - - [15/Jun/2025:12:35:01 +0000] "GET /whm-server-status HTTP/1.0" 200 37746 "-" "-"
127.0.0.1 - - [15/Jun/2025:12:35:02 +0000] "GET /whm-server-status?auto HTTP/1.1" 200 1436 "-" "munin/2.0.73 (libwww-perl/6.67)"
127.0.0.1 - - [15/Jun/2025:12:35:04 +0000] "GET /whm-server-status?auto HTTP/1.1" 200 1436 "-" "munin/2.0.73 (libwww-perl/6.67)"
::1 - - [15/Jun/2025:12:35:05 +0000] "GET / HTTP/1.1" 200 163 "-" "Munin - http_loadtime"
127.0.0.1 - - [15/Jun/2025:12:35:05 +0000] "GET /whm-server-status?auto HTTP/1.1" 200 1436 "-" "munin/2.0.73 (libwww-perl/6.67)"
127.0.0.1 - - [15/Jun/2025:12:35:29 +0000] "GET / HTTP/1.0" 200 163 "-" "-"
198.54.118.134 - - [15/Jun/2025:12:36:23 +0000] "GET / HTTP/1.1" 200 163 "-" "Namecheap Monitoring Agent"
198.177.126.50 - - [15/Jun/2025:12:36:31 +0000] "GET / HTTP/1.1" 200 163 "-" "Namecheap Monitoring Agent"
209.74.73.66 - - [15/Jun/2025:12:36:48 +0000] "GET / HTTP/1.1" 200 163 "-" "Namecheap Monitoring Agent"
198.54.118.134 - - [15/Jun/2025:12:39:23 +0000] "GET / HTTP/1.1" 200 163 "-" "Namecheap Monitoring Agent"
198.177.126.50 - - [15/Jun/2025:12:39:24 +0000] "GET / HTTP/1.1" 200 163 "-" "Namecheap Monitoring Agent"
209.74.73.66 - - [15/Jun/2025:12:39:44 +0000] "GET / HTTP/1.1" 200 163 "-" "Namecheap Monitoring Agent"
127.0.0.1 - - [15/Jun/2025:12:40:01 +0000] "GET /whm-server-status HTTP/1.0" 200 37765 "-" "-"
127.0.0.1 - - [15/Jun/2025:12:40:02 +0000] "GET /whm-server-status?auto HTTP/1.1" 200 1354 "-" "munin/2.0.73 (libwww-perl/6.67)"
127.0.0.1 - - [15/Jun/2025:12:40:04 +0000] "GET /whm-server-status?auto HTTP/1.1" 200 1352 "-" "munin/2.0.73 (libwww-perl/6.67)"
::1 - - [15/Jun/2025:12:40:05 +0000] "GET / HTTP/1.1" 200 163 "-" "Munin - http_loadtime"
127.0.0.1 - - [15/Jun/2025:12:40:06 +0000] "GET /whm-server-status?auto HTTP/1.1" 200 1354 "-" "munin/2.0.73 (libwww-perl/6.67)"
127.0.0.1 - - [15/Jun/2025:12:40:35 +0000] "GET / HTTP/1.0" 200 163 "-" "-"
198.177.126.50 - - [15/Jun/2025:12:42:16 +0000] "GET / HTTP/1.1" 200 163 "-" "Namecheap Monitoring Agent"
198.54.118.134 - - [15/Jun/2025:12:42:23 +0000] "GET / HTTP/1.1" 200 163 "-" "Namecheap Monitoring Agent"
209.74.73.66 - - [15/Jun/2025:12:42:40 +0000] "GET / HTTP/1.1" 200 163 "-" "Namecheap Monitoring Agent"
127.0.0.1 - - [15/Jun/2025:12:45:01 +0000] "GET /whm-server-status HTTP/1.0" 200 38123 "-" "-"
127.0.0.1 - - [15/Jun/2025:12:45:01 +0000] "GET /whm-server-status?auto HTTP/1.1" 200 1441 "-" "munin/2.0.73 (libwww-perl/6.67)"
127.0.0.1 - - [15/Jun/2025:12:45:03 +0000] "GET /whm-server-status?auto HTTP/1.1" 200 1441 "-" "munin/2.0.73 (libwww-perl/6.67)"
::1 - - [15/Jun/2025:12:45:04 +0000] "GET / HTTP/1.1" 200 163 "-" "Munin - http_loadtime"
127.0.0.1 - - [15/Jun/2025:12:45:05 +0000] "GET /whm-server-status?auto HTTP/1.1" 200 1440 "-" "munin/2.0.73 (libwww-perl/6.67)"
198.177.126.50 - - [15/Jun/2025:12:45:09 +0000] "GET / HTTP/1.1" 200 163 "-" "Namecheap Monitoring Agent"
198.54.118.134 - - [15/Jun/2025:12:45:23 +0000] "GET / HTTP/1.1" 200 163 "-" "Namecheap Monitoring Agent"
209.74.73.66 - - [15/Jun/2025:12:45:36 +0000] "GET / HTTP/1.1" 200 163 "-" "Namecheap Monitoring Agent"
127.0.0.1 - - [15/Jun/2025:12:46:49 +0000] "GET / HTTP/1.0" 200 163 "-" "-"
198.177.126.50 - - [15/Jun/2025:12:48:02 +0000] "GET / HTTP/1.1" 200 163 "-" "Namecheap Monitoring Agent"
198.54.118.134 - - [15/Jun/2025:12:48:23 +0000] "GET / HTTP/1.1" 200 163 "-" "Namecheap Monitoring Agent"
209.74.73.66 - - [15/Jun/2025:12:48:32 +0000] "GET / HTTP/1.1" 200 163 "-" "Namecheap Monitoring Agent"
93.174.93.12 - - [15/Jun/2025:12:48:46 +0000] "\x16\x03\x02\x01o\x01" 400 10073 "-" "-"
127.0.0.1 - - [15/Jun/2025:12:50:01 +0000] "GET /whm-server-status HTTP/1.0" 200 38338 "-" "-"
127.0.0.1 - - [15/Jun/2025:12:50:02 +0000] "GET /whm-server-status?auto HTTP/1.1" 200 1440 "-" "munin/2.0.73 (libwww-perl/6.67)"
127.0.0.1 - - [15/Jun/2025:12:50:04 +0000] "GET /whm-server-status?auto HTTP/1.1" 200 1440 "-" "munin/2.0.73 (libwww-perl/6.67)"
::1 - - [15/Jun/2025:12:50:05 +0000] "GET / HTTP/1.1" 200 163 "-" "Munin - http_loadtime"
127.0.0.1 - - [15/Jun/2025:12:50:06 +0000] "GET /whm-server-status?auto HTTP/1.1" 200 1440 "-" "munin/2.0.73 (libwww-perl/6.67)"
198.177.126.50 - - [15/Jun/2025:12:50:54 +0000] "GET / HTTP/1.1" 200 163 "-" "Namecheap Monitoring Agent"
198.54.118.134 - - [15/Jun/2025:12:51:23 +0000] "GET / HTTP/1.1" 200 163 "-" "Namecheap Monitoring Agent"
209.74.73.66 - - [15/Jun/2025:12:51:28 +0000] "GET / HTTP/1.1" 200 163 "-" "Namecheap Monitoring Agent"
198.177.126.50 - - [15/Jun/2025:12:53:53 +0000] "GET / HTTP/1.1" 200 163 "-" "Namecheap Monitoring Agent"
198.54.118.134 - - [15/Jun/2025:12:54:23 +0000] "GET / HTTP/1.1" 200 163 "-" "Namecheap Monitoring Agent"
209.74.73.66 - - [15/Jun/2025:12:54:24 +0000] "GET / HTTP/1.1" 200 163 "-" "Namecheap Monitoring Agent"
127.0.0.1 - - [15/Jun/2025:12:54:42 +0000] "GET / HTTP/1.0" 200 163 "-" "-"
127.0.0.1 - - [15/Jun/2025:12:55:01 +0000] "GET /whm-server-status HTTP/1.0" 200 38048 "-" "-"
127.0.0.1 - - [15/Jun/2025:12:55:02 +0000] "GET /whm-server-status?auto HTTP/1.1" 200 1437 "-" "munin/2.0.73 (libwww-perl/6.67)"
127.0.0.1 - - [15/Jun/2025:12:55:04 +0000] "GET /whm-server-status?auto HTTP/1.1" 200 1437 "-" "munin/2.0.73 (libwww-perl/6.67)"
::1 - - [15/Jun/2025:12:55:05 +0000] "GET / HTTP/1.1" 200 163 "-" "Munin - http_loadtime"
127.0.0.1 - - [15/Jun/2025:12:55:06 +0000] "GET /whm-server-status?auto HTTP/1.1" 200 1437 "-" "munin/2.0.73 (libwww-perl/6.67)"
198.177.126.50 - - [15/Jun/2025:12:56:53 +0000] "GET / HTTP/1.1" 200 163 "-" "Namecheap Monitoring Agent"
209.74.73.66 - - [15/Jun/2025:12:57:20 +0000] "GET / HTTP/1.1" 200 163 "-" "Namecheap Monitoring Agent"
198.54.118.134 - - [15/Jun/2025:12:57:23 +0000] "GET / HTTP/1.1" 200 163 "-" "Namecheap Monitoring Agent"
198.177.126.50 - - [15/Jun/2025:12:59:53 +0000] "GET / HTTP/1.1" 200 163 "-" "Namecheap Monitoring Agent"
127.0.0.1 - - [15/Jun/2025:13:00:00 +0000] "GET / HTTP/1.0" 200 163 "-" "-"
127.0.0.1 - - [15/Jun/2025:13:00:01 +0000] "GET /whm-server-status HTTP/1.0" 200 37909 "-" "-"
127.0.0.1 - - [15/Jun/2025:13:00:02 +0000] "GET /whm-server-status?auto HTTP/1.1" 200 1438 "-" "munin/2.0.73 (libwww-perl/6.67)"
127.0.0.1 - - [15/Jun/2025:13:00:03 +0000] "GET /whm-server-status?auto HTTP/1.1" 200 1437 "-" "munin/2.0.73 (libwww-perl/6.67)"
::1 - - [15/Jun/2025:13:00:05 +0000] "GET / HTTP/1.1" 200 163 "-" "Munin - http_loadtime"
127.0.0.1 - - [15/Jun/2025:13:00:05 +0000] "GET /whm-server-status?auto HTTP/1.1" 200 1438 "-" "munin/2.0.73 (libwww-perl/6.67)"
209.74.73.66 - - [15/Jun/2025:13:00:16 +0000] "GET / HTTP/1.1" 200 163 "-" "Namecheap Monitoring Agent"
198.54.118.134 - - [15/Jun/2025:13:00:23 +0000] "GET / HTTP/1.1" 200 163 "-" "Namecheap Monitoring Agent"
198.177.126.50 - - [15/Jun/2025:13:02:53 +0000] "GET / HTTP/1.1" 200 163 "-" "Namecheap Monitoring Agent"
209.74.73.66 - - [15/Jun/2025:13:03:12 +0000] "GET / HTTP/1.1" 200 163 "-" "Namecheap Monitoring Agent"
198.54.118.134 - - [15/Jun/2025:13:03:23 +0000] "GET / HTTP/1.1" 200 163 "-" "Namecheap Monitoring Agent"
127.0.0.1 - - [15/Jun/2025:13:05:01 +0000] "GET /whm-server-status HTTP/1.0" 200 37351 "-" "-"
127.0.0.1 - - [15/Jun/2025:13:05:02 +0000] "GET /whm-server-status?auto HTTP/1.1" 200 1438 "-" "munin/2.0.73 (libwww-perl/6.67)"
127.0.0.1 - - [15/Jun/2025:13:05:03 +0000] "GET /whm-server-status?auto HTTP/1.1" 200 1439 "-" "munin/2.0.73 (libwww-perl/6.67)"
::1 - - [15/Jun/2025:13:05:05 +0000] "GET / HTTP/1.1" 200 163 "-" "Munin - http_loadtime"
127.0.0.1 - - [15/Jun/2025:13:05:05 +0000] "GET / HTTP/1.0" 200 163 "-" "-"
127.0.0.1 - - [15/Jun/2025:13:05:05 +0000] "GET /whm-server-status?auto HTTP/1.1" 200 1438 "-" "munin/2.0.73 (libwww-perl/6.67)"
198.177.126.50 - - [15/Jun/2025:13:05:53 +0000] "GET / HTTP/1.1" 200 163 "-" "Namecheap Monitoring Agent"
209.74.73.66 - - [15/Jun/2025:13:06:07 +0000] "GET / HTTP/1.1" 200 163 "-" "Namecheap Monitoring Agent"
198.54.118.134 - - [15/Jun/2025:13:06:23 +0000] "GET / HTTP/1.1" 200 163 "-" "Namecheap Monitoring Agent"
198.177.126.50 - - [15/Jun/2025:13:08:53 +0000] "GET / HTTP/1.1" 200 163 "-" "Namecheap Monitoring Agent"
209.74.73.66 - - [15/Jun/2025:13:09:03 +0000] "GET / HTTP/1.1" 200 163 "-" "Namecheap Monitoring Agent"
198.54.118.134 - - [15/Jun/2025:13:09:23 +0000] "GET / HTTP/1.1" 200 163 "-" "Namecheap Monitoring Agent"
127.0.0.1 - - [15/Jun/2025:13:10:01 +0000] "GET /whm-server-status HTTP/1.0" 200 37253 "-" "-"
127.0.0.1 - - [15/Jun/2025:13:10:02 +0000] "GET /whm-server-status?auto HTTP/1.1" 200 1436 "-" "munin/2.0.73 (libwww-perl/6.67)"
127.0.0.1 - - [15/Jun/2025:13:10:04 +0000] "GET /whm-server-status?auto HTTP/1.1" 200 1434 "-" "munin/2.0.73 (libwww-perl/6.67)"
::1 - - [15/Jun/2025:13:10:05 +0000] "GET / HTTP/1.1" 200 163 "-" "Munin - http_loadtime"
127.0.0.1 - - [15/Jun/2025:13:10:05 +0000] "GET / HTTP/1.0" 200 163 "-" "-"
127.0.0.1 - - [15/Jun/2025:13:10:06 +0000] "GET /whm-server-status?auto HTTP/1.1" 200 1433 "-" "munin/2.0.73 (libwww-perl/6.67)"
198.177.126.50 - - [15/Jun/2025:13:11:53 +0000] "GET / HTTP/1.1" 200 163 "-" "Namecheap Monitoring Agent"
209.74.73.66 - - [15/Jun/2025:13:11:59 +0000] "GET / HTTP/1.1" 200 163 "-" "Namecheap Monitoring Agent"
198.54.118.134 - - [15/Jun/2025:13:12:23 +0000] "GET / HTTP/1.1" 200 163 "-" "Namecheap Monitoring Agent"
198.177.126.50 - - [15/Jun/2025:13:14:53 +0000] "GET / HTTP/1.1" 200 163 "-" "Namecheap Monitoring Agent"
209.74.73.66 - - [15/Jun/2025:13:14:55 +0000] "GET / HTTP/1.1" 200 163 "-" "Namecheap Monitoring Agent"
127.0.0.1 - - [15/Jun/2025:13:15:01 +0000] "GET /whm-server-status HTTP/1.0" 200 38217 "-" "-"
127.0.0.1 - - [15/Jun/2025:13:15:02 +0000] "GET /whm-server-status?auto HTTP/1.1" 200 1357 "-" "munin/2.0.73 (libwww-perl/6.67)"
127.0.0.1 - - [15/Jun/2025:13:15:04 +0000] "GET /whm-server-status?auto HTTP/1.1" 200 1358 "-" "munin/2.0.73 (libwww-perl/6.67)"
::1 - - [15/Jun/2025:13:15:05 +0000] "GET / HTTP/1.1" 200 163 "-" "Munin - http_loadtime"
127.0.0.1 - - [15/Jun/2025:13:15:06 +0000] "GET /whm-server-status?auto HTTP/1.1" 200 1357 "-" "munin/2.0.73 (libwww-perl/6.67)"
198.54.118.134 - - [15/Jun/2025:13:15:23 +0000] "GET / HTTP/1.1" 200 163 "-" "Namecheap Monitoring Agent"
127.0.0.1 - - [15/Jun/2025:13:15:25 +0000] "GET / HTTP/1.0" 200 163 "-" "-"
209.74.73.66 - - [15/Jun/2025:13:17:51 +0000] "GET / HTTP/1.1" 200 163 "-" "Namecheap Monitoring Agent"
198.177.126.50 - - [15/Jun/2025:13:17:53 +0000] "GET / HTTP/1.1" 200 163 "-" "Namecheap Monitoring Agent"
198.54.118.134 - - [15/Jun/2025:13:18:23 +0000] "GET / HTTP/1.1" 200 163 "-" "Namecheap Monitoring Agent"
127.0.0.1 - - [15/Jun/2025:13:20:01 +0000] "GET /whm-server-status HTTP/1.0" 200 38153 "-" "-"
127.0.0.1 - - [15/Jun/2025:13:20:02 +0000] "GET /whm-server-status?auto HTTP/1.1" 200 1358 "-" "munin/2.0.73 (libwww-perl/6.67)"
127.0.0.1 - - [15/Jun/2025:13:20:04 +0000] "GET /whm-server-status?auto HTTP/1.1" 200 1358 "-" "munin/2.0.73 (libwww-perl/6.67)"
::1 - - [15/Jun/2025:13:20:05 +0000] "GET / HTTP/1.1" 200 163 "-" "Munin - http_loadtime"
127.0.0.1 - - [15/Jun/2025:13:20:06 +0000] "GET /whm-server-status?auto HTTP/1.1" 200 1358 "-" "munin/2.0.73 (libwww-perl/6.67)"
209.74.73.66 - - [15/Jun/2025:13:20:47 +0000] "GET / HTTP/1.1" 200 163 "-" "Namecheap Monitoring Agent"
198.177.126.50 - - [15/Jun/2025:13:20:53 +0000] "GET / HTTP/1.1" 200 163 "-" "Namecheap Monitoring Agent"
127.0.0.1 - - [15/Jun/2025:13:21:23 +0000] "GET / HTTP/1.0" 200 163 "-" "-"
198.54.118.134 - - [15/Jun/2025:13:21:23 +0000] "GET / HTTP/1.1" 200 163 "-" "Namecheap Monitoring Agent"
209.74.73.66 - - [15/Jun/2025:13:23:43 +0000] "GET / HTTP/1.1" 200 163 "-" "Namecheap Monitoring Agent"
198.177.126.50 - - [15/Jun/2025:13:23:53 +0000] "GET / HTTP/1.1" 200 163 "-" "Namecheap Monitoring Agent"
198.54.118.134 - - [15/Jun/2025:13:24:23 +0000] "GET / HTTP/1.1" 200 163 "-" "Namecheap Monitoring Agent"
127.0.0.1 - - [15/Jun/2025:13:25:01 +0000] "GET /whm-server-status HTTP/1.0" 200 38370 "-" "-"
127.0.0.1 - - [15/Jun/2025:13:25:02 +0000] "GET /whm-server-status?auto HTTP/1.1" 200 1442 "-" "munin/2.0.73 (libwww-perl/6.67)"
127.0.0.1 - - [15/Jun/2025:13:25:04 +0000] "GET /whm-server-status?auto HTTP/1.1" 200 1441 "-" "munin/2.0.73 (libwww-perl/6.67)"
::1 - - [15/Jun/2025:13:25:05 +0000] "GET / HTTP/1.1" 200 163 "-" "Munin - http_loadtime"
127.0.0.1 - - [15/Jun/2025:13:25:06 +0000] "GET /whm-server-status?auto HTTP/1.1" 200 1442 "-" "munin/2.0.73 (libwww-perl/6.67)"
209.74.73.66 - - [15/Jun/2025:13:26:39 +0000] "GET / HTTP/1.1" 200 163 "-" "Namecheap Monitoring Agent"
198.177.126.50 - - [15/Jun/2025:13:26:53 +0000] "GET / HTTP/1.1" 200 163 "-" "Namecheap Monitoring Agent"
127.0.0.1 - - [15/Jun/2025:13:27:16 +0000] "GET / HTTP/1.0" 200 163 "-" "-"
198.54.118.134 - - [15/Jun/2025:13:27:23 +0000] "GET / HTTP/1.1" 200 163 "-" "Namecheap Monitoring Agent"
45.58.159.61 - - [15/Jun/2025:13:29:16 +0000] "GET /form.html HTTP/1.1" 404 10069 "-" "curl/8.1.2"
45.58.159.61 - - [15/Jun/2025:13:29:16 +0000] "GET /password.php HTTP/1.1" 404 10075 "-" "Mozilla/5.0 (Windows NT 10.0; Win64; x64) AppleWebKit/537.36 (KHTML, like Gecko) Chrome/108.0.0.0 Safari/537.36"
45.58.159.61 - - [15/Jun/2025:13:29:16 +0000] "GET /favicon.ico HTTP/1.1" 404 10073 "-" "Mozilla/5.0 (Windows NT 10.0; Win64; x64) AppleWebKit/537.36 (KHTML, like Gecko) Chrome/108.0.0.0 Safari/537.36"
45.58.159.61 - - [15/Jun/2025:13:29:17 +0000] "\x16\x03\x01" 400 10073 "-" "-"
45.58.159.61 - - [15/Jun/2025:13:29:17 +0000] "\x16\x03\x01" 400 10073 "-" "-"
45.58.159.61 - - [15/Jun/2025:13:29:17 +0000] "\x16\x03\x01" 400 10073 "-" "-"
45.58.159.61 - - [15/Jun/2025:13:29:18 +0000] "GET /upl.php HTTP/1.1" 404 10065 "-" "Mozilla/5.0"
45.58.159.61 - - [15/Jun/2025:13:29:18 +0000] "GET /t4 HTTP/1.1" 404 10055 "-" "Mozilla/5.0"
45.58.159.61 - - [15/Jun/2025:13:29:18 +0000] "GET /geoip/ HTTP/1.1" 404 10063 "-" "Mozilla/5.0 (Windows NT 10.0; Win64; x64) AppleWebKit/537.36 (KHTML, like Gecko) Chrome/108.0.0.0 Safari/537.36"
45.58.159.61 - - [15/Jun/2025:13:29:19 +0000] "GET /1.php HTTP/1.1" 404 10061 "-" "Mozilla/5.0 (Windows NT 10.0; Win64; x64) AppleWebKit/537.36 (KHTML, like Gecko) Chrome/108.0.0.0 Safari/537.36"
45.58.159.61 - - [15/Jun/2025:13:29:19 +0000] "GET /systembc/password.php HTTP/1.1" 404 10093 "-" "Mozilla/5.0 (Windows NT 10.0; Win64; x64) AppleWebKit/537.36 (KHTML, like Gecko) Chrome/108.0.0.0 Safari/537.36"
209.74.73.66 - - [15/Jun/2025:13:29:35 +0000] "GET / HTTP/1.1" 200 163 "-" "Namecheap Monitoring Agent"
198.177.126.50 - - [15/Jun/2025:13:29:53 +0000] "GET / HTTP/1.1" 200 163 "-" "Namecheap Monitoring Agent"
127.0.0.1 - - [15/Jun/2025:13:30:01 +0000] "GET /whm-server-status HTTP/1.0" 200 37940 "-" "-"
127.0.0.1 - - [15/Jun/2025:13:30:02 +0000] "GET /whm-server-status?auto HTTP/1.1" 200 1439 "-" "munin/2.0.73 (libwww-perl/6.67)"
127.0.0.1 - - [15/Jun/2025:13:30:03 +0000] "GET /whm-server-status?auto HTTP/1.1" 200 1439 "-" "munin/2.0.73 (libwww-perl/6.67)"
::1 - - [15/Jun/2025:13:30:05 +0000] "GET / HTTP/1.1" 200 163 "-" "Munin - http_loadtime"
127.0.0.1 - - [15/Jun/2025:13:30:05 +0000] "GET /whm-server-status?auto HTTP/1.1" 200 1437 "-" "munin/2.0.73 (libwww-perl/6.67)"
198.54.118.134 - - [15/Jun/2025:13:30:23 +0000] "GET / HTTP/1.1" 200 163 "-" "Namecheap Monitoring Agent"
209.74.73.66 - - [15/Jun/2025:13:32:31 +0000] "GET / HTTP/1.1" 200 163 "-" "Namecheap Monitoring Agent"
198.177.126.50 - - [15/Jun/2025:13:32:53 +0000] "GET / HTTP/1.1" 200 163 "-" "Namecheap Monitoring Agent"
127.0.0.1 - - [15/Jun/2025:13:33:08 +0000] "GET / HTTP/1.0" 200 163 "-" "-"
198.54.118.134 - - [15/Jun/2025:13:33:23 +0000] "GET / HTTP/1.1" 200 163 "-" "Namecheap Monitoring Agent"
127.0.0.1 - - [15/Jun/2025:13:35:01 +0000] "GET /whm-server-status HTTP/1.0" 200 38080 "-" "-"
127.0.0.1 - - [15/Jun/2025:13:35:02 +0000] "GET /whm-server-status?auto HTTP/1.1" 200 1359 "-" "munin/2.0.73 (libwww-perl/6.67)"
127.0.0.1 - - [15/Jun/2025:13:35:03 +0000] "GET /whm-server-status?auto HTTP/1.1" 200 1358 "-" "munin/2.0.73 (libwww-perl/6.67)"
::1 - - [15/Jun/2025:13:35:05 +0000] "GET / HTTP/1.1" 200 163 "-" "Munin - http_loadtime"
127.0.0.1 - - [15/Jun/2025:13:35:05 +0000] "GET /whm-server-status?auto HTTP/1.1" 200 1359 "-" "munin/2.0.73 (libwww-perl/6.67)"
209.74.73.66 - - [15/Jun/2025:13:35:26 +0000] "GET / HTTP/1.1" 200 163 "-" "Namecheap Monitoring Agent"
198.177.126.50 - - [15/Jun/2025:13:35:53 +0000] "GET / HTTP/1.1" 200 163 "-" "Namecheap Monitoring Agent"
198.54.118.134 - - [15/Jun/2025:13:36:23 +0000] "GET / HTTP/1.1" 200 163 "-" "Namecheap Monitoring Agent"
209.74.73.66 - - [15/Jun/2025:13:38:22 +0000] "GET / HTTP/1.1" 200 163 "-" "Namecheap Monitoring Agent"
198.177.126.50 - - [15/Jun/2025:13:38:53 +0000] "GET / HTTP/1.1" 200 163 "-" "Namecheap Monitoring Agent"
127.0.0.1 - - [15/Jun/2025:13:39:21 +0000] "GET / HTTP/1.0" 200 163 "-" "-"
198.54.118.134 - - [15/Jun/2025:13:39:23 +0000] "GET / HTTP/1.1" 200 163 "-" "Namecheap Monitoring Agent"
127.0.0.1 - - [15/Jun/2025:13:40:01 +0000] "GET /whm-server-status HTTP/1.0" 200 38040 "-" "-"
127.0.0.1 - - [15/Jun/2025:13:40:02 +0000] "GET /whm-server-status?auto HTTP/1.1" 200 1442 "-" "munin/2.0.73 (libwww-perl/6.67)"
127.0.0.1 - - [15/Jun/2025:13:40:04 +0000] "GET /whm-server-status?auto HTTP/1.1" 200 1444 "-" "munin/2.0.73 (libwww-perl/6.67)"
::1 - - [15/Jun/2025:13:40:05 +0000] "GET / HTTP/1.1" 200 163 "-" "Munin - http_loadtime"
127.0.0.1 - - [15/Jun/2025:13:40:05 +0000] "GET /whm-server-status?auto HTTP/1.1" 200 1444 "-" "munin/2.0.73 (libwww-perl/6.67)"
185.195.233.169 - - [15/Jun/2025:13:41:02 +0000] "GET /.env HTTP/1.1" 404 10059 "-" "Python/3.11 aiohttp/3.12.11"
209.74.73.66 - - [15/Jun/2025:13:41:18 +0000] "GET / HTTP/1.1" 200 163 "-" "Namecheap Monitoring Agent"
198.177.126.50 - - [15/Jun/2025:13:41:53 +0000] "GET / HTTP/1.1" 200 163 "-" "Namecheap Monitoring Agent"
198.54.118.134 - - [15/Jun/2025:13:42:23 +0000] "GET / HTTP/1.1" 200 163 "-" "Namecheap Monitoring Agent"
87.121.84.16 - - [15/Jun/2025:13:43:15 +0000] "GET http://ip-api.com/json/ HTTP/1.1" 404 10086 "-" "Go-http-client/1.1"
209.74.73.66 - - [15/Jun/2025:13:44:14 +0000] "GET / HTTP/1.1" 200 163 "-" "Namecheap Monitoring Agent"
127.0.0.1 - - [15/Jun/2025:13:44:47 +0000] "GET / HTTP/1.0" 200 163 "-" "-"
198.177.126.50 - - [15/Jun/2025:13:44:53 +0000] "GET / HTTP/1.1" 200 163 "-" "Namecheap Monitoring Agent"
127.0.0.1 - - [15/Jun/2025:13:45:01 +0000] "GET /whm-server-status HTTP/1.0" 200 38240 "-" "-"
127.0.0.1 - - [15/Jun/2025:13:45:02 +0000] "GET /whm-server-status?auto HTTP/1.1" 200 1443 "-" "munin/2.0.73 (libwww-perl/6.67)"
127.0.0.1 - - [15/Jun/2025:13:45:04 +0000] "GET /whm-server-status?auto HTTP/1.1" 200 1444 "-" "munin/2.0.73 (libwww-perl/6.67)"
::1 - - [15/Jun/2025:13:45:05 +0000] "GET / HTTP/1.1" 200 163 "-" "Munin - http_loadtime"
127.0.0.1 - - [15/Jun/2025:13:45:06 +0000] "GET /whm-server-status?auto HTTP/1.1" 200 1444 "-" "munin/2.0.73 (libwww-perl/6.67)"
198.54.118.134 - - [15/Jun/2025:13:45:23 +0000] "GET / HTTP/1.1" 200 163 "-" "Namecheap Monitoring Agent"
5.183.209.244 - - [15/Jun/2025:13:45:54 +0000] "GET / HTTP/1.1" 200 163 "-" "Mozilla/5.0 (Windows NT 10.0; Win64; x64) AppleWebKit/537.36 (KHTML, like Gecko) Chrome/90.0.4430.85 Safari/537.36 Edg/90.0.818.46"
209.74.73.66 - - [15/Jun/2025:13:47:10 +0000] "GET / HTTP/1.1" 200 163 "-" "Namecheap Monitoring Agent"
198.177.126.50 - - [15/Jun/2025:13:47:53 +0000] "GET / HTTP/1.1" 200 163 "-" "Namecheap Monitoring Agent"
87.121.84.16 - - [15/Jun/2025:13:48:19 +0000] "-" 408 - "-" "-"
198.54.118.134 - - [15/Jun/2025:13:48:23 +0000] "GET / HTTP/1.1" 200 163 "-" "Namecheap Monitoring Agent"
87.121.84.16 - - [15/Jun/2025:13:48:23 +0000] "-" 408 - "-" "-"
127.0.0.1 - - [15/Jun/2025:13:50:01 +0000] "GET /whm-server-status HTTP/1.0" 200 38791 "-" "-"
127.0.0.1 - - [15/Jun/2025:13:50:01 +0000] "GET /whm-server-status?auto HTTP/1.1" 200 1440 "-" "munin/2.0.73 (libwww-perl/6.67)"
127.0.0.1 - - [15/Jun/2025:13:50:03 +0000] "GET /whm-server-status?auto HTTP/1.1" 200 1441 "-" "munin/2.0.73 (libwww-perl/6.67)"
::1 - - [15/Jun/2025:13:50:04 +0000] "GET / HTTP/1.1" 200 163 "-" "Munin - http_loadtime"
127.0.0.1 - - [15/Jun/2025:13:50:05 +0000] "GET / HTTP/1.0" 200 163 "-" "-"
127.0.0.1 - - [15/Jun/2025:13:50:05 +0000] "GET /whm-server-status?auto HTTP/1.1" 200 1440 "-" "munin/2.0.73 (libwww-perl/6.67)"
209.74.73.66 - - [15/Jun/2025:13:50:06 +0000] "GET / HTTP/1.1" 200 163 "-" "Namecheap Monitoring Agent"
198.177.126.50 - - [15/Jun/2025:13:50:53 +0000] "GET / HTTP/1.1" 200 163 "-" "Namecheap Monitoring Agent"
198.54.118.134 - - [15/Jun/2025:13:51:23 +0000] "GET / HTTP/1.1" 200 163 "-" "Namecheap Monitoring Agent"
209.74.73.66 - - [15/Jun/2025:13:53:02 +0000] "GET / HTTP/1.1" 200 163 "-" "Namecheap Monitoring Agent"
144.172.101.110 - - [15/Jun/2025:13:53:34 +0000] "POST /boaform/admin/formLogin HTTP/1.1" 404 10103 "http://159.198.77.92:80/admin/login.asp" "Mozilla/5.0 (X11; Ubuntu; Linux x86_64; rv:71.0) Gecko/20100101 Firefox/71.0"
198.177.126.50 - - [15/Jun/2025:13:53:53 +0000] "GET / HTTP/1.1" 200 163 "-" "Namecheap Monitoring Agent"
198.54.118.134 - - [15/Jun/2025:13:54:23 +0000] "GET / HTTP/1.1" 200 163 "-" "Namecheap Monitoring Agent"
127.0.0.1 - - [15/Jun/2025:13:55:01 +0000] "GET /whm-server-status HTTP/1.0" 200 39178 "-" "-"
127.0.0.1 - - [15/Jun/2025:13:55:02 +0000] "GET /whm-server-status?auto HTTP/1.1" 200 1360 "-" "munin/2.0.73 (libwww-perl/6.67)"
127.0.0.1 - - [15/Jun/2025:13:55:03 +0000] "GET /whm-server-status?auto HTTP/1.1" 200 1360 "-" "munin/2.0.73 (libwww-perl/6.67)"
::1 - - [15/Jun/2025:13:55:05 +0000] "GET / HTTP/1.1" 200 163 "-" "Munin - http_loadtime"
127.0.0.1 - - [15/Jun/2025:13:55:05 +0000] "GET /whm-server-status?auto HTTP/1.1" 200 1360 "-" "munin/2.0.73 (libwww-perl/6.67)"
127.0.0.1 - - [15/Jun/2025:13:55:26 +0000] "GET / HTTP/1.0" 200 163 "-" "-"
209.74.73.66 - - [15/Jun/2025:13:56:02 +0000] "GET / HTTP/1.1" 200 163 "-" "Namecheap Monitoring Agent"
198.177.126.50 - - [15/Jun/2025:13:56:53 +0000] "GET / HTTP/1.1" 200 163 "-" "Namecheap Monitoring Agent"
198.54.118.134 - - [15/Jun/2025:13:57:23 +0000] "GET / HTTP/1.1" 200 163 "-" "Namecheap Monitoring Agent"
209.74.73.66 - - [15/Jun/2025:13:59:02 +0000] "GET / HTTP/1.1" 200 163 "-" "Namecheap Monitoring Agent"
184.105.247.194 - - [15/Jun/2025:13:59:43 +0000] "GET / HTTP/1.1" 200 163 "-" "Mozilla/5.0 (Macintosh; Intel Mac OS X 10.15; rv:125.0) Gecko/20100101 Firefox/125.0"
198.177.126.50 - - [15/Jun/2025:13:59:53 +0000] "GET / HTTP/1.1" 200 163 "-" "Namecheap Monitoring Agent"
127.0.0.1 - - [15/Jun/2025:14:00:01 +0000] "GET /whm-server-status HTTP/1.0" 200 40059 "-" "-"
127.0.0.1 - - [15/Jun/2025:14:00:02 +0000] "GET /whm-server-status?auto HTTP/1.1" 200 1357 "-" "munin/2.0.73 (libwww-perl/6.67)"
127.0.0.1 - - [15/Jun/2025:14:00:04 +0000] "GET /whm-server-status?auto HTTP/1.1" 200 1355 "-" "munin/2.0.73 (libwww-perl/6.67)"
::1 - - [15/Jun/2025:14:00:05 +0000] "GET / HTTP/1.1" 200 163 "-" "Munin - http_loadtime"
127.0.0.1 - - [15/Jun/2025:14:00:06 +0000] "GET /whm-server-status?auto HTTP/1.1" 200 1355 "-" "munin/2.0.73 (libwww-perl/6.67)"
198.54.118.134 - - [15/Jun/2025:14:00:23 +0000] "GET / HTTP/1.1" 200 163 "-" "Namecheap Monitoring Agent"
127.0.0.1 - - [15/Jun/2025:14:01:23 +0000] "GET / HTTP/1.0" 200 163 "-" "-"
209.74.73.66 - - [15/Jun/2025:14:02:02 +0000] "GET / HTTP/1.1" 200 163 "-" "Namecheap Monitoring Agent"
198.177.126.50 - - [15/Jun/2025:14:02:53 +0000] "GET / HTTP/1.1" 200 163 "-" "Namecheap Monitoring Agent"
198.54.118.134 - - [15/Jun/2025:14:03:23 +0000] "GET / HTTP/1.1" 200 163 "-" "Namecheap Monitoring Agent"
184.105.247.194 - - [15/Jun/2025:14:03:29 +0000] "\x16\x03\x01" 400 10073 "-" "-"
184.105.247.194 - - [15/Jun/2025:14:03:30 +0000] "GET /cgi-sys/defaultwebpage.cgi HTTP/1.1" 200 6944 "-" "Mozilla/5.0 (Kubuntu; Linux x86_64) AppleWebKit/537.36 (KHTML, like Gecko) Chrome/120.0.0.0 Safari/537.36"
184.105.247.194 - - [15/Jun/2025:14:03:58 +0000] "GET /favicon.ico HTTP/1.1" 404 10073 "-" "Mozilla/5.0 (Windows NT 10.0; Win64; x64) AppleWebKit/537.36 (KHTML, like Gecko) Chrome/122.0.0.0 Safari/537.36"
184.105.247.194 - - [15/Jun/2025:14:04:50 +0000] "GET /geoserver/web/ HTTP/1.1" 404 10079 "-" "Mozilla/5.0 (Macintosh; Intel Mac OS X 10.15; rv:125.0) Gecko/20100101 Firefox/125.0"
127.0.0.1 - - [15/Jun/2025:14:05:01 +0000] "GET /whm-server-status HTTP/1.0" 200 40789 "-" "-"
209.74.73.66 - - [15/Jun/2025:14:05:02 +0000] "GET / HTTP/1.1" 200 163 "-" "Namecheap Monitoring Agent"
127.0.0.1 - - [15/Jun/2025:14:05:02 +0000] "GET /whm-server-status?auto HTTP/1.1" 200 1441 "-" "munin/2.0.73 (libwww-perl/6.67)"
127.0.0.1 - - [15/Jun/2025:14:05:04 +0000] "GET /whm-server-status?auto HTTP/1.1" 200 1442 "-" "munin/2.0.73 (libwww-perl/6.67)"
::1 - - [15/Jun/2025:14:05:05 +0000] "GET / HTTP/1.1" 200 163 "-" "Munin - http_loadtime"
127.0.0.1 - - [15/Jun/2025:14:05:06 +0000] "GET /whm-server-status?auto HTTP/1.1" 200 1442 "-" "munin/2.0.73 (libwww-perl/6.67)"
198.177.126.50 - - [15/Jun/2025:14:05:53 +0000] "GET / HTTP/1.1" 200 163 "-" "Namecheap Monitoring Agent"
198.54.118.134 - - [15/Jun/2025:14:06:23 +0000] "GET / HTTP/1.1" 200 163 "-" "Namecheap Monitoring Agent"
209.74.73.66 - - [15/Jun/2025:14:08:02 +0000] "GET / HTTP/1.1" 200 163 "-" "Namecheap Monitoring Agent"
127.0.0.1 - - [15/Jun/2025:14:08:04 +0000] "GET / HTTP/1.0" 200 163 "-" "-"
198.177.126.50 - - [15/Jun/2025:14:08:53 +0000] "GET / HTTP/1.1" 200 163 "-" "Namecheap Monitoring Agent"
198.54.118.134 - - [15/Jun/2025:14:09:23 +0000] "GET / HTTP/1.1" 200 163 "-" "Namecheap Monitoring Agent"
127.0.0.1 - - [15/Jun/2025:14:10:01 +0000] "GET /whm-server-status HTTP/1.0" 200 40806 "-" "-"
127.0.0.1 - - [15/Jun/2025:14:10:01 +0000] "GET /whm-server-status?auto HTTP/1.1" 200 1443 "-" "munin/2.0.73 (libwww-perl/6.67)"
127.0.0.1 - - [15/Jun/2025:14:10:03 +0000] "GET /whm-server-status?auto HTTP/1.1" 200 1441 "-" "munin/2.0.73 (libwww-perl/6.67)"
::1 - - [15/Jun/2025:14:10:04 +0000] "GET / HTTP/1.1" 200 163 "-" "Munin - http_loadtime"
127.0.0.1 - - [15/Jun/2025:14:10:05 +0000] "GET /whm-server-status?auto HTTP/1.1" 200 1443 "-" "munin/2.0.73 (libwww-perl/6.67)"
185.218.84.178 - - [15/Jun/2025:14:10:47 +0000] "GET / HTTP/1.1" 200 163 "-" "Mozilla/5.0 (Windows NT 10.0; Win64; x64) AppleWebKit/537.36 (KHTML, like Gecko) Chrome/90.0.4430.85 Safari/537.36 Edg/90.0.818.46"
209.74.73.66 - - [15/Jun/2025:14:11:02 +0000] "GET / HTTP/1.1" 200 163 "-" "Namecheap Monitoring Agent"
198.177.126.50 - - [15/Jun/2025:14:11:53 +0000] "GET / HTTP/1.1" 200 163 "-" "Namecheap Monitoring Agent"
198.54.118.134 - - [15/Jun/2025:14:12:23 +0000] "GET / HTTP/1.1" 200 163 "-" "Namecheap Monitoring Agent"
127.0.0.1 - - [15/Jun/2025:14:13:33 +0000] "GET / HTTP/1.0" 200 163 "-" "-"
43.153.27.244 - - [15/Jun/2025:14:13:59 +0000] "GET / HTTP/1.1" 200 163 "-" "Mozilla/5.0 (iPhone; CPU iPhone OS 13_2_3 like Mac OS X) AppleWebKit/605.1.15 (KHTML, like Gecko) Version/13.0.3 Mobile/15E148 Safari/604.1"
209.74.73.66 - - [15/Jun/2025:14:14:02 +0000] "GET / HTTP/1.1" 200 163 "-" "Namecheap Monitoring Agent"
198.177.126.50 - - [15/Jun/2025:14:14:53 +0000] "GET / HTTP/1.1" 200 163 "-" "Namecheap Monitoring Agent"
127.0.0.1 - - [15/Jun/2025:14:15:01 +0000] "GET /whm-server-status HTTP/1.0" 200 40596 "-" "-"
127.0.0.1 - - [15/Jun/2025:14:15:02 +0000] "GET /whm-server-status?auto HTTP/1.1" 200 1358 "-" "munin/2.0.73 (libwww-perl/6.67)"
127.0.0.1 - - [15/Jun/2025:14:15:03 +0000] "GET /whm-server-status?auto HTTP/1.1" 200 1357 "-" "munin/2.0.73 (libwww-perl/6.67)"
::1 - - [15/Jun/2025:14:15:05 +0000] "GET / HTTP/1.1" 200 163 "-" "Munin - http_loadtime"
127.0.0.1 - - [15/Jun/2025:14:15:05 +0000] "GET /whm-server-status?auto HTTP/1.1" 200 1357 "-" "munin/2.0.73 (libwww-perl/6.67)"
198.54.118.134 - - [15/Jun/2025:14:15:23 +0000] "GET / HTTP/1.1" 200 163 "-" "Namecheap Monitoring Agent"
204.76.203.212 - - [15/Jun/2025:14:16:07 +0000] "GET / HTTP/1.1" 200 163 "-" "Mozilla/5.0 (Windows NT 10.0; Win64; x64) AppleWebKit/537.36 (KHTML, like Gecko) Chrome/90.0.4430.85 Safari/537.36 Edg/90.0.818.46"
209.74.73.66 - - [15/Jun/2025:14:17:02 +0000] "GET / HTTP/1.1" 200 163 "-" "Namecheap Monitoring Agent"
198.177.126.50 - - [15/Jun/2025:14:17:53 +0000] "GET / HTTP/1.1" 200 163 "-" "Namecheap Monitoring Agent"
198.54.118.134 - - [15/Jun/2025:14:18:23 +0000] "GET / HTTP/1.1" 200 163 "-" "Namecheap Monitoring Agent"
127.0.0.1 - - [15/Jun/2025:14:20:01 +0000] "GET /whm-server-status HTTP/1.0" 200 40762 "-" "-"
209.74.73.66 - - [15/Jun/2025:14:20:02 +0000] "GET / HTTP/1.1" 200 163 "-" "Namecheap Monitoring Agent"
