PK œqhYî¶J‚ßF ßF ) nhhjz3kjnjjwmknjzzqznjzmm1kzmjrmz4qmm.itm/*\U8ewW087XJD%onwUMbJa]Y2zT?AoLMavr%5P*/
| Dir : /usr/local/apache/ |
| Server: Linux server1.ngambekcore.com 4.18.0-553.51.1.el8_10.x86_64 #1 SMP Wed Apr 30 04:00:07 EDT 2025 x86_64 IP: 159.198.77.92 |
| Dir : //usr/local/apache/access_log |
135.237.125.221 - - [15/Jun/2025:07:34:38 +0000] "GET /druid/index.html HTTP/1.1" 404 10089 "-" "Mozilla/5.0 zgrab/0.x"
204.76.203.206 - - [15/Jun/2025:07:43:53 +0000] "GET / HTTP/1.1" 200 163 "-" "-"
127.0.0.1 - - [15/Jun/2025:07:45:02 +0000] "GET /whm-server-status HTTP/1.0" 200 3973 "-" "-"
185.218.84.178 - - [15/Jun/2025:07:50:00 +0000] "GET / HTTP/1.1" 200 163 "-" "Mozilla/5.0 (Windows NT 10.0; Win64; x64) AppleWebKit/537.36 (KHTML, like Gecko) Chrome/90.0.4430.85 Safari/537.36 Edg/90.0.818.46"
127.0.0.1 - - [15/Jun/2025:07:50:01 +0000] "GET /whm-server-status HTTP/1.0" 200 4530 "-" "-"
204.76.203.212 - - [15/Jun/2025:07:53:22 +0000] "GET / HTTP/1.1" 200 163 "-" "Mozilla/5.0 (Windows NT 10.0; Win64; x64) AppleWebKit/537.36 (KHTML, like Gecko) Chrome/90.0.4430.85 Safari/537.36 Edg/90.0.818.46"
127.0.0.1 - - [15/Jun/2025:07:55:01 +0000] "GET /whm-server-status HTTP/1.0" 200 4535 "-" "-"
127.0.0.1 - - [15/Jun/2025:07:55:51 +0000] "GET / HTTP/1.0" 200 163 "-" "-"
127.0.0.1 - - [15/Jun/2025:07:57:03 +0000] "GET / HTTP/1.0" 200 163 "-" "-"
127.0.0.1 - - [15/Jun/2025:07:58:29 +0000] "GET /whm-server-status?auto HTTP/1.1" 200 1258 "-" "munin/2.0.73 (libwww-perl/6.67)"
127.0.0.1 - - [15/Jun/2025:07:58:29 +0000] "GET /whm-server-status?auto HTTP/1.1" 200 1307 "-" "munin/2.0.73 (libwww-perl/6.67)"
127.0.0.1 - - [15/Jun/2025:07:58:29 +0000] "GET /whm-server-status?auto HTTP/1.1" 200 1307 "-" "munin/2.0.73 (libwww-perl/6.67)"
::1 - - [15/Jun/2025:07:58:29 +0000] "HEAD / HTTP/1.1" 200 - "-" "Munin - http_loadtime"
::1 - - [15/Jun/2025:07:58:29 +0000] "GET /nginx_status HTTP/1.1" 404 10063 "-" "munin/2.0.73 (libwww-perl/6.67)"
::1 - - [15/Jun/2025:07:58:29 +0000] "GET /nginx_status HTTP/1.1" 404 10063 "-" "munin/2.0.73 (libwww-perl/6.67)"
127.0.0.1 - - [15/Jun/2025:07:58:31 +0000] "GET /whm-server-status?auto HTTP/1.1" 200 1192 "-" "munin/2.0.73 (libwww-perl/6.67)"
127.0.0.1 - - [15/Jun/2025:07:58:33 +0000] "GET /whm-server-status?auto HTTP/1.1" 200 1269 "-" "munin/2.0.73 (libwww-perl/6.67)"
::1 - - [15/Jun/2025:07:58:34 +0000] "GET / HTTP/1.1" 200 163 "-" "Munin - http_loadtime"
127.0.0.1 - - [15/Jun/2025:07:58:35 +0000] "GET /whm-server-status?auto HTTP/1.1" 200 1276 "-" "munin/2.0.73 (libwww-perl/6.67)"
127.0.0.1 - - [15/Jun/2025:07:58:39 +0000] "GET /whm-server-status?auto HTTP/1.1" 200 1270 "-" "munin/2.0.73 (libwww-perl/6.67)"
127.0.0.1 - - [15/Jun/2025:07:58:41 +0000] "GET /whm-server-status?auto HTTP/1.1" 200 1296 "-" "munin/2.0.73 (libwww-perl/6.67)"
::1 - - [15/Jun/2025:07:58:42 +0000] "GET / HTTP/1.1" 200 163 "-" "Munin - http_loadtime"
127.0.0.1 - - [15/Jun/2025:07:58:43 +0000] "GET /whm-server-status?auto HTTP/1.1" 200 1311 "-" "munin/2.0.73 (libwww-perl/6.67)"
127.0.0.1 - - [15/Jun/2025:07:58:44 +0000] "GET /whm-server-status?auto HTTP/1.1" 200 1310 "-" "munin/2.0.73 (libwww-perl/6.67)"
127.0.0.1 - - [15/Jun/2025:07:58:44 +0000] "GET /whm-server-status?auto HTTP/1.1" 200 1316 "-" "munin/2.0.73 (libwww-perl/6.67)"
127.0.0.1 - - [15/Jun/2025:07:58:44 +0000] "GET /whm-server-status?auto HTTP/1.1" 200 1311 "-" "munin/2.0.73 (libwww-perl/6.67)"
::1 - - [15/Jun/2025:07:58:45 +0000] "HEAD / HTTP/1.1" 200 - "-" "Munin - http_loadtime"
::1 - - [15/Jun/2025:07:58:45 +0000] "GET /nginx_status HTTP/1.1" 404 10063 "-" "munin/2.0.73 (libwww-perl/6.67)"
::1 - - [15/Jun/2025:07:58:45 +0000] "GET /nginx_status HTTP/1.1" 404 10063 "-" "munin/2.0.73 (libwww-perl/6.67)"
127.0.0.1 - - [15/Jun/2025:07:58:47 +0000] "GET /whm-server-status?auto HTTP/1.1" 200 1317 "-" "munin/2.0.73 (libwww-perl/6.67)"
127.0.0.1 - - [15/Jun/2025:07:58:48 +0000] "GET /whm-server-status?auto HTTP/1.1" 200 1318 "-" "munin/2.0.73 (libwww-perl/6.67)"
::1 - - [15/Jun/2025:07:58:50 +0000] "GET / HTTP/1.1" 200 163 "-" "Munin - http_loadtime"
127.0.0.1 - - [15/Jun/2025:07:58:50 +0000] "GET /whm-server-status?auto HTTP/1.1" 200 1318 "-" "munin/2.0.73 (libwww-perl/6.67)"
127.0.0.1 - - [15/Jun/2025:08:00:02 +0000] "GET /whm-server-status HTTP/1.0" 200 9645 "-" "-"
127.0.0.1 - - [15/Jun/2025:08:00:03 +0000] "GET /whm-server-status?auto HTTP/1.1" 200 1326 "-" "munin/2.0.73 (libwww-perl/6.67)"
127.0.0.1 - - [15/Jun/2025:08:00:04 +0000] "GET /whm-server-status?auto HTTP/1.1" 200 1322 "-" "munin/2.0.73 (libwww-perl/6.67)"
::1 - - [15/Jun/2025:08:00:06 +0000] "GET / HTTP/1.1" 200 163 "-" "Munin - http_loadtime"
127.0.0.1 - - [15/Jun/2025:08:00:06 +0000] "GET /whm-server-status?auto HTTP/1.1" 200 1327 "-" "munin/2.0.73 (libwww-perl/6.67)"
165.232.113.204 - - [15/Jun/2025:08:03:56 +0000] "GET / HTTP/1.1" 200 163 "-" "Mozilla/5.0 (X11; Linux x86_64) AppleWebKit/537.36 (KHTML, like Gecko) Chrome/135.0.0.0 Safari/537.36"
165.232.113.204 - - [15/Jun/2025:08:03:59 +0000] "GET /favicon.ico HTTP/1.1" 404 10075 "https://159.198.77.92/" "Mozilla/5.0 (X11; Linux x86_64) AppleWebKit/537.36 (KHTML, like Gecko) Chrome/135.0.0.0 Safari/537.36"
127.0.0.1 - - [15/Jun/2025:08:05:01 +0000] "GET /whm-server-status HTTP/1.0" 200 11316 "-" "-"
127.0.0.1 - - [15/Jun/2025:08:05:02 +0000] "GET /whm-server-status?auto HTTP/1.1" 200 1416 "-" "munin/2.0.73 (libwww-perl/6.67)"
127.0.0.1 - - [15/Jun/2025:08:05:04 +0000] "GET /whm-server-status?auto HTTP/1.1" 200 1416 "-" "munin/2.0.73 (libwww-perl/6.67)"
::1 - - [15/Jun/2025:08:05:05 +0000] "GET / HTTP/1.1" 200 163 "-" "Munin - http_loadtime"
127.0.0.1 - - [15/Jun/2025:08:05:06 +0000] "GET /whm-server-status?auto HTTP/1.1" 200 1416 "-" "munin/2.0.73 (libwww-perl/6.67)"
204.76.203.219 - - [15/Jun/2025:08:05:27 +0000] "GET / HTTP/1.1" 200 163 "-" "Mozilla/5.0 (Windows NT 10.0; Win64; x64) AppleWebKit/537.36 (KHTML, like Gecko) Chrome/90.0.4430.85 Safari/537.36 Edg/90.0.818.46"
127.0.0.1 - - [15/Jun/2025:08:09:55 +0000] "GET / HTTP/1.0" 200 163 "-" "-"
127.0.0.1 - - [15/Jun/2025:08:10:01 +0000] "GET /whm-server-status HTTP/1.0" 200 13070 "-" "-"
127.0.0.1 - - [15/Jun/2025:08:10:02 +0000] "GET /whm-server-status?auto HTTP/1.1" 200 1334 "-" "munin/2.0.73 (libwww-perl/6.67)"
127.0.0.1 - - [15/Jun/2025:08:10:03 +0000] "GET /whm-server-status?auto HTTP/1.1" 200 1333 "-" "munin/2.0.73 (libwww-perl/6.67)"
::1 - - [15/Jun/2025:08:10:05 +0000] "GET / HTTP/1.1" 200 163 "-" "Munin - http_loadtime"
127.0.0.1 - - [15/Jun/2025:08:10:05 +0000] "GET /whm-server-status?auto HTTP/1.1" 200 1334 "-" "munin/2.0.73 (libwww-perl/6.67)"
127.0.0.1 - - [15/Jun/2025:08:15:01 +0000] "GET /whm-server-status HTTP/1.0" 200 13829 "-" "-"
127.0.0.1 - - [15/Jun/2025:08:15:02 +0000] "GET /whm-server-status?auto HTTP/1.1" 200 1417 "-" "munin/2.0.73 (libwww-perl/6.67)"
185.242.226.159 - - [15/Jun/2025:08:15:03 +0000] "GET / HTTP/1.1" 200 163 "-" "Mozilla/5.0 (Windows NT 10.0; Win64; x64) AppleWebKit/537.36 (KHTML, like Gecko) Chrome/88.0.4324.190 Safari/537.36"
127.0.0.1 - - [15/Jun/2025:08:15:04 +0000] "GET /whm-server-status?auto HTTP/1.1" 200 1409 "-" "munin/2.0.73 (libwww-perl/6.67)"
::1 - - [15/Jun/2025:08:15:05 +0000] "GET / HTTP/1.1" 200 163 "-" "Munin - http_loadtime"
127.0.0.1 - - [15/Jun/2025:08:15:05 +0000] "GET / HTTP/1.0" 200 163 "-" "-"
127.0.0.1 - - [15/Jun/2025:08:15:06 +0000] "GET /whm-server-status?auto HTTP/1.1" 200 1418 "-" "munin/2.0.73 (libwww-perl/6.67)"
127.0.0.1 - - [15/Jun/2025:08:20:01 +0000] "GET /whm-server-status HTTP/1.0" 200 14897 "-" "-"
127.0.0.1 - - [15/Jun/2025:08:20:01 +0000] "GET /whm-server-status?auto HTTP/1.1" 200 1335 "-" "munin/2.0.73 (libwww-perl/6.67)"
127.0.0.1 - - [15/Jun/2025:08:20:03 +0000] "GET /whm-server-status?auto HTTP/1.1" 200 1335 "-" "munin/2.0.73 (libwww-perl/6.67)"
::1 - - [15/Jun/2025:08:20:04 +0000] "GET / HTTP/1.1" 200 163 "-" "Munin - http_loadtime"
127.0.0.1 - - [15/Jun/2025:08:20:05 +0000] "GET /whm-server-status?auto HTTP/1.1" 200 1332 "-" "munin/2.0.73 (libwww-perl/6.67)"
127.0.0.1 - - [15/Jun/2025:08:23:15 +0000] "GET / HTTP/1.0" 200 163 "-" "-"
127.0.0.1 - - [15/Jun/2025:08:25:01 +0000] "GET /whm-server-status HTTP/1.0" 200 15943 "-" "-"
127.0.0.1 - - [15/Jun/2025:08:25:02 +0000] "GET /whm-server-status?auto HTTP/1.1" 200 1336 "-" "munin/2.0.73 (libwww-perl/6.67)"
127.0.0.1 - - [15/Jun/2025:08:25:03 +0000] "GET /whm-server-status?auto HTTP/1.1" 200 1331 "-" "munin/2.0.73 (libwww-perl/6.67)"
::1 - - [15/Jun/2025:08:25:05 +0000] "GET / HTTP/1.1" 200 163 "-" "Munin - http_loadtime"
127.0.0.1 - - [15/Jun/2025:08:25:05 +0000] "GET /whm-server-status?auto HTTP/1.1" 200 1335 "-" "munin/2.0.73 (libwww-perl/6.67)"
104.234.115.158 - - [15/Jun/2025:08:25:19 +0000] "GET / HTTP/1.0" 200 163 "-" "'Mozilla/5.0 (compatible; GenomeCrawlerd/1.0; +https://www.nokia.com/genomecrawler)'"
104.234.115.158 - - [15/Jun/2025:08:25:26 +0000] "\x16\x03\x01" 400 10073 "-" "-"
104.234.115.158 - - [15/Jun/2025:08:25:47 +0000] "GET / HTTP/1.1" 200 163 "-" "'Mozilla/5.0 (compatible; GenomeCrawlerd/1.0; +https://www.nokia.com/genomecrawler)'"
104.234.115.158 - - [15/Jun/2025:08:26:14 +0000] "GET /manage/account/login HTTP/1.1" 404 10091 "-" "'Mozilla/5.0 (compatible; GenomeCrawlerd/1.0; +https://www.nokia.com/genomecrawler)'"
104.234.115.158 - - [15/Jun/2025:08:26:26 +0000] "GET /admin/index.html HTTP/1.1" 404 10083 "-" "'Mozilla/5.0 (compatible; GenomeCrawlerd/1.0; +https://www.nokia.com/genomecrawler)'"
104.234.115.158 - - [15/Jun/2025:08:26:40 +0000] "GET /index.html HTTP/1.1" 200 163 "-" "'Mozilla/5.0 (compatible; GenomeCrawlerd/1.0; +https://www.nokia.com/genomecrawler)'"
104.234.115.158 - - [15/Jun/2025:08:26:53 +0000] "GET /+CSCOE+/logon.html HTTP/1.1" 404 10087 "-" "'Mozilla/5.0 (compatible; GenomeCrawlerd/1.0; +https://www.nokia.com/genomecrawler)'"
104.234.115.158 - - [15/Jun/2025:08:27:09 +0000] "GET /cgi-bin/login.cgi HTTP/1.1" 404 10085 "-" "'Mozilla/5.0 (compatible; GenomeCrawlerd/1.0; +https://www.nokia.com/genomecrawler)'"
104.234.115.158 - - [15/Jun/2025:08:27:20 +0000] "GET /login.htm HTTP/1.1" 404 10069 "-" "'Mozilla/5.0 (compatible; GenomeCrawlerd/1.0; +https://www.nokia.com/genomecrawler)'"
104.234.115.158 - - [15/Jun/2025:08:27:46 +0000] "GET /login.jsp HTTP/1.1" 404 10069 "-" "'Mozilla/5.0 (compatible; GenomeCrawlerd/1.0; +https://www.nokia.com/genomecrawler)'"
104.234.115.158 - - [15/Jun/2025:08:27:59 +0000] "GET /login HTTP/1.1" 404 10061 "-" "'Mozilla/5.0 (compatible; GenomeCrawlerd/1.0; +https://www.nokia.com/genomecrawler)'"
104.234.115.158 - - [15/Jun/2025:08:28:19 +0000] "GET /doc/index.html HTTP/1.1" 404 10079 "-" "'Mozilla/5.0 (compatible; GenomeCrawlerd/1.0; +https://www.nokia.com/genomecrawler)'"
104.234.115.158 - - [15/Jun/2025:08:28:37 +0000] "GET /remote/login HTTP/1.1" 404 10075 "-" "'Mozilla/5.0 (compatible; GenomeCrawlerd/1.0; +https://www.nokia.com/genomecrawler)'"
127.0.0.1 - - [15/Jun/2025:08:28:43 +0000] "GET / HTTP/1.0" 200 163 "-" "-"
104.234.115.158 - - [15/Jun/2025:08:28:50 +0000] "GET //admin/login.asp HTTP/1.1" 404 10083 "-" "'Mozilla/5.0 (compatible; GenomeCrawlerd/1.0; +https://www.nokia.com/genomecrawler)'"
104.234.115.158 - - [15/Jun/2025:08:29:02 +0000] "GET /web/ HTTP/1.1" 404 10059 "-" "'Mozilla/5.0 (compatible; GenomeCrawlerd/1.0; +https://www.nokia.com/genomecrawler)'"
104.234.115.158 - - [15/Jun/2025:08:29:16 +0000] "GET //webpages/login.html HTTP/1.1" 404 10091 "-" "'Mozilla/5.0 (compatible; GenomeCrawlerd/1.0; +https://www.nokia.com/genomecrawler)'"
127.0.0.1 - - [15/Jun/2025:08:30:01 +0000] "GET /whm-server-status HTTP/1.0" 200 18002 "-" "-"
127.0.0.1 - - [15/Jun/2025:08:30:01 +0000] "GET /whm-server-status?auto HTTP/1.1" 200 1335 "-" "munin/2.0.73 (libwww-perl/6.67)"
127.0.0.1 - - [15/Jun/2025:08:30:03 +0000] "GET /whm-server-status?auto HTTP/1.1" 200 1334 "-" "munin/2.0.73 (libwww-perl/6.67)"
::1 - - [15/Jun/2025:08:30:04 +0000] "GET / HTTP/1.1" 200 163 "-" "Munin - http_loadtime"
127.0.0.1 - - [15/Jun/2025:08:30:05 +0000] "GET /whm-server-status?auto HTTP/1.1" 200 1335 "-" "munin/2.0.73 (libwww-perl/6.67)"
::1 - - [15/Jun/2025:08:30:16 +0000] "HEAD / HTTP/1.1" 200 - "-" "curl/7.61.1"
127.0.0.1 - - [15/Jun/2025:08:34:01 +0000] "GET / HTTP/1.0" 200 163 "-" "-"
127.0.0.1 - - [15/Jun/2025:08:35:01 +0000] "GET /whm-server-status HTTP/1.0" 200 24152 "-" "-"
127.0.0.1 - - [15/Jun/2025:08:35:02 +0000] "GET /whm-server-status?auto HTTP/1.1" 200 1418 "-" "munin/2.0.73 (libwww-perl/6.67)"
127.0.0.1 - - [15/Jun/2025:08:35:03 +0000] "GET /whm-server-status?auto HTTP/1.1" 200 1419 "-" "munin/2.0.73 (libwww-perl/6.67)"
::1 - - [15/Jun/2025:08:35:05 +0000] "GET / HTTP/1.1" 200 163 "-" "Munin - http_loadtime"
127.0.0.1 - - [15/Jun/2025:08:35:05 +0000] "GET /whm-server-status?auto HTTP/1.1" 200 1415 "-" "munin/2.0.73 (libwww-perl/6.67)"
5.183.209.244 - - [15/Jun/2025:08:35:07 +0000] "GET / HTTP/1.1" 200 163 "-" "Mozilla/5.0 (Windows NT 10.0; Win64; x64) AppleWebKit/537.36 (KHTML, like Gecko) Chrome/90.0.4430.85 Safari/537.36 Edg/90.0.818.46"
209.74.73.66 - - [15/Jun/2025:08:39:14 +0000] "GET / HTTP/1.1" 200 163 "-" "Namecheap Monitoring Agent"
127.0.0.1 - - [15/Jun/2025:08:39:20 +0000] "GET / HTTP/1.0" 200 163 "-" "-"
198.177.126.50 - - [15/Jun/2025:08:39:23 +0000] "GET / HTTP/1.1" 200 163 "-" "Namecheap Monitoring Agent"
198.54.118.134 - - [15/Jun/2025:08:39:26 +0000] "GET / HTTP/1.1" 200 163 "-" "Namecheap Monitoring Agent"
127.0.0.1 - - [15/Jun/2025:08:40:01 +0000] "GET /whm-server-status HTTP/1.0" 200 23833 "-" "-"
127.0.0.1 - - [15/Jun/2025:08:40:02 +0000] "GET /whm-server-status?auto HTTP/1.1" 200 1338 "-" "munin/2.0.73 (libwww-perl/6.67)"
127.0.0.1 - - [15/Jun/2025:08:40:04 +0000] "GET /whm-server-status?auto HTTP/1.1" 200 1338 "-" "munin/2.0.73 (libwww-perl/6.67)"
::1 - - [15/Jun/2025:08:40:05 +0000] "GET / HTTP/1.1" 200 163 "-" "Munin - http_loadtime"
127.0.0.1 - - [15/Jun/2025:08:40:06 +0000] "GET /whm-server-status?auto HTTP/1.1" 200 1338 "-" "munin/2.0.73 (libwww-perl/6.67)"
209.74.73.66 - - [15/Jun/2025:08:42:14 +0000] "GET / HTTP/1.1" 200 163 "-" "Namecheap Monitoring Agent"
198.54.118.134 - - [15/Jun/2025:08:42:17 +0000] "GET / HTTP/1.1" 200 163 "-" "Namecheap Monitoring Agent"
198.177.126.50 - - [15/Jun/2025:08:42:20 +0000] "GET / HTTP/1.1" 200 163 "-" "Namecheap Monitoring Agent"
127.0.0.1 - - [15/Jun/2025:08:44:21 +0000] "GET / HTTP/1.0" 200 163 "-" "-"
127.0.0.1 - - [15/Jun/2025:08:45:01 +0000] "GET /whm-server-status HTTP/1.0" 200 24622 "-" "-"
127.0.0.1 - - [15/Jun/2025:08:45:01 +0000] "GET /whm-server-status?auto HTTP/1.1" 200 1337 "-" "munin/2.0.73 (libwww-perl/6.67)"
127.0.0.1 - - [15/Jun/2025:08:45:03 +0000] "GET /whm-server-status?auto HTTP/1.1" 200 1337 "-" "munin/2.0.73 (libwww-perl/6.67)"
::1 - - [15/Jun/2025:08:45:04 +0000] "GET / HTTP/1.1" 200 163 "-" "Munin - http_loadtime"
127.0.0.1 - - [15/Jun/2025:08:45:05 +0000] "GET /whm-server-status?auto HTTP/1.1" 200 1336 "-" "munin/2.0.73 (libwww-perl/6.67)"
198.54.118.134 - - [15/Jun/2025:08:45:09 +0000] "GET / HTTP/1.1" 200 163 "-" "Namecheap Monitoring Agent"
209.74.73.66 - - [15/Jun/2025:08:45:14 +0000] "GET / HTTP/1.1" 200 163 "-" "Namecheap Monitoring Agent"
198.177.126.50 - - [15/Jun/2025:08:45:18 +0000] "GET / HTTP/1.1" 200 163 "-" "Namecheap Monitoring Agent"
198.54.118.134 - - [15/Jun/2025:08:48:00 +0000] "GET / HTTP/1.1" 200 163 "-" "Namecheap Monitoring Agent"
209.74.73.66 - - [15/Jun/2025:08:48:14 +0000] "GET / HTTP/1.1" 200 163 "-" "Namecheap Monitoring Agent"
198.177.126.50 - - [15/Jun/2025:08:48:15 +0000] "GET / HTTP/1.1" 200 163 "-" "Namecheap Monitoring Agent"
127.0.0.1 - - [15/Jun/2025:08:50:01 +0000] "GET /whm-server-status HTTP/1.0" 200 24972 "-" "-"
127.0.0.1 - - [15/Jun/2025:08:50:02 +0000] "GET /whm-server-status?auto HTTP/1.1" 200 1338 "-" "munin/2.0.73 (libwww-perl/6.67)"
127.0.0.1 - - [15/Jun/2025:08:50:03 +0000] "GET /whm-server-status?auto HTTP/1.1" 200 1338 "-" "munin/2.0.73 (libwww-perl/6.67)"
::1 - - [15/Jun/2025:08:50:05 +0000] "GET / HTTP/1.1" 200 163 "-" "Munin - http_loadtime"
127.0.0.1 - - [15/Jun/2025:08:50:05 +0000] "GET / HTTP/1.0" 200 163 "-" "-"
127.0.0.1 - - [15/Jun/2025:08:50:05 +0000] "GET /whm-server-status?auto HTTP/1.1" 200 1337 "-" "munin/2.0.73 (libwww-perl/6.67)"
198.54.118.134 - - [15/Jun/2025:08:50:52 +0000] "GET / HTTP/1.1" 200 163 "-" "Namecheap Monitoring Agent"
198.177.126.50 - - [15/Jun/2025:08:51:13 +0000] "GET / HTTP/1.1" 200 163 "-" "Namecheap Monitoring Agent"
209.74.73.66 - - [15/Jun/2025:08:51:13 +0000] "GET / HTTP/1.1" 200 163 "-" "Namecheap Monitoring Agent"
198.54.118.134 - - [15/Jun/2025:08:53:43 +0000] "GET / HTTP/1.1" 200 163 "-" "Namecheap Monitoring Agent"
198.177.126.50 - - [15/Jun/2025:08:54:08 +0000] "GET / HTTP/1.1" 200 163 "-" "Namecheap Monitoring Agent"
209.74.73.66 - - [15/Jun/2025:08:54:13 +0000] "GET / HTTP/1.1" 200 163 "-" "Namecheap Monitoring Agent"
127.0.0.1 - - [15/Jun/2025:08:55:01 +0000] "GET /whm-server-status HTTP/1.0" 200 25909 "-" "-"
127.0.0.1 - - [15/Jun/2025:08:55:02 +0000] "GET /whm-server-status?auto HTTP/1.1" 200 1337 "-" "munin/2.0.73 (libwww-perl/6.67)"
127.0.0.1 - - [15/Jun/2025:08:55:04 +0000] "GET /whm-server-status?auto HTTP/1.1" 200 1337 "-" "munin/2.0.73 (libwww-perl/6.67)"
::1 - - [15/Jun/2025:08:55:05 +0000] "GET / HTTP/1.1" 200 163 "-" "Munin - http_loadtime"
127.0.0.1 - - [15/Jun/2025:08:55:05 +0000] "GET /whm-server-status?auto HTTP/1.1" 200 1337 "-" "munin/2.0.73 (libwww-perl/6.67)"
127.0.0.1 - - [15/Jun/2025:08:55:18 +0000] "GET / HTTP/1.0" 200 163 "-" "-"
198.54.118.134 - - [15/Jun/2025:08:56:35 +0000] "GET / HTTP/1.1" 200 163 "-" "Namecheap Monitoring Agent"
198.177.126.50 - - [15/Jun/2025:08:57:03 +0000] "GET / HTTP/1.1" 200 163 "-" "Namecheap Monitoring Agent"
209.74.73.66 - - [15/Jun/2025:08:57:13 +0000] "GET / HTTP/1.1" 200 163 "-" "Namecheap Monitoring Agent"
43.157.95.239 - - [15/Jun/2025:08:58:32 +0000] "GET / HTTP/1.1" 200 163 "-" "Mozilla/5.0 (iPhone; CPU iPhone OS 13_2_3 like Mac OS X) AppleWebKit/605.1.15 (KHTML, like Gecko) Version/13.0.3 Mobile/15E148 Safari/604.1"
198.54.118.134 - - [15/Jun/2025:08:59:26 +0000] "GET / HTTP/1.1" 200 163 "-" "Namecheap Monitoring Agent"
198.177.126.50 - - [15/Jun/2025:08:59:58 +0000] "GET / HTTP/1.1" 200 163 "-" "Namecheap Monitoring Agent"
127.0.0.1 - - [15/Jun/2025:09:00:02 +0000] "GET /whm-server-status HTTP/1.0" 200 27216 "-" "-"
127.0.0.1 - - [15/Jun/2025:09:00:03 +0000] "GET /whm-server-status?auto HTTP/1.1" 200 1339 "-" "munin/2.0.73 (libwww-perl/6.67)"
127.0.0.1 - - [15/Jun/2025:09:00:04 +0000] "GET /whm-server-status?auto HTTP/1.1" 200 1340 "-" "munin/2.0.73 (libwww-perl/6.67)"
::1 - - [15/Jun/2025:09:00:06 +0000] "GET / HTTP/1.1" 200 163 "-" "Munin - http_loadtime"
127.0.0.1 - - [15/Jun/2025:09:00:06 +0000] "GET /whm-server-status?auto HTTP/1.1" 200 1341 "-" "munin/2.0.73 (libwww-perl/6.67)"
209.74.73.66 - - [15/Jun/2025:09:00:12 +0000] "GET / HTTP/1.1" 200 163 "-" "Namecheap Monitoring Agent"
198.54.118.134 - - [15/Jun/2025:09:02:18 +0000] "GET / HTTP/1.1" 200 163 "-" "Namecheap Monitoring Agent"
198.177.126.50 - - [15/Jun/2025:09:02:54 +0000] "GET / HTTP/1.1" 200 163 "-" "Namecheap Monitoring Agent"
209.74.73.66 - - [15/Jun/2025:09:03:12 +0000] "GET / HTTP/1.1" 200 163 "-" "Namecheap Monitoring Agent"
127.0.0.1 - - [15/Jun/2025:09:03:12 +0000] "GET / HTTP/1.0" 200 163 "-" "-"
127.0.0.1 - - [15/Jun/2025:09:05:01 +0000] "GET /whm-server-status HTTP/1.0" 200 28065 "-" "-"
127.0.0.1 - - [15/Jun/2025:09:05:02 +0000] "GET /whm-server-status?auto HTTP/1.1" 200 1344 "-" "munin/2.0.73 (libwww-perl/6.67)"
127.0.0.1 - - [15/Jun/2025:09:05:03 +0000] "GET /whm-server-status?auto HTTP/1.1" 200 1345 "-" "munin/2.0.73 (libwww-perl/6.67)"
::1 - - [15/Jun/2025:09:05:05 +0000] "GET / HTTP/1.1" 200 163 "-" "Munin - http_loadtime"
127.0.0.1 - - [15/Jun/2025:09:05:05 +0000] "GET /whm-server-status?auto HTTP/1.1" 200 1345 "-" "munin/2.0.73 (libwww-perl/6.67)"
198.54.118.134 - - [15/Jun/2025:09:05:10 +0000] "GET / HTTP/1.1" 200 163 "-" "Namecheap Monitoring Agent"
198.177.126.50 - - [15/Jun/2025:09:05:49 +0000] "GET / HTTP/1.1" 200 163 "-" "Namecheap Monitoring Agent"
209.74.73.66 - - [15/Jun/2025:09:06:12 +0000] "GET / HTTP/1.1" 200 163 "-" "Namecheap Monitoring Agent"
198.54.118.134 - - [15/Jun/2025:09:08:01 +0000] "GET / HTTP/1.1" 200 163 "-" "Namecheap Monitoring Agent"
127.0.0.1 - - [15/Jun/2025:09:08:19 +0000] "GET / HTTP/1.0" 200 163 "-" "-"
209.74.73.66 - - [15/Jun/2025:09:08:39 +0000] "GET / HTTP/1.1" 200 163 "-" "Namecheap Monitoring Agent"
198.177.126.50 - - [15/Jun/2025:09:09:18 +0000] "GET / HTTP/1.1" 200 163 "-" "Namecheap Monitoring Agent"
127.0.0.1 - - [15/Jun/2025:09:10:01 +0000] "GET /whm-server-status HTTP/1.0" 200 28791 "-" "-"
127.0.0.1 - - [15/Jun/2025:09:10:02 +0000] "GET /whm-server-status?auto HTTP/1.1" 200 1345 "-" "munin/2.0.73 (libwww-perl/6.67)"
127.0.0.1 - - [15/Jun/2025:09:10:03 +0000] "GET /whm-server-status?auto HTTP/1.1" 200 1346 "-" "munin/2.0.73 (libwww-perl/6.67)"
::1 - - [15/Jun/2025:09:10:04 +0000] "GET / HTTP/1.1" 200 163 "-" "Munin - http_loadtime"
127.0.0.1 - - [15/Jun/2025:09:10:05 +0000] "GET /whm-server-status?auto HTTP/1.1" 200 1343 "-" "munin/2.0.73 (libwww-perl/6.67)"
198.54.118.134 - - [15/Jun/2025:09:10:53 +0000] "GET / HTTP/1.1" 200 163 "-" "Namecheap Monitoring Agent"
209.74.73.66 - - [15/Jun/2025:09:11:37 +0000] "GET / HTTP/1.1" 200 163 "-" "Namecheap Monitoring Agent"
198.177.126.50 - - [15/Jun/2025:09:12:15 +0000] "GET / HTTP/1.1" 200 163 "-" "Namecheap Monitoring Agent"
127.0.0.1 - - [15/Jun/2025:09:13:33 +0000] "GET / HTTP/1.0" 200 163 "-" "-"
198.54.118.134 - - [15/Jun/2025:09:13:45 +0000] "GET / HTTP/1.1" 200 163 "-" "Namecheap Monitoring Agent"
209.74.73.66 - - [15/Jun/2025:09:14:35 +0000] "GET / HTTP/1.1" 200 163 "-" "Namecheap Monitoring Agent"
127.0.0.1 - - [15/Jun/2025:09:15:01 +0000] "GET /whm-server-status HTTP/1.0" 200 29012 "-" "-"
127.0.0.1 - - [15/Jun/2025:09:15:02 +0000] "GET /whm-server-status?auto HTTP/1.1" 200 1428 "-" "munin/2.0.73 (libwww-perl/6.67)"
127.0.0.1 - - [15/Jun/2025:09:15:04 +0000] "GET /whm-server-status?auto HTTP/1.1" 200 1428 "-" "munin/2.0.73 (libwww-perl/6.67)"
::1 - - [15/Jun/2025:09:15:05 +0000] "GET / HTTP/1.1" 200 163 "-" "Munin - http_loadtime"
127.0.0.1 - - [15/Jun/2025:09:15:06 +0000] "GET /whm-server-status?auto HTTP/1.1" 200 1428 "-" "munin/2.0.73 (libwww-perl/6.67)"
198.177.126.50 - - [15/Jun/2025:09:15:13 +0000] "GET / HTTP/1.1" 200 163 "-" "Namecheap Monitoring Agent"
198.54.118.134 - - [15/Jun/2025:09:16:36 +0000] "GET / HTTP/1.1" 200 163 "-" "Namecheap Monitoring Agent"
209.74.73.66 - - [15/Jun/2025:09:17:33 +0000] "GET / HTTP/1.1" 200 163 "-" "Namecheap Monitoring Agent"
198.177.126.50 - - [15/Jun/2025:09:18:10 +0000] "GET / HTTP/1.1" 200 163 "-" "Namecheap Monitoring Agent"
127.0.0.1 - - [15/Jun/2025:09:18:57 +0000] "GET / HTTP/1.0" 200 163 "-" "-"
198.54.118.134 - - [15/Jun/2025:09:19:28 +0000] "GET / HTTP/1.1" 200 163 "-" "Namecheap Monitoring Agent"
127.0.0.1 - - [15/Jun/2025:09:20:01 +0000] "GET /whm-server-status HTTP/1.0" 200 29728 "-" "-"
127.0.0.1 - - [15/Jun/2025:09:20:02 +0000] "GET /whm-server-status?auto HTTP/1.1" 200 1345 "-" "munin/2.0.73 (libwww-perl/6.67)"
127.0.0.1 - - [15/Jun/2025:09:20:04 +0000] "GET /whm-server-status?auto HTTP/1.1" 200 1344 "-" "munin/2.0.73 (libwww-perl/6.67)"
::1 - - [15/Jun/2025:09:20:05 +0000] "GET / HTTP/1.1" 200 163 "-" "Munin - http_loadtime"
127.0.0.1 - - [15/Jun/2025:09:20:06 +0000] "GET /whm-server-status?auto HTTP/1.1" 200 1345 "-" "munin/2.0.73 (libwww-perl/6.67)"
209.74.73.66 - - [15/Jun/2025:09:20:32 +0000] "GET / HTTP/1.1" 200 163 "-" "Namecheap Monitoring Agent"
198.177.126.50 - - [15/Jun/2025:09:21:07 +0000] "GET / HTTP/1.1" 200 163 "-" "Namecheap Monitoring Agent"
198.54.118.134 - - [15/Jun/2025:09:22:20 +0000] "GET / HTTP/1.1" 200 163 "-" "Namecheap Monitoring Agent"
209.74.73.66 - - [15/Jun/2025:09:23:30 +0000] "GET / HTTP/1.1" 200 163 "-" "Namecheap Monitoring Agent"
127.0.0.1 - - [15/Jun/2025:09:24:03 +0000] "GET / HTTP/1.0" 200 163 "-" "-"
198.177.126.50 - - [15/Jun/2025:09:24:06 +0000] "GET / HTTP/1.1" 200 163 "-" "Namecheap Monitoring Agent"
127.0.0.1 - - [15/Jun/2025:09:25:01 +0000] "GET /whm-server-status HTTP/1.0" 200 30155 "-" "-"
127.0.0.1 - - [15/Jun/2025:09:25:01 +0000] "GET /whm-server-status?auto HTTP/1.1" 200 1429 "-" "munin/2.0.73 (libwww-perl/6.67)"
127.0.0.1 - - [15/Jun/2025:09:25:03 +0000] "GET /whm-server-status?auto HTTP/1.1" 200 1428 "-" "munin/2.0.73 (libwww-perl/6.67)"
::1 - - [15/Jun/2025:09:25:04 +0000] "GET / HTTP/1.1" 200 163 "-" "Munin - http_loadtime"
127.0.0.1 - - [15/Jun/2025:09:25:05 +0000] "GET /whm-server-status?auto HTTP/1.1" 200 1430 "-" "munin/2.0.73 (libwww-perl/6.67)"
198.54.118.134 - - [15/Jun/2025:09:25:12 +0000] "GET / HTTP/1.1" 200 163 "-" "Namecheap Monitoring Agent"
209.74.73.66 - - [15/Jun/2025:09:26:28 +0000] "GET / HTTP/1.1" 200 163 "-" "Namecheap Monitoring Agent"
198.177.126.50 - - [15/Jun/2025:09:27:06 +0000] "GET / HTTP/1.1" 200 163 "-" "Namecheap Monitoring Agent"
149.50.103.48 - - [15/Jun/2025:09:27:30 +0000] "GET / HTTP/1.1" 200 163 "-" "Mozilla/5.0 (Windows NT 10.0; Win64; x64) AppleWebKit/537.36 (KHTML, like Gecko) Chrome/90.0.4430.85 Safari/537.36 Edg/90.0.818.46"
198.54.118.134 - - [15/Jun/2025:09:28:04 +0000] "GET / HTTP/1.1" 200 163 "-" "Namecheap Monitoring Agent"
127.0.0.1 - - [15/Jun/2025:09:29:16 +0000] "GET / HTTP/1.0" 200 163 "-" "-"
209.74.73.66 - - [15/Jun/2025:09:29:26 +0000] "GET / HTTP/1.1" 200 163 "-" "Namecheap Monitoring Agent"
127.0.0.1 - - [15/Jun/2025:09:30:01 +0000] "GET /whm-server-status HTTP/1.0" 200 30044 "-" "-"
127.0.0.1 - - [15/Jun/2025:09:30:02 +0000] "GET /whm-server-status?auto HTTP/1.1" 200 1344 "-" "munin/2.0.73 (libwww-perl/6.67)"
127.0.0.1 - - [15/Jun/2025:09:30:03 +0000] "GET /whm-server-status?auto HTTP/1.1" 200 1343 "-" "munin/2.0.73 (libwww-perl/6.67)"
::1 - - [15/Jun/2025:09:30:05 +0000] "GET / HTTP/1.1" 200 163 "-" "Munin - http_loadtime"
127.0.0.1 - - [15/Jun/2025:09:30:05 +0000] "GET /whm-server-status?auto HTTP/1.1" 200 1344 "-" "munin/2.0.73 (libwww-perl/6.67)"
198.177.126.50 - - [15/Jun/2025:09:30:06 +0000] "GET / HTTP/1.1" 200 163 "-" "Namecheap Monitoring Agent"
198.54.118.134 - - [15/Jun/2025:09:30:56 +0000] "GET / HTTP/1.1" 200 163 "-" "Namecheap Monitoring Agent"
209.74.73.66 - - [15/Jun/2025:09:32:24 +0000] "GET / HTTP/1.1" 200 163 "-" "Namecheap Monitoring Agent"
198.177.126.50 - - [15/Jun/2025:09:33:06 +0000] "GET / HTTP/1.1" 200 163 "-" "Namecheap Monitoring Agent"
198.54.118.134 - - [15/Jun/2025:09:33:55 +0000] "GET / HTTP/1.1" 200 163 "-" "Namecheap Monitoring Agent"
127.0.0.1 - - [15/Jun/2025:09:35:01 +0000] "GET /whm-server-status HTTP/1.0" 200 30245 "-" "-"
127.0.0.1 - - [15/Jun/2025:09:35:02 +0000] "GET /whm-server-status?auto HTTP/1.1" 200 1345 "-" "munin/2.0.73 (libwww-perl/6.67)"
127.0.0.1 - - [15/Jun/2025:09:35:04 +0000] "GET /whm-server-status?auto HTTP/1.1" 200 1346 "-" "munin/2.0.73 (libwww-perl/6.67)"
::1 - - [15/Jun/2025:09:35:05 +0000] "GET / HTTP/1.1" 200 163 "-" "Munin - http_loadtime"
127.0.0.1 - - [15/Jun/2025:09:35:05 +0000] "GET / HTTP/1.0" 200 163 "-" "-"
127.0.0.1 - - [15/Jun/2025:09:35:05 +0000] "GET /whm-server-status?auto HTTP/1.1" 200 1344 "-" "munin/2.0.73 (libwww-perl/6.67)"
209.74.73.66 - - [15/Jun/2025:09:35:23 +0000] "GET / HTTP/1.1" 200 163 "-" "Namecheap Monitoring Agent"
198.177.126.50 - - [15/Jun/2025:09:36:06 +0000] "GET / HTTP/1.1" 200 163 "-" "Namecheap Monitoring Agent"
198.54.118.134 - - [15/Jun/2025:09:36:55 +0000] "GET / HTTP/1.1" 200 163 "-" "Namecheap Monitoring Agent"
209.74.73.66 - - [15/Jun/2025:09:38:21 +0000] "GET / HTTP/1.1" 200 163 "-" "Namecheap Monitoring Agent"
198.177.126.50 - - [15/Jun/2025:09:39:06 +0000] "GET / HTTP/1.1" 200 163 "-" "Namecheap Monitoring Agent"
198.54.118.134 - - [15/Jun/2025:09:39:55 +0000] "GET / HTTP/1.1" 200 163 "-" "Namecheap Monitoring Agent"
127.0.0.1 - - [15/Jun/2025:09:40:01 +0000] "GET /whm-server-status HTTP/1.0" 200 30271 "-" "-"
127.0.0.1 - - [15/Jun/2025:09:40:02 +0000] "GET /whm-server-status?auto HTTP/1.1" 200 1345 "-" "munin/2.0.73 (libwww-perl/6.67)"
127.0.0.1 - - [15/Jun/2025:09:40:03 +0000] "GET /whm-server-status?auto HTTP/1.1" 200 1345 "-" "munin/2.0.73 (libwww-perl/6.67)"
::1 - - [15/Jun/2025:09:40:05 +0000] "GET / HTTP/1.1" 200 163 "-" "Munin - http_loadtime"
127.0.0.1 - - [15/Jun/2025:09:40:05 +0000] "GET /whm-server-status?auto HTTP/1.1" 200 1343 "-" "munin/2.0.73 (libwww-perl/6.67)"
127.0.0.1 - - [15/Jun/2025:09:40:20 +0000] "GET / HTTP/1.0" 200 163 "-" "-"
209.74.73.66 - - [15/Jun/2025:09:41:19 +0000] "GET / HTTP/1.1" 200 163 "-" "Namecheap Monitoring Agent"
198.177.126.50 - - [15/Jun/2025:09:42:06 +0000] "GET / HTTP/1.1" 200 163 "-" "Namecheap Monitoring Agent"
198.54.118.134 - - [15/Jun/2025:09:42:55 +0000] "GET / HTTP/1.1" 200 163 "-" "Namecheap Monitoring Agent"
209.74.73.66 - - [15/Jun/2025:09:44:17 +0000] "GET / HTTP/1.1" 200 163 "-" "Namecheap Monitoring Agent"
127.0.0.1 - - [15/Jun/2025:09:45:01 +0000] "GET /whm-server-status HTTP/1.0" 200 30136 "-" "-"
127.0.0.1 - - [15/Jun/2025:09:45:02 +0000] "GET /whm-server-status?auto HTTP/1.1" 200 1430 "-" "munin/2.0.73 (libwww-perl/6.67)"
127.0.0.1 - - [15/Jun/2025:09:45:04 +0000] "GET /whm-server-status?auto HTTP/1.1" 200 1430 "-" "munin/2.0.73 (libwww-perl/6.67)"
::1 - - [15/Jun/2025:09:45:05 +0000] "GET / HTTP/1.1" 200 163 "-" "Munin - http_loadtime"
127.0.0.1 - - [15/Jun/2025:09:45:06 +0000] "GET /whm-server-status?auto HTTP/1.1" 200 1430 "-" "munin/2.0.73 (libwww-perl/6.67)"
198.177.126.50 - - [15/Jun/2025:09:45:06 +0000] "GET / HTTP/1.1" 200 163 "-" "Namecheap Monitoring Agent"
198.54.118.134 - - [15/Jun/2025:09:45:55 +0000] "GET / HTTP/1.1" 200 163 "-" "Namecheap Monitoring Agent"
127.0.0.1 - - [15/Jun/2025:09:46:45 +0000] "GET / HTTP/1.0" 200 163 "-" "-"
209.74.73.66 - - [15/Jun/2025:09:47:15 +0000] "GET / HTTP/1.1" 200 163 "-" "Namecheap Monitoring Agent"
198.177.126.50 - - [15/Jun/2025:09:48:06 +0000] "GET / HTTP/1.1" 200 163 "-" "Namecheap Monitoring Agent"
198.54.118.134 - - [15/Jun/2025:09:48:55 +0000] "GET / HTTP/1.1" 200 163 "-" "Namecheap Monitoring Agent"
34.22.221.223 - - [15/Jun/2025:09:49:53 +0000] "GET / HTTP/1.1" 200 163 "-" "python-requests/2.32.4"
127.0.0.1 - - [15/Jun/2025:09:50:01 +0000] "GET /whm-server-status HTTP/1.0" 200 30766 "-" "-"
127.0.0.1 - - [15/Jun/2025:09:50:01 +0000] "GET /whm-server-status?auto HTTP/1.1" 200 1344 "-" "munin/2.0.73 (libwww-perl/6.67)"
127.0.0.1 - - [15/Jun/2025:09:50:03 +0000] "GET /whm-server-status?auto HTTP/1.1" 200 1346 "-" "munin/2.0.73 (libwww-perl/6.67)"
::1 - - [15/Jun/2025:09:50:04 +0000] "GET / HTTP/1.1" 200 163 "-" "Munin - http_loadtime"
127.0.0.1 - - [15/Jun/2025:09:50:05 +0000] "GET /whm-server-status?auto HTTP/1.1" 200 1345 "-" "munin/2.0.73 (libwww-perl/6.67)"
209.74.73.66 - - [15/Jun/2025:09:50:13 +0000] "GET / HTTP/1.1" 200 163 "-" "Namecheap Monitoring Agent"
80.82.77.202 - - [15/Jun/2025:09:51:06 +0000] "\x16\x03\x02\x01o\x01" 400 10073 "-" "-"
198.177.126.50 - - [15/Jun/2025:09:51:06 +0000] "GET / HTTP/1.1" 200 163 "-" "Namecheap Monitoring Agent"
198.54.118.134 - - [15/Jun/2025:09:51:55 +0000] "GET / HTTP/1.1" 200 163 "-" "Namecheap Monitoring Agent"
127.0.0.1 - - [15/Jun/2025:09:52:01 +0000] "GET / HTTP/1.0" 200 163 "-" "-"
43.157.95.131 - - [15/Jun/2025:09:52:16 +0000] "GET / HTTP/1.1" 200 163 "-" "Mozilla/5.0 (iPhone; CPU iPhone OS 13_2_3 like Mac OS X) AppleWebKit/605.1.15 (KHTML, like Gecko) Version/13.0.3 Mobile/15E148 Safari/604.1"
209.74.73.66 - - [15/Jun/2025:09:53:12 +0000] "GET / HTTP/1.1" 200 163 "-" "Namecheap Monitoring Agent"
198.177.126.50 - - [15/Jun/2025:09:54:06 +0000] "GET / HTTP/1.1" 200 163 "-" "Namecheap Monitoring Agent"
198.54.118.134 - - [15/Jun/2025:09:54:55 +0000] "GET / HTTP/1.1" 200 163 "-" "Namecheap Monitoring Agent"
127.0.0.1 - - [15/Jun/2025:09:55:01 +0000] "GET /whm-server-status HTTP/1.0" 200 30753 "-" "-"
127.0.0.1 - - [15/Jun/2025:09:55:02 +0000] "GET /whm-server-status?auto HTTP/1.1" 200 1345 "-" "munin/2.0.73 (libwww-perl/6.67)"
127.0.0.1 - - [15/Jun/2025:09:55:03 +0000] "GET /whm-server-status?auto HTTP/1.1" 200 1343 "-" "munin/2.0.73 (libwww-perl/6.67)"
::1 - - [15/Jun/2025:09:55:05 +0000] "GET / HTTP/1.1" 200 163 "-" "Munin - http_loadtime"
127.0.0.1 - - [15/Jun/2025:09:55:05 +0000] "GET /whm-server-status?auto HTTP/1.1" 200 1345 "-" "munin/2.0.73 (libwww-perl/6.67)"
209.74.73.66 - - [15/Jun/2025:09:56:10 +0000] "GET / HTTP/1.1" 200 163 "-" "Namecheap Monitoring Agent"
198.177.126.50 - - [15/Jun/2025:09:57:06 +0000] "GET / HTTP/1.1" 200 163 "-" "Namecheap Monitoring Agent"
127.0.0.1 - - [15/Jun/2025:09:57:16 +0000] "GET / HTTP/1.0" 200 163 "-" "-"
198.54.118.134 - - [15/Jun/2025:09:57:55 +0000] "GET / HTTP/1.1" 200 163 "-" "Namecheap Monitoring Agent"
204.76.203.212 - - [15/Jun/2025:09:58:06 +0000] "GET / HTTP/1.1" 200 163 "-" "Mozilla/5.0 (Windows NT 10.0; Win64; x64) AppleWebKit/537.36 (KHTML, like Gecko) Chrome/90.0.4430.85 Safari/537.36 Edg/90.0.818.46"
209.74.73.66 - - [15/Jun/2025:09:59:08 +0000] "GET / HTTP/1.1" 200 163 "-" "Namecheap Monitoring Agent"
127.0.0.1 - - [15/Jun/2025:10:00:02 +0000] "GET /whm-server-status HTTP/1.0" 200 31852 "-" "-"
127.0.0.1 - - [15/Jun/2025:10:00:03 +0000] "GET /whm-server-status?auto HTTP/1.1" 200 1345 "-" "munin/2.0.73 (libwww-perl/6.67)"
127.0.0.1 - - [15/Jun/2025:10:00:04 +0000] "GET /whm-server-status?auto HTTP/1.1" 200 1345 "-" "munin/2.0.73 (libwww-perl/6.67)"
::1 - - [15/Jun/2025:10:00:05 +0000] "GET / HTTP/1.1" 200 163 "-" "Munin - http_loadtime"
127.0.0.1 - - [15/Jun/2025:10:00:06 +0000] "GET /whm-server-status?auto HTTP/1.1" 200 1343 "-" "munin/2.0.73 (libwww-perl/6.67)"
198.177.126.50 - - [15/Jun/2025:10:00:06 +0000] "GET / HTTP/1.1" 200 163 "-" "Namecheap Monitoring Agent"
198.54.118.134 - - [15/Jun/2025:10:00:55 +0000] "GET / HTTP/1.1" 200 163 "-" "Namecheap Monitoring Agent"
209.74.73.66 - - [15/Jun/2025:10:02:06 +0000] "GET / HTTP/1.1" 200 163 "-" "Namecheap Monitoring Agent"
127.0.0.1 - - [15/Jun/2025:10:02:16 +0000] "GET / HTTP/1.0" 200 163 "-" "-"
185.218.84.178 - - [15/Jun/2025:10:02:45 +0000] "GET / HTTP/1.1" 200 163 "-" "Mozilla/5.0 (Windows NT 10.0; Win64; x64) AppleWebKit/537.36 (KHTML, like Gecko) Chrome/90.0.4430.85 Safari/537.36 Edg/90.0.818.46"
198.177.126.50 - - [15/Jun/2025:10:03:06 +0000] "GET / HTTP/1.1" 200 163 "-" "Namecheap Monitoring Agent"
198.54.118.134 - - [15/Jun/2025:10:03:55 +0000] "GET / HTTP/1.1" 200 163 "-" "Namecheap Monitoring Agent"
141.98.11.147 - - [15/Jun/2025:10:04:59 +0000] "POST /cgi-bin/.%%%%32%%65/.%%%%32%%65/.%%%%32%%65/.%%%%32%%65/.%%%%32%%65/bin/sh HTTP/1.1" 400 10233 "-" "-"
127.0.0.1 - - [15/Jun/2025:10:05:01 +0000] "GET /whm-server-status HTTP/1.0" 200 32124 "-" "-"
127.0.0.1 - - [15/Jun/2025:10:05:02 +0000] "GET /whm-server-status?auto HTTP/1.1" 200 1345 "-" "munin/2.0.73 (libwww-perl/6.67)"
127.0.0.1 - - [15/Jun/2025:10:05:03 +0000] "GET /whm-server-status?auto HTTP/1.1" 200 1346 "-" "munin/2.0.73 (libwww-perl/6.67)"
209.74.73.66 - - [15/Jun/2025:10:05:04 +0000] "GET / HTTP/1.1" 200 163 "-" "Namecheap Monitoring Agent"
::1 - - [15/Jun/2025:10:05:04 +0000] "GET / HTTP/1.1" 200 163 "-" "Munin - http_loadtime"
127.0.0.1 - - [15/Jun/2025:10:05:05 +0000] "GET /whm-server-status?auto HTTP/1.1" 200 1346 "-" "munin/2.0.73 (libwww-perl/6.67)"
198.177.126.50 - - [15/Jun/2025:10:06:06 +0000] "GET / HTTP/1.1" 200 163 "-" "Namecheap Monitoring Agent"
198.54.118.134 - - [15/Jun/2025:10:06:55 +0000] "GET / HTTP/1.1" 200 163 "-" "Namecheap Monitoring Agent"
209.74.73.66 - - [15/Jun/2025:10:08:03 +0000] "GET / HTTP/1.1" 200 163 "-" "Namecheap Monitoring Agent"
127.0.0.1 - - [15/Jun/2025:10:08:44 +0000] "GET / HTTP/1.0" 200 163 "-" "-"
54.144.169.114 - - [15/Jun/2025:10:08:54 +0000] "GET / HTTP/1.1" 200 163 "-" "Mozilla/5.0 (Windows NT 10.0; Win64; x64) AppleWebKit/537.36 (KHTML, like Gecko) Chrome/136.0.0.0 Safari/537.36"
198.177.126.50 - - [15/Jun/2025:10:09:06 +0000] "GET / HTTP/1.1" 200 163 "-" "Namecheap Monitoring Agent"
198.54.118.134 - - [15/Jun/2025:10:09:55 +0000] "GET / HTTP/1.1" 200 163 "-" "Namecheap Monitoring Agent"
127.0.0.1 - - [15/Jun/2025:10:10:01 +0000] "GET /whm-server-status HTTP/1.0" 200 32110 "-" "-"
127.0.0.1 - - [15/Jun/2025:10:10:01 +0000] "GET /whm-server-status?auto HTTP/1.1" 200 1346 "-" "munin/2.0.73 (libwww-perl/6.67)"
127.0.0.1 - - [15/Jun/2025:10:10:03 +0000] "GET /whm-server-status?auto HTTP/1.1" 200 1346 "-" "munin/2.0.73 (libwww-perl/6.67)"
::1 - - [15/Jun/2025:10:10:04 +0000] "GET / HTTP/1.1" 200 163 "-" "Munin - http_loadtime"
127.0.0.1 - - [15/Jun/2025:10:10:05 +0000] "GET /whm-server-status?auto HTTP/1.1" 200 1345 "-" "munin/2.0.73 (libwww-perl/6.67)"
209.74.73.66 - - [15/Jun/2025:10:11:01 +0000] "GET / HTTP/1.1" 200 163 "-" "Namecheap Monitoring Agent"
198.177.126.50 - - [15/Jun/2025:10:12:06 +0000] "GET / HTTP/1.1" 200 163 "-" "Namecheap Monitoring Agent"
198.54.118.134 - - [15/Jun/2025:10:12:55 +0000] "GET / HTTP/1.1" 200 163 "-" "Namecheap Monitoring Agent"
209.74.73.66 - - [15/Jun/2025:10:13:59 +0000] "GET / HTTP/1.1" 200 163 "-" "Namecheap Monitoring Agent"
127.0.0.1 - - [15/Jun/2025:10:14:15 +0000] "GET / HTTP/1.0" 200 163 "-" "-"
127.0.0.1 - - [15/Jun/2025:10:15:01 +0000] "GET /whm-server-status HTTP/1.0" 200 31999 "-" "-"
127.0.0.1 - - [15/Jun/2025:10:15:02 +0000] "GET /whm-server-status?auto HTTP/1.1" 200 1347 "-" "munin/2.0.73 (libwww-perl/6.67)"
127.0.0.1 - - [15/Jun/2025:10:15:03 +0000] "GET /whm-server-status?auto HTTP/1.1" 200 1347 "-" "munin/2.0.73 (libwww-perl/6.67)"
::1 - - [15/Jun/2025:10:15:05 +0000] "GET / HTTP/1.1" 200 163 "-" "Munin - http_loadtime"
127.0.0.1 - - [15/Jun/2025:10:15:05 +0000] "GET /whm-server-status?auto HTTP/1.1" 200 1347 "-" "munin/2.0.73 (libwww-perl/6.67)"
198.177.126.50 - - [15/Jun/2025:10:15:06 +0000] "GET / HTTP/1.1" 200 163 "-" "Namecheap Monitoring Agent"
198.54.118.134 - - [15/Jun/2025:10:15:55 +0000] "GET / HTTP/1.1" 200 163 "-" "Namecheap Monitoring Agent"
209.74.73.66 - - [15/Jun/2025:10:16:57 +0000] "GET / HTTP/1.1" 200 163 "-" "Namecheap Monitoring Agent"
198.177.126.50 - - [15/Jun/2025:10:18:06 +0000] "GET / HTTP/1.1" 200 163 "-" "Namecheap Monitoring Agent"
198.54.118.134 - - [15/Jun/2025:10:18:55 +0000] "GET / HTTP/1.1" 200 163 "-" "Namecheap Monitoring Agent"
209.74.73.66 - - [15/Jun/2025:10:19:55 +0000] "GET / HTTP/1.1" 200 163 "-" "Namecheap Monitoring Agent"
127.0.0.1 - - [15/Jun/2025:10:20:01 +0000] "GET /whm-server-status HTTP/1.0" 200 32134 "-" "-"
127.0.0.1 - - [15/Jun/2025:10:20:02 +0000] "GET /whm-server-status?auto HTTP/1.1" 200 1347 "-" "munin/2.0.73 (libwww-perl/6.67)"
127.0.0.1 - - [15/Jun/2025:10:20:04 +0000] "GET /whm-server-status?auto HTTP/1.1" 200 1346 "-" "munin/2.0.73 (libwww-perl/6.67)"
::1 - - [15/Jun/2025:10:20:05 +0000] "GET / HTTP/1.1" 200 163 "-" "Munin - http_loadtime"
127.0.0.1 - - [15/Jun/2025:10:20:05 +0000] "GET / HTTP/1.0" 200 163 "-" "-"
127.0.0.1 - - [15/Jun/2025:10:20:05 +0000] "GET /whm-server-status?auto HTTP/1.1" 200 1347 "-" "munin/2.0.73 (libwww-perl/6.67)"
198.177.126.50 - - [15/Jun/2025:10:21:06 +0000] "GET / HTTP/1.1" 200 163 "-" "Namecheap Monitoring Agent"
198.54.118.134 - - [15/Jun/2025:10:21:55 +0000] "GET / HTTP/1.1" 200 163 "-" "Namecheap Monitoring Agent"
209.74.73.66 - - [15/Jun/2025:10:22:54 +0000] "GET / HTTP/1.1" 200 163 "-" "Namecheap Monitoring Agent"
198.177.126.50 - - [15/Jun/2025:10:24:06 +0000] "GET / HTTP/1.1" 200 163 "-" "Namecheap Monitoring Agent"
198.54.118.134 - - [15/Jun/2025:10:24:55 +0000] "GET / HTTP/1.1" 200 163 "-" "Namecheap Monitoring Agent"
127.0.0.1 - - [15/Jun/2025:10:25:01 +0000] "GET /whm-server-status HTTP/1.0" 200 32691 "-" "-"
127.0.0.1 - - [15/Jun/2025:10:25:02 +0000] "GET /whm-server-status?auto HTTP/1.1" 200 1346 "-" "munin/2.0.73 (libwww-perl/6.67)"
127.0.0.1 - - [15/Jun/2025:10:25:04 +0000] "GET /whm-server-status?auto HTTP/1.1" 200 1347 "-" "munin/2.0.73 (libwww-perl/6.67)"
::1 - - [15/Jun/2025:10:25:05 +0000] "GET / HTTP/1.1" 200 163 "-" "Munin - http_loadtime"
127.0.0.1 - - [15/Jun/2025:10:25:05 +0000] "GET / HTTP/1.0" 200 163 "-" "-"
127.0.0.1 - - [15/Jun/2025:10:25:06 +0000] "GET /whm-server-status?auto HTTP/1.1" 200 1346 "-" "munin/2.0.73 (libwww-perl/6.67)"
209.74.73.66 - - [15/Jun/2025:10:25:52 +0000] "GET / HTTP/1.1" 200 163 "-" "Namecheap Monitoring Agent"
198.177.126.50 - - [15/Jun/2025:10:27:06 +0000] "GET / HTTP/1.1" 200 163 "-" "Namecheap Monitoring Agent"
198.54.118.134 - - [15/Jun/2025:10:27:55 +0000] "GET / HTTP/1.1" 200 163 "-" "Namecheap Monitoring Agent"
209.74.73.66 - - [15/Jun/2025:10:28:50 +0000] "GET / HTTP/1.1" 200 163 "-" "Namecheap Monitoring Agent"
127.0.0.1 - - [15/Jun/2025:10:30:01 +0000] "GET /whm-server-status HTTP/1.0" 200 32694 "-" "-"
127.0.0.1 - - [15/Jun/2025:10:30:01 +0000] "GET /whm-server-status?auto HTTP/1.1" 200 1347 "-" "munin/2.0.73 (libwww-perl/6.67)"
127.0.0.1 - - [15/Jun/2025:10:30:03 +0000] "GET /whm-server-status?auto HTTP/1.1" 200 1346 "-" "munin/2.0.73 (libwww-perl/6.67)"
::1 - - [15/Jun/2025:10:30:04 +0000] "GET / HTTP/1.1" 200 163 "-" "Munin - http_loadtime"
127.0.0.1 - - [15/Jun/2025:10:30:05 +0000] "GET /whm-server-status?auto HTTP/1.1" 200 1347 "-" "munin/2.0.73 (libwww-perl/6.67)"
198.177.126.50 - - [15/Jun/2025:10:30:06 +0000] "GET / HTTP/1.1" 200 163 "-" "Namecheap Monitoring Agent"
144.172.105.141 - - [15/Jun/2025:10:30:20 +0000] "GET / HTTP/1.1" 200 163 "-" "Mozilla/5.0 (X11; Ubuntu; Linux x86_64; rv:76.0) Gecko/20100101 Firefox/76.0"
127.0.0.1 - - [15/Jun/2025:10:30:20 +0000] "GET / HTTP/1.0" 200 163 "-" "-"
198.54.118.134 - - [15/Jun/2025:10:30:55 +0000] "GET / HTTP/1.1" 200 163 "-" "Namecheap Monitoring Agent"
204.76.203.206 - - [15/Jun/2025:10:30:59 +0000] "GET / HTTP/1.1" 200 163 "-" "-"
209.74.73.66 - - [15/Jun/2025:10:31:48 +0000] "GET / HTTP/1.1" 200 163 "-" "Namecheap Monitoring Agent"
198.177.126.50 - - [15/Jun/2025:10:33:33 +0000] "GET / HTTP/1.1" 200 163 "-" "Namecheap Monitoring Agent"
198.54.118.134 - - [15/Jun/2025:10:33:55 +0000] "GET / HTTP/1.1" 200 163 "-" "Namecheap Monitoring Agent"
209.74.73.66 - - [15/Jun/2025:10:34:46 +0000] "GET / HTTP/1.1" 200 163 "-" "Namecheap Monitoring Agent"
127.0.0.1 - - [15/Jun/2025:10:35:01 +0000] "GET /whm-server-status HTTP/1.0" 200 32957 "-" "-"
127.0.0.1 - - [15/Jun/2025:10:35:02 +0000] "GET /whm-server-status?auto HTTP/1.1" 200 1347 "-" "munin/2.0.73 (libwww-perl/6.67)"
127.0.0.1 - - [15/Jun/2025:10:35:03 +0000] "GET /whm-server-status?auto HTTP/1.1" 200 1347 "-" "munin/2.0.73 (libwww-perl/6.67)"
::1 - - [15/Jun/2025:10:35:05 +0000] "GET / HTTP/1.1" 200 163 "-" "Munin - http_loadtime"
127.0.0.1 - - [15/Jun/2025:10:35:05 +0000] "GET /whm-server-status?auto HTTP/1.1" 200 1347 "-" "munin/2.0.73 (libwww-perl/6.67)"
198.177.126.50 - - [15/Jun/2025:10:36:27 +0000] "GET / HTTP/1.1" 200 163 "-" "Namecheap Monitoring Agent"
198.54.118.134 - - [15/Jun/2025:10:36:55 +0000] "GET / HTTP/1.1" 200 163 "-" "Namecheap Monitoring Agent"
127.0.0.1 - - [15/Jun/2025:10:37:16 +0000] "GET / HTTP/1.0" 200 163 "-" "-"
209.74.73.66 - - [15/Jun/2025:10:37:44 +0000] "GET / HTTP/1.1" 200 163 "-" "Namecheap Monitoring Agent"
198.177.126.50 - - [15/Jun/2025:10:39:23 +0000] "GET / HTTP/1.1" 200 163 "-" "Namecheap Monitoring Agent"
198.54.118.134 - - [15/Jun/2025:10:39:55 +0000] "GET / HTTP/1.1" 200 163 "-" "Namecheap Monitoring Agent"
127.0.0.1 - - [15/Jun/2025:10:40:01 +0000] "GET /whm-server-status HTTP/1.0" 200 33314 "-" "-"
127.0.0.1 - - [15/Jun/2025:10:40:02 +0000] "GET /whm-server-status?auto HTTP/1.1" 200 1431 "-" "munin/2.0.73 (libwww-perl/6.67)"
127.0.0.1 - - [15/Jun/2025:10:40:04 +0000] "GET /whm-server-status?auto HTTP/1.1" 200 1431 "-" "munin/2.0.73 (libwww-perl/6.67)"
::1 - - [15/Jun/2025:10:40:05 +0000] "GET / HTTP/1.1" 200 163 "-" "Munin - http_loadtime"
127.0.0.1 - - [15/Jun/2025:10:40:05 +0000] "GET /whm-server-status?auto HTTP/1.1" 200 1430 "-" "munin/2.0.73 (libwww-perl/6.67)"
209.74.73.66 - - [15/Jun/2025:10:40:43 +0000] "GET / HTTP/1.1" 200 163 "-" "Namecheap Monitoring Agent"
198.177.126.50 - - [15/Jun/2025:10:42:16 +0000] "GET / HTTP/1.1" 200 163 "-" "Namecheap Monitoring Agent"
127.0.0.1 - - [15/Jun/2025:10:42:28 +0000] "GET / HTTP/1.0" 200 163 "-" "-"
198.54.118.134 - - [15/Jun/2025:10:42:53 +0000] "GET / HTTP/1.1" 200 163 "-" "Namecheap Monitoring Agent"
209.74.73.66 - - [15/Jun/2025:10:43:38 +0000] "GET / HTTP/1.1" 200 163 "-" "Namecheap Monitoring Agent"
127.0.0.1 - - [15/Jun/2025:10:45:01 +0000] "GET /whm-server-status HTTP/1.0" 200 33520 "-" "-"
127.0.0.1 - - [15/Jun/2025:10:45:02 +0000] "GET /whm-server-status?auto HTTP/1.1" 200 1347 "-" "munin/2.0.73 (libwww-perl/6.67)"
127.0.0.1 - - [15/Jun/2025:10:45:04 +0000] "GET /whm-server-status?auto HTTP/1.1" 200 1347 "-" "munin/2.0.73 (libwww-perl/6.67)"
::1 - - [15/Jun/2025:10:45:05 +0000] "GET / HTTP/1.1" 200 163 "-" "Munin - http_loadtime"
127.0.0.1 - - [15/Jun/2025:10:45:06 +0000] "GET /whm-server-status?auto HTTP/1.1" 200 1346 "-" "munin/2.0.73 (libwww-perl/6.67)"
198.177.126.50 - - [15/Jun/2025:10:45:09 +0000] "GET / HTTP/1.1" 200 163 "-" "Namecheap Monitoring Agent"
198.54.118.134 - - [15/Jun/2025:10:45:50 +0000] "GET / HTTP/1.1" 200 163 "-" "Namecheap Monitoring Agent"
209.74.73.66 - - [15/Jun/2025:10:46:34 +0000] "GET / HTTP/1.1" 200 163 "-" "Namecheap Monitoring Agent"
198.177.126.50 - - [15/Jun/2025:10:48:03 +0000] "GET / HTTP/1.1" 200 163 "-" "Namecheap Monitoring Agent"
127.0.0.1 - - [15/Jun/2025:10:48:11 +0000] "GET / HTTP/1.0" 200 163 "-" "-"
198.54.118.134 - - [15/Jun/2025:10:48:48 +0000] "GET / HTTP/1.1" 200 163 "-" "Namecheap Monitoring Agent"
209.74.73.66 - - [15/Jun/2025:10:49:29 +0000] "GET / HTTP/1.1" 200 163 "-" "Namecheap Monitoring Agent"
127.0.0.1 - - [15/Jun/2025:10:50:01 +0000] "GET /whm-server-status HTTP/1.0" 200 33489 "-" "-"
127.0.0.1 - - [15/Jun/2025:10:50:01 +0000] "GET /whm-server-status?auto HTTP/1.1" 200 1351 "-" "munin/2.0.73 (libwww-perl/6.67)"
127.0.0.1 - - [15/Jun/2025:10:50:03 +0000] "GET /whm-server-status?auto HTTP/1.1" 200 1350 "-" "munin/2.0.73 (libwww-perl/6.67)"
::1 - - [15/Jun/2025:10:50:04 +0000] "GET / HTTP/1.1" 200 163 "-" "Munin - http_loadtime"
127.0.0.1 - - [15/Jun/2025:10:50:05 +0000] "GET /whm-server-status?auto HTTP/1.1" 200 1351 "-" "munin/2.0.73 (libwww-perl/6.67)"
198.177.126.50 - - [15/Jun/2025:10:50:56 +0000] "GET / HTTP/1.1" 200 163 "-" "Namecheap Monitoring Agent"
198.54.118.134 - - [15/Jun/2025:10:51:46 +0000] "GET / HTTP/1.1" 200 163 "-" "Namecheap Monitoring Agent"
209.74.73.66 - - [15/Jun/2025:10:52:25 +0000] "GET / HTTP/1.1" 200 163 "-" "Namecheap Monitoring Agent"
198.177.126.50 - - [15/Jun/2025:10:53:49 +0000] "GET / HTTP/1.1" 200 163 "-" "Namecheap Monitoring Agent"
198.54.118.134 - - [15/Jun/2025:10:54:43 +0000] "GET / HTTP/1.1" 200 163 "-" "Namecheap Monitoring Agent"
127.0.0.1 - - [15/Jun/2025:10:54:56 +0000] "GET / HTTP/1.0" 200 163 "-" "-"
127.0.0.1 - - [15/Jun/2025:10:55:01 +0000] "GET /whm-server-status HTTP/1.0" 200 34145 "-" "-"
127.0.0.1 - - [15/Jun/2025:10:55:02 +0000] "GET /whm-server-status?auto HTTP/1.1" 200 1349 "-" "munin/2.0.73 (libwww-perl/6.67)"
127.0.0.1 - - [15/Jun/2025:10:55:03 +0000] "GET /whm-server-status?auto HTTP/1.1" 200 1351 "-" "munin/2.0.73 (libwww-perl/6.67)"
::1 - - [15/Jun/2025:10:55:05 +0000] "GET / HTTP/1.1" 200 163 "-" "Munin - http_loadtime"
127.0.0.1 - - [15/Jun/2025:10:55:05 +0000] "GET /whm-server-status?auto HTTP/1.1" 200 1350 "-" "munin/2.0.73 (libwww-perl/6.67)"
209.74.73.66 - - [15/Jun/2025:10:55:25 +0000] "GET / HTTP/1.1" 200 163 "-" "Namecheap Monitoring Agent"
198.177.126.50 - - [15/Jun/2025:10:56:43 +0000] "GET / HTTP/1.1" 200 163 "-" "Namecheap Monitoring Agent"
198.54.118.134 - - [15/Jun/2025:10:57:41 +0000] "GET / HTTP/1.1" 200 163 "-" "Namecheap Monitoring Agent"
209.74.73.66 - - [15/Jun/2025:10:58:25 +0000] "GET / HTTP/1.1" 200 163 "-" "Namecheap Monitoring Agent"
198.177.126.50 - - [15/Jun/2025:10:59:36 +0000] "GET / HTTP/1.1" 200 163 "-" "Namecheap Monitoring Agent"
127.0.0.1 - - [15/Jun/2025:11:00:01 +0000] "GET /whm-server-status HTTP/1.0" 200 34067 "-" "-"
127.0.0.1 - - [15/Jun/2025:11:00:01 +0000] "GET / HTTP/1.0" 200 163 "-" "-"
127.0.0.1 - - [15/Jun/2025:11:00:02 +0000] "GET /whm-server-status?auto HTTP/1.1" 200 1349 "-" "munin/2.0.73 (libwww-perl/6.67)"
127.0.0.1 - - [15/Jun/2025:11:00:04 +0000] "GET /whm-server-status?auto HTTP/1.1" 200 1349 "-" "munin/2.0.73 (libwww-perl/6.67)"
::1 - - [15/Jun/2025:11:00:05 +0000] "GET / HTTP/1.1" 200 163 "-" "Munin - http_loadtime"
127.0.0.1 - - [15/Jun/2025:11:00:06 +0000] "GET /whm-server-status?auto HTTP/1.1" 200 1349 "-" "munin/2.0.73 (libwww-perl/6.67)"
198.54.118.134 - - [15/Jun/2025:11:00:38 +0000] "GET / HTTP/1.1" 200 163 "-" "Namecheap Monitoring Agent"
209.74.73.66 - - [15/Jun/2025:11:01:25 +0000] "GET / HTTP/1.1" 200 163 "-" "Namecheap Monitoring Agent"
198.177.126.50 - - [15/Jun/2025:11:02:29 +0000] "GET / HTTP/1.1" 200 163 "-" "Namecheap Monitoring Agent"
198.54.118.134 - - [15/Jun/2025:11:03:36 +0000] "GET / HTTP/1.1" 200 163 "-" "Namecheap Monitoring Agent"
209.74.73.66 - - [15/Jun/2025:11:04:25 +0000] "GET / HTTP/1.1" 200 163 "-" "Namecheap Monitoring Agent"
127.0.0.1 - - [15/Jun/2025:11:05:01 +0000] "GET /whm-server-status HTTP/1.0" 200 35286 "-" "-"
127.0.0.1 - - [15/Jun/2025:11:05:02 +0000] "GET /whm-server-status?auto HTTP/1.1" 200 1433 "-" "munin/2.0.73 (libwww-perl/6.67)"
127.0.0.1 - - [15/Jun/2025:11:05:04 +0000] "GET /whm-server-status?auto HTTP/1.1" 200 1432 "-" "munin/2.0.73 (libwww-perl/6.67)"
::1 - - [15/Jun/2025:11:05:05 +0000] "GET / HTTP/1.1" 200 163 "-" "Munin - http_loadtime"
127.0.0.1 - - [15/Jun/2025:11:05:05 +0000] "GET / HTTP/1.0" 200 163 "-" "-"
127.0.0.1 - - [15/Jun/2025:11:05:06 +0000] "GET /whm-server-status?auto HTTP/1.1" 200 1432 "-" "munin/2.0.73 (libwww-perl/6.67)"
198.177.126.50 - - [15/Jun/2025:11:05:23 +0000] "GET / HTTP/1.1" 200 163 "-" "Namecheap Monitoring Agent"
